[INFO] cloning repository https://github.com/KedamaOvO/osu-sync-overlay
[INFO] running `Command { std: "git" "-c" "credential.helper=" "-c" "credential.helper=/workspace/cargo-home/bin/git-credential-null" "clone" "--bare" "https://github.com/KedamaOvO/osu-sync-overlay" "/workspace/cache/git-repos/https%3A%2F%2Fgithub.com%2FKedamaOvO%2Fosu-sync-overlay", kill_on_drop: false }`
[INFO] [stderr] Cloning into bare repository '/workspace/cache/git-repos/https%3A%2F%2Fgithub.com%2FKedamaOvO%2Fosu-sync-overlay'...
[INFO] running `Command { std: "git" "rev-parse" "HEAD", kill_on_drop: false }`
[INFO] [stdout] ab8a1645cb2c57b997f4d63924ea755609d6e360
[INFO] testing KedamaOvO/osu-sync-overlay against 1.69.0 for beta-1.70-1
[INFO] running `Command { std: "git" "clone" "/workspace/cache/git-repos/https%3A%2F%2Fgithub.com%2FKedamaOvO%2Fosu-sync-overlay" "/workspace/builds/worker-0-tc1/source", kill_on_drop: false }`
[INFO] [stderr] Cloning into '/workspace/builds/worker-0-tc1/source'...
[INFO] [stderr] done.
[INFO] validating manifest of git repo https://github.com/KedamaOvO/osu-sync-overlay on toolchain 1.69.0
[INFO] running `Command { std: CARGO_HOME="/workspace/cargo-home" RUSTUP_HOME="/workspace/rustup-home" "/workspace/cargo-home/bin/cargo" "+1.69.0" "metadata" "--manifest-path" "Cargo.toml" "--no-deps", kill_on_drop: false }`
[INFO] started tweaking git repo https://github.com/KedamaOvO/osu-sync-overlay
[INFO] finished tweaking git repo https://github.com/KedamaOvO/osu-sync-overlay
[INFO] tweaked toml for git repo https://github.com/KedamaOvO/osu-sync-overlay written to /workspace/builds/worker-0-tc1/source/Cargo.toml
[INFO] crate git repo https://github.com/KedamaOvO/osu-sync-overlay already has a lockfile, it will not be regenerated
[INFO] running `Command { std: CARGO_HOME="/workspace/cargo-home" RUSTUP_HOME="/workspace/rustup-home" "/workspace/cargo-home/bin/cargo" "+1.69.0" "fetch" "--manifest-path" "Cargo.toml", kill_on_drop: false }`
[INFO] [stderr]     Blocking waiting for file lock on package cache
[INFO] [stderr]  Downloading crates ...
[INFO] [stderr]   Downloaded mmap-fixed v0.1.5
[INFO] [stderr]   Downloaded region v2.1.2
[INFO] [stderr]   Downloaded slice-pool v0.4.1
[INFO] [stderr]   Downloaded libudis86-sys v0.2.1
[INFO] [stderr]   Downloaded simplelog v0.7.3
[INFO] [stderr]   Downloaded detour v0.7.1
[INFO] [stderr]   Downloaded imgui-sys v0.2.0
[INFO] [stderr]   Downloaded imgui v0.2.1
[INFO] running `Command { std: "docker" "create" "-v" "/var/lib/crater-agent-workspace/builds/worker-0-tc1/target:/opt/rustwide/target:rw,Z" "-v" "/var/lib/crater-agent-workspace/builds/worker-0-tc1/source:/opt/rustwide/workdir:ro,Z" "-v" "/var/lib/crater-agent-workspace/cargo-home:/opt/rustwide/cargo-home:ro,Z" "-v" "/var/lib/crater-agent-workspace/rustup-home:/opt/rustwide/rustup-home:ro,Z" "-e" "SOURCE_DIR=/opt/rustwide/workdir" "-e" "CARGO_TARGET_DIR=/opt/rustwide/target" "-e" "CARGO_HOME=/opt/rustwide/cargo-home" "-e" "RUSTUP_HOME=/opt/rustwide/rustup-home" "-w" "/opt/rustwide/workdir" "-m" "1610612736" "--user" "0:0" "--network" "none" "ghcr.io/rust-lang/crates-build-env/linux@sha256:5ff2268d62e97bff2cde7d5815dd6ed5b47097566f13b8d0ca110b04b60e07ed" "/opt/rustwide/cargo-home/bin/cargo" "+1.69.0" "metadata" "--no-deps" "--format-version=1", kill_on_drop: false }`
[INFO] [stdout] 314efd34e264092f94557538a1edf67a3f3c60ea76be1a12c6bc4521761fa425
[INFO] running `Command { std: "docker" "start" "-a" "314efd34e264092f94557538a1edf67a3f3c60ea76be1a12c6bc4521761fa425", kill_on_drop: false }`
[INFO] running `Command { std: "docker" "inspect" "314efd34e264092f94557538a1edf67a3f3c60ea76be1a12c6bc4521761fa425", kill_on_drop: false }`
[INFO] running `Command { std: "docker" "rm" "-f" "314efd34e264092f94557538a1edf67a3f3c60ea76be1a12c6bc4521761fa425", kill_on_drop: false }`
[INFO] [stdout] 314efd34e264092f94557538a1edf67a3f3c60ea76be1a12c6bc4521761fa425
[INFO] running `Command { std: "docker" "create" "-v" "/var/lib/crater-agent-workspace/builds/worker-0-tc1/target:/opt/rustwide/target:rw,Z" "-v" "/var/lib/crater-agent-workspace/builds/worker-0-tc1/source:/opt/rustwide/workdir:ro,Z" "-v" "/var/lib/crater-agent-workspace/cargo-home:/opt/rustwide/cargo-home:ro,Z" "-v" "/var/lib/crater-agent-workspace/rustup-home:/opt/rustwide/rustup-home:ro,Z" "-e" "SOURCE_DIR=/opt/rustwide/workdir" "-e" "CARGO_TARGET_DIR=/opt/rustwide/target" "-e" "CARGO_INCREMENTAL=0" "-e" "RUST_BACKTRACE=full" "-e" "RUSTFLAGS=--cap-lints=warn" "-e" "RUSTDOCFLAGS=--cap-lints=warn" "-e" "CARGO_HOME=/opt/rustwide/cargo-home" "-e" "RUSTUP_HOME=/opt/rustwide/rustup-home" "-w" "/opt/rustwide/workdir" "-m" "1610612736" "--user" "0:0" "--network" "none" "ghcr.io/rust-lang/crates-build-env/linux@sha256:5ff2268d62e97bff2cde7d5815dd6ed5b47097566f13b8d0ca110b04b60e07ed" "/opt/rustwide/cargo-home/bin/cargo" "+1.69.0" "build" "--frozen" "--message-format=json", kill_on_drop: false }`
[INFO] [stdout] e7b4f65032977709bb9a34de1cfae1a045cb476713d203efe87225fac4bb7a78
[INFO] running `Command { std: "docker" "start" "-a" "e7b4f65032977709bb9a34de1cfae1a045cb476713d203efe87225fac4bb7a78", kill_on_drop: false }`
[INFO] [stderr]    Compiling libc v0.2.62
[INFO] [stderr]    Compiling cc v1.0.45
[INFO] [stderr]    Compiling autocfg v0.1.6
[INFO] [stderr]    Compiling bitflags v1.2.0
[INFO] [stderr]    Compiling typenum v1.11.2
[INFO] [stderr]    Compiling log v0.4.8
[INFO] [stderr]    Compiling scopeguard v1.0.0
[INFO] [stderr]    Compiling smallvec v0.6.10
[INFO] [stderr]    Compiling winapi v0.3.8
[INFO] [stderr]    Compiling slice-pool v0.4.1
[INFO] [stderr]    Compiling widestring v0.4.0
[INFO] [stderr]    Compiling parking_lot_core v0.6.2
[INFO] [stderr]    Compiling parking_lot v0.9.0
[INFO] [stderr]    Compiling lock_api v0.3.1
[INFO] [stderr]    Compiling num-traits v0.2.8
[INFO] [stderr]    Compiling num-integer v0.1.41
[INFO] [stderr]    Compiling backtrace-sys v0.1.31
[INFO] [stderr]    Compiling imgui-sys v0.2.0
[INFO] [stderr]    Compiling libudis86-sys v0.2.1
[INFO] [stderr]    Compiling dirs-sys v0.3.4
[INFO] [stderr]    Compiling time v0.1.42
[INFO] [stderr]    Compiling mmap-fixed v0.1.5
[INFO] [stderr]    Compiling region v2.1.2
[INFO] [stderr]    Compiling generic-array v0.13.2
[INFO] [stderr]    Compiling dirs v2.0.2
[INFO] [stderr]    Compiling term v0.6.1
[INFO] [stderr]    Compiling detour v0.7.1
[INFO] [stderr]    Compiling chrono v0.4.9
[INFO] [stderr]    Compiling backtrace v0.3.38
[INFO] [stderr]    Compiling simplelog v0.7.3
[INFO] [stderr]    Compiling imgui v0.2.1
[INFO] [stderr]    Compiling overlay v0.1.2 (/opt/rustwide/workdir)
[INFO] [stdout] error[E0433]: failed to resolve: could not find `um` in `winapi`
[INFO] [stdout]  --> src/sync/memory_mapping_file.rs:2:13
[INFO] [stdout]   |
[INFO] [stdout] 2 | use winapi::um::handleapi::INVALID_HANDLE_VALUE;
[INFO] [stdout]   |             ^^ could not find `um` in `winapi`
[INFO] [stdout] 
[INFO] [stdout] 
[INFO] [stdout] error[E0433]: failed to resolve: could not find `um` in `winapi`
[INFO] [stdout]  --> src/sync/memory_mapping_file.rs:3:13
[INFO] [stdout]   |
[INFO] [stdout] 3 | use winapi::um::winnt::PAGE_READWRITE;
[INFO] [stdout]   |             ^^ could not find `um` in `winapi`
[INFO] [stdout] 
[INFO] [stdout] 
[INFO] [stdout] error[E0432]: unresolved import `winapi::um`
[INFO] [stdout]  --> src/sync/memory_mapping_file.rs:1:13
[INFO] [stdout]   |
[INFO] [stdout] 1 | use winapi::um::memoryapi;
[INFO] [stdout]   |             ^^ could not find `um` in `winapi`
[INFO] [stdout] 
[INFO] [stdout] 
[INFO] [stdout] error[E0433]: failed to resolve: could not find `um` in `winapi`
[INFO] [stdout]  --> src/sync/memory_mapping_file.rs:5:13
[INFO] [stdout]   |
[INFO] [stdout] 5 | use winapi::um::memoryapi::{FILE_MAP_READ, FILE_MAP_WRITE};
[INFO] [stdout]   |             ^^ could not find `um` in `winapi`
[INFO] [stdout] 
[INFO] [stdout] 
[INFO] [stdout] error[E0432]: unresolved import `winapi::ctypes`
[INFO] [stdout]  --> src/sync/memory_mapping_file.rs:4:13
[INFO] [stdout]   |
[INFO] [stdout] 4 | use winapi::ctypes::c_void;
[INFO] [stdout]   |             ^^^^^^ could not find `ctypes` in `winapi`
[INFO] [stdout] 
[INFO] [stdout] 
[INFO] [stdout] error[E0433]: failed to resolve: could not find `windows` in `os`
[INFO] [stdout]  --> src/sync/memory_mapping_file.rs:9:14
[INFO] [stdout]   |
[INFO] [stdout] 9 | use std::os::windows::ffi::OsStrExt;
[INFO] [stdout]   |              ^^^^^^^ could not find `windows` in `os`
[INFO] [stdout] 
[INFO] [stdout] 
[INFO] [stdout] error[E0432]: unresolved import `winapi::um`
[INFO] [stdout]  --> src/sync/memory_mapping_file.rs:6:13
[INFO] [stdout]   |
[INFO] [stdout] 6 | use winapi::um::handleapi;
[INFO] [stdout]   |             ^^ could not find `um` in `winapi`
[INFO] [stdout] 
[INFO] [stdout] 
[INFO] [stdout] error[E0433]: failed to resolve: could not find `shared` in `winapi`
[INFO] [stdout]  --> src/utils/mod.rs:3:13
[INFO] [stdout]   |
[INFO] [stdout] 3 | use winapi::shared::minwindef::FARPROC;
[INFO] [stdout]   |             ^^^^^^ could not find `shared` in `winapi`
[INFO] [stdout] 
[INFO] [stdout] 
[INFO] [stdout] error[E0432]: unresolved import `winapi::um`
[INFO] [stdout]  --> src/utils/mod.rs:1:13
[INFO] [stdout]   |
[INFO] [stdout] 1 | use winapi::um::libloaderapi;
[INFO] [stdout]   |             ^^ could not find `um` in `winapi`
[INFO] [stdout] 
[INFO] [stdout] 
[INFO] [stdout] error[E0433]: failed to resolve: could not find `shared` in `winapi`
[INFO] [stdout]  --> src/renderer/api_loader/gles_loader.rs:5:13
[INFO] [stdout]   |
[INFO] [stdout] 5 | use winapi::shared::minwindef::HMODULE;
[INFO] [stdout]   |             ^^^^^^ could not find `shared` in `winapi`
[INFO] [stdout] 
[INFO] [stdout] 
[INFO] [stdout] error[E0432]: unresolved import `winapi::um`
[INFO] [stdout]  --> src/renderer/api_loader/gles_loader.rs:2:13
[INFO] [stdout]   |
[INFO] [stdout] 2 | use winapi::um::libloaderapi;
[INFO] [stdout]   |             ^^ could not find `um` in `winapi`
[INFO] [stdout] 
[INFO] [stdout] 
[INFO] [stdout] error[E0433]: failed to resolve: could not find `shared` in `winapi`
[INFO] [stdout]  --> src/renderer/api_loader/gl_loader.rs:5:13
[INFO] [stdout]   |
[INFO] [stdout] 5 | use winapi::shared::ntdef::LPCSTR;
[INFO] [stdout]   |             ^^^^^^ could not find `shared` in `winapi`
[INFO] [stdout] 
[INFO] [stdout] 
[INFO] [stdout] error[E0433]: failed to resolve: could not find `shared` in `winapi`
[INFO] [stdout]  --> src/renderer/api_loader/gl_loader.rs:6:13
[INFO] [stdout]   |
[INFO] [stdout] 6 | use winapi::shared::minwindef::{PROC, HMODULE};
[INFO] [stdout]   |             ^^^^^^ could not find `shared` in `winapi`
[INFO] [stdout] 
[INFO] [stdout] 
[INFO] [stdout] error[E0433]: failed to resolve: could not find `shared` in `winapi`
[INFO] [stdout]  --> src/renderer/frame/wgl_frame.rs:1:13
[INFO] [stdout]   |
[INFO] [stdout] 1 | use winapi::shared::windef::{HDC, HWND, RECT};
[INFO] [stdout]   |             ^^^^^^ could not find `shared` in `winapi`
[INFO] [stdout] 
[INFO] [stdout] 
[INFO] [stdout] error[E0432]: unresolved import `winapi::um`
[INFO] [stdout]  --> src/renderer/api_loader/gl_loader.rs:2:13
[INFO] [stdout]   |
[INFO] [stdout] 2 | use winapi::um::libloaderapi;
[INFO] [stdout]   |             ^^ could not find `um` in `winapi`
[INFO] [stdout] 
[INFO] [stdout] 
[INFO] [stdout] error[E0433]: failed to resolve: could not find `shared` in `winapi`
[INFO] [stdout]   --> src/lib.rs:14:13
[INFO] [stdout]    |
[INFO] [stdout] 14 | use winapi::shared::ntdef::{HANDLE, LPCWSTR};
[INFO] [stdout]    |             ^^^^^^ could not find `shared` in `winapi`
[INFO] [stdout] 
[INFO] [stdout] 
[INFO] [stdout] error[E0433]: failed to resolve: could not find `shared` in `winapi`
[INFO] [stdout]   --> src/lib.rs:15:13
[INFO] [stdout]    |
[INFO] [stdout] 15 | use winapi::shared::minwindef::{BOOL, DWORD, LPVOID, HINSTANCE, TRUE, HMODULE};
[INFO] [stdout]    |             ^^^^^^ could not find `shared` in `winapi`
[INFO] [stdout] 
[INFO] [stdout] 
[INFO] [stdout] error[E0433]: failed to resolve: could not find `shared` in `winapi`
[INFO] [stdout]   --> src/lib.rs:16:13
[INFO] [stdout]    |
[INFO] [stdout] 16 | use winapi::shared::windef::HDC;
[INFO] [stdout]    |             ^^^^^^ could not find `shared` in `winapi`
[INFO] [stdout] 
[INFO] [stdout] 
[INFO] [stdout] error[E0432]: unresolved import `winapi::um`
[INFO] [stdout]  --> src/renderer/frame/wgl_frame.rs:3:13
[INFO] [stdout]   |
[INFO] [stdout] 3 | use winapi::um::winuser;
[INFO] [stdout]   |             ^^ could not find `um` in `winapi`
[INFO] [stdout] 
[INFO] [stdout] 
[INFO] [stdout] error[E0433]: failed to resolve: could not find `ctypes` in `winapi`
[INFO] [stdout]  --> src/renderer/frame/egl_frame.rs:5:31
[INFO] [stdout]   |
[INFO] [stdout] 5 | pub type EGLBoolean = winapi::ctypes::c_uint;
[INFO] [stdout]   |                               ^^^^^^ could not find `ctypes` in `winapi`
[INFO] [stdout] 
[INFO] [stdout] 
[INFO] [stdout] error[E0433]: failed to resolve: could not find `ctypes` in `winapi`
[INFO] [stdout]  --> src/renderer/frame/egl_frame.rs:6:36
[INFO] [stdout]   |
[INFO] [stdout] 6 | pub type EGLDisplay = *mut winapi::ctypes::c_void;
[INFO] [stdout]   |                                    ^^^^^^ could not find `ctypes` in `winapi`
[INFO] [stdout] 
[INFO] [stdout] 
[INFO] [stdout] error[E0433]: failed to resolve: could not find `ctypes` in `winapi`
[INFO] [stdout]  --> src/renderer/frame/egl_frame.rs:7:36
[INFO] [stdout]   |
[INFO] [stdout] 7 | pub type EGLSurface = *mut winapi::ctypes::c_void;
[INFO] [stdout]   |                                    ^^^^^^ could not find `ctypes` in `winapi`
[INFO] [stdout] 
[INFO] [stdout] 
[INFO] [stdout] warning: impl method assumes more implied bounds than the corresponding trait method
[INFO] [stdout]   --> src/lib.rs:31:1
[INFO] [stdout]    |
[INFO] [stdout] 31 | / lazy_static! {
[INFO] [stdout] 32 | |     static ref LOAD_LIBRARY_EX_HOOKER: GenericDetour<FnLoadLibraryExW> = {
[INFO] [stdout] 33 | |         unsafe{
[INFO] [stdout] 34 | |             let load_library_exw_addr:FnLoadLibraryExW = mem::transmute(get_proc_address("kernel32.dll","LoadLibraryExW"));
[INFO] [stdout] ...  |
[INFO] [stdout] 63 | |     };
[INFO] [stdout] 64 | | }
[INFO] [stdout]    | |_^
[INFO] [stdout]    |
[INFO] [stdout]    = warning: this was previously accepted by the compiler but is being phased out; it will become a hard error in a future release!
[INFO] [stdout]    = note: for more information, see issue #105572 <https://github.com/rust-lang/rust/issues/105572>
[INFO] [stdout]    = note: `#[warn(implied_bounds_entailment)]` on by default
[INFO] [stdout]    = note: this warning originates in the macro `__lazy_static_internal` which comes from the expansion of the macro `lazy_static` (in Nightly builds, run with -Z macro-backtrace for more info)
[INFO] [stdout] 
[INFO] [stdout] 
[INFO] [stdout] warning: impl method assumes more implied bounds than the corresponding trait method
[INFO] [stdout]   --> src/lib.rs:31:1
[INFO] [stdout]    |
[INFO] [stdout] 31 | / lazy_static! {
[INFO] [stdout] 32 | |     static ref LOAD_LIBRARY_EX_HOOKER: GenericDetour<FnLoadLibraryExW> = {
[INFO] [stdout] 33 | |         unsafe{
[INFO] [stdout] 34 | |             let load_library_exw_addr:FnLoadLibraryExW = mem::transmute(get_proc_address("kernel32.dll","LoadLibraryExW"));
[INFO] [stdout] ...  |
[INFO] [stdout] 63 | |     };
[INFO] [stdout] 64 | | }
[INFO] [stdout]    | |_^
[INFO] [stdout]    |
[INFO] [stdout]    = warning: this was previously accepted by the compiler but is being phased out; it will become a hard error in a future release!
[INFO] [stdout]    = note: for more information, see issue #105572 <https://github.com/rust-lang/rust/issues/105572>
[INFO] [stdout]    = note: this warning originates in the macro `__lazy_static_internal` which comes from the expansion of the macro `lazy_static` (in Nightly builds, run with -Z macro-backtrace for more info)
[INFO] [stdout] 
[INFO] [stdout] 
[INFO] [stdout] warning: impl method assumes more implied bounds than the corresponding trait method
[INFO] [stdout]   --> src/lib.rs:31:1
[INFO] [stdout]    |
[INFO] [stdout] 31 | / lazy_static! {
[INFO] [stdout] 32 | |     static ref LOAD_LIBRARY_EX_HOOKER: GenericDetour<FnLoadLibraryExW> = {
[INFO] [stdout] 33 | |         unsafe{
[INFO] [stdout] 34 | |             let load_library_exw_addr:FnLoadLibraryExW = mem::transmute(get_proc_address("kernel32.dll","LoadLibraryExW"));
[INFO] [stdout] ...  |
[INFO] [stdout] 63 | |     };
[INFO] [stdout] 64 | | }
[INFO] [stdout]    | |_^
[INFO] [stdout]    |
[INFO] [stdout]    = warning: this was previously accepted by the compiler but is being phased out; it will become a hard error in a future release!
[INFO] [stdout]    = note: for more information, see issue #105572 <https://github.com/rust-lang/rust/issues/105572>
[INFO] [stdout]    = note: this warning originates in the macro `__lazy_static_internal` which comes from the expansion of the macro `lazy_static` (in Nightly builds, run with -Z macro-backtrace for more info)
[INFO] [stdout] 
[INFO] [stdout] 
[INFO] [stdout] error[E0599]: no method named `encode_wide` found for reference `&OsStr` in the current scope
[INFO] [stdout]   --> src/sync/memory_mapping_file.rs:23:50
[INFO] [stdout]    |
[INFO] [stdout] 23 |         let name_os: Vec<u16> = OsStr::new(name).encode_wide().chain(once(0)).collect();
[INFO] [stdout]    |                                                  ^^^^^^^^^^^ method not found in `&OsStr`
[INFO] [stdout] 
[INFO] [stdout] 
[INFO] [stdout] warning: use of calling convention not supported on this target
[INFO] [stdout]   --> src/lib.rs:68:1
[INFO] [stdout]    |
[INFO] [stdout] 68 | / pub extern "stdcall" fn DllMain(
[INFO] [stdout] 69 | |     dll_module: HINSTANCE,
[INFO] [stdout] 70 | |     call_reason: DWORD,
[INFO] [stdout] 71 | |     reserved: LPVOID)
[INFO] [stdout] 72 | |     -> BOOL
[INFO] [stdout]    | |___________^
[INFO] [stdout]    |
[INFO] [stdout]    = warning: this was previously accepted by the compiler but is being phased out; it will become a hard error in a future release!
[INFO] [stdout]    = note: for more information, see issue #87678 <https://github.com/rust-lang/rust/issues/87678>
[INFO] [stdout]    = note: `#[warn(unsupported_calling_conventions)]` on by default
[INFO] [stdout] 
[INFO] [stdout] 
[INFO] [stdout] warning: use of calling convention not supported on this target
[INFO] [stdout]    --> src/lib.rs:156:1
[INFO] [stdout]     |
[INFO] [stdout] 156 | extern "stdcall" fn hook_load_library_ex(lpLibFileName: LPCWSTR, hFile: HANDLE, dwFlags: DWORD) -> HMODULE {
[INFO] [stdout]     | ^^^^^^^^^^^^^^^^^^^^^^^^^^^^^^^^^^^^^^^^^^^^^^^^^^^^^^^^^^^^^^^^^^^^^^^^^^^^^^^^^^^^^^^^^^^^^^^^^^^^^^^^^^
[INFO] [stdout]     |
[INFO] [stdout]     = warning: this was previously accepted by the compiler but is being phased out; it will become a hard error in a future release!
[INFO] [stdout]     = note: for more information, see issue #87678 <https://github.com/rust-lang/rust/issues/87678>
[INFO] [stdout] 
[INFO] [stdout] 
[INFO] [stdout] warning: use of calling convention not supported on this target
[INFO] [stdout]    --> src/lib.rs:205:1
[INFO] [stdout]     |
[INFO] [stdout] 205 | extern "stdcall" fn wgl_swap_buffers(hdc: HDC) -> BOOL {
[INFO] [stdout]     | ^^^^^^^^^^^^^^^^^^^^^^^^^^^^^^^^^^^^^^^^^^^^^^^^^^^^^^
[INFO] [stdout]     |
[INFO] [stdout]     = warning: this was previously accepted by the compiler but is being phased out; it will become a hard error in a future release!
[INFO] [stdout]     = note: for more information, see issue #87678 <https://github.com/rust-lang/rust/issues/87678>
[INFO] [stdout] 
[INFO] [stdout] 
[INFO] [stdout] warning: use of calling convention not supported on this target
[INFO] [stdout]    --> src/lib.rs:231:1
[INFO] [stdout]     |
[INFO] [stdout] 231 | extern "stdcall" fn egl_swap_buffers(display: EGLDisplay, surface: EGLSurface) -> EGLBoolean {
[INFO] [stdout]     | ^^^^^^^^^^^^^^^^^^^^^^^^^^^^^^^^^^^^^^^^^^^^^^^^^^^^^^^^^^^^^^^^^^^^^^^^^^^^^^^^^^^^^^^^^^^^
[INFO] [stdout]     |
[INFO] [stdout]     = warning: this was previously accepted by the compiler but is being phased out; it will become a hard error in a future release!
[INFO] [stdout]     = note: for more information, see issue #87678 <https://github.com/rust-lang/rust/issues/87678>
[INFO] [stdout] 
[INFO] [stdout] 
[INFO] [stdout] error: aborting due to 23 previous errors; 7 warnings emitted
[INFO] [stdout] 
[INFO] [stdout] 
[INFO] [stdout] Some errors have detailed explanations: E0432, E0433, E0599.
[INFO] [stdout] 
[INFO] [stdout] For more information about an error, try `rustc --explain E0432`.
[INFO] [stdout] 
[INFO] [stderr] error: could not compile `overlay` due to 24 previous errors; 10 warnings emitted
[INFO] running `Command { std: "docker" "inspect" "e7b4f65032977709bb9a34de1cfae1a045cb476713d203efe87225fac4bb7a78", kill_on_drop: false }`
[INFO] running `Command { std: "docker" "rm" "-f" "e7b4f65032977709bb9a34de1cfae1a045cb476713d203efe87225fac4bb7a78", kill_on_drop: false }`
[INFO] [stdout] e7b4f65032977709bb9a34de1cfae1a045cb476713d203efe87225fac4bb7a78
