[INFO] cloning repository https://github.com/KatosGrupe/rekvizitai_lt_parser
[INFO] running `Command { std: "git" "-c" "credential.helper=" "-c" "credential.helper=/workspace/cargo-home/bin/git-credential-null" "clone" "--bare" "https://github.com/KatosGrupe/rekvizitai_lt_parser" "/workspace/cache/git-repos/https%3A%2F%2Fgithub.com%2FKatosGrupe%2Frekvizitai_lt_parser", kill_on_drop: false }`
[INFO] [stderr] Cloning into bare repository '/workspace/cache/git-repos/https%3A%2F%2Fgithub.com%2FKatosGrupe%2Frekvizitai_lt_parser'...
[INFO] running `Command { std: "git" "rev-parse" "HEAD", kill_on_drop: false }`
[INFO] [stdout] 250fc2fdf6ea48dcd4e4956d973631884e52b482
[INFO] testing KatosGrupe/rekvizitai_lt_parser against 1.69.0 for beta-1.70-1
[INFO] running `Command { std: "git" "clone" "/workspace/cache/git-repos/https%3A%2F%2Fgithub.com%2FKatosGrupe%2Frekvizitai_lt_parser" "/workspace/builds/worker-4-tc1/source", kill_on_drop: false }`
[INFO] [stderr] Cloning into '/workspace/builds/worker-4-tc1/source'...
[INFO] [stderr] done.
[INFO] validating manifest of git repo https://github.com/KatosGrupe/rekvizitai_lt_parser on toolchain 1.69.0
[INFO] running `Command { std: CARGO_HOME="/workspace/cargo-home" RUSTUP_HOME="/workspace/rustup-home" "/workspace/cargo-home/bin/cargo" "+1.69.0" "metadata" "--manifest-path" "Cargo.toml" "--no-deps", kill_on_drop: false }`
[INFO] started tweaking git repo https://github.com/KatosGrupe/rekvizitai_lt_parser
[INFO] finished tweaking git repo https://github.com/KatosGrupe/rekvizitai_lt_parser
[INFO] tweaked toml for git repo https://github.com/KatosGrupe/rekvizitai_lt_parser written to /workspace/builds/worker-4-tc1/source/Cargo.toml
[INFO] crate git repo https://github.com/KatosGrupe/rekvizitai_lt_parser already has a lockfile, it will not be regenerated
[INFO] running `Command { std: CARGO_HOME="/workspace/cargo-home" RUSTUP_HOME="/workspace/rustup-home" "/workspace/cargo-home/bin/cargo" "+1.69.0" "fetch" "--manifest-path" "Cargo.toml", kill_on_drop: false }`
[INFO] [stderr]  Downloading crates ...
[INFO] [stderr]   Downloaded soup v0.5.1
[INFO] [stderr]   Downloaded leptonica-plumbing v0.6.0
[INFO] [stderr]   Downloaded file_diff v1.0.0
[INFO] [stderr]   Downloaded zstd-sys v2.0.3+zstd.1.5.2
[INFO] [stderr]   Downloaded tiff v0.8.0
[INFO] [stderr]   Downloaded leptonica-sys v0.4.2
[INFO] [stderr]   Downloaded tesseract-sys v0.5.14
[INFO] [stderr]   Downloaded tesseract-plumbing v0.7.1
[INFO] [stderr]   Downloaded leptess v0.13.4
[INFO] running `Command { std: "docker" "create" "-v" "/var/lib/crater-agent-workspace/builds/worker-4-tc1/target:/opt/rustwide/target:rw,Z" "-v" "/var/lib/crater-agent-workspace/builds/worker-4-tc1/source:/opt/rustwide/workdir:ro,Z" "-v" "/var/lib/crater-agent-workspace/cargo-home:/opt/rustwide/cargo-home:ro,Z" "-v" "/var/lib/crater-agent-workspace/rustup-home:/opt/rustwide/rustup-home:ro,Z" "-e" "SOURCE_DIR=/opt/rustwide/workdir" "-e" "CARGO_TARGET_DIR=/opt/rustwide/target" "-e" "CARGO_HOME=/opt/rustwide/cargo-home" "-e" "RUSTUP_HOME=/opt/rustwide/rustup-home" "-w" "/opt/rustwide/workdir" "-m" "1610612736" "--user" "0:0" "--network" "none" "ghcr.io/rust-lang/crates-build-env/linux@sha256:5ff2268d62e97bff2cde7d5815dd6ed5b47097566f13b8d0ca110b04b60e07ed" "/opt/rustwide/cargo-home/bin/cargo" "+1.69.0" "metadata" "--no-deps" "--format-version=1", kill_on_drop: false }`
[INFO] [stdout] 24b36dd552dea102e5cbccba4287cd51c9364edbf18fbc0e4d29ef98ff37cce8
[INFO] running `Command { std: "docker" "start" "-a" "24b36dd552dea102e5cbccba4287cd51c9364edbf18fbc0e4d29ef98ff37cce8", kill_on_drop: false }`
[INFO] running `Command { std: "docker" "inspect" "24b36dd552dea102e5cbccba4287cd51c9364edbf18fbc0e4d29ef98ff37cce8", kill_on_drop: false }`
[INFO] running `Command { std: "docker" "rm" "-f" "24b36dd552dea102e5cbccba4287cd51c9364edbf18fbc0e4d29ef98ff37cce8", kill_on_drop: false }`
[INFO] [stdout] 24b36dd552dea102e5cbccba4287cd51c9364edbf18fbc0e4d29ef98ff37cce8
[INFO] running `Command { std: "docker" "create" "-v" "/var/lib/crater-agent-workspace/builds/worker-4-tc1/target:/opt/rustwide/target:rw,Z" "-v" "/var/lib/crater-agent-workspace/builds/worker-4-tc1/source:/opt/rustwide/workdir:ro,Z" "-v" "/var/lib/crater-agent-workspace/cargo-home:/opt/rustwide/cargo-home:ro,Z" "-v" "/var/lib/crater-agent-workspace/rustup-home:/opt/rustwide/rustup-home:ro,Z" "-e" "SOURCE_DIR=/opt/rustwide/workdir" "-e" "CARGO_TARGET_DIR=/opt/rustwide/target" "-e" "CARGO_INCREMENTAL=0" "-e" "RUST_BACKTRACE=full" "-e" "RUSTFLAGS=--cap-lints=warn" "-e" "RUSTDOCFLAGS=--cap-lints=warn" "-e" "CARGO_HOME=/opt/rustwide/cargo-home" "-e" "RUSTUP_HOME=/opt/rustwide/rustup-home" "-w" "/opt/rustwide/workdir" "-m" "1610612736" "--user" "0:0" "--network" "none" "ghcr.io/rust-lang/crates-build-env/linux@sha256:5ff2268d62e97bff2cde7d5815dd6ed5b47097566f13b8d0ca110b04b60e07ed" "/opt/rustwide/cargo-home/bin/cargo" "+1.69.0" "build" "--frozen" "--message-format=json", kill_on_drop: false }`
[INFO] [stdout] 589ec67e8e41c25e142195e046efba76d8cb7dcba326d53008f263151a1654a4
[INFO] running `Command { std: "docker" "start" "-a" "589ec67e8e41c25e142195e046efba76d8cb7dcba326d53008f263151a1654a4", kill_on_drop: false }`
[INFO] [stderr]    Compiling autocfg v1.1.0
[INFO] [stderr]    Compiling cfg-if v1.0.0
[INFO] [stderr]    Compiling proc-macro2 v1.0.47
[INFO] [stderr]    Compiling quote v1.0.21
[INFO] [stderr]    Compiling unicode-ident v1.0.5
[INFO] [stderr]    Compiling libc v0.2.137
[INFO] [stderr]    Compiling syn v1.0.104
[INFO] [stderr]    Compiling log v0.4.17
[INFO] [stderr]    Compiling memchr v2.5.0
[INFO] [stderr]    Compiling scopeguard v1.1.0
[INFO] [stderr]    Compiling bitflags v1.3.2
[INFO] [stderr]    Compiling pin-project-lite v0.2.9
[INFO] [stderr]    Compiling version_check v0.9.4
[INFO] [stderr]    Compiling lock_api v0.4.9
[INFO] [stderr]    Compiling itoa v1.0.4
[INFO] [stderr]    Compiling futures-core v0.3.25
[INFO] [stderr]    Compiling autocfg v0.1.8
[INFO] [stderr]    Compiling once_cell v1.16.0
[INFO] [stderr]    Compiling rand_core v0.4.2
[INFO] [stderr]    Compiling indexmap v1.9.2
[INFO] [stderr]    Compiling jobserver v0.1.25
[INFO] [stderr]    Compiling smallvec v1.10.0
[INFO] [stderr]    Compiling pkg-config v0.3.26
[INFO] [stderr]    Compiling cc v1.0.77
[INFO] [stderr]    Compiling aho-corasick v0.7.20
[INFO] [stderr]    Compiling parking_lot_core v0.9.4
[INFO] [stderr]    Compiling hashbrown v0.12.3
[INFO] [stderr]    Compiling regex-syntax v0.6.28
[INFO] [stderr]    Compiling bytes v1.3.0
[INFO] [stderr]    Compiling futures-sink v0.3.25
[INFO] [stderr]    Compiling serde_derive v1.0.148
[INFO] [stderr]    Compiling rand_core v0.3.1
[INFO] [stderr]    Compiling parking_lot v0.12.1
[INFO] [stderr]    Compiling rand_pcg v0.1.2
[INFO] [stderr]    Compiling rand_chacha v0.1.1
[INFO] [stderr]    Compiling serde v1.0.148
[INFO] [stderr]    Compiling termcolor v1.1.3
[INFO] [stderr]    Compiling os_str_bytes v6.4.1
[INFO] [stderr]    Compiling glob v0.3.0
[INFO] [stderr]    Compiling rand v0.6.5
[INFO] [stderr]    Compiling slab v0.4.7
[INFO] [stderr]    Compiling tokio v1.22.0
[INFO] [stderr]    Compiling futures-task v0.3.25
[INFO] [stderr]    Compiling futures-channel v0.3.25
[INFO] [stderr]    Compiling clang-sys v1.4.0
[INFO] [stderr]    Compiling siphasher v0.2.3
[INFO] [stderr]    Compiling ppv-lite86 v0.2.17
[INFO] [stderr]    Compiling regex v1.7.0
[INFO] [stderr]    Compiling phf_shared v0.7.24
[INFO] [stderr]    Compiling rand_isaac v0.1.1
[INFO] [stderr]    Compiling rand_xorshift v0.1.1
[INFO] [stderr]    Compiling rand_hc v0.1.0
[INFO] [stderr]    Compiling mio v0.8.5
[INFO] [stderr]    Compiling socket2 v0.4.7
[INFO] [stderr]    Compiling signal-hook-registry v1.4.0
[INFO] [stderr]    Compiling atty v0.2.14
[INFO] [stderr]    Compiling rand_os v0.1.3
[INFO] [stderr]    Compiling rand_jitter v0.1.4
[INFO] [stderr]    Compiling minimal-lexical v0.2.1
[INFO] [stderr]    Compiling humantime v2.1.0
[INFO] [stderr]    Compiling futures-util v0.3.25
[INFO] [stderr]    Compiling strsim v0.10.0
[INFO] [stderr]    Compiling nom v7.1.1
[INFO] [stderr]    Compiling clap_lex v0.2.4
[INFO] [stderr]    Compiling tracing-core v0.1.30
[INFO] [stderr]    Compiling libloading v0.7.4
[INFO] [stderr]    Compiling fnv v1.0.7
[INFO] [stderr]    Compiling bindgen v0.60.1
[INFO] [stderr]    Compiling futures-io v0.3.25
[INFO] [stderr]    Compiling either v1.8.0
[INFO] [stderr]    Compiling textwrap v0.16.0
[INFO] [stderr]    Compiling pin-utils v0.1.0
[INFO] [stderr]    Compiling which v4.3.0
[INFO] [stderr]    Compiling tracing v0.1.37
[INFO] [stderr]    Compiling clap v3.2.23
[INFO] [stderr]    Compiling phf_generator v0.7.24
[INFO] [stderr]    Compiling http v0.2.8
[INFO] [stderr]    Compiling env_logger v0.9.3
[INFO] [stderr]    Compiling cexpr v0.6.0
[INFO] [stderr]    Compiling getrandom v0.2.8
[INFO] [stderr]    Compiling rustc-hash v1.1.0
[INFO] [stderr]    Compiling lazycell v1.3.0
[INFO] [stderr]    Compiling crossbeam-utils v0.8.14
[INFO] [stderr]    Compiling siphasher v0.3.10
[INFO] [stderr]    Compiling shlex v1.1.0
[INFO] [stderr]    Compiling ryu v1.0.11
[INFO] [stderr]    Compiling peeking_take_while v0.1.2
[INFO] [stderr]    Compiling phf_shared v0.10.0
[INFO] [stderr]    Compiling rand_core v0.6.4
[INFO] [stderr]    Compiling futures-macro v0.3.25
[INFO] [stderr]    Compiling openssl-sys v0.9.78
[INFO] [stderr]    Compiling num_cpus v1.14.0
[INFO] [stderr]    Compiling memoffset v0.7.1
[INFO] [stderr]    Compiling string_cache_shared v0.3.0
[INFO] [stderr]    Compiling serde_json v1.0.89
[INFO] [stderr]    Compiling typenum v1.15.0
[INFO] [stderr]    Compiling new_debug_unreachable v1.0.4
[INFO] [stderr]    Compiling string_cache_codegen v0.4.4
[INFO] [stderr]    Compiling rand_chacha v0.3.1
[INFO] [stderr]    Compiling generic-array v0.14.6
[INFO] [stderr]    Compiling crossbeam-epoch v0.9.13
[INFO] [stderr]    Compiling adler v1.0.2
[INFO] [stderr]    Compiling proc-macro2 v0.4.30
[INFO] [stderr]    Compiling crc32fast v1.3.2
[INFO] [stderr]    Compiling miniz_oxide v0.6.2
[INFO] [stderr]    Compiling rand v0.8.5
[INFO] [stderr]    Compiling tokio-util v0.7.4
[INFO] [stderr]    Compiling zstd-sys v2.0.3+zstd.1.5.2
[INFO] [stderr]    Compiling percent-encoding v2.2.0
[INFO] [stderr]    Compiling unicode-xid v0.1.0
[INFO] [stderr]    Compiling httparse v1.8.0
[INFO] [stderr]    Compiling mac v0.1.1
[INFO] [stderr]    Compiling precomputed-hash v0.1.1
[INFO] [stderr]    Compiling phf_generator v0.10.0
[INFO] [stderr]    Compiling futf v0.1.5
[INFO] [stderr]    Compiling foreign-types-shared v0.1.1
[INFO] [stderr]    Compiling io-lifetimes v1.0.2
[INFO] [stderr]    Compiling tinyvec_macros v0.1.0
[INFO] [stderr]    Compiling openssl v0.10.43
[INFO] [stderr]    Compiling syn v0.15.44
[INFO] [stderr]    Compiling rayon-core v1.10.1
[INFO] [stderr]    Compiling utf-8 v0.7.6
[INFO] [stderr]    Compiling tinyvec v1.6.0
[INFO] [stderr]    Compiling foreign-types v0.3.2
[INFO] [stderr]    Compiling tendril v0.4.3
[INFO] [stderr]    Compiling crossbeam-deque v0.8.2
[INFO] [stderr]    Compiling flate2 v1.0.25
[INFO] [stderr]    Compiling quote v0.6.13
[INFO] [stderr]    Compiling h2 v0.3.15
[INFO] [stderr]    Compiling crossbeam-channel v0.5.6
[INFO] [stderr]    Compiling string_cache v0.7.5
[INFO] [stderr]    Compiling openssl-macros v0.1.0
[INFO] [stderr]    Compiling phf_codegen v0.7.24
[INFO] [stderr]    Compiling bytestring v1.2.0
[INFO] [stderr]    Compiling proc-macro-error-attr v1.0.4
[INFO] [stderr]    Compiling num-traits v0.2.15
[INFO] [stderr]    Compiling encoding_rs v0.8.31
[INFO] [stderr]    Compiling rustix v0.36.3
[INFO] [stderr]    Compiling httpdate v1.0.2
[INFO] [stderr]    Compiling thiserror v1.0.37
[INFO] [stderr]    Compiling alloc-no-stdlib v2.0.4
[INFO] [stderr]    Compiling zstd-safe v5.0.2+zstd.1.5.2
[INFO] [stderr]    Compiling native-tls v0.2.11
[INFO] [stderr]    Compiling leptonica-sys v0.4.2
[INFO] [stderr]    Compiling local-waker v0.1.3
[INFO] [stderr]    Compiling tesseract-sys v0.5.14
[INFO] [stderr]    Compiling alloc-stdlib v0.2.2
[INFO] [stderr]    Compiling markup5ever v0.7.5
[INFO] [stderr]    Compiling unicode-normalization v0.1.22
[INFO] [stderr]    Compiling block-buffer v0.10.3
[INFO] [stderr]    Compiling crypto-common v0.1.6
[INFO] [stderr]    Compiling string_cache_codegen v0.5.2
[INFO] [stderr]    Compiling phf_codegen v0.10.0
[INFO] [stderr]    Compiling form_urlencoded v1.1.0
[INFO] [stderr]    Compiling thiserror-impl v1.0.37
[INFO] [stderr]    Compiling pin-project-internal v1.0.12
[INFO] [stderr]    Compiling actix-macros v0.2.3
[INFO] [stderr]    Compiling proc-macro-error v1.0.4
[INFO] [stderr]    Compiling ahash v0.7.6
[INFO] [stderr]    Compiling num-integer v0.1.45
[INFO] [stderr]    Compiling paste v1.0.9
[INFO] [stderr]    Compiling time-core v0.1.0
[INFO] [stderr]    Compiling unicode-bidi v0.3.8
[INFO] [stderr]    Compiling openssl-probe v0.1.5
[INFO] [stderr]    Compiling try-lock v0.2.3
[INFO] [stderr]    Compiling linux-raw-sys v0.1.3
[INFO] [stderr]    Compiling rayon v1.6.0
[INFO] [stderr]    Compiling want v0.3.0
[INFO] [stderr]    Compiling idna v0.3.0
[INFO] [stderr]    Compiling actix-service v2.0.2
[INFO] [stderr]    Compiling pin-project v1.0.12
[INFO] [stderr]    Compiling time-macros v0.2.6
[INFO] [stderr]    Compiling actix-rt v2.7.0
[INFO] [stderr]    Compiling markup5ever v0.11.0
[INFO] [stderr]    Compiling digest v0.10.6
[INFO] [stderr]    Compiling brotli-decompressor v2.3.2
[INFO] [stderr]    Compiling actix-utils v3.0.1
[INFO] [stderr]    Compiling nanorand v0.7.0
[INFO] [stderr]    Compiling http-body v0.4.5
[INFO] [stderr]    Compiling phf v0.7.24
[INFO] [stderr]    Compiling spin v0.9.4
[INFO] [stderr]    Compiling cookie v0.16.1
[INFO] [stderr]    Compiling num-rational v0.4.1
[INFO] [stderr]    Compiling mime v0.3.16
[INFO] [stderr]    Compiling html5ever v0.22.5
[INFO] [stderr]    Compiling convert_case v0.4.0
[INFO] [stderr]    Compiling cpufeatures v0.2.5
[INFO] [stderr]    Compiling weezl v0.1.7
[INFO] [stderr]    Compiling base64 v0.13.1
[INFO] [stderr]    Compiling tower-service v0.3.2
[INFO] [stderr]    Compiling derive_more v0.99.17
[INFO] [stderr]    Compiling hyper v0.14.23
[INFO] [stderr]    Compiling leptonica-plumbing v0.6.0
[INFO] [stderr]    Compiling sha1 v0.10.5
[INFO] [stderr]    Compiling brotli v3.3.4
[INFO] [stderr]    Compiling flume v0.10.14
[INFO] [stderr]    Compiling jpeg-decoder v0.3.0
[INFO] [stderr]    Compiling time v0.3.17
[INFO] [stderr]    Compiling is-terminal v0.4.0
[INFO] [stderr]    Compiling actix-router v0.5.1
[INFO] [stderr]    Compiling url v2.3.1
[INFO] [stderr]    Compiling tokio-native-tls v0.3.0
[INFO] [stderr]    Compiling serde_urlencoded v0.7.1
[INFO] [stderr]    Compiling string_cache v0.8.4
[INFO] [stderr]    Compiling local-channel v0.1.3
[INFO] [stderr]    Compiling actix-codec v0.5.0
[INFO] [stderr]    Compiling threadpool v1.8.1
[INFO] [stderr]    Compiling phf v0.10.1
[INFO] [stderr]    Compiling html5ever v0.26.0
[INFO] [stderr]    Compiling bit_field v0.10.1
[INFO] [stderr]    Compiling half v2.1.0
[INFO] [stderr]    Compiling lebe v0.5.2
[INFO] [stderr]    Compiling color_quant v1.1.0
[INFO] [stderr]    Compiling heck v0.4.0
[INFO] [stderr]    Compiling language-tags v0.3.2
[INFO] [stderr]    Compiling exr v1.5.2
[INFO] [stderr]    Compiling gif v0.11.4
[INFO] [stderr]    Compiling clap_derive v4.0.21
[INFO] [stderr]    Compiling actix-web-codegen v4.1.0
[INFO] [stderr]    Compiling hyper-tls v0.5.0
[INFO] [stderr]    Compiling tiff v0.8.0
[INFO] [stderr]    Compiling tesseract-plumbing v0.7.1
[INFO] [stderr]    Compiling actix-server v2.1.1
[INFO] [stderr]    Compiling png v0.17.7
[INFO] [stderr]    Compiling futures-executor v0.3.25
[INFO] [stderr]    Compiling clap_lex v0.3.0
[INFO] [stderr]    Compiling remove_dir_all v0.5.3
[INFO] [stderr]    Compiling byteorder v1.4.3
[INFO] [stderr]    Compiling fastrand v1.8.0
[INFO] [stderr]    Compiling bytemuck v1.12.3
[INFO] [stderr]    Compiling scoped_threadpool v0.1.9
[INFO] [stderr]    Compiling ipnet v2.5.1
[INFO] [stderr]    Compiling image v0.24.5
[INFO] [stderr]    Compiling tempfile v3.3.0
[INFO] [stderr]    Compiling clap v4.0.27
[INFO] [stderr]    Compiling futures v0.3.25
[INFO] [stderr]    Compiling reqwest v0.11.13
[INFO] [stderr]    Compiling soup v0.5.1
[INFO] [stderr]    Compiling leptess v0.13.4
[INFO] [stderr]    Compiling env_logger v0.10.0
[INFO] [stderr]    Compiling file_diff v1.0.0
[INFO] [stderr]    Compiling json v0.12.4
[INFO] [stderr]    Compiling zstd v0.11.2+zstd.1.5.2
[INFO] [stderr]    Compiling actix-http v3.2.2
[INFO] [stderr]    Compiling actix-web v4.2.1
[INFO] [stderr]    Compiling rekvizitai_lt_parser v0.2.0 (/opt/rustwide/workdir)
[INFO] [stderr]     Finished dev [unoptimized + debuginfo] target(s) in 1m 46s
[INFO] [stderr] warning: the following packages contain code that will be rejected by a future version of Rust: html5ever v0.22.5
[INFO] [stderr] note: to see what the problems were, use the option `--future-incompat-report`, or run `cargo report future-incompatibilities --id 1`
[INFO] running `Command { std: "docker" "inspect" "589ec67e8e41c25e142195e046efba76d8cb7dcba326d53008f263151a1654a4", kill_on_drop: false }`
[INFO] running `Command { std: "docker" "rm" "-f" "589ec67e8e41c25e142195e046efba76d8cb7dcba326d53008f263151a1654a4", kill_on_drop: false }`
[INFO] [stdout] 589ec67e8e41c25e142195e046efba76d8cb7dcba326d53008f263151a1654a4
[INFO] running `Command { std: "docker" "create" "-v" "/var/lib/crater-agent-workspace/builds/worker-4-tc1/target:/opt/rustwide/target:rw,Z" "-v" "/var/lib/crater-agent-workspace/builds/worker-4-tc1/source:/opt/rustwide/workdir:ro,Z" "-v" "/var/lib/crater-agent-workspace/cargo-home:/opt/rustwide/cargo-home:ro,Z" "-v" "/var/lib/crater-agent-workspace/rustup-home:/opt/rustwide/rustup-home:ro,Z" "-e" "SOURCE_DIR=/opt/rustwide/workdir" "-e" "CARGO_TARGET_DIR=/opt/rustwide/target" "-e" "CARGO_INCREMENTAL=0" "-e" "RUST_BACKTRACE=full" "-e" "RUSTFLAGS=--cap-lints=warn" "-e" "RUSTDOCFLAGS=--cap-lints=warn" "-e" "CARGO_HOME=/opt/rustwide/cargo-home" "-e" "RUSTUP_HOME=/opt/rustwide/rustup-home" "-w" "/opt/rustwide/workdir" "-m" "1610612736" "--user" "0:0" "--network" "none" "ghcr.io/rust-lang/crates-build-env/linux@sha256:5ff2268d62e97bff2cde7d5815dd6ed5b47097566f13b8d0ca110b04b60e07ed" "/opt/rustwide/cargo-home/bin/cargo" "+1.69.0" "test" "--frozen" "--no-run" "--message-format=json", kill_on_drop: false }`
[INFO] [stdout] a1e0148393597454d2178ab610917e20d01f937ba279f95458f9ff8b08aea16f
[INFO] running `Command { std: "docker" "start" "-a" "a1e0148393597454d2178ab610917e20d01f937ba279f95458f9ff8b08aea16f", kill_on_drop: false }`
[INFO] [stderr]    Compiling rekvizitai_lt_parser v0.2.0 (/opt/rustwide/workdir)
[INFO] [stdout] error[E0308]: mismatched types
[INFO] [stdout]    --> src/scraper/mod.rs:154:9
[INFO] [stdout]     |
[INFO] [stdout] 154 | /         assert_eq!(
[INFO] [stdout] 155 | |             expected,
[INFO] [stdout] 156 | |             crate::scraper::scrape_rekvizitai(
[INFO] [stdout] 157 | |                 "https://rekvizitai.vz.lt/imone/katos_grupe".to_string()
[INFO] [stdout] 158 | |             )
[INFO] [stdout] 159 | |         );
[INFO] [stdout]     | |         ^
[INFO] [stdout]     | |         |
[INFO] [stdout]     | |_________expected `Entity`, found future
[INFO] [stdout]     |           expected because this is `Entity`
[INFO] [stdout]     |
[INFO] [stdout] note: calling an async function returns a future
[INFO] [stdout]    --> src/scraper/mod.rs:154:9
[INFO] [stdout]     |
[INFO] [stdout] 154 | /         assert_eq!(
[INFO] [stdout] 155 | |             expected,
[INFO] [stdout] 156 | |             crate::scraper::scrape_rekvizitai(
[INFO] [stdout] 157 | |                 "https://rekvizitai.vz.lt/imone/katos_grupe".to_string()
[INFO] [stdout] 158 | |             )
[INFO] [stdout] 159 | |         );
[INFO] [stdout]     | |_________^
[INFO] [stdout]     = note: this error originates in the macro `assert_eq` (in Nightly builds, run with -Z macro-backtrace for more info)
[INFO] [stdout] 
[INFO] [stdout] 
[INFO] [stdout] error[E0277]: `impl std::future::Future<Output = Entity>` doesn't implement `std::fmt::Debug`
[INFO] [stdout]    --> src/scraper/mod.rs:154:9
[INFO] [stdout]     |
[INFO] [stdout] 154 | /         assert_eq!(
[INFO] [stdout] 155 | |             expected,
[INFO] [stdout] 156 | |             crate::scraper::scrape_rekvizitai(
[INFO] [stdout] 157 | |                 "https://rekvizitai.vz.lt/imone/katos_grupe".to_string()
[INFO] [stdout] 158 | |             )
[INFO] [stdout] 159 | |         );
[INFO] [stdout]     | |_________^ `impl std::future::Future<Output = Entity>` cannot be formatted using `{:?}` because it doesn't implement `std::fmt::Debug`
[INFO] [stdout]     |
[INFO] [stdout]     = help: the trait `std::fmt::Debug` is not implemented for `impl std::future::Future<Output = Entity>`
[INFO] [stdout]     = note: this error originates in the macro `assert_eq` (in Nightly builds, run with -Z macro-backtrace for more info)
[INFO] [stdout] 
[INFO] [stdout] 
[INFO] [stdout] error[E0308]: mismatched types
[INFO] [stdout]    --> src/scraper/mod.rs:175:9
[INFO] [stdout]     |
[INFO] [stdout] 175 | /         assert_eq!(
[INFO] [stdout] 176 | |             expected,
[INFO] [stdout] 177 | |             crate::scraper::scrape_rekvizitai("https://rekvizitai.vz.lt/imone/joroma".to_string())
[INFO] [stdout] 178 | |         );
[INFO] [stdout]     | |         ^
[INFO] [stdout]     | |         |
[INFO] [stdout]     | |_________expected `Entity`, found future
[INFO] [stdout]     |           expected because this is `Entity`
[INFO] [stdout]     |
[INFO] [stdout] note: calling an async function returns a future
[INFO] [stdout]    --> src/scraper/mod.rs:175:9
[INFO] [stdout]     |
[INFO] [stdout] 175 | /         assert_eq!(
[INFO] [stdout] 176 | |             expected,
[INFO] [stdout] 177 | |             crate::scraper::scrape_rekvizitai("https://rekvizitai.vz.lt/imone/joroma".to_string())
[INFO] [stdout] 178 | |         );
[INFO] [stdout]     | |_________^
[INFO] [stdout]     = note: this error originates in the macro `assert_eq` (in Nightly builds, run with -Z macro-backtrace for more info)
[INFO] [stdout] 
[INFO] [stdout] 
[INFO] [stdout] error[E0277]: `impl std::future::Future<Output = Entity>` doesn't implement `std::fmt::Debug`
[INFO] [stdout]    --> src/scraper/mod.rs:175:9
[INFO] [stdout]     |
[INFO] [stdout] 175 | /         assert_eq!(
[INFO] [stdout] 176 | |             expected,
[INFO] [stdout] 177 | |             crate::scraper::scrape_rekvizitai("https://rekvizitai.vz.lt/imone/joroma".to_string())
[INFO] [stdout] 178 | |         );
[INFO] [stdout]     | |_________^ `impl std::future::Future<Output = Entity>` cannot be formatted using `{:?}` because it doesn't implement `std::fmt::Debug`
[INFO] [stdout]     |
[INFO] [stdout]     = help: the trait `std::fmt::Debug` is not implemented for `impl std::future::Future<Output = Entity>`
[INFO] [stdout]     = note: this error originates in the macro `assert_eq` (in Nightly builds, run with -Z macro-backtrace for more info)
[INFO] [stdout] 
[INFO] [stdout] 
[INFO] [stdout] error: aborting due to 4 previous errors
[INFO] [stdout] 
[INFO] [stdout] 
[INFO] [stdout] Some errors have detailed explanations: E0277, E0308.
[INFO] [stdout] 
[INFO] [stdout] For more information about an error, try `rustc --explain E0277`.
[INFO] [stdout] 
[INFO] [stderr] error: could not compile `rekvizitai_lt_parser` due to 5 previous errors
[INFO] running `Command { std: "docker" "inspect" "a1e0148393597454d2178ab610917e20d01f937ba279f95458f9ff8b08aea16f", kill_on_drop: false }`
[INFO] running `Command { std: "docker" "rm" "-f" "a1e0148393597454d2178ab610917e20d01f937ba279f95458f9ff8b08aea16f", kill_on_drop: false }`
[INFO] [stdout] a1e0148393597454d2178ab610917e20d01f937ba279f95458f9ff8b08aea16f
