[INFO] cloning repository https://github.com/JordanMajd/power_thirst
[INFO] running `Command { std: "git" "-c" "credential.helper=" "-c" "credential.helper=/workspace/cargo-home/bin/git-credential-null" "clone" "--bare" "https://github.com/JordanMajd/power_thirst" "/workspace/cache/git-repos/https%3A%2F%2Fgithub.com%2FJordanMajd%2Fpower_thirst", kill_on_drop: false }`
[INFO] [stderr] Cloning into bare repository '/workspace/cache/git-repos/https%3A%2F%2Fgithub.com%2FJordanMajd%2Fpower_thirst'...
[INFO] running `Command { std: "git" "rev-parse" "HEAD", kill_on_drop: false }`
[INFO] [stdout] 093d021e78242b84d6defbbffbb862a8f2183120
[INFO] testing JordanMajd/power_thirst against 1.69.0 for beta-1.70-1
[INFO] running `Command { std: "git" "clone" "/workspace/cache/git-repos/https%3A%2F%2Fgithub.com%2FJordanMajd%2Fpower_thirst" "/workspace/builds/worker-4-tc1/source", kill_on_drop: false }`
[INFO] [stderr] Cloning into '/workspace/builds/worker-4-tc1/source'...
[INFO] [stderr] done.
[INFO] validating manifest of git repo https://github.com/JordanMajd/power_thirst on toolchain 1.69.0
[INFO] running `Command { std: CARGO_HOME="/workspace/cargo-home" RUSTUP_HOME="/workspace/rustup-home" "/workspace/cargo-home/bin/cargo" "+1.69.0" "metadata" "--manifest-path" "Cargo.toml" "--no-deps", kill_on_drop: false }`
[INFO] started tweaking git repo https://github.com/JordanMajd/power_thirst
[INFO] finished tweaking git repo https://github.com/JordanMajd/power_thirst
[INFO] tweaked toml for git repo https://github.com/JordanMajd/power_thirst written to /workspace/builds/worker-4-tc1/source/Cargo.toml
[INFO] crate git repo https://github.com/JordanMajd/power_thirst already has a lockfile, it will not be regenerated
[INFO] running `Command { std: CARGO_HOME="/workspace/cargo-home" RUSTUP_HOME="/workspace/rustup-home" "/workspace/cargo-home/bin/cargo" "+1.69.0" "fetch" "--manifest-path" "Cargo.toml", kill_on_drop: false }`
[INFO] [stderr]  Downloading crates ...
[INFO] [stderr]   Downloaded bluez-generated v0.2.1
[INFO] [stderr]   Downloaded btleplug v0.9.0
[INFO] [stderr]   Downloaded bluez-async v0.5.0
[INFO] running `Command { std: "docker" "create" "-v" "/var/lib/crater-agent-workspace/builds/worker-4-tc1/target:/opt/rustwide/target:rw,Z" "-v" "/var/lib/crater-agent-workspace/builds/worker-4-tc1/source:/opt/rustwide/workdir:ro,Z" "-v" "/var/lib/crater-agent-workspace/cargo-home:/opt/rustwide/cargo-home:ro,Z" "-v" "/var/lib/crater-agent-workspace/rustup-home:/opt/rustwide/rustup-home:ro,Z" "-e" "SOURCE_DIR=/opt/rustwide/workdir" "-e" "CARGO_TARGET_DIR=/opt/rustwide/target" "-e" "CARGO_HOME=/opt/rustwide/cargo-home" "-e" "RUSTUP_HOME=/opt/rustwide/rustup-home" "-w" "/opt/rustwide/workdir" "-m" "1610612736" "--user" "0:0" "--network" "none" "ghcr.io/rust-lang/crates-build-env/linux@sha256:5ff2268d62e97bff2cde7d5815dd6ed5b47097566f13b8d0ca110b04b60e07ed" "/opt/rustwide/cargo-home/bin/cargo" "+1.69.0" "metadata" "--no-deps" "--format-version=1", kill_on_drop: false }`
[INFO] [stdout] c6d09d2cd04cba88afd5107d25d90674166bd41e653750dee3a5d2f46e55a176
[INFO] running `Command { std: "docker" "start" "-a" "c6d09d2cd04cba88afd5107d25d90674166bd41e653750dee3a5d2f46e55a176", kill_on_drop: false }`
[INFO] running `Command { std: "docker" "inspect" "c6d09d2cd04cba88afd5107d25d90674166bd41e653750dee3a5d2f46e55a176", kill_on_drop: false }`
[INFO] running `Command { std: "docker" "rm" "-f" "c6d09d2cd04cba88afd5107d25d90674166bd41e653750dee3a5d2f46e55a176", kill_on_drop: false }`
[INFO] [stdout] c6d09d2cd04cba88afd5107d25d90674166bd41e653750dee3a5d2f46e55a176
[INFO] running `Command { std: "docker" "create" "-v" "/var/lib/crater-agent-workspace/builds/worker-4-tc1/target:/opt/rustwide/target:rw,Z" "-v" "/var/lib/crater-agent-workspace/builds/worker-4-tc1/source:/opt/rustwide/workdir:ro,Z" "-v" "/var/lib/crater-agent-workspace/cargo-home:/opt/rustwide/cargo-home:ro,Z" "-v" "/var/lib/crater-agent-workspace/rustup-home:/opt/rustwide/rustup-home:ro,Z" "-e" "SOURCE_DIR=/opt/rustwide/workdir" "-e" "CARGO_TARGET_DIR=/opt/rustwide/target" "-e" "CARGO_INCREMENTAL=0" "-e" "RUST_BACKTRACE=full" "-e" "RUSTFLAGS=--cap-lints=warn" "-e" "RUSTDOCFLAGS=--cap-lints=warn" "-e" "CARGO_HOME=/opt/rustwide/cargo-home" "-e" "RUSTUP_HOME=/opt/rustwide/rustup-home" "-w" "/opt/rustwide/workdir" "-m" "1610612736" "--user" "0:0" "--network" "none" "ghcr.io/rust-lang/crates-build-env/linux@sha256:5ff2268d62e97bff2cde7d5815dd6ed5b47097566f13b8d0ca110b04b60e07ed" "/opt/rustwide/cargo-home/bin/cargo" "+1.69.0" "build" "--frozen" "--message-format=json", kill_on_drop: false }`
[INFO] [stdout] 56a78851795d37589673a01b1d05b0725d3e13b2edf90f06db75d04ee84d2e76
[INFO] running `Command { std: "docker" "start" "-a" "56a78851795d37589673a01b1d05b0725d3e13b2edf90f06db75d04ee84d2e76", kill_on_drop: false }`
[INFO] [stderr]    Compiling proc-macro2 v1.0.32
[INFO] [stderr]    Compiling syn v1.0.82
[INFO] [stderr]    Compiling libc v0.2.109
[INFO] [stderr]    Compiling futures-core v0.3.18
[INFO] [stderr]    Compiling pkg-config v0.3.22
[INFO] [stderr]    Compiling futures-sink v0.3.18
[INFO] [stderr]    Compiling pin-project-lite v0.2.7
[INFO] [stderr]    Compiling futures-channel v0.3.18
[INFO] [stderr]    Compiling futures-task v0.3.18
[INFO] [stderr]    Compiling futures-util v0.3.18
[INFO] [stderr]    Compiling serde_derive v1.0.130
[INFO] [stderr]    Compiling slab v0.4.5
[INFO] [stderr]    Compiling pin-utils v0.1.0
[INFO] [stderr]    Compiling futures-io v0.3.18
[INFO] [stderr]    Compiling libdbus-sys v0.2.2
[INFO] [stderr]    Compiling tokio v1.14.0
[INFO] [stderr]    Compiling serde v1.0.130
[INFO] [stderr]    Compiling version_check v0.9.3
[INFO] [stderr]    Compiling quote v1.0.10
[INFO] [stderr]    Compiling vcpkg v0.2.15
[INFO] [stderr]    Compiling once_cell v1.8.0
[INFO] [stderr]    Compiling async-trait v0.1.51
[INFO] [stderr]    Compiling smallvec v1.7.0
[INFO] [stderr]    Compiling parking_lot_core v0.8.5
[INFO] [stderr]    Compiling ahash v0.7.6
[INFO] [stderr]    Compiling instant v0.1.12
[INFO] [stderr]    Compiling num_cpus v1.13.0
[INFO] [stderr]    Compiling mio v0.7.14
[INFO] [stderr]    Compiling getrandom v0.2.3
[INFO] [stderr]    Compiling bytes v1.1.0
[INFO] [stderr]    Compiling bitflags v1.3.2
[INFO] [stderr]    Compiling either v1.6.1
[INFO] [stderr]    Compiling xml-rs v0.8.4
[INFO] [stderr]    Compiling lock_api v0.4.5
[INFO] [stderr]    Compiling hashbrown v0.11.2
[INFO] [stderr]    Compiling itertools v0.10.1
[INFO] [stderr]    Compiling libsqlite3-sys v0.23.1
[INFO] [stderr]    Compiling btleplug v0.9.0
[INFO] [stderr]    Compiling hashlink v0.7.0
[INFO] [stderr]    Compiling parking_lot v0.11.2
[INFO] [stderr]    Compiling dashmap v4.0.2
[INFO] [stderr]    Compiling fallible-streaming-iterator v0.1.9
[INFO] [stderr]    Compiling fallible-iterator v0.2.0
[INFO] [stderr]    Compiling rusqlite v0.26.1
[INFO] [stderr]    Compiling futures-macro v0.3.18
[INFO] [stderr]    Compiling tokio-macros v1.6.0
[INFO] [stderr]    Compiling thiserror-impl v1.0.30
[INFO] [stderr]    Compiling displaydoc v0.2.3
[INFO] [stderr]    Compiling thiserror v1.0.30
[INFO] [stderr]    Compiling tokio-util v0.6.9
[INFO] [stderr]    Compiling dbus v0.9.5
[INFO] [stderr]    Compiling futures-executor v0.3.18
[INFO] [stderr]    Compiling futures v0.3.18
[INFO] [stderr]    Compiling tokio-stream v0.1.8
[INFO] [stderr]    Compiling dbus-tokio v0.7.5
[INFO] [stderr]    Compiling bluez-generated v0.2.1
[INFO] [stderr]    Compiling serde-xml-rs v0.5.1
[INFO] [stderr]    Compiling uuid v0.8.2
[INFO] [stderr]    Compiling serde_bytes v0.11.5
[INFO] [stderr]    Compiling bluez-async v0.5.0
[INFO] [stderr]    Compiling power-thirst v0.1.0 (/opt/rustwide/workdir)
[INFO] [stdout] warning: unused imports: `Result`, `params`
[INFO] [stdout]  --> src/commands.rs:1:16
[INFO] [stdout]   |
[INFO] [stdout] 1 | use rusqlite::{params, Connection, Result};
[INFO] [stdout]   |                ^^^^^^              ^^^^^^
[INFO] [stdout]   |
[INFO] [stdout]   = note: `#[warn(unused_imports)]` on by default
[INFO] [stdout] 
[INFO] [stdout] 
[INFO] [stdout] error[E0616]: field `time` of struct `PowerFrame` is private
[INFO] [stdout]    --> src/main.rs:120:87
[INFO] [stdout]     |
[INFO] [stdout] 120 |         println!("{{ \"time\":\"{}\",\"watts\":\"{}\",\"balance\":\"0.{}\" }}", frame.time, frame.watts, frame.balance);
[INFO] [stdout]     |                                                                                       ^^^^ private field
[INFO] [stdout] 
[INFO] [stdout] 
[INFO] [stdout] error[E0616]: field `watts` of struct `PowerFrame` is private
[INFO] [stdout]    --> src/main.rs:120:99
[INFO] [stdout]     |
[INFO] [stdout] 120 |         println!("{{ \"time\":\"{}\",\"watts\":\"{}\",\"balance\":\"0.{}\" }}", frame.time, frame.watts, frame.balance);
[INFO] [stdout]     |                                                                                                   ^^^^^ private field
[INFO] [stdout] 
[INFO] [stdout] 
[INFO] [stdout] error[E0616]: field `balance` of struct `PowerFrame` is private
[INFO] [stdout]    --> src/main.rs:120:112
[INFO] [stdout]     |
[INFO] [stdout] 120 |         println!("{{ \"time\":\"{}\",\"watts\":\"{}\",\"balance\":\"0.{}\" }}", frame.time, frame.watts, frame.balance);
[INFO] [stdout]     |                                                                                                                ^^^^^^^ private field
[INFO] [stdout] 
[INFO] [stdout] 
[INFO] [stdout] error: aborting due to 3 previous errors; 1 warning emitted
[INFO] [stdout] 
[INFO] [stdout] 
[INFO] [stdout] For more information about this error, try `rustc --explain E0616`.
[INFO] [stdout] 
[INFO] [stderr] error: could not compile `power-thirst` due to 4 previous errors; 1 warning emitted
[INFO] running `Command { std: "docker" "inspect" "56a78851795d37589673a01b1d05b0725d3e13b2edf90f06db75d04ee84d2e76", kill_on_drop: false }`
[INFO] running `Command { std: "docker" "rm" "-f" "56a78851795d37589673a01b1d05b0725d3e13b2edf90f06db75d04ee84d2e76", kill_on_drop: false }`
[INFO] [stdout] 56a78851795d37589673a01b1d05b0725d3e13b2edf90f06db75d04ee84d2e76
