[INFO] cloning repository https://github.com/JohnDowson/rotth
[INFO] running `Command { std: "git" "-c" "credential.helper=" "-c" "credential.helper=/workspace/cargo-home/bin/git-credential-null" "clone" "--bare" "https://github.com/JohnDowson/rotth" "/workspace/cache/git-repos/https%3A%2F%2Fgithub.com%2FJohnDowson%2Frotth", kill_on_drop: false }`
[INFO] [stderr] Cloning into bare repository '/workspace/cache/git-repos/https%3A%2F%2Fgithub.com%2FJohnDowson%2Frotth'...
[INFO] running `Command { std: "git" "rev-parse" "HEAD", kill_on_drop: false }`
[INFO] [stdout] 71d9ef26febd4d2dd655b364051bcb5b82553d6c
[INFO] testing JohnDowson/rotth against 1.69.0 for beta-1.70-1
[INFO] running `Command { std: "git" "clone" "/workspace/cache/git-repos/https%3A%2F%2Fgithub.com%2FJohnDowson%2Frotth" "/workspace/builds/worker-0-tc1/source", kill_on_drop: false }`
[INFO] [stderr] Cloning into '/workspace/builds/worker-0-tc1/source'...
[INFO] [stderr] done.
[INFO] validating manifest of git repo https://github.com/JohnDowson/rotth on toolchain 1.69.0
[INFO] running `Command { std: CARGO_HOME="/workspace/cargo-home" RUSTUP_HOME="/workspace/rustup-home" "/workspace/cargo-home/bin/cargo" "+1.69.0" "metadata" "--manifest-path" "Cargo.toml" "--no-deps", kill_on_drop: false }`
[INFO] removed /workspace/builds/worker-0-tc1/source/.cargo/config.toml
[INFO] removed /workspace/builds/worker-0-tc1/source/rust-toolchain.toml
[INFO] started tweaking git repo https://github.com/JohnDowson/rotth
[INFO] finished tweaking git repo https://github.com/JohnDowson/rotth
[INFO] tweaked toml for git repo https://github.com/JohnDowson/rotth written to /workspace/builds/worker-0-tc1/source/Cargo.toml
[INFO] crate git repo https://github.com/JohnDowson/rotth already has a lockfile, it will not be regenerated
[INFO] running `Command { std: CARGO_HOME="/workspace/cargo-home" RUSTUP_HOME="/workspace/rustup-home" "/workspace/cargo-home/bin/cargo" "+1.69.0" "fetch" "--manifest-path" "Cargo.toml", kill_on_drop: false }`
[INFO] [stderr]     Blocking waiting for file lock on package cache
[INFO] [stderr]     Blocking waiting for file lock on package cache
[INFO] [stderr]  Downloading crates ...
[INFO] [stderr]   Downloaded serde_repr v0.1.8
[INFO] [stderr]   Downloaded quote v1.0.19
[INFO] [stderr]   Downloaded target-lexicon v0.12.4
[INFO] [stderr]   Downloaded dashmap v5.3.4
[INFO] [stderr]   Downloaded llvm-sys v120.2.4
[INFO] [stderr]   Downloaded str_indices v0.4.0
[INFO] [stderr]   Downloaded ropey v1.5.0
[INFO] [stderr]   Downloaded capstone v0.11.0
[INFO] [stderr]   Downloaded tower-lsp-macros v0.6.0
[INFO] [stderr]   Downloaded capstone-sys v0.15.0
[INFO] [stderr]   Downloaded cranelift v0.84.0
[INFO] [stderr]   Downloaded cranelift-native v0.84.0
[INFO] [stderr]   Downloaded cranelift-preopt v0.84.0
[INFO] [stderr]   Downloaded cranelift-module v0.84.0
[INFO] [stderr]   Downloaded cranelift-codegen-shared v0.84.0
[INFO] [stderr]   Downloaded cranelift-bforest v0.84.0
[INFO] [stderr]   Downloaded cranelift-jit v0.84.0
[INFO] [stderr]   Downloaded cranelift-frontend v0.84.0
[INFO] [stderr]   Downloaded tower-lsp v0.16.0
[INFO] [stderr]   Downloaded cranelift-codegen-meta v0.84.0
[INFO] [stderr]   Downloaded cranelift-entity v0.84.0
[INFO] [stderr]   Downloaded regalloc2 v0.1.3
[INFO] [stderr]   Downloaded lsp-types v0.92.1
[INFO] [stderr]   Downloaded cranelift-codegen v0.84.0
[INFO] running `Command { std: "docker" "create" "-v" "/var/lib/crater-agent-workspace/builds/worker-0-tc1/target:/opt/rustwide/target:rw,Z" "-v" "/var/lib/crater-agent-workspace/builds/worker-0-tc1/source:/opt/rustwide/workdir:ro,Z" "-v" "/var/lib/crater-agent-workspace/cargo-home:/opt/rustwide/cargo-home:ro,Z" "-v" "/var/lib/crater-agent-workspace/rustup-home:/opt/rustwide/rustup-home:ro,Z" "-e" "SOURCE_DIR=/opt/rustwide/workdir" "-e" "CARGO_TARGET_DIR=/opt/rustwide/target" "-e" "CARGO_HOME=/opt/rustwide/cargo-home" "-e" "RUSTUP_HOME=/opt/rustwide/rustup-home" "-w" "/opt/rustwide/workdir" "-m" "1610612736" "--user" "0:0" "--network" "none" "ghcr.io/rust-lang/crates-build-env/linux@sha256:5ff2268d62e97bff2cde7d5815dd6ed5b47097566f13b8d0ca110b04b60e07ed" "/opt/rustwide/cargo-home/bin/cargo" "+1.69.0" "metadata" "--no-deps" "--format-version=1", kill_on_drop: false }`
[INFO] [stdout] 889270d9e2d5f46d220edbf595916135c19e45bd6c9439f676b3850a624c427b
[INFO] running `Command { std: "docker" "start" "-a" "889270d9e2d5f46d220edbf595916135c19e45bd6c9439f676b3850a624c427b", kill_on_drop: false }`
[INFO] running `Command { std: "docker" "inspect" "889270d9e2d5f46d220edbf595916135c19e45bd6c9439f676b3850a624c427b", kill_on_drop: false }`
[INFO] running `Command { std: "docker" "rm" "-f" "889270d9e2d5f46d220edbf595916135c19e45bd6c9439f676b3850a624c427b", kill_on_drop: false }`
[INFO] [stdout] 889270d9e2d5f46d220edbf595916135c19e45bd6c9439f676b3850a624c427b
[INFO] running `Command { std: "docker" "create" "-v" "/var/lib/crater-agent-workspace/builds/worker-0-tc1/target:/opt/rustwide/target:rw,Z" "-v" "/var/lib/crater-agent-workspace/builds/worker-0-tc1/source:/opt/rustwide/workdir:ro,Z" "-v" "/var/lib/crater-agent-workspace/cargo-home:/opt/rustwide/cargo-home:ro,Z" "-v" "/var/lib/crater-agent-workspace/rustup-home:/opt/rustwide/rustup-home:ro,Z" "-e" "SOURCE_DIR=/opt/rustwide/workdir" "-e" "CARGO_TARGET_DIR=/opt/rustwide/target" "-e" "CARGO_INCREMENTAL=0" "-e" "RUST_BACKTRACE=full" "-e" "RUSTFLAGS=--cap-lints=warn" "-e" "RUSTDOCFLAGS=--cap-lints=warn" "-e" "CARGO_HOME=/opt/rustwide/cargo-home" "-e" "RUSTUP_HOME=/opt/rustwide/rustup-home" "-w" "/opt/rustwide/workdir" "-m" "1610612736" "--user" "0:0" "--network" "none" "ghcr.io/rust-lang/crates-build-env/linux@sha256:5ff2268d62e97bff2cde7d5815dd6ed5b47097566f13b8d0ca110b04b60e07ed" "/opt/rustwide/cargo-home/bin/cargo" "+1.69.0" "build" "--frozen" "--message-format=json", kill_on_drop: false }`
[INFO] [stdout] 2ccd12a62eb8bbcfde7be6c580012e939a1c9705f2b139f6a12af6097b839c15
[INFO] running `Command { std: "docker" "start" "-a" "2ccd12a62eb8bbcfde7be6c580012e939a1c9705f2b139f6a12af6097b839c15", kill_on_drop: false }`
[INFO] [stderr]    Compiling proc-macro2 v1.0.39
[INFO] [stderr]    Compiling unicode-ident v1.0.1
[INFO] [stderr]    Compiling syn v1.0.98
[INFO] [stderr]    Compiling libc v0.2.126
[INFO] [stderr]    Compiling cc v1.0.73
[INFO] [stderr]    Compiling version_check v0.9.4
[INFO] [stderr]    Compiling smallvec v1.8.0
[INFO] [stderr]    Compiling memchr v2.5.0
[INFO] [stderr]    Compiling once_cell v1.12.0
[INFO] [stderr]    Compiling log v0.4.17
[INFO] [stderr]    Compiling autocfg v1.1.0
[INFO] [stderr]    Compiling serde_derive v1.0.137
[INFO] [stderr]    Compiling regex-syntax v0.6.26
[INFO] [stderr]    Compiling quote v1.0.19
[INFO] [stderr]    Compiling serde v1.0.137
[INFO] [stderr]    Compiling cranelift-codegen-shared v0.84.0
[INFO] [stderr]    Compiling cranelift-codegen-meta v0.84.0
[INFO] [stderr]    Compiling target-lexicon v0.12.4
[INFO] [stderr]    Compiling byteorder v1.4.3
[INFO] [stderr]    Compiling lock_api v0.4.7
[INFO] [stderr]    Compiling ahash v0.7.6
[INFO] [stderr]    Compiling slice-group-by v0.3.0
[INFO] [stderr]    Compiling psm v0.1.18
[INFO] [stderr]    Compiling fxhash v0.2.1
[INFO] [stderr]    Compiling ucd-trie v0.1.3
[INFO] [stderr]    Compiling cranelift-entity v0.84.0
[INFO] [stderr]    Compiling parking_lot_core v0.9.3
[INFO] [stderr]    Compiling cranelift-bforest v0.84.0
[INFO] [stderr]    Compiling pest v2.1.3
[INFO] [stderr]    Compiling regalloc2 v0.1.3
[INFO] [stderr]    Compiling stacker v0.1.14
[INFO] [stderr]    Compiling getrandom v0.2.7
[INFO] [stderr]    Compiling proc-macro-error-attr v1.0.4
[INFO] [stderr]    Compiling scopeguard v1.1.0
[INFO] [stderr]    Compiling semver-parser v0.10.2
[INFO] [stderr]    Compiling aho-corasick v0.7.18
[INFO] [stderr]    Compiling proc-macro-error v1.0.4
[INFO] [stderr]    Compiling futures-core v0.3.21
[INFO] [stderr]    Compiling semver v0.11.0
[INFO] [stderr]    Compiling regex v1.5.6
[INFO] [stderr]    Compiling hashbrown v0.11.2
[INFO] [stderr]    Compiling lazy_static v1.4.0
[INFO] [stderr]    Compiling yansi v0.5.1
[INFO] [stderr]    Compiling beef v0.5.2
[INFO] [stderr]    Compiling pin-project-lite v0.2.9
[INFO] [stderr]    Compiling bitflags v1.3.2
[INFO] [stderr]    Compiling fnv v1.0.7
[INFO] [stderr]    Compiling ariadne v0.1.5
[INFO] [stderr]    Compiling chumsky v0.8.0 (https://github.com/zesterer/chumsky.git#43449ba1)
[INFO] [stderr]    Compiling parking_lot v0.12.1
[INFO] [stderr]    Compiling cranelift-codegen v0.84.0
[INFO] [stderr]    Compiling anyhow v1.0.58
[INFO] [stderr]    Compiling futures-channel v0.3.21
[INFO] [stderr]    Compiling hashbrown v0.12.1
[INFO] [stderr]    Compiling futures-task v0.3.21
[INFO] [stderr]    Compiling futures-sink v0.3.21
[INFO] [stderr]    Compiling tinyvec_macros v0.1.0
[INFO] [stderr]    Compiling tinyvec v1.6.0
[INFO] [stderr]    Compiling capstone-sys v0.15.0
[INFO] [stderr]    Compiling indexmap v1.9.0
[INFO] [stderr]    Compiling futures-util v0.3.21
[INFO] [stderr]    Compiling matches v0.1.9
[INFO] [stderr]    Compiling inkwell v0.1.0 (https://github.com/TheDan64/inkwell?branch=master#25b9fc58)
[INFO] [stderr]    Compiling percent-encoding v2.1.0
[INFO] [stderr]    Compiling unicode-normalization v0.1.19
[INFO] [stderr]    Compiling futures-io v0.3.21
[INFO] [stderr]    Compiling spanner v0.1.0 (/opt/rustwide/workdir/spanner)
[INFO] [stderr]    Compiling serde_json v1.0.81
[INFO] [stderr]    Compiling somok v1.5.0
[INFO] [stderr]    Compiling pin-utils v0.1.0
[INFO] [stderr]    Compiling slab v0.4.6
[INFO] [stderr]    Compiling unicode-bidi v0.3.8
[INFO] [stderr]    Compiling llvm-sys v120.2.4
[INFO] [stderr]    Compiling heck v0.4.0
[INFO] [stderr]    Compiling os_str_bytes v6.1.0
[INFO] [stderr]    Compiling clap_lex v0.2.2
[INFO] [stderr]    Compiling idna v0.2.3
[INFO] [stderr]    Compiling form_urlencoded v1.0.1
[INFO] [stderr]    Compiling region v2.2.0
[INFO] [stderr]    Compiling logos-derive v0.12.1
[INFO] [stderr]    Compiling thiserror-impl v1.0.31
[INFO] [stderr]    Compiling futures-macro v0.3.21
[INFO] [stderr]    Compiling tokio-macros v1.8.0
[INFO] [stderr]    Compiling clap_derive v3.2.5
[INFO] [stderr]    Compiling thiserror v1.0.31
[INFO] [stderr]    Compiling pin-project-internal v1.0.10
[INFO] [stderr]    Compiling inkwell_internals v0.5.0 (https://github.com/TheDan64/inkwell?branch=master#25b9fc58)
[INFO] [stderr]    Compiling logos v0.12.1
[INFO] [stderr]    Compiling socket2 v0.4.4
[INFO] [stderr]    Compiling atty v0.2.14
[INFO] [stderr]    Compiling mio v0.8.3
[INFO] [stderr]    Compiling num_cpus v1.13.1
[INFO] [stderr]    Compiling signal-hook-registry v1.4.0
[INFO] [stderr]    Compiling tracing-core v0.1.27
[INFO] [stderr]    Compiling simplearena v0.1.0 (/opt/rustwide/workdir/simplearena)
[INFO] [stderr]    Compiling ryu v1.0.10
[INFO] [stderr]    Compiling httparse v1.7.1
[INFO] [stderr]    Compiling textwrap v0.15.0
[INFO] [stderr]    Compiling itoa v1.0.2
[INFO] [stderr]    Compiling bytes v1.1.0
[INFO] [stderr]    Compiling strsim v0.10.0
[INFO] [stderr]    Compiling termcolor v1.1.3
[INFO] [stderr]    Compiling either v1.6.1
[INFO] [stderr]    Compiling async-trait v0.1.56
[INFO] [stderr]    Compiling tokio v1.19.2
[INFO] [stderr]    Compiling cranelift-module v0.84.0
[INFO] [stderr]    Compiling cranelift-native v0.84.0
[INFO] [stderr]    Compiling cranelift-frontend v0.84.0
[INFO] [stderr]    Compiling cranelift-jit v0.84.0
[INFO] [stderr]    Compiling cranelift v0.84.0
[INFO] [stderr]    Compiling cranelift-preopt v0.84.0
[INFO] [stderr]    Compiling clap v3.2.5
[INFO] [stderr]    Compiling tracing v0.1.35
[INFO] [stderr]    Compiling pin-project v1.0.10
[INFO] [stderr]    Compiling serde_repr v0.1.8
[INFO] [stderr]    Compiling indoc v1.0.6
[INFO] [stderr]    Compiling tower-service v0.3.2
[INFO] [stderr]    Compiling tower-layer v0.3.1
[INFO] [stderr]    Compiling tower v0.4.13
[INFO] [stderr]    Compiling futures v0.3.21
[INFO] [stderr]    Compiling tower-lsp-macros v0.6.0
[INFO] [stderr]    Compiling auto_impl v0.5.0
[INFO] [stderr]    Compiling smol_str v0.1.23
[INFO] [stderr]    Compiling url v2.2.2
[INFO] [stderr]    Compiling rotth-lexer v0.1.0 (/opt/rustwide/workdir/rotth-lexer)
[INFO] [stderr]    Compiling rotth-parser v0.1.0 (/opt/rustwide/workdir/rotth-parser)
[INFO] [stderr]    Compiling tokio-util v0.7.3
[INFO] [stdout] error[E0554]: `#![feature]` may not be used on the stable release channel
[INFO] [stdout]  --> rotth-parser/src/lib.rs:1:1
[INFO] [stdout]   |
[INFO] [stdout] 1 | #![feature(box_patterns, box_syntax)]
[INFO] [stdout]   | ^^^^^^^^^^^^^^^^^^^^^^^^^^^^^^^^^^^^^
[INFO] [stdout] 
[INFO] [stdout] 
[INFO] [stdout] error[E0554]: `#![feature]` may not be used on the stable release channel
[INFO] [stdout]  --> rotth-parser/src/lib.rs:2:1
[INFO] [stdout]   |
[INFO] [stdout] 2 | #![feature(iter_intersperse)]
[INFO] [stdout]   | ^^^^^^^^^^^^^^^^^^^^^^^^^^^^^
[INFO] [stdout] 
[INFO] [stdout] 
[INFO] [stdout] error[E0554]: `#![feature]` may not be used on the stable release channel
[INFO] [stdout]  --> rotth-parser/src/lib.rs:3:1
[INFO] [stdout]   |
[INFO] [stdout] 3 | #![feature(generic_associated_types)]
[INFO] [stdout]   | ^^^^^^^^^^^^^^^^^^^^^^^^^^^^^^^^^^^^^ help: remove the attribute
[INFO] [stdout]   |
[INFO] [stdout]   = help: the feature `generic_associated_types` has been stable since `1.65.0` and no longer requires an attribute to enable
[INFO] [stdout] 
[INFO] [stdout] 
[INFO] [stdout] error[E0554]: `#![feature]` may not be used on the stable release channel
[INFO] [stdout]  --> rotth-parser/src/lib.rs:4:1
[INFO] [stdout]   |
[INFO] [stdout] 4 | #![feature(path_file_prefix)]
[INFO] [stdout]   | ^^^^^^^^^^^^^^^^^^^^^^^^^^^^^
[INFO] [stdout] 
[INFO] [stdout] 
[INFO] [stdout] warning: the feature `generic_associated_types` has been stable since 1.65.0 and no longer requires an attribute to enable
[INFO] [stdout]  --> rotth-parser/src/lib.rs:3:12
[INFO] [stdout]   |
[INFO] [stdout] 3 | #![feature(generic_associated_types)]
[INFO] [stdout]   |            ^^^^^^^^^^^^^^^^^^^^^^^^
[INFO] [stdout]   |
[INFO] [stdout]   = note: `#[warn(stable_features)]` on by default
[INFO] [stdout] 
[INFO] [stdout] 
[INFO] [stdout] error[E0554]: `#![feature]` may not be used on the stable release channel
[INFO] [stdout]  --> rotth-parser/src/lib.rs:2:12
[INFO] [stdout]   |
[INFO] [stdout] 2 | #![feature(iter_intersperse)]
[INFO] [stdout]   |            ^^^^^^^^^^^^^^^^
[INFO] [stdout] 
[INFO] [stdout] 
[INFO] [stdout] error[E0554]: `#![feature]` may not be used on the stable release channel
[INFO] [stdout]  --> rotth-parser/src/lib.rs:4:12
[INFO] [stdout]   |
[INFO] [stdout] 4 | #![feature(path_file_prefix)]
[INFO] [stdout]   |            ^^^^^^^^^^^^^^^^
[INFO] [stdout] 
[INFO] [stdout] 
[INFO] [stdout] error: aborting due to 6 previous errors; 1 warning emitted
[INFO] [stdout] 
[INFO] [stdout] 
[INFO] [stdout] For more information about this error, try `rustc --explain E0554`.
[INFO] [stdout] 
[INFO] [stderr]    Compiling dashmap v5.3.4
[INFO] [stderr] error: could not compile `rotth-parser` due to 7 previous errors; 1 warning emitted
[INFO] [stderr] warning: build failed, waiting for other jobs to finish...
[INFO] running `Command { std: "docker" "inspect" "2ccd12a62eb8bbcfde7be6c580012e939a1c9705f2b139f6a12af6097b839c15", kill_on_drop: false }`
[INFO] running `Command { std: "docker" "rm" "-f" "2ccd12a62eb8bbcfde7be6c580012e939a1c9705f2b139f6a12af6097b839c15", kill_on_drop: false }`
[INFO] [stdout] 2ccd12a62eb8bbcfde7be6c580012e939a1c9705f2b139f6a12af6097b839c15
