[INFO] cloning repository https://github.com/Jiuhong-casperlabs/urefshare
[INFO] running `Command { std: "git" "-c" "credential.helper=" "-c" "credential.helper=/workspace/cargo-home/bin/git-credential-null" "clone" "--bare" "https://github.com/Jiuhong-casperlabs/urefshare" "/workspace/cache/git-repos/https%3A%2F%2Fgithub.com%2FJiuhong-casperlabs%2Furefshare", kill_on_drop: false }`
[INFO] [stderr] Cloning into bare repository '/workspace/cache/git-repos/https%3A%2F%2Fgithub.com%2FJiuhong-casperlabs%2Furefshare'...
[INFO] running `Command { std: "git" "rev-parse" "HEAD", kill_on_drop: false }`
[INFO] [stdout] f52b1b27a879a35954514a3da8f530a9c9c2f749
[INFO] testing Jiuhong-casperlabs/urefshare against 1.69.0 for beta-1.70-1
[INFO] running `Command { std: "git" "clone" "/workspace/cache/git-repos/https%3A%2F%2Fgithub.com%2FJiuhong-casperlabs%2Furefshare" "/workspace/builds/worker-3-tc1/source", kill_on_drop: false }`
[INFO] [stderr] Cloning into '/workspace/builds/worker-3-tc1/source'...
[INFO] [stderr] done.
[INFO] validating manifest of git repo https://github.com/Jiuhong-casperlabs/urefshare on toolchain 1.69.0
[INFO] running `Command { std: CARGO_HOME="/workspace/cargo-home" RUSTUP_HOME="/workspace/rustup-home" "/workspace/cargo-home/bin/cargo" "+1.69.0" "metadata" "--manifest-path" "Cargo.toml" "--no-deps", kill_on_drop: false }`
[INFO] removed /workspace/builds/worker-3-tc1/source/rust-toolchain
[INFO] started tweaking git repo https://github.com/Jiuhong-casperlabs/urefshare
[INFO] finished tweaking git repo https://github.com/Jiuhong-casperlabs/urefshare
[INFO] tweaked toml for git repo https://github.com/Jiuhong-casperlabs/urefshare written to /workspace/builds/worker-3-tc1/source/Cargo.toml
[INFO] crate git repo https://github.com/Jiuhong-casperlabs/urefshare already has a lockfile, it will not be regenerated
[INFO] running `Command { std: CARGO_HOME="/workspace/cargo-home" RUSTUP_HOME="/workspace/rustup-home" "/workspace/cargo-home/bin/cargo" "+1.69.0" "fetch" "--manifest-path" "Cargo.toml", kill_on_drop: false }`
[INFO] [stderr] warning: /workspace/builds/worker-3-tc1/source/uref_share/Cargo.toml: dependency (contract) specified without providing a local path, Git repository, or version to use. This will be considered an error in future versions
[INFO] [stderr] warning: /workspace/builds/worker-3-tc1/source/uref_share/Cargo.toml: dependency (types) specified without providing a local path, Git repository, or version to use. This will be considered an error in future versions
[INFO] [stderr]  Downloading crates ...
[INFO] [stderr]   Downloaded lmdb v0.8.0
[INFO] [stderr]   Downloaded lmdb-sys v0.8.0
[INFO] [stderr]   Downloaded hex-buffer-serde v0.3.0
[INFO] [stderr]   Downloaded hex-buffer-serde v0.2.2
[INFO] [stderr]   Downloaded wasmi v0.8.0
[INFO] [stderr]   Downloaded num-bigint v0.4.2
[INFO] [stderr]   Downloaded datasize_derive v0.2.9
[INFO] [stderr]   Downloaded datasize v0.2.9
[INFO] [stderr]   Downloaded casper-hashing v1.4.0
[INFO] [stderr]   Downloaded casper-contract v1.4.0
[INFO] [stderr]   Downloaded casper-engine-test-support v1.4.0
[INFO] [stderr]   Downloaded casper-types v1.4.0
[INFO] [stderr]   Downloaded casper-execution-engine v1.4.0
[INFO] running `Command { std: "docker" "create" "-v" "/var/lib/crater-agent-workspace/builds/worker-3-tc1/target:/opt/rustwide/target:rw,Z" "-v" "/var/lib/crater-agent-workspace/builds/worker-3-tc1/source:/opt/rustwide/workdir:ro,Z" "-v" "/var/lib/crater-agent-workspace/cargo-home:/opt/rustwide/cargo-home:ro,Z" "-v" "/var/lib/crater-agent-workspace/rustup-home:/opt/rustwide/rustup-home:ro,Z" "-e" "SOURCE_DIR=/opt/rustwide/workdir" "-e" "CARGO_TARGET_DIR=/opt/rustwide/target" "-e" "CARGO_HOME=/opt/rustwide/cargo-home" "-e" "RUSTUP_HOME=/opt/rustwide/rustup-home" "-w" "/opt/rustwide/workdir" "-m" "1610612736" "--user" "0:0" "--network" "none" "ghcr.io/rust-lang/crates-build-env/linux@sha256:5ff2268d62e97bff2cde7d5815dd6ed5b47097566f13b8d0ca110b04b60e07ed" "/opt/rustwide/cargo-home/bin/cargo" "+1.69.0" "metadata" "--no-deps" "--format-version=1", kill_on_drop: false }`
[INFO] [stdout] e87cb5aaf578b0b2b586100b520f3a77e4aa4ad194b8b6f257925567bfdf8aee
[INFO] running `Command { std: "docker" "start" "-a" "e87cb5aaf578b0b2b586100b520f3a77e4aa4ad194b8b6f257925567bfdf8aee", kill_on_drop: false }`
[INFO] running `Command { std: "docker" "inspect" "e87cb5aaf578b0b2b586100b520f3a77e4aa4ad194b8b6f257925567bfdf8aee", kill_on_drop: false }`
[INFO] running `Command { std: "docker" "rm" "-f" "e87cb5aaf578b0b2b586100b520f3a77e4aa4ad194b8b6f257925567bfdf8aee", kill_on_drop: false }`
[INFO] [stdout] e87cb5aaf578b0b2b586100b520f3a77e4aa4ad194b8b6f257925567bfdf8aee
[INFO] running `Command { std: "docker" "create" "-v" "/var/lib/crater-agent-workspace/builds/worker-3-tc1/target:/opt/rustwide/target:rw,Z" "-v" "/var/lib/crater-agent-workspace/builds/worker-3-tc1/source:/opt/rustwide/workdir:ro,Z" "-v" "/var/lib/crater-agent-workspace/cargo-home:/opt/rustwide/cargo-home:ro,Z" "-v" "/var/lib/crater-agent-workspace/rustup-home:/opt/rustwide/rustup-home:ro,Z" "-e" "SOURCE_DIR=/opt/rustwide/workdir" "-e" "CARGO_TARGET_DIR=/opt/rustwide/target" "-e" "CARGO_INCREMENTAL=0" "-e" "RUST_BACKTRACE=full" "-e" "RUSTFLAGS=--cap-lints=warn" "-e" "RUSTDOCFLAGS=--cap-lints=warn" "-e" "CARGO_HOME=/opt/rustwide/cargo-home" "-e" "RUSTUP_HOME=/opt/rustwide/rustup-home" "-w" "/opt/rustwide/workdir" "-m" "1610612736" "--user" "0:0" "--network" "none" "ghcr.io/rust-lang/crates-build-env/linux@sha256:5ff2268d62e97bff2cde7d5815dd6ed5b47097566f13b8d0ca110b04b60e07ed" "/opt/rustwide/cargo-home/bin/cargo" "+1.69.0" "build" "--frozen" "--message-format=json", kill_on_drop: false }`
[INFO] [stdout] 3a57ae36b7f0c5b59c4ac6cdb5e17344ad7e808b2ae2411f57aaa77671eac0e9
[INFO] running `Command { std: "docker" "start" "-a" "3a57ae36b7f0c5b59c4ac6cdb5e17344ad7e808b2ae2411f57aaa77671eac0e9", kill_on_drop: false }`
[INFO] [stderr] warning: /opt/rustwide/workdir/uref_share/Cargo.toml: dependency (contract) specified without providing a local path, Git repository, or version to use. This will be considered an error in future versions
[INFO] [stderr] warning: /opt/rustwide/workdir/uref_share/Cargo.toml: dependency (types) specified without providing a local path, Git repository, or version to use. This will be considered an error in future versions
[INFO] [stderr]    Compiling proc-macro2 v1.0.30
[INFO] [stderr]    Compiling syn v1.0.80
[INFO] [stderr]    Compiling autocfg v1.0.1
[INFO] [stderr]    Compiling libc v0.2.104
[INFO] [stderr]    Compiling serde_derive v1.0.130
[INFO] [stderr]    Compiling typenum v1.14.0
[INFO] [stderr]    Compiling generic-array v0.14.4
[INFO] [stderr]    Compiling serde v1.0.130
[INFO] [stderr]    Compiling cfg-if v1.0.0
[INFO] [stderr]    Compiling rand_core v0.5.1
[INFO] [stderr]    Compiling subtle v2.4.1
[INFO] [stderr]    Compiling ppv-lite86 v0.2.14
[INFO] [stderr]    Compiling radium v0.3.0
[INFO] [stderr]    Compiling num-traits v0.2.14
[INFO] [stderr]    Compiling num-integer v0.1.44
[INFO] [stderr]    Compiling funty v1.1.0
[INFO] [stderr]    Compiling wyz v0.2.0
[INFO] [stderr]    Compiling byteorder v1.4.3
[INFO] [stderr]    Compiling quote v1.0.10
[INFO] [stderr]    Compiling getrandom v0.2.3
[INFO] [stderr]    Compiling num-bigint v0.4.2
[INFO] [stderr]    Compiling rand_core v0.6.3
[INFO] [stderr]    Compiling bitvec v0.18.5
[INFO] [stderr]    Compiling indexmap v1.7.0
[INFO] [stderr]    Compiling rand_chacha v0.3.1
[INFO] [stderr]    Compiling rand v0.8.4
[INFO] [stderr]    Compiling num-rational v0.4.0
[INFO] [stderr]    Compiling num-iter v0.1.42
[INFO] [stderr]    Compiling opaque-debug v0.3.0
[INFO] [stderr]    Compiling digest v0.9.0
[INFO] [stderr]    Compiling crypto-mac v0.10.1
[INFO] [stderr]    Compiling remove_dir_all v0.5.3
[INFO] [stderr]    Compiling serde_json v1.0.68
[INFO] [stderr]    Compiling signature v1.2.2
[INFO] [stderr]    Compiling crunchy v0.2.2
[INFO] [stderr]    Compiling hmac v0.10.1
[INFO] [stderr]    Compiling block-buffer v0.9.0
[INFO] [stderr]    Compiling wait-timeout v0.2.0
[INFO] [stderr]    Compiling rand_chacha v0.2.2
[INFO] [stderr]    Compiling itoa v0.4.8
[INFO] [stderr]    Compiling tempfile v3.2.0
[INFO] [stderr]    Compiling bit-vec v0.6.3
[INFO] [stderr]    Compiling cpufeatures v0.2.1
[INFO] [stderr]    Compiling schemars v0.8.6
[INFO] [stderr]    Compiling quick-error v1.2.3
[INFO] [stderr]    Compiling bitflags v1.3.2
[INFO] [stderr]    Compiling hashbrown v0.11.2
[INFO] [stderr]    Compiling rusty-fork v0.3.0
[INFO] [stderr]    Compiling bit-set v0.5.2
[INFO] [stderr]    Compiling sha2 v0.9.8
[INFO] [stderr]    Compiling ff v0.8.0
[INFO] [stderr]    Compiling rand v0.7.3
[INFO] [stderr]    Compiling group v0.8.0
[INFO] [stderr]    Compiling ed25519 v1.2.0
[INFO] [stderr]    Compiling num-complex v0.4.0
[INFO] [stderr]    Compiling crypto-mac v0.8.0
[INFO] [stderr]    Compiling rand_xorshift v0.3.0
[INFO] [stderr]    Compiling dyn-clone v1.0.4
[INFO] [stderr]    Compiling regex-syntax v0.6.25
[INFO] [stderr]    Compiling quick-error v2.0.1
[INFO] [stderr]    Compiling static_assertions v1.1.0
[INFO] [stderr]    Compiling blake2 v0.9.2
[INFO] [stderr]    Compiling hex_fmt v0.3.0
[INFO] [stderr]    Compiling base64 v0.13.0
[INFO] [stderr]    Compiling once_cell v1.8.0
[INFO] [stderr]    Compiling base16 v0.2.1
[INFO] [stderr]    Compiling wee_alloc v0.4.5
[INFO] [stderr]    Compiling num-bigint v0.2.6
[INFO] [stderr]    Compiling value-bag v1.0.0-alpha.7
[INFO] [stderr]    Compiling pkg-config v0.3.20
[INFO] [stderr]    Compiling memory_units v0.4.0
[INFO] [stderr]    Compiling cc v1.0.71
[INFO] [stderr]    Compiling num-rational v0.2.4
[INFO] [stderr]    Compiling log v0.4.14
[INFO] [stderr]    Compiling parity-wasm v0.41.0
[INFO] [stderr]    Compiling anyhow v1.0.44
[INFO] [stderr]    Compiling either v1.6.1
[INFO] [stderr]    Compiling tracing-core v0.1.21
[INFO] [stderr]    Compiling itertools v0.10.1
[INFO] [stderr]    Compiling synstructure v0.12.6
[INFO] [stderr]    Compiling serde_derive_internals v0.25.0
[INFO] [stderr]    Compiling proptest v1.0.0
[INFO] [stderr]    Compiling lmdb-sys v0.8.0
[INFO] [stderr]    Compiling wasmi-validation v0.3.0
[INFO] [stderr]    Compiling time v0.1.43
[INFO] [stderr]    Compiling match_cfg v0.1.0
[INFO] [stderr]    Compiling memory_units v0.3.0
[INFO] [stderr]    Compiling pin-project-lite v0.2.7
[INFO] [stderr]    Compiling downcast-rs v1.2.0
[INFO] [stderr]    Compiling wasmi v0.8.0
[INFO] [stderr]    Compiling chrono v0.4.19
[INFO] [stderr]    Compiling hostname v0.3.1
[INFO] [stderr]    Compiling linked-hash-map v0.5.4
[INFO] [stderr]    Compiling zeroize_derive v1.2.0
[INFO] [stderr]    Compiling schemars_derive v0.8.6
[INFO] [stderr]    Compiling datasize_derive v0.2.9
[INFO] [stderr]    Compiling num-derive v0.3.3
[INFO] [stderr]    Compiling zeroize v1.4.2
[INFO] [stderr]    Compiling datasize v0.2.9
[INFO] [stderr]    Compiling elliptic-curve v0.8.5
[INFO] [stderr]    Compiling curve25519-dalek v3.2.0
[INFO] [stderr]    Compiling ctor v0.1.21
[INFO] [stderr]    Compiling ecdsa v0.10.2
[INFO] [stderr]    Compiling tracing-attributes v0.1.18
[INFO] [stderr]    Compiling k256 v0.7.3
[INFO] [stderr]    Compiling ed25519-dalek v1.0.1
[INFO] [stderr]    Compiling thiserror-impl v1.0.30
[INFO] [stderr]    Compiling lmdb v0.8.0
[INFO] [stderr]    Compiling tracing v0.1.29
[INFO] [stderr]    Compiling thiserror v1.0.30
[INFO] [stderr]    Compiling hex v0.4.3
[INFO] [stderr]    Compiling serde_bytes v0.11.5
[INFO] [stderr]    Compiling uuid v0.8.2
[INFO] [stderr]    Compiling bincode v1.3.3
[INFO] [stderr]    Compiling uint v0.9.1
[INFO] [stderr]    Compiling hex-buffer-serde v0.3.0
[INFO] [stderr]    Compiling hex-buffer-serde v0.2.2
[INFO] [stderr]    Compiling pwasm-utils v0.16.0
[INFO] [stderr]    Compiling num v0.4.0
[INFO] [stderr]    Compiling casper-types v1.4.0
[INFO] [stderr]    Compiling casper-contract v1.4.0
[INFO] [stderr]    Compiling casper-hashing v1.4.0
[INFO] [stdout] error[E0554]: `#![feature]` may not be used on the stable release channel
[INFO] [stdout]   --> /opt/rustwide/cargo-home/registry/src/github.com-1ecc6299db9ec823/casper-contract-1.4.0/src/lib.rs:51:5
[INFO] [stdout]    |
[INFO] [stdout] 51 |     feature(alloc_error_handler, core_intrinsics, lang_items)
[INFO] [stdout]    |     ^^^^^^^^^^^^^^^^^^^^^^^^^^^^^^^^^^^^^^^^^^^^^^^^^^^^^^^^^
[INFO] [stdout] 
[INFO] [stdout] 
[INFO] [stdout] error[E0554]: `#![feature]` may not be used on the stable release channel
[INFO] [stdout]   --> /opt/rustwide/cargo-home/registry/src/github.com-1ecc6299db9ec823/casper-contract-1.4.0/src/lib.rs:51:34
[INFO] [stdout]    |
[INFO] [stdout] 51 |     feature(alloc_error_handler, core_intrinsics, lang_items)
[INFO] [stdout]    |                                  ^^^^^^^^^^^^^^^
[INFO] [stdout] 
[INFO] [stdout] 
[INFO] [stdout] error[E0152]: found duplicate lang item `panic_impl`
[INFO] [stdout]  --> /opt/rustwide/cargo-home/registry/src/github.com-1ecc6299db9ec823/casper-contract-1.4.0/src/no_std_handlers.rs:6:1
[INFO] [stdout]   |
[INFO] [stdout] 6 | pub fn panic(_info: &core::panic::PanicInfo) -> ! {
[INFO] [stdout]   | ^^^^^^^^^^^^^^^^^^^^^^^^^^^^^^^^^^^^^^^^^^^^^^^^^
[INFO] [stdout]   |
[INFO] [stdout]   = note: the lang item is first defined in crate `std` (which `casper_types` depends on)
[INFO] [stdout]   = note: first definition in `std` loaded from /opt/rustwide/rustup-home/toolchains/1.69.0-x86_64-unknown-linux-gnu/lib/rustlib/x86_64-unknown-linux-gnu/lib/libstd-89bc084783fdc439.rlib
[INFO] [stdout]   = note: second definition in the local crate (`casper_contract`)
[INFO] [stdout] 
[INFO] [stdout] 
[INFO] [stdout] error[E0152]: found duplicate lang item `eh_personality`
[INFO] [stdout]   --> /opt/rustwide/cargo-home/registry/src/github.com-1ecc6299db9ec823/casper-contract-1.4.0/src/no_std_handlers.rs:19:1
[INFO] [stdout]    |
[INFO] [stdout] 19 | extern "C" fn eh_personality() {}
[INFO] [stdout]    | ^^^^^^^^^^^^^^^^^^^^^^^^^^^^^^
[INFO] [stdout]    |
[INFO] [stdout]    = note: the lang item is first defined in crate `std` (which `casper_types` depends on)
[INFO] [stdout]    = note: first definition in `std` loaded from /opt/rustwide/rustup-home/toolchains/1.69.0-x86_64-unknown-linux-gnu/lib/rustlib/x86_64-unknown-linux-gnu/lib/libstd-89bc084783fdc439.rlib
[INFO] [stdout]    = note: second definition in the local crate (`casper_contract`)
[INFO] [stdout] 
[INFO] [stdout] 
[INFO] [stdout] error: aborting due to 4 previous errors
[INFO] [stdout] 
[INFO] [stdout] 
[INFO] [stdout] Some errors have detailed explanations: E0152, E0554.
[INFO] [stdout] 
[INFO] [stdout] For more information about an error, try `rustc --explain E0152`.
[INFO] [stdout] 
[INFO] [stderr] error: could not compile `casper-contract` due to 5 previous errors
[INFO] [stderr] warning: build failed, waiting for other jobs to finish...
[INFO] running `Command { std: "docker" "inspect" "3a57ae36b7f0c5b59c4ac6cdb5e17344ad7e808b2ae2411f57aaa77671eac0e9", kill_on_drop: false }`
[INFO] running `Command { std: "docker" "rm" "-f" "3a57ae36b7f0c5b59c4ac6cdb5e17344ad7e808b2ae2411f57aaa77671eac0e9", kill_on_drop: false }`
[INFO] [stdout] 3a57ae36b7f0c5b59c4ac6cdb5e17344ad7e808b2ae2411f57aaa77671eac0e9
