[INFO] cloning repository https://github.com/JesterOrNot/MathRepl
[INFO] running `Command { std: "git" "-c" "credential.helper=" "-c" "credential.helper=/workspace/cargo-home/bin/git-credential-null" "clone" "--bare" "https://github.com/JesterOrNot/MathRepl" "/workspace/cache/git-repos/https%3A%2F%2Fgithub.com%2FJesterOrNot%2FMathRepl", kill_on_drop: false }`
[INFO] [stderr] Cloning into bare repository '/workspace/cache/git-repos/https%3A%2F%2Fgithub.com%2FJesterOrNot%2FMathRepl'...
[INFO] running `Command { std: "git" "rev-parse" "HEAD", kill_on_drop: false }`
[INFO] [stdout] 376b4b8b38c8c4572b5a5095661d5e5fb04f961c
[INFO] testing JesterOrNot/MathRepl against beta-2023-04-20 for beta-1.70-1
[INFO] running `Command { std: "git" "clone" "/workspace/cache/git-repos/https%3A%2F%2Fgithub.com%2FJesterOrNot%2FMathRepl" "/workspace/builds/worker-7-tc2/source", kill_on_drop: false }`
[INFO] [stderr] Cloning into '/workspace/builds/worker-7-tc2/source'...
[INFO] [stderr] done.
[INFO] validating manifest of git repo https://github.com/JesterOrNot/MathRepl on toolchain beta-2023-04-20
[INFO] running `Command { std: CARGO_HOME="/workspace/cargo-home" RUSTUP_HOME="/workspace/rustup-home" "/workspace/cargo-home/bin/cargo" "+beta-2023-04-20" "metadata" "--manifest-path" "Cargo.toml" "--no-deps", kill_on_drop: false }`
[INFO] started tweaking git repo https://github.com/JesterOrNot/MathRepl
[INFO] finished tweaking git repo https://github.com/JesterOrNot/MathRepl
[INFO] tweaked toml for git repo https://github.com/JesterOrNot/MathRepl written to /workspace/builds/worker-7-tc2/source/Cargo.toml
[INFO] crate git repo https://github.com/JesterOrNot/MathRepl already has a lockfile, it will not be regenerated
[INFO] running `Command { std: CARGO_HOME="/workspace/cargo-home" RUSTUP_HOME="/workspace/rustup-home" "/workspace/cargo-home/bin/cargo" "+beta-2023-04-20" "fetch" "--manifest-path" "Cargo.toml", kill_on_drop: false }`
[INFO] [stderr]     Blocking waiting for file lock on package cache
[INFO] [stderr]     Updating crates.io index
[INFO] [stderr]  Downloading crates ...
[INFO] [stderr]   Downloaded signal-hook v0.1.13
[INFO] [stderr]   Downloaded crossterm v0.16.0
[INFO] [stderr]   Downloaded mathew v0.0.2
[INFO] [stderr]   Downloaded logos v0.9.7
[INFO] [stderr]   Downloaded synterm v0.2.0
[INFO] [stderr]   Downloaded logos-derive v0.9.7
[INFO] running `Command { std: "docker" "create" "-v" "/var/lib/crater-agent-workspace/builds/worker-7-tc2/target:/opt/rustwide/target:rw,Z" "-v" "/var/lib/crater-agent-workspace/builds/worker-7-tc2/source:/opt/rustwide/workdir:ro,Z" "-v" "/var/lib/crater-agent-workspace/cargo-home:/opt/rustwide/cargo-home:ro,Z" "-v" "/var/lib/crater-agent-workspace/rustup-home:/opt/rustwide/rustup-home:ro,Z" "-e" "SOURCE_DIR=/opt/rustwide/workdir" "-e" "CARGO_TARGET_DIR=/opt/rustwide/target" "-e" "CARGO_HOME=/opt/rustwide/cargo-home" "-e" "RUSTUP_HOME=/opt/rustwide/rustup-home" "-w" "/opt/rustwide/workdir" "-m" "1610612736" "--user" "0:0" "--network" "none" "ghcr.io/rust-lang/crates-build-env/linux@sha256:5ff2268d62e97bff2cde7d5815dd6ed5b47097566f13b8d0ca110b04b60e07ed" "/opt/rustwide/cargo-home/bin/cargo" "+beta-2023-04-20" "metadata" "--no-deps" "--format-version=1", kill_on_drop: false }`
[INFO] [stdout] c8c889150442bf3d451c33d298550447c5a8920f032b4481eed7b9eb74482bce
[INFO] running `Command { std: "docker" "start" "-a" "c8c889150442bf3d451c33d298550447c5a8920f032b4481eed7b9eb74482bce", kill_on_drop: false }`
[INFO] running `Command { std: "docker" "inspect" "c8c889150442bf3d451c33d298550447c5a8920f032b4481eed7b9eb74482bce", kill_on_drop: false }`
[INFO] running `Command { std: "docker" "rm" "-f" "c8c889150442bf3d451c33d298550447c5a8920f032b4481eed7b9eb74482bce", kill_on_drop: false }`
[INFO] [stdout] c8c889150442bf3d451c33d298550447c5a8920f032b4481eed7b9eb74482bce
[INFO] running `Command { std: "docker" "create" "-v" "/var/lib/crater-agent-workspace/builds/worker-7-tc2/target:/opt/rustwide/target:rw,Z" "-v" "/var/lib/crater-agent-workspace/builds/worker-7-tc2/source:/opt/rustwide/workdir:ro,Z" "-v" "/var/lib/crater-agent-workspace/cargo-home:/opt/rustwide/cargo-home:ro,Z" "-v" "/var/lib/crater-agent-workspace/rustup-home:/opt/rustwide/rustup-home:ro,Z" "-e" "SOURCE_DIR=/opt/rustwide/workdir" "-e" "CARGO_TARGET_DIR=/opt/rustwide/target" "-e" "CARGO_INCREMENTAL=0" "-e" "RUST_BACKTRACE=full" "-e" "RUSTFLAGS=--cap-lints=warn" "-e" "RUSTDOCFLAGS=--cap-lints=warn" "-e" "CARGO_HOME=/opt/rustwide/cargo-home" "-e" "RUSTUP_HOME=/opt/rustwide/rustup-home" "-w" "/opt/rustwide/workdir" "-m" "1610612736" "--user" "0:0" "--network" "none" "ghcr.io/rust-lang/crates-build-env/linux@sha256:5ff2268d62e97bff2cde7d5815dd6ed5b47097566f13b8d0ca110b04b60e07ed" "/opt/rustwide/cargo-home/bin/cargo" "+beta-2023-04-20" "build" "--frozen" "--message-format=json", kill_on_drop: false }`
[INFO] [stdout] ff6eba985f62cb2e50840ab7b61de3aaec3854fe8916fd148851d9b28de795e6
[INFO] running `Command { std: "docker" "start" "-a" "ff6eba985f62cb2e50840ab7b61de3aaec3854fe8916fd148851d9b28de795e6", kill_on_drop: false }`
[INFO] [stderr]    Compiling libc v0.2.68
[INFO] [stderr]    Compiling proc-macro2 v0.4.30
[INFO] [stderr]    Compiling cfg-if v0.1.10
[INFO] [stderr]    Compiling unicode-xid v0.1.0
[INFO] [stderr]    Compiling syn v0.15.44
[INFO] [stderr]    Compiling log v0.4.8
[INFO] [stderr]    Compiling bitflags v1.2.1
[INFO] [stderr]    Compiling scopeguard v1.1.0
[INFO] [stderr]    Compiling smallvec v1.2.0
[INFO] [stderr]    Compiling slab v0.4.2
[INFO] [stderr]    Compiling arc-swap v0.4.5
[INFO] [stderr]    Compiling regex-syntax v0.6.17
[INFO] [stderr]    Compiling utf8-ranges v1.0.4
[INFO] [stderr]    Compiling numtoa v0.1.0
[INFO] [stderr]    Compiling lazy_static v1.4.0
[INFO] [stderr]    Compiling lock_api v0.3.3
[INFO] [stderr]    Compiling quote v0.6.13
[INFO] [stderr]    Compiling iovec v0.1.4
[INFO] [stderr]    Compiling net2 v0.2.33
[INFO] [stderr]    Compiling parking_lot_core v0.7.0
[INFO] [stderr]    Compiling signal-hook-registry v1.2.0
[INFO] [stderr]    Compiling termion v1.5.5
[INFO] [stderr]    Compiling parking_lot v0.10.0
[INFO] [stderr]    Compiling mio v0.6.21
[INFO] [stderr]    Compiling signal-hook v0.1.13
[INFO] [stderr]    Compiling crossterm v0.16.0
[INFO] [stderr]    Compiling mathew v0.0.2
[INFO] [stderr]    Compiling logos-derive v0.9.7
[INFO] [stdout] error[E0061]: this method takes 1 argument but 2 arguments were supplied
[INFO] [stdout]   --> /opt/rustwide/cargo-home/registry/src/index.crates.io-6f17d22bba15001f/logos-derive-0.9.7/src/util.rs:59:31
[INFO] [stdout]    |
[INFO] [stdout] 59 |                 self.callback.insert(callback, |_| panic!("Only one callback can be defined per variant definition!"));
[INFO] [stdout]    |                               ^^^^^^         ------------------------------------------------------------------------
[INFO] [stdout]    |                                              | |
[INFO] [stdout]    |                                              | unexpected argument of type `[closure@/opt/rustwide/cargo-home/registry/src/index.crates.io-6f17d22bba15001f/logos-derive-0.9.7/src/util.rs:59:48: 59:51]`
[INFO] [stdout]    |                                              help: remove the extra argument
[INFO] [stdout]    |
[INFO] [stdout] note: method defined here
[INFO] [stdout]   --> /rustc/1b7dd2252b99671ce5d1cb9664c5f8636329436d/library/core/src/option.rs:1615:18
[INFO] [stdout] 
[INFO] [stdout] 
[INFO] [stdout] error[E0061]: this method takes 1 argument but 2 arguments were supplied
[INFO] [stdout]   --> /opt/rustwide/cargo-home/registry/src/index.crates.io-6f17d22bba15001f/logos-derive-0.9.7/src/lib.rs:50:20
[INFO] [stdout]    |
[INFO] [stdout] 50 |             extras.insert(ext, |_| panic!("Only one #[extras] attribute can be declared."));
[INFO] [stdout]    |                    ^^^^^^    -------------------------------------------------------------
[INFO] [stdout]    |                              | |
[INFO] [stdout]    |                              | unexpected argument of type `[closure@/opt/rustwide/cargo-home/registry/src/index.crates.io-6f17d22bba15001f/logos-derive-0.9.7/src/lib.rs:50:32: 50:35]`
[INFO] [stdout]    |                              help: remove the extra argument
[INFO] [stdout]    |
[INFO] [stdout] note: method defined here
[INFO] [stdout]   --> /rustc/1b7dd2252b99671ce5d1cb9664c5f8636329436d/library/core/src/option.rs:1615:18
[INFO] [stdout] 
[INFO] [stdout] 
[INFO] [stdout] error[E0061]: this method takes 1 argument but 2 arguments were supplied
[INFO] [stdout]   --> /opt/rustwide/cargo-home/registry/src/index.crates.io-6f17d22bba15001f/logos-derive-0.9.7/src/lib.rs:84:23
[INFO] [stdout]    |
[INFO] [stdout] 84 |                 error.insert(variant, |_| panic!("Only one #[error] variant can be declared."));
[INFO] [stdout]    |                       ^^^^^^        ----------------------------------------------------------
[INFO] [stdout]    |                                     | |
[INFO] [stdout]    |                                     | unexpected argument of type `[closure@/opt/rustwide/cargo-home/registry/src/index.crates.io-6f17d22bba15001f/logos-derive-0.9.7/src/lib.rs:84:39: 84:42]`
[INFO] [stdout]    |                                     help: remove the extra argument
[INFO] [stdout]    |
[INFO] [stdout] note: method defined here
[INFO] [stdout]   --> /rustc/1b7dd2252b99671ce5d1cb9664c5f8636329436d/library/core/src/option.rs:1615:18
[INFO] [stdout] 
[INFO] [stdout] 
[INFO] [stdout] error[E0061]: this method takes 1 argument but 2 arguments were supplied
[INFO] [stdout]   --> /opt/rustwide/cargo-home/registry/src/index.crates.io-6f17d22bba15001f/logos-derive-0.9.7/src/lib.rs:88:21
[INFO] [stdout]    |
[INFO] [stdout] 88 |                 end.insert(variant, |_| panic!("Only one #[end] variant can be declared."));
[INFO] [stdout]    |                     ^^^^^^        --------------------------------------------------------
[INFO] [stdout]    |                                   | |
[INFO] [stdout]    |                                   | unexpected argument of type `[closure@/opt/rustwide/cargo-home/registry/src/index.crates.io-6f17d22bba15001f/logos-derive-0.9.7/src/lib.rs:88:37: 88:40]`
[INFO] [stdout]    |                                   help: remove the extra argument
[INFO] [stdout]    |
[INFO] [stdout] note: method defined here
[INFO] [stdout]   --> /rustc/1b7dd2252b99671ce5d1cb9664c5f8636329436d/library/core/src/option.rs:1615:18
[INFO] [stdout] 
[INFO] [stdout] 
[INFO] [stdout] error: aborting due to 4 previous errors
[INFO] [stdout] 
[INFO] [stdout] 
[INFO] [stdout] For more information about this error, try `rustc --explain E0061`.
[INFO] [stdout] 
[INFO] [stderr] error: could not compile `logos-derive` (lib) due to 5 previous errors
[INFO] running `Command { std: "docker" "inspect" "ff6eba985f62cb2e50840ab7b61de3aaec3854fe8916fd148851d9b28de795e6", kill_on_drop: false }`
[INFO] running `Command { std: "docker" "rm" "-f" "ff6eba985f62cb2e50840ab7b61de3aaec3854fe8916fd148851d9b28de795e6", kill_on_drop: false }`
[INFO] [stdout] ff6eba985f62cb2e50840ab7b61de3aaec3854fe8916fd148851d9b28de795e6
