[INFO] cloning repository https://github.com/Jefffrey/bitcrystal
[INFO] running `Command { std: "git" "-c" "credential.helper=" "-c" "credential.helper=/workspace/cargo-home/bin/git-credential-null" "clone" "--bare" "https://github.com/Jefffrey/bitcrystal" "/workspace/cache/git-repos/https%3A%2F%2Fgithub.com%2FJefffrey%2Fbitcrystal", kill_on_drop: false }`
[INFO] [stderr] Cloning into bare repository '/workspace/cache/git-repos/https%3A%2F%2Fgithub.com%2FJefffrey%2Fbitcrystal'...
[INFO] running `Command { std: "git" "rev-parse" "HEAD", kill_on_drop: false }`
[INFO] [stdout] 2b08b02d0024d3b2fd6191717267da16fc4c2c81
[INFO] testing Jefffrey/bitcrystal against 1.69.0 for beta-1.70-1
[INFO] running `Command { std: "git" "clone" "/workspace/cache/git-repos/https%3A%2F%2Fgithub.com%2FJefffrey%2Fbitcrystal" "/workspace/builds/worker-7-tc1/source", kill_on_drop: false }`
[INFO] [stderr] Cloning into '/workspace/builds/worker-7-tc1/source'...
[INFO] [stderr] done.
[INFO] validating manifest of git repo https://github.com/Jefffrey/bitcrystal on toolchain 1.69.0
[INFO] running `Command { std: CARGO_HOME="/workspace/cargo-home" RUSTUP_HOME="/workspace/rustup-home" "/workspace/cargo-home/bin/cargo" "+1.69.0" "metadata" "--manifest-path" "Cargo.toml" "--no-deps", kill_on_drop: false }`
[INFO] removed /workspace/builds/worker-7-tc1/source/.cargo/config.toml
[INFO] started tweaking git repo https://github.com/Jefffrey/bitcrystal
[INFO] finished tweaking git repo https://github.com/Jefffrey/bitcrystal
[INFO] tweaked toml for git repo https://github.com/Jefffrey/bitcrystal written to /workspace/builds/worker-7-tc1/source/Cargo.toml
[INFO] crate git repo https://github.com/Jefffrey/bitcrystal already has a lockfile, it will not be regenerated
[INFO] running `Command { std: CARGO_HOME="/workspace/cargo-home" RUSTUP_HOME="/workspace/rustup-home" "/workspace/cargo-home/bin/cargo" "+1.69.0" "fetch" "--manifest-path" "Cargo.toml", kill_on_drop: false }`
[INFO] [stderr]  Downloading crates ...
[INFO] [stderr]   Downloaded which v4.2.4
[INFO] [stderr]   Downloaded tracing-appender v0.2.1
[INFO] [stderr]   Downloaded console-subscriber v0.1.3
[INFO] [stderr]   Downloaded anyhow v1.0.55
[INFO] [stderr]   Downloaded console-api v0.1.2
[INFO] [stderr]   Downloaded hdrhistogram v7.5.0
[INFO] running `Command { std: "docker" "create" "-v" "/var/lib/crater-agent-workspace/builds/worker-7-tc1/target:/opt/rustwide/target:rw,Z" "-v" "/var/lib/crater-agent-workspace/builds/worker-7-tc1/source:/opt/rustwide/workdir:ro,Z" "-v" "/var/lib/crater-agent-workspace/cargo-home:/opt/rustwide/cargo-home:ro,Z" "-v" "/var/lib/crater-agent-workspace/rustup-home:/opt/rustwide/rustup-home:ro,Z" "-e" "SOURCE_DIR=/opt/rustwide/workdir" "-e" "CARGO_TARGET_DIR=/opt/rustwide/target" "-e" "CARGO_HOME=/opt/rustwide/cargo-home" "-e" "RUSTUP_HOME=/opt/rustwide/rustup-home" "-w" "/opt/rustwide/workdir" "-m" "1610612736" "--user" "0:0" "--network" "none" "ghcr.io/rust-lang/crates-build-env/linux@sha256:5ff2268d62e97bff2cde7d5815dd6ed5b47097566f13b8d0ca110b04b60e07ed" "/opt/rustwide/cargo-home/bin/cargo" "+1.69.0" "metadata" "--no-deps" "--format-version=1", kill_on_drop: false }`
[INFO] [stdout] 082b6c0aebc77ee509e950f7e3624a38ee1250be7b4ae552ec6ea356e8146946
[INFO] running `Command { std: "docker" "start" "-a" "082b6c0aebc77ee509e950f7e3624a38ee1250be7b4ae552ec6ea356e8146946", kill_on_drop: false }`
[INFO] running `Command { std: "docker" "inspect" "082b6c0aebc77ee509e950f7e3624a38ee1250be7b4ae552ec6ea356e8146946", kill_on_drop: false }`
[INFO] running `Command { std: "docker" "rm" "-f" "082b6c0aebc77ee509e950f7e3624a38ee1250be7b4ae552ec6ea356e8146946", kill_on_drop: false }`
[INFO] [stdout] 082b6c0aebc77ee509e950f7e3624a38ee1250be7b4ae552ec6ea356e8146946
[INFO] running `Command { std: "docker" "create" "-v" "/var/lib/crater-agent-workspace/builds/worker-7-tc1/target:/opt/rustwide/target:rw,Z" "-v" "/var/lib/crater-agent-workspace/builds/worker-7-tc1/source:/opt/rustwide/workdir:ro,Z" "-v" "/var/lib/crater-agent-workspace/cargo-home:/opt/rustwide/cargo-home:ro,Z" "-v" "/var/lib/crater-agent-workspace/rustup-home:/opt/rustwide/rustup-home:ro,Z" "-e" "SOURCE_DIR=/opt/rustwide/workdir" "-e" "CARGO_TARGET_DIR=/opt/rustwide/target" "-e" "CARGO_INCREMENTAL=0" "-e" "RUST_BACKTRACE=full" "-e" "RUSTFLAGS=--cap-lints=warn" "-e" "RUSTDOCFLAGS=--cap-lints=warn" "-e" "CARGO_HOME=/opt/rustwide/cargo-home" "-e" "RUSTUP_HOME=/opt/rustwide/rustup-home" "-w" "/opt/rustwide/workdir" "-m" "1610612736" "--user" "0:0" "--network" "none" "ghcr.io/rust-lang/crates-build-env/linux@sha256:5ff2268d62e97bff2cde7d5815dd6ed5b47097566f13b8d0ca110b04b60e07ed" "/opt/rustwide/cargo-home/bin/cargo" "+1.69.0" "build" "--frozen" "--message-format=json", kill_on_drop: false }`
[INFO] [stdout] 4a4153e8c9bea0d17a0d1465e090baf9e000edca829229db5af79f757015839f
[INFO] running `Command { std: "docker" "start" "-a" "4a4153e8c9bea0d17a0d1465e090baf9e000edca829229db5af79f757015839f", kill_on_drop: false }`
[INFO] [stderr]    Compiling proc-macro2 v1.0.32
[INFO] [stderr]    Compiling unicode-xid v0.2.2
[INFO] [stderr]    Compiling syn v1.0.81
[INFO] [stderr]    Compiling libc v0.2.119
[INFO] [stderr]    Compiling cfg-if v1.0.0
[INFO] [stderr]    Compiling autocfg v1.1.0
[INFO] [stderr]    Compiling memchr v2.4.1
[INFO] [stderr]    Compiling log v0.4.14
[INFO] [stderr]    Compiling lazy_static v1.4.0
[INFO] [stderr]    Compiling pin-project-lite v0.2.7
[INFO] [stderr]    Compiling version_check v0.9.3
[INFO] [stderr]    Compiling once_cell v1.8.0
[INFO] [stderr]    Compiling futures-core v0.3.21
[INFO] [stderr]    Compiling bytes v1.1.0
[INFO] [stderr]    Compiling smallvec v1.7.0
[INFO] [stderr]    Compiling parking_lot_core v0.9.1
[INFO] [stderr]    Compiling hashbrown v0.11.2
[INFO] [stderr]    Compiling scopeguard v1.1.0
[INFO] [stderr]    Compiling fnv v1.0.7
[INFO] [stderr]    Compiling either v1.6.1
[INFO] [stderr]    Compiling lock_api v0.4.6
[INFO] [stderr]    Compiling futures-sink v0.3.21
[INFO] [stderr]    Compiling tracing-core v0.1.22
[INFO] [stderr]    Compiling anyhow v1.0.55
[INFO] [stderr]    Compiling futures-channel v0.3.21
[INFO] [stderr]    Compiling futures-task v0.3.21
[INFO] [stderr]    Compiling itoa v0.4.8
[INFO] [stderr]    Compiling futures-util v0.3.21
[INFO] [stderr]    Compiling indexmap v1.7.0
[INFO] [stderr]    Compiling itertools v0.10.3
[INFO] [stderr]    Compiling futures-io v0.3.21
[INFO] [stderr]    Compiling slab v0.4.5
[INFO] [stderr]    Compiling pin-utils v0.1.0
[INFO] [stderr]    Compiling cc v1.0.73
[INFO] [stderr]    Compiling pkg-config v0.3.24
[INFO] [stderr]    Compiling http v0.2.5
[INFO] [stderr]    Compiling httparse v1.5.1
[INFO] [stderr]    Compiling regex-syntax v0.6.25
[INFO] [stderr]    Compiling aho-corasick v0.7.18
[INFO] [stderr]    Compiling quote v1.0.10
[INFO] [stderr]    Compiling mio v0.8.0
[INFO] [stderr]    Compiling socket2 v0.4.4
[INFO] [stderr]    Compiling signal-hook-registry v1.4.0
[INFO] [stderr]    Compiling num_cpus v1.13.0
[INFO] [stderr]    Compiling parking_lot v0.12.0
[INFO] [stderr]    Compiling which v4.2.4
[INFO] [stderr]    Compiling try-lock v0.2.3
[INFO] [stderr]    Compiling tower-service v0.3.1
[INFO] [stderr]    Compiling want v0.3.0
[INFO] [stderr]    Compiling prost-build v0.9.0
[INFO] [stderr]    Compiling getrandom v0.2.4
[INFO] [stderr]    Compiling typenum v1.14.0
[INFO] [stderr]    Compiling serde_derive v1.0.136
[INFO] [stderr]    Compiling openssl-sys v0.9.72
[INFO] [stderr]    Compiling fastrand v1.7.0
[INFO] [stderr]    Compiling percent-encoding v2.1.0
[INFO] [stderr]    Compiling strsim v0.10.0
[INFO] [stderr]    Compiling unicode-segmentation v1.9.0
[INFO] [stderr]    Compiling fixedbitset v0.4.1
[INFO] [stderr]    Compiling remove_dir_all v0.5.3
[INFO] [stderr]    Compiling httpdate v1.0.1
[INFO] [stderr]    Compiling rand_core v0.6.3
[INFO] [stderr]    Compiling generic-array v0.14.4
[INFO] [stderr]    Compiling multimap v0.8.3
[INFO] [stderr]    Compiling serde v1.0.136
[INFO] [stderr]    Compiling tempfile v3.3.0
[INFO] [stderr]    Compiling petgraph v0.6.0
[INFO] [stderr]    Compiling heck v0.3.3
[INFO] [stderr]    Compiling bitflags v1.3.2
[INFO] [stderr]    Compiling ppv-lite86 v0.2.16
[INFO] [stderr]    Compiling foreign-types-shared v0.1.1
[INFO] [stderr]    Compiling openssl v0.10.38
[INFO] [stderr]    Compiling ident_case v1.0.1
[INFO] [stderr]    Compiling foreign-types v0.3.2
[INFO] [stderr]    Compiling http-body v0.4.4
[INFO] [stderr]    Compiling proc-macro-error-attr v1.0.4
[INFO] [stderr]    Compiling miniz_oxide v0.4.4
[INFO] [stderr]    Compiling matches v0.1.9
[INFO] [stderr]    Compiling async-trait v0.1.52
[INFO] [stderr]    Compiling crc32fast v1.3.2
[INFO] [stderr]    Compiling regex v1.5.5
[INFO] [stderr]    Compiling native-tls v0.2.8
[INFO] [stderr]    Compiling rand_chacha v0.3.1
[INFO] [stderr]    Compiling crossbeam-utils v0.8.7
[INFO] [stderr]    Compiling base64 v0.13.0
[INFO] [stderr]    Compiling tinyvec_macros v0.1.0
[INFO] [stderr]    Compiling tinyvec v1.5.1
[INFO] [stderr]    Compiling rand v0.8.5
[INFO] [stderr]    Compiling nom v7.1.0
[INFO] [stderr]    Compiling proc-macro-error v1.0.4
[INFO] [stderr]    Compiling num-traits v0.2.14
[INFO] [stderr]    Compiling openssl-probe v0.1.5
[INFO] [stderr]    Compiling adler v1.0.2
[INFO] [stderr]    Compiling tower-layer v0.3.1
[INFO] [stderr]    Compiling ryu v1.0.9
[INFO] [stderr]    Compiling itoa v1.0.1
[INFO] [stderr]    Compiling form_urlencoded v1.0.1
[INFO] [stderr]    Compiling time v0.3.5
[INFO] [stderr]    Compiling tracing-log v0.1.2
[INFO] [stderr]    Compiling thread_local v1.1.4
[INFO] [stderr]    Compiling sharded-slab v0.1.4
[INFO] [stderr]    Compiling serde_json v1.0.79
[INFO] [stderr]    Compiling encoding_rs v0.8.30
[INFO] [stderr]    Compiling unicode-normalization v0.1.19
[INFO] [stderr]    Compiling unicode-bidi v0.3.7
[INFO] [stderr]    Compiling minimal-lexical v0.2.1
[INFO] [stderr]    Compiling ansi_term v0.12.1
[INFO] [stderr]    Compiling flate2 v1.0.22
[INFO] [stderr]    Compiling crossbeam-channel v0.5.1
[INFO] [stderr]    Compiling crypto-common v0.1.1
[INFO] [stderr]    Compiling block-buffer v0.10.0
[INFO] [stderr]    Compiling byteorder v1.4.3
[INFO] [stderr]    Compiling heck v0.4.0
[INFO] [stderr]    Compiling tracing-subscriber v0.3.9
[INFO] [stderr]    Compiling digest v0.10.1
[INFO] [stderr]    Compiling idna v0.2.3
[INFO] [stderr]    Compiling atty v0.2.14
[INFO] [stderr]    Compiling os_str_bytes v6.0.0
[INFO] [stderr]    Compiling ipnet v2.3.1
[INFO] [stderr]    Compiling mime v0.3.16
[INFO] [stderr]    Compiling termcolor v1.1.2
[INFO] [stderr]    Compiling cpufeatures v0.2.1
[INFO] [stderr]    Compiling textwrap v0.15.0
[INFO] [stderr]    Compiling humantime v2.1.0
[INFO] [stderr]    Compiling urlencoding v2.1.0
[INFO] [stderr]    Compiling sha-1 v0.10.0
[INFO] [stderr]    Compiling darling_core v0.12.4
[INFO] [stderr]    Compiling url v2.2.2
[INFO] [stderr]    Compiling tracing-appender v0.2.1
[INFO] [stderr]    Compiling hdrhistogram v7.5.0
[INFO] [stderr]    Compiling tokio-macros v1.7.0
[INFO] [stderr]    Compiling futures-macro v0.3.21
[INFO] [stderr]    Compiling tracing-attributes v0.1.20
[INFO] [stderr]    Compiling prost-derive v0.9.0
[INFO] [stderr]    Compiling pin-project-internal v1.0.10
[INFO] [stderr]    Compiling async-stream-impl v0.3.2
[INFO] [stderr]    Compiling clap_derive v3.1.4
[INFO] [stderr]    Compiling darling_macro v0.12.4
[INFO] [stderr]    Compiling async-stream v0.3.2
[INFO] [stderr]    Compiling tokio v1.17.0
[INFO] [stderr]    Compiling darling v0.12.4
[INFO] [stderr]    Compiling derive_builder_core v0.10.2
[INFO] [stderr]    Compiling tracing v0.1.31
[INFO] [stderr]    Compiling pin-project v1.0.10
[INFO] [stderr]    Compiling tracing-futures v0.2.5
[INFO] [stderr]    Compiling prost v0.9.0
[INFO] [stderr]    Compiling clap v3.1.6
[INFO] [stderr]    Compiling prost-types v0.9.0
[INFO] [stderr]    Compiling derive_builder_macro v0.10.2
[INFO] [stderr]    Compiling derive_builder v0.10.2
[INFO] [stderr]    Compiling tonic-build v0.6.2
[INFO] [stderr]    Compiling futures-executor v0.3.21
[INFO] [stderr]    Compiling futures v0.3.21
[INFO] [stderr]    Compiling console-api v0.1.2
[INFO] [stderr]    Compiling tokio-util v0.6.9
[INFO] [stderr]    Compiling tokio-io-timeout v1.2.0
[INFO] [stderr]    Compiling tokio-util v0.7.0
[INFO] [stderr]    Compiling tokio-stream v0.1.8
[INFO] [stderr]    Compiling tokio-native-tls v0.3.0
[INFO] [stderr]    Compiling h2 v0.3.11
[INFO] [stderr]    Compiling tower v0.4.12
[INFO] [stderr]    Compiling serde_urlencoded v0.7.1
[INFO] [stderr]    Compiling hyper v0.14.14
[INFO] [stderr]    Compiling hyper-timeout v0.4.1
[INFO] [stderr]    Compiling hyper-tls v0.5.0
[INFO] [stderr]    Compiling tonic v0.6.2
[INFO] [stderr]    Compiling reqwest v0.11.9
[INFO] [stderr]    Compiling console-subscriber v0.1.3
[INFO] [stderr]    Compiling bitcrystal v0.1.0 (/opt/rustwide/workdir)
[INFO] [stdout] error[E0433]: failed to resolve: could not find `Builder` in `task`
[INFO] [stdout]   --> src/peer_connection.rs:61:45
[INFO] [stdout]    |
[INFO] [stdout] 61 |                     let task = tokio::task::Builder::new()
[INFO] [stdout]    |                                             ^^^^^^^ could not find `Builder` in `task`
[INFO] [stdout]    |
[INFO] [stdout] help: consider importing one of these items
[INFO] [stdout]    |
[INFO] [stdout] 1  | use console_subscriber::Builder;
[INFO] [stdout]    |
[INFO] [stdout] 1  | use derive_builder::export::core::thread::Builder;
[INFO] [stdout]    |
[INFO] [stdout] 1  | use std::thread::Builder;
[INFO] [stdout]    |
[INFO] [stdout] 1  | use tokio::runtime::Builder;
[INFO] [stdout]    |
[INFO] [stdout]      and 1 other candidate
[INFO] [stdout] help: if you import `Builder`, refer to it directly
[INFO] [stdout]    |
[INFO] [stdout] 61 -                     let task = tokio::task::Builder::new()
[INFO] [stdout] 61 +                     let task = Builder::new()
[INFO] [stdout]    |
[INFO] [stdout] 
[INFO] [stdout] 
[INFO] [stdout] error[E0433]: failed to resolve: could not find `Builder` in `task`
[INFO] [stdout]    --> src/peer_connection.rs:603:22
[INFO] [stdout]     |
[INFO] [stdout] 603 |         tokio::task::Builder::new()
[INFO] [stdout]     |                      ^^^^^^^ could not find `Builder` in `task`
[INFO] [stdout]     |
[INFO] [stdout] help: consider importing one of these items
[INFO] [stdout]     |
[INFO] [stdout] 1   | use console_subscriber::Builder;
[INFO] [stdout]     |
[INFO] [stdout] 1   | use derive_builder::export::core::thread::Builder;
[INFO] [stdout]     |
[INFO] [stdout] 1   | use std::thread::Builder;
[INFO] [stdout]     |
[INFO] [stdout] 1   | use tokio::runtime::Builder;
[INFO] [stdout]     |
[INFO] [stdout]       and 1 other candidate
[INFO] [stdout] help: if you import `Builder`, refer to it directly
[INFO] [stdout]     |
[INFO] [stdout] 603 -         tokio::task::Builder::new()
[INFO] [stdout] 603 +         Builder::new()
[INFO] [stdout]     |
[INFO] [stdout] 
[INFO] [stdout] 
[INFO] [stdout] error[E0433]: failed to resolve: could not find `Builder` in `task`
[INFO] [stdout]    --> src/main.rs:186:37
[INFO] [stdout]     |
[INFO] [stdout] 186 |     let tracker_task = tokio::task::Builder::new()
[INFO] [stdout]     |                                     ^^^^^^^ could not find `Builder` in `task`
[INFO] [stdout]     |
[INFO] [stdout] help: consider importing one of these items
[INFO] [stdout]     |
[INFO] [stdout] 1   | use console_subscriber::Builder;
[INFO] [stdout]     |
[INFO] [stdout] 1   | use derive_builder::export::core::thread::Builder;
[INFO] [stdout]     |
[INFO] [stdout] 1   | use std::thread::Builder;
[INFO] [stdout]     |
[INFO] [stdout] 1   | use tokio::runtime::Builder;
[INFO] [stdout]     |
[INFO] [stdout]       and 1 other candidate
[INFO] [stdout] help: if you import `Builder`, refer to it directly
[INFO] [stdout]     |
[INFO] [stdout] 186 -     let tracker_task = tokio::task::Builder::new()
[INFO] [stdout] 186 +     let tracker_task = Builder::new()
[INFO] [stdout]     |
[INFO] [stdout] 
[INFO] [stdout] 
[INFO] [stdout] error[E0433]: failed to resolve: could not find `Builder` in `task`
[INFO] [stdout]    --> src/main.rs:199:36
[INFO] [stdout]     |
[INFO] [stdout] 199 |     let worker_task = tokio::task::Builder::new()
[INFO] [stdout]     |                                    ^^^^^^^ could not find `Builder` in `task`
[INFO] [stdout]     |
[INFO] [stdout] help: consider importing one of these items
[INFO] [stdout]     |
[INFO] [stdout] 1   | use console_subscriber::Builder;
[INFO] [stdout]     |
[INFO] [stdout] 1   | use derive_builder::export::core::thread::Builder;
[INFO] [stdout]     |
[INFO] [stdout] 1   | use std::thread::Builder;
[INFO] [stdout]     |
[INFO] [stdout] 1   | use tokio::runtime::Builder;
[INFO] [stdout]     |
[INFO] [stdout]       and 1 other candidate
[INFO] [stdout] help: if you import `Builder`, refer to it directly
[INFO] [stdout]     |
[INFO] [stdout] 199 -     let worker_task = tokio::task::Builder::new()
[INFO] [stdout] 199 +     let worker_task = Builder::new()
[INFO] [stdout]     |
[INFO] [stdout] 
[INFO] [stdout] 
[INFO] [stdout] error[E0433]: failed to resolve: could not find `Builder` in `task`
[INFO] [stdout]    --> src/main.rs:214:38
[INFO] [stdout]     |
[INFO] [stdout] 214 |     let listener_task = tokio::task::Builder::new()
[INFO] [stdout]     |                                      ^^^^^^^ could not find `Builder` in `task`
[INFO] [stdout]     |
[INFO] [stdout] help: consider importing one of these items
[INFO] [stdout]     |
[INFO] [stdout] 1   | use console_subscriber::Builder;
[INFO] [stdout]     |
[INFO] [stdout] 1   | use derive_builder::export::core::thread::Builder;
[INFO] [stdout]     |
[INFO] [stdout] 1   | use std::thread::Builder;
[INFO] [stdout]     |
[INFO] [stdout] 1   | use tokio::runtime::Builder;
[INFO] [stdout]     |
[INFO] [stdout]       and 1 other candidate
[INFO] [stdout] help: if you import `Builder`, refer to it directly
[INFO] [stdout]     |
[INFO] [stdout] 214 -     let listener_task = tokio::task::Builder::new()
[INFO] [stdout] 214 +     let listener_task = Builder::new()
[INFO] [stdout]     |
[INFO] [stdout] 
[INFO] [stdout] 
[INFO] [stdout] error[E0433]: failed to resolve: could not find `Builder` in `task`
[INFO] [stdout]    --> src/main.rs:248:33
[INFO] [stdout]     |
[INFO] [stdout] 248 |         let task = tokio::task::Builder::new()
[INFO] [stdout]     |                                 ^^^^^^^ could not find `Builder` in `task`
[INFO] [stdout]     |
[INFO] [stdout] help: consider importing one of these items
[INFO] [stdout]     |
[INFO] [stdout] 1   | use console_subscriber::Builder;
[INFO] [stdout]     |
[INFO] [stdout] 1   | use derive_builder::export::core::thread::Builder;
[INFO] [stdout]     |
[INFO] [stdout] 1   | use std::thread::Builder;
[INFO] [stdout]     |
[INFO] [stdout] 1   | use tokio::runtime::Builder;
[INFO] [stdout]     |
[INFO] [stdout]       and 1 other candidate
[INFO] [stdout] help: if you import `Builder`, refer to it directly
[INFO] [stdout]     |
[INFO] [stdout] 248 -         let task = tokio::task::Builder::new()
[INFO] [stdout] 248 +         let task = Builder::new()
[INFO] [stdout]     |
[INFO] [stdout] 
[INFO] [stdout] 
[INFO] [stdout] error[E0433]: failed to resolve: could not find `Builder` in `task`
[INFO] [stdout]    --> src/main.rs:414:45
[INFO] [stdout]     |
[INFO] [stdout] 414 |                     let task = tokio::task::Builder::new()
[INFO] [stdout]     |                                             ^^^^^^^ could not find `Builder` in `task`
[INFO] [stdout]     |
[INFO] [stdout] help: consider importing one of these items
[INFO] [stdout]     |
[INFO] [stdout] 1   | use console_subscriber::Builder;
[INFO] [stdout]     |
[INFO] [stdout] 1   | use derive_builder::export::core::thread::Builder;
[INFO] [stdout]     |
[INFO] [stdout] 1   | use std::thread::Builder;
[INFO] [stdout]     |
[INFO] [stdout] 1   | use tokio::runtime::Builder;
[INFO] [stdout]     |
[INFO] [stdout]       and 1 other candidate
[INFO] [stdout] help: if you import `Builder`, refer to it directly
[INFO] [stdout]     |
[INFO] [stdout] 414 -                     let task = tokio::task::Builder::new()
[INFO] [stdout] 414 +                     let task = Builder::new()
[INFO] [stdout]     |
[INFO] [stdout] 
[INFO] [stdout] 
[INFO] [stdout] error[E0599]: no method named `poll` found for struct `Pin<_>` in the current scope
[INFO] [stdout]    --> src/main.rs:369:18
[INFO] [stdout]     |
[INFO] [stdout] 369 |     let result = tokio::join!(worker_task, tracker_task, listener_task);
[INFO] [stdout]     |                  ^^^^^^^^^^^^^^^^^^^^^^^^^^^^^^^^^^^^^^^^^^^^^^^^^^^^^^ method not found in `Pin<_>`
[INFO] [stdout]    --> /rustc/84c898d65adf2f39a5a98507f1fe0ce10a2b8dbc/library/core/src/future/future.rs:105:8
[INFO] [stdout]     |
[INFO] [stdout]     = note: the method is available for `Pin<_>` here
[INFO] [stdout]     |
[INFO] [stdout]     = note: this error originates in the macro `$crate::join` which comes from the expansion of the macro `tokio::join` (in Nightly builds, run with -Z macro-backtrace for more info)
[INFO] [stdout] help: one of the expressions' fields has a method of the same name
[INFO] [stdout]    --> /opt/rustwide/cargo-home/registry/src/github.com-1ecc6299db9ec823/tokio-1.17.0/src/macros/join.rs:86:24
[INFO] [stdout]     |
[INFO] [stdout] 86  |                 if fut.pointer.poll(cx).is_pending() {
[INFO] [stdout]     |                        ++++++++
[INFO] [stdout] 
[INFO] [stdout] 
[INFO] [stdout] error[E0599]: no method named `take_output` found for struct `Pin<_>` in the current scope
[INFO] [stdout]    --> src/main.rs:369:18
[INFO] [stdout]     |
[INFO] [stdout] 369 |     let result = tokio::join!(worker_task, tracker_task, listener_task);
[INFO] [stdout]     |                  ^^^^^^^^^^^^^^^^^^^^^^^^^^^^^^^^^^^^^^^^^^^^^^^^^^^^^^ method not found in `Pin<_>`
[INFO] [stdout]     |
[INFO] [stdout]     = note: this error originates in the macro `$crate::join` which comes from the expansion of the macro `tokio::join` (in Nightly builds, run with -Z macro-backtrace for more info)
[INFO] [stdout] 
[INFO] [stdout] 
[INFO] [stdout] error: aborting due to 9 previous errors
[INFO] [stdout] 
[INFO] [stdout] 
[INFO] [stdout] Some errors have detailed explanations: E0433, E0599.
[INFO] [stdout] 
[INFO] [stdout] For more information about an error, try `rustc --explain E0433`.
[INFO] [stdout] 
[INFO] [stderr] error: could not compile `bitcrystal` due to 10 previous errors
[INFO] running `Command { std: "docker" "inspect" "4a4153e8c9bea0d17a0d1465e090baf9e000edca829229db5af79f757015839f", kill_on_drop: false }`
[INFO] running `Command { std: "docker" "rm" "-f" "4a4153e8c9bea0d17a0d1465e090baf9e000edca829229db5af79f757015839f", kill_on_drop: false }`
[INFO] [stdout] 4a4153e8c9bea0d17a0d1465e090baf9e000edca829229db5af79f757015839f
