[INFO] cloning repository https://github.com/JanStrauss/fapra_osm
[INFO] running `Command { std: "git" "-c" "credential.helper=" "-c" "credential.helper=/workspace/cargo-home/bin/git-credential-null" "clone" "--bare" "https://github.com/JanStrauss/fapra_osm" "/workspace/cache/git-repos/https%3A%2F%2Fgithub.com%2FJanStrauss%2Ffapra_osm", kill_on_drop: false }`
[INFO] [stderr] Cloning into bare repository '/workspace/cache/git-repos/https%3A%2F%2Fgithub.com%2FJanStrauss%2Ffapra_osm'...
[INFO] running `Command { std: "git" "rev-parse" "HEAD", kill_on_drop: false }`
[INFO] [stdout] b148a9ab24121a5282e21f0ed143cacc108838bc
[INFO] testing JanStrauss/fapra_osm against 1.69.0 for beta-1.70-1
[INFO] running `Command { std: "git" "clone" "/workspace/cache/git-repos/https%3A%2F%2Fgithub.com%2FJanStrauss%2Ffapra_osm" "/workspace/builds/worker-6-tc1/source", kill_on_drop: false }`
[INFO] [stderr] Cloning into '/workspace/builds/worker-6-tc1/source'...
[INFO] [stderr] done.
[INFO] validating manifest of git repo https://github.com/JanStrauss/fapra_osm on toolchain 1.69.0
[INFO] running `Command { std: CARGO_HOME="/workspace/cargo-home" RUSTUP_HOME="/workspace/rustup-home" "/workspace/cargo-home/bin/cargo" "+1.69.0" "metadata" "--manifest-path" "Cargo.toml" "--no-deps", kill_on_drop: false }`
[INFO] started tweaking git repo https://github.com/JanStrauss/fapra_osm
[INFO] finished tweaking git repo https://github.com/JanStrauss/fapra_osm
[INFO] tweaked toml for git repo https://github.com/JanStrauss/fapra_osm written to /workspace/builds/worker-6-tc1/source/Cargo.toml
[INFO] crate git repo https://github.com/JanStrauss/fapra_osm already has a lockfile, it will not be regenerated
[INFO] running `Command { std: CARGO_HOME="/workspace/cargo-home" RUSTUP_HOME="/workspace/rustup-home" "/workspace/cargo-home/bin/cargo" "+1.69.0" "fetch" "--manifest-path" "Cargo.toml", kill_on_drop: false }`
[INFO] [stderr]  Downloading crates ...
[INFO] [stderr]   Downloaded unsafe-any v0.4.1
[INFO] [stderr]   Downloaded matches v0.1.2
[INFO] [stderr]   Downloaded urlencoded v0.4.1
[INFO] [stderr]   Downloaded idna v0.1.0
[INFO] [stderr]   Downloaded url v1.2.0
[INFO] [stderr]   Downloaded sequence_trie v0.0.13
[INFO] [stderr]   Downloaded ordered-float v0.2.3
[INFO] [stderr]   Downloaded flate2 v0.2.14
[INFO] [stderr]   Downloaded error v0.1.9
[INFO] [stderr]   Downloaded staticfile v0.3.0
[INFO] [stderr]   Downloaded bincode v0.6.0
[INFO] [stderr]   Downloaded osmpbfreader v0.3.2
[INFO] [stderr]   Downloaded serde_json v0.8.2
[INFO] [stderr]   Downloaded serde v0.8.9
[INFO] [stderr]   Downloaded iron v0.4.0
[INFO] [stderr]   Downloaded mount v0.2.1
[INFO] [stderr]   Downloaded persistent v0.2.0
[INFO] [stderr]   Downloaded unicode-bidi v0.2.3
[INFO] [stderr]   Downloaded bodyparser v0.4.1
[INFO] [stderr]   Downloaded httparse v1.1.2
[INFO] [stderr]   Downloaded mime v0.2.2
[INFO] [stderr]   Downloaded hyper v0.9.10
[INFO] [stderr]   Downloaded traitobject v0.0.3
[INFO] [stderr]   Downloaded protobuf v1.0.24
[INFO] running `Command { std: "docker" "create" "-v" "/var/lib/crater-agent-workspace/builds/worker-6-tc1/target:/opt/rustwide/target:rw,Z" "-v" "/var/lib/crater-agent-workspace/builds/worker-6-tc1/source:/opt/rustwide/workdir:ro,Z" "-v" "/var/lib/crater-agent-workspace/cargo-home:/opt/rustwide/cargo-home:ro,Z" "-v" "/var/lib/crater-agent-workspace/rustup-home:/opt/rustwide/rustup-home:ro,Z" "-e" "SOURCE_DIR=/opt/rustwide/workdir" "-e" "CARGO_TARGET_DIR=/opt/rustwide/target" "-e" "CARGO_HOME=/opt/rustwide/cargo-home" "-e" "RUSTUP_HOME=/opt/rustwide/rustup-home" "-w" "/opt/rustwide/workdir" "-m" "1610612736" "--user" "0:0" "--network" "none" "ghcr.io/rust-lang/crates-build-env/linux@sha256:5ff2268d62e97bff2cde7d5815dd6ed5b47097566f13b8d0ca110b04b60e07ed" "/opt/rustwide/cargo-home/bin/cargo" "+1.69.0" "metadata" "--no-deps" "--format-version=1", kill_on_drop: false }`
[INFO] [stdout] 44f53332477d1887fa8c2949ba516c4d22acab83ade65d829a3ace4c945a3603
[INFO] running `Command { std: "docker" "start" "-a" "44f53332477d1887fa8c2949ba516c4d22acab83ade65d829a3ace4c945a3603", kill_on_drop: false }`
[INFO] running `Command { std: "docker" "inspect" "44f53332477d1887fa8c2949ba516c4d22acab83ade65d829a3ace4c945a3603", kill_on_drop: false }`
[INFO] running `Command { std: "docker" "rm" "-f" "44f53332477d1887fa8c2949ba516c4d22acab83ade65d829a3ace4c945a3603", kill_on_drop: false }`
[INFO] [stdout] 44f53332477d1887fa8c2949ba516c4d22acab83ade65d829a3ace4c945a3603
[INFO] running `Command { std: "docker" "create" "-v" "/var/lib/crater-agent-workspace/builds/worker-6-tc1/target:/opt/rustwide/target:rw,Z" "-v" "/var/lib/crater-agent-workspace/builds/worker-6-tc1/source:/opt/rustwide/workdir:ro,Z" "-v" "/var/lib/crater-agent-workspace/cargo-home:/opt/rustwide/cargo-home:ro,Z" "-v" "/var/lib/crater-agent-workspace/rustup-home:/opt/rustwide/rustup-home:ro,Z" "-e" "SOURCE_DIR=/opt/rustwide/workdir" "-e" "CARGO_TARGET_DIR=/opt/rustwide/target" "-e" "CARGO_INCREMENTAL=0" "-e" "RUST_BACKTRACE=full" "-e" "RUSTFLAGS=--cap-lints=warn" "-e" "RUSTDOCFLAGS=--cap-lints=warn" "-e" "CARGO_HOME=/opt/rustwide/cargo-home" "-e" "RUSTUP_HOME=/opt/rustwide/rustup-home" "-w" "/opt/rustwide/workdir" "-m" "1610612736" "--user" "0:0" "--network" "none" "ghcr.io/rust-lang/crates-build-env/linux@sha256:5ff2268d62e97bff2cde7d5815dd6ed5b47097566f13b8d0ca110b04b60e07ed" "/opt/rustwide/cargo-home/bin/cargo" "+1.69.0" "build" "--frozen" "--message-format=json", kill_on_drop: false }`
[INFO] [stdout] 09c3488362b763c8f22dd59964ab46364af9b6996994e0d921cdc1aa57fafc77
[INFO] running `Command { std: "docker" "start" "-a" "09c3488362b763c8f22dd59964ab46364af9b6996994e0d921cdc1aa57fafc77", kill_on_drop: false }`
[INFO] [stderr]    Compiling libc v0.2.16
[INFO] [stderr]    Compiling winapi-build v0.1.1
[INFO] [stderr]    Compiling matches v0.1.2
[INFO] [stderr]    Compiling semver v0.1.20
[INFO] [stderr]    Compiling traitobject v0.0.3
[INFO] [stderr]    Compiling winapi v0.2.8
[INFO] [stderr]    Compiling unicode-normalization v0.1.2
[INFO] [stderr]    Compiling log v0.3.6
[INFO] [stderr]    Compiling rustc-serialize v0.3.19
[INFO] [stderr]    Compiling typeable v0.1.2
[INFO] [stderr]    Compiling httparse v1.1.2
[INFO] [stderr]    Compiling traitobject v0.0.1
[INFO] [stderr]    Compiling language-tags v0.2.2
[INFO] [stderr]    Compiling modifier v0.1.0
[INFO] [stderr]    Compiling lazy_static v0.1.16
[INFO] [stderr]    Compiling gcc v0.3.35
[INFO] [stderr]    Compiling unicode-bidi v0.2.3
[INFO] [stderr]    Compiling num-traits v0.1.35
[INFO] [stderr]    Compiling serde v0.8.9
[INFO] [stderr]    Compiling dtoa v0.2.2
[INFO] [stdout] error[E0642]: patterns aren't allowed in functions without bodies
[INFO] [stdout]    --> /opt/rustwide/cargo-home/registry/src/github.com-1ecc6299db9ec823/rustc-serialize-0.3.19/src/serialize.rs:147:45
[INFO] [stdout]     |
[INFO] [stdout] 147 | ...                   &f_name: &str,
[INFO] [stdout]     |                       ^^^^^^^ pattern not allowed in function without body
[INFO] [stdout] 
[INFO] [stdout] 
[INFO] [stderr]    Compiling hpack v0.2.0
[INFO] [stderr]    Compiling unsafe-any v0.4.1
[INFO] [stderr]    Compiling mime v0.2.2
[INFO] [stderr]    Compiling kernel32-sys v0.2.2
[INFO] [stderr]    Compiling typemap v0.3.3
[INFO] [stderr]    Compiling rustc_version v0.1.7
[INFO] [stderr]    Compiling error v0.1.9
[INFO] [stderr]    Compiling num_cpus v0.2.13
[INFO] [stderr]    Compiling itoa v0.1.1
[INFO] [stderr]    Compiling plugin v0.2.6
[INFO] [stderr]    Compiling void v1.0.2
[INFO] [stderr]    Compiling sequence_trie v0.0.13
[INFO] [stderr]    Compiling idna v0.1.0
[INFO] [stderr]    Compiling solicit v0.4.4
[INFO] [stderr]    Compiling byteorder v0.5.3
[INFO] [stderr]    Compiling unreachable v0.1.1
[INFO] [stderr]    Compiling unicase v1.4.0
[INFO] [stderr]    Compiling time v0.1.35
[INFO] [stderr]    Compiling protobuf v1.0.24
[INFO] [stderr]    Compiling ordered-float v0.2.3
[INFO] [stderr]    Compiling miniz-sys v0.1.7
[INFO] [stderr]    Compiling url v1.2.0
[INFO] [stdout] error: aborting due to previous error
[INFO] [stdout] 
[INFO] [stdout] 
[INFO] [stdout] For more information about this error, try `rustc --explain E0642`.
[INFO] [stdout] 
[INFO] [stderr] error: could not compile `rustc-serialize` due to 2 previous errors; 1 warning emitted
[INFO] [stderr] warning: build failed, waiting for other jobs to finish...
[INFO] [stdout] error[E0034]: multiple applicable items in scope
[INFO] [stdout]    --> /opt/rustwide/cargo-home/registry/src/github.com-1ecc6299db9ec823/protobuf-1.0.24/src/lib/core.rs:139:28
[INFO] [stdout]     |
[INFO] [stdout] 139 |     TypeId::of::<M>() == m.type_id()
[INFO] [stdout]     |                            ^^^^^^^ multiple `type_id` found
[INFO] [stdout]     |
[INFO] [stdout] note: candidate #1 is defined in the trait `core::Message`
[INFO] [stdout]    --> /opt/rustwide/cargo-home/registry/src/github.com-1ecc6299db9ec823/protobuf-1.0.24/src/lib/core.rs:129:5
[INFO] [stdout]     |
[INFO] [stdout] 129 |     fn type_id(&self) -> TypeId;
[INFO] [stdout]     |     ^^^^^^^^^^^^^^^^^^^^^^^^^^^^
[INFO] [stdout] note: candidate #2 is defined in the trait `Any`
[INFO] [stdout]    --> /rustc/84c898d65adf2f39a5a98507f1fe0ce10a2b8dbc/library/core/src/any.rs:196:5
[INFO] [stdout] help: disambiguate the method for candidate #1
[INFO] [stdout]     |
[INFO] [stdout] 139 |     TypeId::of::<M>() == core::Message::type_id(&m)
[INFO] [stdout]     |                          ~~~~~~~~~~~~~~~~~~~~~~~~~~
[INFO] [stdout] help: disambiguate the method for candidate #2
[INFO] [stdout]     |
[INFO] [stdout] 139 |     TypeId::of::<M>() == Any::type_id(&m)
[INFO] [stdout]     |                          ~~~~~~~~~~~~~~~~
[INFO] [stdout] 
[INFO] [stdout] 
[INFO] [stdout] error[E0713]: borrow may still be in use when destructor runs
[INFO] [stdout]    --> /opt/rustwide/cargo-home/registry/src/github.com-1ecc6299db9ec823/url-1.2.0/src/form_urlencoded.rs:246:40
[INFO] [stdout]     |
[INFO] [stdout] 244 | impl<'a> Target for ::UrlQuery<'a> {
[INFO] [stdout]     |      -- lifetime `'a` defined here
[INFO] [stdout] 245 |     fn as_mut_string(&mut self) -> &mut String { &mut self.url.serialization }
[INFO] [stdout] 246 |     fn finish(self) -> &'a mut ::Url { self.url }
[INFO] [stdout]     |                                        ^^^^^^^^ - here, drop of `self` needs exclusive access to `*self.url`, because the type `UrlQuery<'_>` implements the `Drop` trait
[INFO] [stdout]     |                                        |
[INFO] [stdout]     |                                        returning this value requires that `*self.url` is borrowed for `'a`
[INFO] [stdout] 
[INFO] [stdout] 
[INFO] [stdout] error: aborting due to previous error
[INFO] [stdout] 
[INFO] [stdout] 
[INFO] [stdout] For more information about this error, try `rustc --explain E0713`.
[INFO] [stdout] 
[INFO] [stderr] error: could not compile `url` due to 2 previous errors
[INFO] [stdout] error: aborting due to previous error
[INFO] [stdout] 
[INFO] [stdout] 
[INFO] [stdout] For more information about this error, try `rustc --explain E0034`.
[INFO] [stdout] 
[INFO] [stderr] error: could not compile `protobuf` due to 2 previous errors
[INFO] running `Command { std: "docker" "inspect" "09c3488362b763c8f22dd59964ab46364af9b6996994e0d921cdc1aa57fafc77", kill_on_drop: false }`
[INFO] running `Command { std: "docker" "rm" "-f" "09c3488362b763c8f22dd59964ab46364af9b6996994e0d921cdc1aa57fafc77", kill_on_drop: false }`
[INFO] [stdout] 09c3488362b763c8f22dd59964ab46364af9b6996994e0d921cdc1aa57fafc77
