[INFO] cloning repository https://github.com/Inky-developer/debris-wasm-test
[INFO] running `Command { std: "git" "-c" "credential.helper=" "-c" "credential.helper=/workspace/cargo-home/bin/git-credential-null" "clone" "--bare" "https://github.com/Inky-developer/debris-wasm-test" "/workspace/cache/git-repos/https%3A%2F%2Fgithub.com%2FInky-developer%2Fdebris-wasm-test", kill_on_drop: false }`
[INFO] [stderr] Cloning into bare repository '/workspace/cache/git-repos/https%3A%2F%2Fgithub.com%2FInky-developer%2Fdebris-wasm-test'...
[INFO] running `Command { std: "git" "rev-parse" "HEAD", kill_on_drop: false }`
[INFO] [stdout] 58bd64602f9bb927c20f85baa825c90eac7acf09
[INFO] testing Inky-developer/debris-wasm-test against 1.69.0 for beta-1.70-1
[INFO] running `Command { std: "git" "clone" "/workspace/cache/git-repos/https%3A%2F%2Fgithub.com%2FInky-developer%2Fdebris-wasm-test" "/workspace/builds/worker-3-tc1/source", kill_on_drop: false }`
[INFO] [stderr] Cloning into '/workspace/builds/worker-3-tc1/source'...
[INFO] [stderr] done.
[INFO] validating manifest of git repo https://github.com/Inky-developer/debris-wasm-test on toolchain 1.69.0
[INFO] running `Command { std: CARGO_HOME="/workspace/cargo-home" RUSTUP_HOME="/workspace/rustup-home" "/workspace/cargo-home/bin/cargo" "+1.69.0" "metadata" "--manifest-path" "Cargo.toml" "--no-deps", kill_on_drop: false }`
[INFO] started tweaking git repo https://github.com/Inky-developer/debris-wasm-test
[INFO] finished tweaking git repo https://github.com/Inky-developer/debris-wasm-test
[INFO] tweaked toml for git repo https://github.com/Inky-developer/debris-wasm-test written to /workspace/builds/worker-3-tc1/source/Cargo.toml
[INFO] running `Command { std: CARGO_HOME="/workspace/cargo-home" RUSTUP_HOME="/workspace/rustup-home" __CARGO_TEST_CHANNEL_OVERRIDE_DO_NOT_USE_THIS="nightly" "/workspace/cargo-home/bin/cargo" "+1.69.0" "generate-lockfile" "--manifest-path" "Cargo.toml" "-Zno-index-update", kill_on_drop: false }`
[INFO] [stderr]     Updating git repository `https://github.com/SuperTails/datapack_common`
[INFO] [stderr]     Updating git repository `https://github.com/SuperTails/datapackvm`
[INFO] [stderr]     Updating git repository `https://github.com/Inky-developer/debris`
[INFO] [stderr]     Updating git repository `https://github.com/Inky-developer/command-parser`
[INFO] running `Command { std: CARGO_HOME="/workspace/cargo-home" RUSTUP_HOME="/workspace/rustup-home" "/workspace/cargo-home/bin/cargo" "+1.69.0" "fetch" "--manifest-path" "Cargo.toml", kill_on_drop: false }`
[INFO] [stderr]  Downloading crates ...
[INFO] [stderr]   Downloaded alphanumeric-sort v1.5.1
[INFO] [stderr]   Downloaded elsa v1.8.1
[INFO] running `Command { std: "docker" "create" "-v" "/var/lib/crater-agent-workspace/builds/worker-3-tc1/target:/opt/rustwide/target:rw,Z" "-v" "/var/lib/crater-agent-workspace/builds/worker-3-tc1/source:/opt/rustwide/workdir:ro,Z" "-v" "/var/lib/crater-agent-workspace/cargo-home:/opt/rustwide/cargo-home:ro,Z" "-v" "/var/lib/crater-agent-workspace/rustup-home:/opt/rustwide/rustup-home:ro,Z" "-e" "SOURCE_DIR=/opt/rustwide/workdir" "-e" "CARGO_TARGET_DIR=/opt/rustwide/target" "-e" "CARGO_HOME=/opt/rustwide/cargo-home" "-e" "RUSTUP_HOME=/opt/rustwide/rustup-home" "-w" "/opt/rustwide/workdir" "-m" "1610612736" "--user" "0:0" "--network" "none" "ghcr.io/rust-lang/crates-build-env/linux@sha256:5ff2268d62e97bff2cde7d5815dd6ed5b47097566f13b8d0ca110b04b60e07ed" "/opt/rustwide/cargo-home/bin/cargo" "+1.69.0" "metadata" "--no-deps" "--format-version=1", kill_on_drop: false }`
[INFO] [stdout] c05ca7bf0b36cd4c2a120c82d0b696780f797cbf7ca89a8ae67d7bf3f1c18a4e
[INFO] running `Command { std: "docker" "start" "-a" "c05ca7bf0b36cd4c2a120c82d0b696780f797cbf7ca89a8ae67d7bf3f1c18a4e", kill_on_drop: false }`
[INFO] running `Command { std: "docker" "inspect" "c05ca7bf0b36cd4c2a120c82d0b696780f797cbf7ca89a8ae67d7bf3f1c18a4e", kill_on_drop: false }`
[INFO] running `Command { std: "docker" "rm" "-f" "c05ca7bf0b36cd4c2a120c82d0b696780f797cbf7ca89a8ae67d7bf3f1c18a4e", kill_on_drop: false }`
[INFO] [stdout] c05ca7bf0b36cd4c2a120c82d0b696780f797cbf7ca89a8ae67d7bf3f1c18a4e
[INFO] running `Command { std: "docker" "create" "-v" "/var/lib/crater-agent-workspace/builds/worker-3-tc1/target:/opt/rustwide/target:rw,Z" "-v" "/var/lib/crater-agent-workspace/builds/worker-3-tc1/source:/opt/rustwide/workdir:ro,Z" "-v" "/var/lib/crater-agent-workspace/cargo-home:/opt/rustwide/cargo-home:ro,Z" "-v" "/var/lib/crater-agent-workspace/rustup-home:/opt/rustwide/rustup-home:ro,Z" "-e" "SOURCE_DIR=/opt/rustwide/workdir" "-e" "CARGO_TARGET_DIR=/opt/rustwide/target" "-e" "CARGO_INCREMENTAL=0" "-e" "RUST_BACKTRACE=full" "-e" "RUSTFLAGS=--cap-lints=warn" "-e" "RUSTDOCFLAGS=--cap-lints=warn" "-e" "CARGO_HOME=/opt/rustwide/cargo-home" "-e" "RUSTUP_HOME=/opt/rustwide/rustup-home" "-w" "/opt/rustwide/workdir" "-m" "1610612736" "--user" "0:0" "--network" "none" "ghcr.io/rust-lang/crates-build-env/linux@sha256:5ff2268d62e97bff2cde7d5815dd6ed5b47097566f13b8d0ca110b04b60e07ed" "/opt/rustwide/cargo-home/bin/cargo" "+1.69.0" "build" "--frozen" "--message-format=json", kill_on_drop: false }`
[INFO] [stdout] 0aa72d3feffec7d9cfbf8f83638f84db34037d4ded3c232560102e0457aa3ff4
[INFO] running `Command { std: "docker" "start" "-a" "0aa72d3feffec7d9cfbf8f83638f84db34037d4ded3c232560102e0457aa3ff4", kill_on_drop: false }`
[INFO] [stderr]    Compiling syn v1.0.109
[INFO] [stderr]    Compiling fnv v1.0.7
[INFO] [stderr]    Compiling rustc-hash v1.1.0
[INFO] [stderr]    Compiling beef v0.5.2
[INFO] [stderr]    Compiling regex-syntax v0.6.29
[INFO] [stderr]    Compiling once_cell v1.17.1
[INFO] [stderr]    Compiling indexmap v1.9.3
[INFO] [stderr]    Compiling yansi-term v0.1.2
[INFO] [stderr]    Compiling num-traits v0.2.15
[INFO] [stderr]    Compiling wasm-bindgen-shared v0.2.84
[INFO] [stderr]    Compiling log v0.4.17
[INFO] [stderr]    Compiling stable_deref_trait v1.2.0
[INFO] [stderr]    Compiling bumpalo v3.12.1
[INFO] [stderr]    Compiling wasm-bindgen v0.2.84
[INFO] [stderr]    Compiling alphanumeric-sort v1.5.1
[INFO] [stderr]    Compiling smol_str v0.1.24
[INFO] [stderr]    Compiling elsa v1.8.1
[INFO] [stderr]    Compiling annotate-snippets v0.9.1
[INFO] [stderr]    Compiling debris-common v0.1.0 (https://github.com/Inky-developer/debris#4a795610)
[INFO] [stderr]    Compiling debris-error v0.1.0 (https://github.com/Inky-developer/debris#4a795610)
[INFO] [stderr]    Compiling ordered-float v3.7.0
[INFO] [stderr]    Compiling darling_core v0.13.4
[INFO] [stderr]    Compiling wasm-bindgen-backend v0.2.84
[INFO] [stderr]    Compiling logos-derive v0.12.1
[INFO] [stderr]    Compiling parse_macro v0.1.0 (https://github.com/Inky-developer/command-parser#bfae7be7)
[INFO] [stderr]    Compiling wasm-bindgen-macro-support v0.2.84
[INFO] [stderr]    Compiling command_parser v0.1.0 (https://github.com/Inky-developer/command-parser#bfae7be7)
[INFO] [stderr]    Compiling wasm-bindgen-macro v0.2.84
[INFO] [stderr]    Compiling darling_macro v0.13.4
[INFO] [stderr]    Compiling logos v0.12.1
[INFO] [stderr]    Compiling darling v0.13.4
[INFO] [stderr]    Compiling serde_with_macros v1.5.2
[INFO] [stderr]    Compiling debris-parser v0.1.0 (https://github.com/Inky-developer/debris#4a795610)
[INFO] [stderr]    Compiling debris-hir v0.1.0 (https://github.com/Inky-developer/debris#4a795610)
[INFO] [stderr]    Compiling serde_with v1.14.0
[INFO] [stderr]    Compiling debris-mir v0.1.0 (https://github.com/Inky-developer/debris#4a795610)
[INFO] [stderr]    Compiling debris-llir v0.1.0 (https://github.com/Inky-developer/debris#4a795610)
[INFO] [stderr]    Compiling datapack_common v0.1.0 (https://github.com/SuperTails/datapack_common#d810c7a8)
[INFO] [stderr]    Compiling debris-std v0.1.0 (https://github.com/Inky-developer/debris#4a795610)
[INFO] [stderr]    Compiling debris-backends v0.1.0 (https://github.com/Inky-developer/debris#4a795610)
[INFO] [stderr]    Compiling datapack_vm v0.1.0 (https://github.com/SuperTails/datapackvm#1965d954)
[INFO] [stdout] error[E0432]: unresolved import `datapack_common::functions::raw_text::TextComponent`
[INFO] [stdout]  --> /opt/rustwide/cargo-home/git/checkouts/datapackvm-690788942f400843/1965d95/src/interpreter.rs:6:5
[INFO] [stdout]   |
[INFO] [stdout] 6 | use datapack_common::functions::raw_text::TextComponent;
[INFO] [stdout]   |     ^^^^^^^^^^^^^^^^^^^^^^^^^^^^^^^^^^^^^^^^^^^^^^^^^^^ no `TextComponent` in `functions::raw_text`
[INFO] [stdout] 
[INFO] [stdout] 
[INFO] [stdout] error[E0277]: the size for values of type `str` cannot be known at compilation time
[INFO] [stdout]    --> /opt/rustwide/cargo-home/git/checkouts/datapackvm-690788942f400843/1965d95/src/interpreter.rs:649:13
[INFO] [stdout]     |
[INFO] [stdout] 649 |         for s in msg.iter().map(|m| m.as_string(&score_getter).unwrap()) {
[INFO] [stdout]     |             ^ doesn't have a size known at compile-time
[INFO] [stdout]     |
[INFO] [stdout]     = help: the trait `Sized` is not implemented for `str`
[INFO] [stdout]     = note: all local variables must have a statically known size
[INFO] [stdout]     = help: unsized locals are gated as an unstable feature
[INFO] [stdout] 
[INFO] [stdout] 
[INFO] [stdout] error[E0277]: the size for values of type `str` cannot be known at compilation time
[INFO] [stdout]    --> /opt/rustwide/cargo-home/git/checkouts/datapackvm-690788942f400843/1965d95/src/interpreter.rs:649:18
[INFO] [stdout]     |
[INFO] [stdout] 649 |         for s in msg.iter().map(|m| m.as_string(&score_getter).unwrap()) {
[INFO] [stdout]     |                  ^^^^^^^^^^^^^^^^^^^^^^^^^^^^^^^^^^^^^^^^^^^^^^^^^^^^^^^ doesn't have a size known at compile-time
[INFO] [stdout]     |
[INFO] [stdout]     = help: the trait `Sized` is not implemented for `str`
[INFO] [stdout] note: required by a bound in `Option`
[INFO] [stdout]    --> /rustc/84c898d65adf2f39a5a98507f1fe0ce10a2b8dbc/library/core/src/option.rs:563:1
[INFO] [stdout] 
[INFO] [stdout] 
[INFO] [stdout] error[E0277]: the size for values of type `str` cannot be known at compilation time
[INFO] [stdout]    --> /opt/rustwide/cargo-home/git/checkouts/datapackvm-690788942f400843/1965d95/src/interpreter.rs:649:9
[INFO] [stdout]     |
[INFO] [stdout] 649 | /         for s in msg.iter().map(|m| m.as_string(&score_getter).unwrap()) {
[INFO] [stdout] 650 | |             result.push_str(&s);
[INFO] [stdout] 651 | |         }
[INFO] [stdout]     | |_________^ doesn't have a size known at compile-time
[INFO] [stdout]     |
[INFO] [stdout]     = help: the trait `Sized` is not implemented for `str`
[INFO] [stdout] note: required by a bound in `None`
[INFO] [stdout]    --> /rustc/84c898d65adf2f39a5a98507f1fe0ce10a2b8dbc/library/core/src/option.rs:567:5
[INFO] [stdout] 
[INFO] [stdout] 
[INFO] [stdout] error[E0027]: pattern does not mention field `filter`
[INFO] [stdout]     --> /opt/rustwide/cargo-home/git/checkouts/datapackvm-690788942f400843/1965d95/src/interpreter.rs:1333:28
[INFO] [stdout]      |
[INFO] [stdout] 1333 |             Command::Clone(Clone { start, end, dest }) => {
[INFO] [stdout]      |                            ^^^^^^^^^^^^^^^^^^^^^^^^^^ missing field `filter`
[INFO] [stdout]      |
[INFO] [stdout] help: include the missing field in the pattern
[INFO] [stdout]      |
[INFO] [stdout] 1333 |             Command::Clone(Clone { start, end, dest, filter }) => {
[INFO] [stdout]      |                                                    ~~~~~~~~~~
[INFO] [stdout] help: if you don't care about this missing field, you can explicitly ignore it
[INFO] [stdout]      |
[INFO] [stdout] 1333 |             Command::Clone(Clone { start, end, dest, .. }) => {
[INFO] [stdout]      |                                                    ~~~~~~
[INFO] [stdout] 
[INFO] [stdout] 
[INFO] [stdout] error[E0609]: no field `components` on type `&JsonText`
[INFO] [stdout]     --> /opt/rustwide/cargo-home/git/checkouts/datapackvm-690788942f400843/1965d95/src/interpreter.rs:1489:54
[INFO] [stdout]      |
[INFO] [stdout] 1489 |                 let msg = self.eval_message(&message.components);
[INFO] [stdout]      |                                                      ^^^^^^^^^^
[INFO] [stdout] 
[INFO] [stdout] 
[INFO] [stdout] error: aborting due to 6 previous errors
[INFO] [stdout] 
[INFO] [stdout] 
[INFO] [stdout] Some errors have detailed explanations: E0027, E0277, E0432, E0609.
[INFO] [stdout] 
[INFO] [stdout] For more information about an error, try `rustc --explain E0027`.
[INFO] [stdout] 
[INFO] [stderr] error: could not compile `datapack_vm` due to 7 previous errors
[INFO] [stderr] warning: build failed, waiting for other jobs to finish...
[INFO] running `Command { std: "docker" "inspect" "0aa72d3feffec7d9cfbf8f83638f84db34037d4ded3c232560102e0457aa3ff4", kill_on_drop: false }`
[INFO] running `Command { std: "docker" "rm" "-f" "0aa72d3feffec7d9cfbf8f83638f84db34037d4ded3c232560102e0457aa3ff4", kill_on_drop: false }`
[INFO] [stdout] 0aa72d3feffec7d9cfbf8f83638f84db34037d4ded3c232560102e0457aa3ff4
