[INFO] cloning repository https://github.com/IndianBoy42/oxterm
[INFO] running `Command { std: "git" "-c" "credential.helper=" "-c" "credential.helper=/workspace/cargo-home/bin/git-credential-null" "clone" "--bare" "https://github.com/IndianBoy42/oxterm" "/workspace/cache/git-repos/https%3A%2F%2Fgithub.com%2FIndianBoy42%2Foxterm", kill_on_drop: false }`
[INFO] [stderr] Cloning into bare repository '/workspace/cache/git-repos/https%3A%2F%2Fgithub.com%2FIndianBoy42%2Foxterm'...
[INFO] running `Command { std: "git" "rev-parse" "HEAD", kill_on_drop: false }`
[INFO] [stdout] ee103fb2fc7cdef0452c5aab41df8d76bb11b808
[INFO] testing IndianBoy42/oxterm against 1.69.0 for beta-1.70-1
[INFO] running `Command { std: "git" "clone" "/workspace/cache/git-repos/https%3A%2F%2Fgithub.com%2FIndianBoy42%2Foxterm" "/workspace/builds/worker-0-tc1/source", kill_on_drop: false }`
[INFO] [stderr] Cloning into '/workspace/builds/worker-0-tc1/source'...
[INFO] [stderr] done.
[INFO] validating manifest of git repo https://github.com/IndianBoy42/oxterm on toolchain 1.69.0
[INFO] running `Command { std: CARGO_HOME="/workspace/cargo-home" RUSTUP_HOME="/workspace/rustup-home" "/workspace/cargo-home/bin/cargo" "+1.69.0" "metadata" "--manifest-path" "Cargo.toml" "--no-deps", kill_on_drop: false }`
[INFO] started tweaking git repo https://github.com/IndianBoy42/oxterm
[INFO] finished tweaking git repo https://github.com/IndianBoy42/oxterm
[INFO] tweaked toml for git repo https://github.com/IndianBoy42/oxterm written to /workspace/builds/worker-0-tc1/source/Cargo.toml
[INFO] crate git repo https://github.com/IndianBoy42/oxterm already has a lockfile, it will not be regenerated
[INFO] running `Command { std: CARGO_HOME="/workspace/cargo-home" RUSTUP_HOME="/workspace/rustup-home" "/workspace/cargo-home/bin/cargo" "+1.69.0" "fetch" "--manifest-path" "Cargo.toml", kill_on_drop: false }`
[INFO] [stderr]     Blocking waiting for file lock on package cache
[INFO] [stderr]     Blocking waiting for file lock on package cache
[INFO] [stderr]  Downloading crates ...
[INFO] [stderr]   Downloaded pico-args v0.4.1
[INFO] [stderr]   Downloaded serialport v4.0.1
[INFO] running `Command { std: "docker" "create" "-v" "/var/lib/crater-agent-workspace/builds/worker-0-tc1/target:/opt/rustwide/target:rw,Z" "-v" "/var/lib/crater-agent-workspace/builds/worker-0-tc1/source:/opt/rustwide/workdir:ro,Z" "-v" "/var/lib/crater-agent-workspace/cargo-home:/opt/rustwide/cargo-home:ro,Z" "-v" "/var/lib/crater-agent-workspace/rustup-home:/opt/rustwide/rustup-home:ro,Z" "-e" "SOURCE_DIR=/opt/rustwide/workdir" "-e" "CARGO_TARGET_DIR=/opt/rustwide/target" "-e" "CARGO_HOME=/opt/rustwide/cargo-home" "-e" "RUSTUP_HOME=/opt/rustwide/rustup-home" "-w" "/opt/rustwide/workdir" "-m" "1610612736" "--user" "0:0" "--network" "none" "ghcr.io/rust-lang/crates-build-env/linux@sha256:5ff2268d62e97bff2cde7d5815dd6ed5b47097566f13b8d0ca110b04b60e07ed" "/opt/rustwide/cargo-home/bin/cargo" "+1.69.0" "metadata" "--no-deps" "--format-version=1", kill_on_drop: false }`
[INFO] [stdout] 562d0e6f2995c4746ff69ed1e06ac94a291bf0b6e4cb5f12386c0823ea8108b3
[INFO] running `Command { std: "docker" "start" "-a" "562d0e6f2995c4746ff69ed1e06ac94a291bf0b6e4cb5f12386c0823ea8108b3", kill_on_drop: false }`
[INFO] running `Command { std: "docker" "inspect" "562d0e6f2995c4746ff69ed1e06ac94a291bf0b6e4cb5f12386c0823ea8108b3", kill_on_drop: false }`
[INFO] running `Command { std: "docker" "rm" "-f" "562d0e6f2995c4746ff69ed1e06ac94a291bf0b6e4cb5f12386c0823ea8108b3", kill_on_drop: false }`
[INFO] [stdout] 562d0e6f2995c4746ff69ed1e06ac94a291bf0b6e4cb5f12386c0823ea8108b3
[INFO] running `Command { std: "docker" "create" "-v" "/var/lib/crater-agent-workspace/builds/worker-0-tc1/target:/opt/rustwide/target:rw,Z" "-v" "/var/lib/crater-agent-workspace/builds/worker-0-tc1/source:/opt/rustwide/workdir:ro,Z" "-v" "/var/lib/crater-agent-workspace/cargo-home:/opt/rustwide/cargo-home:ro,Z" "-v" "/var/lib/crater-agent-workspace/rustup-home:/opt/rustwide/rustup-home:ro,Z" "-e" "SOURCE_DIR=/opt/rustwide/workdir" "-e" "CARGO_TARGET_DIR=/opt/rustwide/target" "-e" "CARGO_INCREMENTAL=0" "-e" "RUST_BACKTRACE=full" "-e" "RUSTFLAGS=--cap-lints=warn" "-e" "RUSTDOCFLAGS=--cap-lints=warn" "-e" "CARGO_HOME=/opt/rustwide/cargo-home" "-e" "RUSTUP_HOME=/opt/rustwide/rustup-home" "-w" "/opt/rustwide/workdir" "-m" "1610612736" "--user" "0:0" "--network" "none" "ghcr.io/rust-lang/crates-build-env/linux@sha256:5ff2268d62e97bff2cde7d5815dd6ed5b47097566f13b8d0ca110b04b60e07ed" "/opt/rustwide/cargo-home/bin/cargo" "+1.69.0" "build" "--frozen" "--message-format=json", kill_on_drop: false }`
[INFO] [stdout] 5eeca0cccc9b7b8c6a5e37bc0af5dfdfbe99a00a34a3a5d5323dd0ed700e3ead
[INFO] running `Command { std: "docker" "start" "-a" "5eeca0cccc9b7b8c6a5e37bc0af5dfdfbe99a00a34a3a5d5323dd0ed700e3ead", kill_on_drop: false }`
[INFO] [stderr]    Compiling libc v0.2.94
[INFO] [stderr]    Compiling nix v0.16.1
[INFO] [stderr]    Compiling numtoa v0.1.0
[INFO] [stderr]    Compiling cassowary v0.3.0
[INFO] [stderr]    Compiling unicode-segmentation v1.7.1
[INFO] [stderr]    Compiling unicode-width v0.1.8
[INFO] [stderr]    Compiling pico-args v0.4.1
[INFO] [stderr]    Compiling boolinator v2.4.0
[INFO] [stderr]    Compiling libudev-sys v0.1.4
[INFO] [stderr]    Compiling termion v1.5.6
[INFO] [stderr]    Compiling libudev v0.2.0
[INFO] [stderr]    Compiling tui v0.15.0
[INFO] [stderr]    Compiling serialport v4.0.1
[INFO] [stderr]    Compiling oxterm v0.1.0 (/opt/rustwide/workdir)
[INFO] [stdout] error[E0554]: `#![feature]` may not be used on the stable release channel
[INFO] [stdout]  --> src/main.rs:1:12
[INFO] [stdout]   |
[INFO] [stdout] 1 | #![feature(array_chunks)]
[INFO] [stdout]   |            ^^^^^^^^^^^^
[INFO] [stdout] 
[INFO] [stdout] 
[INFO] [stdout] error[E0554]: `#![feature]` may not be used on the stable release channel
[INFO] [stdout]  --> src/main.rs:2:12
[INFO] [stdout]   |
[INFO] [stdout] 2 | #![feature(with_options)]
[INFO] [stdout]   |            ^^^^^^^^^^^^
[INFO] [stdout] 
[INFO] [stdout] 
[INFO] [stdout] warning: the feature `with_options` has been stable since 1.58.0 and no longer requires an attribute to enable
[INFO] [stdout]  --> src/main.rs:2:12
[INFO] [stdout]   |
[INFO] [stdout] 2 | #![feature(with_options)]
[INFO] [stdout]   |            ^^^^^^^^^^^^
[INFO] [stdout]   |
[INFO] [stdout]   = note: `#[warn(stable_features)]` on by default
[INFO] [stdout] 
[INFO] [stdout] 
[INFO] [stdout] error[E0599]: no function or associated item named `with_options` found for struct `File` in the current scope
[INFO] [stdout]    --> src/main.rs:267:19
[INFO] [stdout]     |
[INFO] [stdout] 267 |             File::with_options()
[INFO] [stdout]     |                   ^^^^^^^^^^^^
[INFO] [stdout]     |                   |
[INFO] [stdout]     |                   function or associated item not found in `File`
[INFO] [stdout]     |                   help: there is an associated function with a similar name: `options`
[INFO] [stdout] 
[INFO] [stdout] 
[INFO] [stdout] error: aborting due to 3 previous errors; 1 warning emitted
[INFO] [stdout] 
[INFO] [stdout] 
[INFO] [stdout] Some errors have detailed explanations: E0554, E0599.
[INFO] [stdout] 
[INFO] [stdout] For more information about an error, try `rustc --explain E0554`.
[INFO] [stdout] 
[INFO] [stderr] error: could not compile `oxterm` due to 4 previous errors; 1 warning emitted
[INFO] running `Command { std: "docker" "inspect" "5eeca0cccc9b7b8c6a5e37bc0af5dfdfbe99a00a34a3a5d5323dd0ed700e3ead", kill_on_drop: false }`
[INFO] running `Command { std: "docker" "rm" "-f" "5eeca0cccc9b7b8c6a5e37bc0af5dfdfbe99a00a34a3a5d5323dd0ed700e3ead", kill_on_drop: false }`
[INFO] [stdout] 5eeca0cccc9b7b8c6a5e37bc0af5dfdfbe99a00a34a3a5d5323dd0ed700e3ead
