[INFO] cloning repository https://github.com/Icelk/fractal-renderer
[INFO] running `Command { std: "git" "-c" "credential.helper=" "-c" "credential.helper=/workspace/cargo-home/bin/git-credential-null" "clone" "--bare" "https://github.com/Icelk/fractal-renderer" "/workspace/cache/git-repos/https%3A%2F%2Fgithub.com%2FIcelk%2Ffractal-renderer", kill_on_drop: false }`
[INFO] [stderr] Cloning into bare repository '/workspace/cache/git-repos/https%3A%2F%2Fgithub.com%2FIcelk%2Ffractal-renderer'...
[INFO] running `Command { std: "git" "rev-parse" "HEAD", kill_on_drop: false }`
[INFO] [stdout] 08309c3139bee537be465d471c4c98648bfb1a12
[INFO] testing Icelk/fractal-renderer against beta-2023-04-20 for beta-1.70-1
[INFO] running `Command { std: "git" "clone" "/workspace/cache/git-repos/https%3A%2F%2Fgithub.com%2FIcelk%2Ffractal-renderer" "/workspace/builds/worker-4-tc2/source", kill_on_drop: false }`
[INFO] [stderr] Cloning into '/workspace/builds/worker-4-tc2/source'...
[INFO] [stderr] done.
[INFO] validating manifest of git repo https://github.com/Icelk/fractal-renderer on toolchain beta-2023-04-20
[INFO] running `Command { std: CARGO_HOME="/workspace/cargo-home" RUSTUP_HOME="/workspace/rustup-home" "/workspace/cargo-home/bin/cargo" "+beta-2023-04-20" "metadata" "--manifest-path" "Cargo.toml" "--no-deps", kill_on_drop: false }`
[INFO] started tweaking git repo https://github.com/Icelk/fractal-renderer
[INFO] finished tweaking git repo https://github.com/Icelk/fractal-renderer
[INFO] tweaked toml for git repo https://github.com/Icelk/fractal-renderer written to /workspace/builds/worker-4-tc2/source/Cargo.toml
[INFO] crate git repo https://github.com/Icelk/fractal-renderer already has a lockfile, it will not be regenerated
[INFO] running `Command { std: CARGO_HOME="/workspace/cargo-home" RUSTUP_HOME="/workspace/rustup-home" "/workspace/cargo-home/bin/cargo" "+beta-2023-04-20" "fetch" "--manifest-path" "Cargo.toml", kill_on_drop: false }`
[INFO] [stderr]     Updating crates.io index
[INFO] [stderr]  Downloading crates ...
[INFO] [stderr]   Downloaded lab v0.11.0
[INFO] [stderr]   Downloaded interpolate_name v0.2.3
[INFO] [stderr]   Downloaded rust_hawktracer v0.7.0
[INFO] [stderr]   Downloaded vergen v3.2.0
[INFO] [stderr]   Downloaded wayland-egl v0.29.4
[INFO] [stderr]   Downloaded v_frame v0.2.5
[INFO] [stderr]   Downloaded clap v3.0.12
[INFO] [stderr]   Downloaded loop9 v0.1.3
[INFO] [stderr]   Downloaded simd_helpers v0.1.0
[INFO] [stderr]   Downloaded noop_proc_macro v0.3.0
[INFO] [stderr]   Downloaded y4m v0.7.0
[INFO] [stderr]   Downloaded arg_enum_proc_macro v0.3.2
[INFO] [stderr]   Downloaded av-metrics v0.7.2
[INFO] [stderr]   Downloaded ivf v0.1.1
[INFO] [stderr]   Downloaded serde v1.0.135
[INFO] [stderr]   Downloaded imgref v1.9.1
[INFO] [stderr]   Downloaded bitstream-io v1.2.0
[INFO] [stderr]   Downloaded libfuzzer-sys v0.3.5
[INFO] [stderr]   Downloaded ravif v0.8.8
[INFO] [stderr]   Downloaded avif-serialize v0.7.5
[INFO] [stderr]   Downloaded nasm-rs v0.2.3
[INFO] [stderr]   Downloaded scan_fmt v0.2.6
[INFO] [stderr]   Downloaded rust_hawktracer_normal_macro v0.4.1
[INFO] [stderr]   Downloaded rav1e v0.5.1
[INFO] [stderr]   Downloaded rust_hawktracer_proc_macro v0.4.1
[INFO] running `Command { std: "docker" "create" "-v" "/var/lib/crater-agent-workspace/builds/worker-4-tc2/target:/opt/rustwide/target:rw,Z" "-v" "/var/lib/crater-agent-workspace/builds/worker-4-tc2/source:/opt/rustwide/workdir:ro,Z" "-v" "/var/lib/crater-agent-workspace/cargo-home:/opt/rustwide/cargo-home:ro,Z" "-v" "/var/lib/crater-agent-workspace/rustup-home:/opt/rustwide/rustup-home:ro,Z" "-e" "SOURCE_DIR=/opt/rustwide/workdir" "-e" "CARGO_TARGET_DIR=/opt/rustwide/target" "-e" "CARGO_HOME=/opt/rustwide/cargo-home" "-e" "RUSTUP_HOME=/opt/rustwide/rustup-home" "-w" "/opt/rustwide/workdir" "-m" "1610612736" "--user" "0:0" "--network" "none" "ghcr.io/rust-lang/crates-build-env/linux@sha256:5ff2268d62e97bff2cde7d5815dd6ed5b47097566f13b8d0ca110b04b60e07ed" "/opt/rustwide/cargo-home/bin/cargo" "+beta-2023-04-20" "metadata" "--no-deps" "--format-version=1", kill_on_drop: false }`
[INFO] [stdout] da05ac821a6b8e392b3db219d57f78d5f678e35b26598696c5ca15c0fac96dea
[INFO] running `Command { std: "docker" "start" "-a" "da05ac821a6b8e392b3db219d57f78d5f678e35b26598696c5ca15c0fac96dea", kill_on_drop: false }`
[INFO] running `Command { std: "docker" "inspect" "da05ac821a6b8e392b3db219d57f78d5f678e35b26598696c5ca15c0fac96dea", kill_on_drop: false }`
[INFO] running `Command { std: "docker" "rm" "-f" "da05ac821a6b8e392b3db219d57f78d5f678e35b26598696c5ca15c0fac96dea", kill_on_drop: false }`
[INFO] [stdout] da05ac821a6b8e392b3db219d57f78d5f678e35b26598696c5ca15c0fac96dea
[INFO] running `Command { std: "docker" "create" "-v" "/var/lib/crater-agent-workspace/builds/worker-4-tc2/target:/opt/rustwide/target:rw,Z" "-v" "/var/lib/crater-agent-workspace/builds/worker-4-tc2/source:/opt/rustwide/workdir:ro,Z" "-v" "/var/lib/crater-agent-workspace/cargo-home:/opt/rustwide/cargo-home:ro,Z" "-v" "/var/lib/crater-agent-workspace/rustup-home:/opt/rustwide/rustup-home:ro,Z" "-e" "SOURCE_DIR=/opt/rustwide/workdir" "-e" "CARGO_TARGET_DIR=/opt/rustwide/target" "-e" "CARGO_INCREMENTAL=0" "-e" "RUST_BACKTRACE=full" "-e" "RUSTFLAGS=--cap-lints=warn" "-e" "RUSTDOCFLAGS=--cap-lints=warn" "-e" "CARGO_HOME=/opt/rustwide/cargo-home" "-e" "RUSTUP_HOME=/opt/rustwide/rustup-home" "-w" "/opt/rustwide/workdir" "-m" "1610612736" "--user" "0:0" "--network" "none" "ghcr.io/rust-lang/crates-build-env/linux@sha256:5ff2268d62e97bff2cde7d5815dd6ed5b47097566f13b8d0ca110b04b60e07ed" "/opt/rustwide/cargo-home/bin/cargo" "+beta-2023-04-20" "build" "--frozen" "--message-format=json", kill_on_drop: false }`
[INFO] [stdout] 6fdfb84fa956f6732c63ac77d0af94fcc62e31c1b2c3a22f82214cd7d8269f66
[INFO] running `Command { std: "docker" "start" "-a" "6fdfb84fa956f6732c63ac77d0af94fcc62e31c1b2c3a22f82214cd7d8269f66", kill_on_drop: false }`
[INFO] [stderr]    Compiling autocfg v1.0.1
[INFO] [stderr]    Compiling libc v0.2.114
[INFO] [stderr]    Compiling proc-macro2 v1.0.36
[INFO] [stderr]    Compiling unicode-xid v0.2.2
[INFO] [stderr]    Compiling lazy_static v1.4.0
[INFO] [stderr]    Compiling memchr v2.4.1
[INFO] [stderr]    Compiling xml-rs v0.8.4
[INFO] [stderr]    Compiling log v0.4.14
[INFO] [stderr]    Compiling pkg-config v0.3.24
[INFO] [stderr]    Compiling bitflags v1.3.2
[INFO] [stderr]    Compiling syn v1.0.86
[INFO] [stderr]    Compiling scopeguard v1.1.0
[INFO] [stderr]    Compiling version_check v0.9.4
[INFO] [stderr]    Compiling once_cell v1.9.0
[INFO] [stderr]    Compiling libloading v0.7.3
[INFO] [stderr]    Compiling crossbeam-utils v0.8.6
[INFO] [stderr]    Compiling smallvec v1.8.0
[INFO] [stderr]    Compiling crossbeam-epoch v0.9.6
[INFO] [stderr]    Compiling downcast-rs v1.2.0
[INFO] [stderr]    Compiling rayon-core v1.9.1
[INFO] [stderr]    Compiling dlib v0.5.0
[INFO] [stderr]    Compiling khronos_api v3.1.0
[INFO] [stderr]    Compiling scoped-tls v1.0.0
[INFO] [stderr]    Compiling minimal-lexical v0.2.1
[INFO] [stderr]    Compiling either v1.6.1
[INFO] [stderr]    Compiling memoffset v0.6.5
[INFO] [stderr]    Compiling nom v7.1.0
[INFO] [stderr]    Compiling num-traits v0.2.14
[INFO] [stderr]    Compiling num-integer v0.1.44
[INFO] [stderr]    Compiling rayon v1.5.1
[INFO] [stderr]    Compiling ahash v0.7.6
[INFO] [stderr]    Compiling wayland-sys v0.29.4
[INFO] [stderr]    Compiling crossbeam-channel v0.5.2
[INFO] [stderr]    Compiling smithay-client-toolkit v0.15.3
[INFO] [stderr]    Compiling quote v1.0.15
[INFO] [stderr]    Compiling gl_generator v0.14.0
[INFO] [stderr]    Compiling quick-xml v0.22.0
[INFO] [stderr]    Compiling x11-dl v2.19.1
[INFO] [stderr]    Compiling wayland-scanner v0.29.4
[INFO] [stderr]    Compiling crossbeam-deque v0.8.1
[INFO] [stderr]    Compiling time v0.1.43
[INFO] [stderr]    Compiling semver v1.0.4
[INFO] [stderr]    Compiling parking_lot_core v0.8.5
[INFO] [stderr]    Compiling ttf-parser v0.14.0
[INFO] [stderr]    Compiling num_cpus v1.13.1
[INFO] [stderr]    Compiling instant v0.1.12
[INFO] [stderr]    Compiling ab_glyph_rasterizer v0.1.5
[INFO] [stderr]    Compiling lock_api v0.4.5
[INFO] [stderr]    Compiling cty v0.2.2
[INFO] [stderr]    Compiling winit v0.26.1
[INFO] [stderr]    Compiling nix v0.22.3
[INFO] [stderr]    Compiling getrandom v0.2.4
[INFO] [stderr]    Compiling memmap2 v0.3.1
[INFO] [stderr]    Compiling xcb v0.10.1
[INFO] [stderr]    Compiling nohash-hasher v0.2.0
[INFO] [stderr]    Compiling chrono v0.4.19
[INFO] [stderr]    Compiling atomic_refcell v0.1.8
[INFO] [stderr]    Compiling glutin_glx_sys v0.1.7
[INFO] [stderr]    Compiling glutin_egl_sys v0.1.5
[INFO] [stderr]    Compiling parking_lot v0.11.2
[INFO] [stderr]    Compiling rustc_version v0.4.0
[INFO] [stderr]    Compiling mio v0.8.0
[INFO] [stderr]    Compiling wayland-client v0.29.4
[INFO] [stderr]    Compiling wayland-protocols v0.29.4
[INFO] [stderr]    Compiling xcursor v0.3.4
[INFO] [stderr]    Compiling owned_ttf_parser v0.14.0
[INFO] [stderr]    Compiling raw-window-handle v0.4.2
[INFO] [stderr]    Compiling jobserver v0.1.24
[INFO] [stderr]    Compiling ab_glyph v0.2.13
[INFO] [stderr]    Compiling aho-corasick v0.7.18
[INFO] [stderr]    Compiling regex-syntax v0.6.25
[INFO] [stderr]    Compiling percent-encoding v2.1.0
[INFO] [stderr]    Compiling vergen v3.2.0
[INFO] [stderr]    Compiling cc v1.0.72
[INFO] [stderr]    Compiling shared_library v0.1.9
[INFO] [stderr]    Compiling rust_hawktracer_proc_macro v0.4.1
[INFO] [stderr]    Compiling rust_hawktracer_normal_macro v0.4.1
[INFO] [stderr]    Compiling osmesa-sys v0.1.2
[INFO] [stderr]    Compiling rust_hawktracer v0.7.0
[INFO] [stderr]    Compiling num-rational v0.3.2
[INFO] [stderr]    Compiling nasm-rs v0.2.3
[INFO] [stderr]    Compiling num-iter v0.1.42
[INFO] [stderr]    Compiling indexmap v1.8.0
[INFO] [stderr]    Compiling webbrowser v0.5.5
[INFO] [stderr]    Compiling arrayvec v0.7.2
[INFO] [stderr]    Compiling wayland-commons v0.29.4
[INFO] [stderr]    Compiling calloop v0.9.3
[INFO] [stderr]    Compiling noop_proc_macro v0.3.0
[INFO] [stderr]    Compiling rand_core v0.6.3
[INFO] [stderr]    Compiling simd_helpers v0.1.0
[INFO] [stderr]    Compiling bytemuck_derive v1.0.1
[INFO] [stderr]    Compiling thiserror-impl v1.0.30
[INFO] [stderr]    Compiling num-derive v0.3.3
[INFO] [stderr]    Compiling arg_enum_proc_macro v0.3.2
[INFO] [stderr]    Compiling itertools v0.10.3
[INFO] [stderr]    Compiling paste v1.0.6
[INFO] [stderr]    Compiling regex v1.5.4
[INFO] [stderr]    Compiling glow v0.11.2
[INFO] [stderr]    Compiling hashbrown v0.11.2
[INFO] [stderr]    Compiling imgref v1.9.1
[INFO] [stderr]    Compiling bitstream-io v1.2.0
[INFO] [stderr]    Compiling bytemuck v1.7.3
[INFO] [stderr]    Compiling x11-clipboard v0.5.3
[INFO] [stderr]    Compiling rand_chacha v0.3.1
[INFO] [stderr]    Compiling loop9 v0.1.3
[INFO] [stderr]    Compiling emath v0.16.0 (https://github.com/emilk/egui/#1e4d8ae9)
[INFO] [stderr]    Compiling rgb v0.8.31
[INFO] [stderr]    Compiling wayland-cursor v0.29.4
[INFO] [stderr]    Compiling epaint v0.16.0 (https://github.com/emilk/egui/#1e4d8ae9)
[INFO] [stderr]    Compiling wayland-egl v0.29.4
[INFO] [stderr]    Compiling avif-serialize v0.7.5
[INFO] [stderr]    Compiling atty v0.2.14
[INFO] [stderr]    Compiling os_str_bytes v6.0.0
[INFO] [stderr]    Compiling v_frame v0.2.5
[INFO] [stderr]    Compiling textwrap v0.14.2
[INFO] [stderr]    Compiling byteorder v1.4.3
[INFO] [stderr]    Compiling strsim v0.10.0
[INFO] [stderr]    Compiling termcolor v1.1.2
[INFO] [stderr]    Compiling color_quant v1.1.0
[INFO] [stderr]    Compiling thiserror v1.0.30
[INFO] [stderr]    Compiling fractal-renderer v0.1.0 (/opt/rustwide/workdir)
[INFO] [stderr]    Compiling rand v0.8.4
[INFO] [stderr]    Compiling clap v3.0.12
[INFO] [stderr]    Compiling image v0.23.14
[INFO] [stderr]    Compiling fractal-renderer-calc v0.2.0 (/opt/rustwide/workdir/calc)
[INFO] [stderr]    Compiling egui v0.16.1 (https://github.com/emilk/egui/#1e4d8ae9)
[INFO] [stderr]    Compiling rav1e v0.5.1
[INFO] [stderr]    Compiling epi v0.16.0 (https://github.com/emilk/egui/#1e4d8ae9)
[INFO] [stdout] error[E0061]: this method takes 1 argument but 0 arguments were supplied
[INFO] [stdout]     --> /opt/rustwide/cargo-home/registry/src/index.crates.io-6f17d22bba15001f/rav1e-0.5.1/src/transform/inverse.rs:1611:62
[INFO] [stdout]      |
[INFO] [stdout] 1611 |     let txfm_fn = INV_TXFM_FNS[tx_types_1d.1 as usize][width.ilog() - 3];
[INFO] [stdout]      |                                                              ^^^^-- an argument of type `usize` is missing
[INFO] [stdout]      |
[INFO] [stdout] note: method defined here
[INFO] [stdout]     --> /rustc/1b7dd2252b99671ce5d1cb9664c5f8636329436d/library/core/src/num/mod.rs:1190:5
[INFO] [stdout]      = note: this error originates in the macro `uint_impl` (in Nightly builds, run with -Z macro-backtrace for more info)
[INFO] [stdout] help: provide the argument
[INFO] [stdout]      |
[INFO] [stdout] 1611 |     let txfm_fn = INV_TXFM_FNS[tx_types_1d.1 as usize][width.ilog(/* usize */) - 3];
[INFO] [stdout]      |                                                                  ~~~~~~~~~~~~~
[INFO] [stdout] 
[INFO] [stdout] 
[INFO] [stdout] error[E0277]: the type `[for<'a, 'b> fn(&'a [i32], &'b mut [i32], usize)]` cannot be indexed by `u32`
[INFO] [stdout]     --> /opt/rustwide/cargo-home/registry/src/index.crates.io-6f17d22bba15001f/rav1e-0.5.1/src/transform/inverse.rs:1611:56
[INFO] [stdout]      |
[INFO] [stdout] 1611 |     let txfm_fn = INV_TXFM_FNS[tx_types_1d.1 as usize][width.ilog() - 3];
[INFO] [stdout]      |                                                        ^^^^^^^^^^^^^^^^ slice indices are of type `usize` or ranges of `usize`
[INFO] [stdout]      |
[INFO] [stdout]      = help: the trait `SliceIndex<[for<'a, 'b> fn(&'a [i32], &'b mut [i32], usize)]>` is not implemented for `u32`
[INFO] [stdout]      = help: the trait `SliceIndex<[T]>` is implemented for `usize`
[INFO] [stdout]      = note: required for `[for<'a, 'b> fn(&'a [i32], &'b mut [i32], usize)]` to implement `std::ops::Index<u32>`
[INFO] [stdout] 
[INFO] [stdout] 
[INFO] [stdout] error[E0061]: this method takes 1 argument but 0 arguments were supplied
[INFO] [stdout]     --> /opt/rustwide/cargo-home/registry/src/index.crates.io-6f17d22bba15001f/rav1e-0.5.1/src/transform/inverse.rs:1637:63
[INFO] [stdout]      |
[INFO] [stdout] 1637 |     let txfm_fn = INV_TXFM_FNS[tx_types_1d.0 as usize][height.ilog() - 3];
[INFO] [stdout]      |                                                               ^^^^-- an argument of type `usize` is missing
[INFO] [stdout]      |
[INFO] [stdout] note: method defined here
[INFO] [stdout]     --> /rustc/1b7dd2252b99671ce5d1cb9664c5f8636329436d/library/core/src/num/mod.rs:1190:5
[INFO] [stdout]      = note: this error originates in the macro `uint_impl` (in Nightly builds, run with -Z macro-backtrace for more info)
[INFO] [stdout] help: provide the argument
[INFO] [stdout]      |
[INFO] [stdout] 1637 |     let txfm_fn = INV_TXFM_FNS[tx_types_1d.0 as usize][height.ilog(/* usize */) - 3];
[INFO] [stdout]      |                                                                   ~~~~~~~~~~~~~
[INFO] [stdout] 
[INFO] [stdout] 
[INFO] [stdout] error[E0277]: the type `[for<'a, 'b> fn(&'a [i32], &'b mut [i32], usize)]` cannot be indexed by `u32`
[INFO] [stdout]     --> /opt/rustwide/cargo-home/registry/src/index.crates.io-6f17d22bba15001f/rav1e-0.5.1/src/transform/inverse.rs:1637:56
[INFO] [stdout]      |
[INFO] [stdout] 1637 |     let txfm_fn = INV_TXFM_FNS[tx_types_1d.0 as usize][height.ilog() - 3];
[INFO] [stdout]      |                                                        ^^^^^^^^^^^^^^^^^ slice indices are of type `usize` or ranges of `usize`
[INFO] [stdout]      |
[INFO] [stdout]      = help: the trait `SliceIndex<[for<'a, 'b> fn(&'a [i32], &'b mut [i32], usize)]>` is not implemented for `u32`
[INFO] [stdout]      = help: the trait `SliceIndex<[T]>` is implemented for `usize`
[INFO] [stdout]      = note: required for `[for<'a, 'b> fn(&'a [i32], &'b mut [i32], usize)]` to implement `std::ops::Index<u32>`
[INFO] [stdout] 
[INFO] [stdout] 
[INFO] [stdout] error[E0061]: this method takes 1 argument but 0 arguments were supplied
[INFO] [stdout]    --> /opt/rustwide/cargo-home/registry/src/index.crates.io-6f17d22bba15001f/rav1e-0.5.1/src/transform/mod.rs:291:7
[INFO] [stdout]     |
[INFO] [stdout] 291 |   col.ilog() as i8 - row.ilog() as i8
[INFO] [stdout]     |       ^^^^-- an argument of type `usize` is missing
[INFO] [stdout]     |
[INFO] [stdout] note: method defined here
[INFO] [stdout]    --> /rustc/1b7dd2252b99671ce5d1cb9664c5f8636329436d/library/core/src/num/mod.rs:1190:5
[INFO] [stdout]     = note: this error originates in the macro `uint_impl` (in Nightly builds, run with -Z macro-backtrace for more info)
[INFO] [stdout] help: provide the argument
[INFO] [stdout]     |
[INFO] [stdout] 291 |   col.ilog(/* usize */) as i8 - row.ilog() as i8
[INFO] [stdout]     |           ~~~~~~~~~~~~~
[INFO] [stdout] 
[INFO] [stdout] 
[INFO] [stdout] error[E0061]: this method takes 1 argument but 0 arguments were supplied
[INFO] [stdout]    --> /opt/rustwide/cargo-home/registry/src/index.crates.io-6f17d22bba15001f/rav1e-0.5.1/src/transform/mod.rs:291:26
[INFO] [stdout]     |
[INFO] [stdout] 291 |   col.ilog() as i8 - row.ilog() as i8
[INFO] [stdout]     |                          ^^^^-- an argument of type `usize` is missing
[INFO] [stdout]     |
[INFO] [stdout] note: method defined here
[INFO] [stdout]    --> /rustc/1b7dd2252b99671ce5d1cb9664c5f8636329436d/library/core/src/num/mod.rs:1190:5
[INFO] [stdout]     = note: this error originates in the macro `uint_impl` (in Nightly builds, run with -Z macro-backtrace for more info)
[INFO] [stdout] help: provide the argument
[INFO] [stdout]     |
[INFO] [stdout] 291 |   col.ilog() as i8 - row.ilog(/* usize */) as i8
[INFO] [stdout]     |                              ~~~~~~~~~~~~~
[INFO] [stdout] 
[INFO] [stdout] 
[INFO] [stdout] error[E0061]: this method takes 1 argument but 0 arguments were supplied
[INFO] [stdout]    --> /opt/rustwide/cargo-home/registry/src/index.crates.io-6f17d22bba15001f/rav1e-0.5.1/src/ec.rs:195:20
[INFO] [stdout]     |
[INFO] [stdout] 195 |     let d = 16 - r.ilog();
[INFO] [stdout]     |                    ^^^^-- an argument of type `u16` is missing
[INFO] [stdout]     |
[INFO] [stdout] note: method defined here
[INFO] [stdout]    --> /rustc/1b7dd2252b99671ce5d1cb9664c5f8636329436d/library/core/src/num/mod.rs:1023:5
[INFO] [stdout]     = note: this error originates in the macro `uint_impl` (in Nightly builds, run with -Z macro-backtrace for more info)
[INFO] [stdout] help: provide the argument
[INFO] [stdout]     |
[INFO] [stdout] 195 |     let d = 16 - r.ilog(/* u16 */);
[INFO] [stdout]     |                        ~~~~~~~~~~~
[INFO] [stdout] 
[INFO] [stdout] 
[INFO] [stdout] error[E0061]: this method takes 1 argument but 0 arguments were supplied
[INFO] [stdout]    --> /opt/rustwide/cargo-home/registry/src/index.crates.io-6f17d22bba15001f/rav1e-0.5.1/src/ec.rs:233:20
[INFO] [stdout]     |
[INFO] [stdout] 233 |     let d = 16 - r.ilog();
[INFO] [stdout]     |                    ^^^^-- an argument of type `u16` is missing
[INFO] [stdout]     |
[INFO] [stdout] note: method defined here
[INFO] [stdout]    --> /rustc/1b7dd2252b99671ce5d1cb9664c5f8636329436d/library/core/src/num/mod.rs:1023:5
[INFO] [stdout]     = note: this error originates in the macro `uint_impl` (in Nightly builds, run with -Z macro-backtrace for more info)
[INFO] [stdout] help: provide the argument
[INFO] [stdout]     |
[INFO] [stdout] 233 |     let d = 16 - r.ilog(/* u16 */);
[INFO] [stdout]     |                        ~~~~~~~~~~~
[INFO] [stdout] 
[INFO] [stdout] 
[INFO] [stdout] error[E0061]: this method takes 1 argument but 0 arguments were supplied
[INFO] [stdout]    --> /opt/rustwide/cargo-home/registry/src/index.crates.io-6f17d22bba15001f/rav1e-0.5.1/src/ec.rs:274:20
[INFO] [stdout]     |
[INFO] [stdout] 274 |     let d = 16 - r.ilog();
[INFO] [stdout]     |                    ^^^^-- an argument of type `u16` is missing
[INFO] [stdout]     |
[INFO] [stdout] note: method defined here
[INFO] [stdout]    --> /rustc/1b7dd2252b99671ce5d1cb9664c5f8636329436d/library/core/src/num/mod.rs:1023:5
[INFO] [stdout]     = note: this error originates in the macro `uint_impl` (in Nightly builds, run with -Z macro-backtrace for more info)
[INFO] [stdout] help: provide the argument
[INFO] [stdout]     |
[INFO] [stdout] 274 |     let d = 16 - r.ilog(/* u16 */);
[INFO] [stdout]     |                        ~~~~~~~~~~~
[INFO] [stdout] 
[INFO] [stdout] 
[INFO] [stdout] error[E0061]: this method takes 1 argument but 0 arguments were supplied
[INFO] [stdout]    --> /opt/rustwide/cargo-home/registry/src/index.crates.io-6f17d22bba15001f/rav1e-0.5.1/src/ec.rs:587:20
[INFO] [stdout]     |
[INFO] [stdout] 587 |     let d = 16 - r.ilog();
[INFO] [stdout]     |                    ^^^^-- an argument of type `u32` is missing
[INFO] [stdout]     |
[INFO] [stdout] note: method defined here
[INFO] [stdout]    --> /rustc/1b7dd2252b99671ce5d1cb9664c5f8636329436d/library/core/src/num/mod.rs:1071:5
[INFO] [stdout]     = note: this error originates in the macro `uint_impl` (in Nightly builds, run with -Z macro-backtrace for more info)
[INFO] [stdout] help: provide the argument
[INFO] [stdout]     |
[INFO] [stdout] 587 |     let d = 16 - r.ilog(/* u32 */);
[INFO] [stdout]     |                        ~~~~~~~~~~~
[INFO] [stdout] 
[INFO] [stdout] 
[INFO] [stdout] error[E0061]: this method takes 1 argument but 0 arguments were supplied
[INFO] [stdout]     --> /opt/rustwide/cargo-home/registry/src/index.crates.io-6f17d22bba15001f/rav1e-0.5.1/src/deblock.rs:1584:37
[INFO] [stdout]      |
[INFO] [stdout] 1584 |     input.planes[0].plane_cfg.width.ilog()
[INFO] [stdout]      |                                     ^^^^-- an argument of type `usize` is missing
[INFO] [stdout]      |
[INFO] [stdout] note: method defined here
[INFO] [stdout]     --> /rustc/1b7dd2252b99671ce5d1cb9664c5f8636329436d/library/core/src/num/mod.rs:1190:5
[INFO] [stdout]      = note: this error originates in the macro `uint_impl` (in Nightly builds, run with -Z macro-backtrace for more info)
[INFO] [stdout] help: provide the argument
[INFO] [stdout]      |
[INFO] [stdout] 1584 |     input.planes[0].plane_cfg.width.ilog(/* usize */)
[INFO] [stdout]      |                                         ~~~~~~~~~~~~~
[INFO] [stdout] 
[INFO] [stdout] 
[INFO] [stdout] error[E0061]: this method takes 1 argument but 0 arguments were supplied
[INFO] [stdout]     --> /opt/rustwide/cargo-home/registry/src/index.crates.io-6f17d22bba15001f/rav1e-0.5.1/src/deblock.rs:1585:42
[INFO] [stdout]      |
[INFO] [stdout] 1585 |       + input.planes[0].plane_cfg.height.ilog()
[INFO] [stdout]      |                                          ^^^^-- an argument of type `usize` is missing
[INFO] [stdout]      |
[INFO] [stdout] note: method defined here
[INFO] [stdout]     --> /rustc/1b7dd2252b99671ce5d1cb9664c5f8636329436d/library/core/src/num/mod.rs:1190:5
[INFO] [stdout]      = note: this error originates in the macro `uint_impl` (in Nightly builds, run with -Z macro-backtrace for more info)
[INFO] [stdout] help: provide the argument
[INFO] [stdout]      |
[INFO] [stdout] 1585 |       + input.planes[0].plane_cfg.height.ilog(/* usize */)
[INFO] [stdout]      |                                              ~~~~~~~~~~~~~
[INFO] [stdout] 
[INFO] [stdout] 
[INFO] [stdout] error[E0061]: this method takes 1 argument but 0 arguments were supplied
[INFO] [stdout]     --> /opt/rustwide/cargo-home/registry/src/index.crates.io-6f17d22bba15001f/rav1e-0.5.1/src/encoder.rs:3056:39
[INFO] [stdout]      |
[INFO] [stdout] 3056 |   let max_tile_size_bytes = ((max_len.ilog() + 7) / 8) as u32;
[INFO] [stdout]      |                                       ^^^^-- an argument of type `usize` is missing
[INFO] [stdout]      |
[INFO] [stdout] note: method defined here
[INFO] [stdout]     --> /rustc/1b7dd2252b99671ce5d1cb9664c5f8636329436d/library/core/src/num/mod.rs:1190:5
[INFO] [stdout]      = note: this error originates in the macro `uint_impl` (in Nightly builds, run with -Z macro-backtrace for more info)
[INFO] [stdout] help: provide the argument
[INFO] [stdout]      |
[INFO] [stdout] 3056 |   let max_tile_size_bytes = ((max_len.ilog(/* usize */) + 7) / 8) as u32;
[INFO] [stdout]      |                                           ~~~~~~~~~~~~~
[INFO] [stdout] 
[INFO] [stdout] 
[INFO] [stdout] error[E0061]: this method takes 1 argument but 0 arguments were supplied
[INFO] [stdout]     --> /opt/rustwide/cargo-home/registry/src/index.crates.io-6f17d22bba15001f/rav1e-0.5.1/src/me.rs:1071:17
[INFO] [stdout]      |
[INFO] [stdout] 1071 |     2 * d.abs().ilog() as u32
[INFO] [stdout]      |                 ^^^^-- an argument of type `i16` is missing
[INFO] [stdout]      |
[INFO] [stdout] note: method defined here
[INFO] [stdout]     --> /rustc/1b7dd2252b99671ce5d1cb9664c5f8636329436d/library/core/src/num/mod.rs:252:5
[INFO] [stdout]      = note: this error originates in the macro `int_impl` (in Nightly builds, run with -Z macro-backtrace for more info)
[INFO] [stdout] help: provide the argument
[INFO] [stdout]      |
[INFO] [stdout] 1071 |     2 * d.abs().ilog(/* i16 */) as u32
[INFO] [stdout]      |                     ~~~~~~~~~~~
[INFO] [stdout] 
[INFO] [stdout] 
[INFO] [stdout] error[E0061]: this method takes 1 argument but 0 arguments were supplied
[INFO] [stdout]    --> /opt/rustwide/cargo-home/registry/src/index.crates.io-6f17d22bba15001f/rav1e-0.5.1/src/rate.rs:237:17
[INFO] [stdout]     |
[INFO] [stdout] 237 |   let ipart = w.ilog() as i32 - 1;
[INFO] [stdout]     |                 ^^^^-- an argument of type `i64` is missing
[INFO] [stdout]     |
[INFO] [stdout] note: method defined here
[INFO] [stdout]    --> /rustc/1b7dd2252b99671ce5d1cb9664c5f8636329436d/library/core/src/num/mod.rs:298:5
[INFO] [stdout]     = note: this error originates in the macro `int_impl` (in Nightly builds, run with -Z macro-backtrace for more info)
[INFO] [stdout] help: provide the argument
[INFO] [stdout]     |
[INFO] [stdout] 237 |   let ipart = w.ilog(/* i64 */) as i32 - 1;
[INFO] [stdout]     |                     ~~~~~~~~~~~
[INFO] [stdout] 
[INFO] [stdout] 
[INFO] [stdout] error: aborting due to 15 previous errors
[INFO] [stdout] 
[INFO] [stdout] 
[INFO] [stdout] Some errors have detailed explanations: E0061, E0277.
[INFO] [stdout] 
[INFO] [stdout] For more information about an error, try `rustc --explain E0061`.
[INFO] [stdout] 
[INFO] [stderr] error: could not compile `rav1e` (lib) due to 16 previous errors
[INFO] [stderr] warning: build failed, waiting for other jobs to finish...
[INFO] running `Command { std: "docker" "inspect" "6fdfb84fa956f6732c63ac77d0af94fcc62e31c1b2c3a22f82214cd7d8269f66", kill_on_drop: false }`
[INFO] running `Command { std: "docker" "rm" "-f" "6fdfb84fa956f6732c63ac77d0af94fcc62e31c1b2c3a22f82214cd7d8269f66", kill_on_drop: false }`
[INFO] [stdout] 6fdfb84fa956f6732c63ac77d0af94fcc62e31c1b2c3a22f82214cd7d8269f66
