[INFO] cloning repository https://github.com/HiruNya/Overwatch-Checklist-rs
[INFO] running `Command { std: "git" "-c" "credential.helper=" "-c" "credential.helper=/workspace/cargo-home/bin/git-credential-null" "clone" "--bare" "https://github.com/HiruNya/Overwatch-Checklist-rs" "/workspace/cache/git-repos/https%3A%2F%2Fgithub.com%2FHiruNya%2FOverwatch-Checklist-rs", kill_on_drop: false }`
[INFO] [stderr] Cloning into bare repository '/workspace/cache/git-repos/https%3A%2F%2Fgithub.com%2FHiruNya%2FOverwatch-Checklist-rs'...
[INFO] running `Command { std: "git" "rev-parse" "HEAD", kill_on_drop: false }`
[INFO] [stdout] c7375ac936a4cf86ac39217b28ca2c852fb689a7
[INFO] testing HiruNya/Overwatch-Checklist-rs against beta-2023-04-20 for beta-1.70-1
[INFO] running `Command { std: "git" "clone" "/workspace/cache/git-repos/https%3A%2F%2Fgithub.com%2FHiruNya%2FOverwatch-Checklist-rs" "/workspace/builds/worker-7-tc2/source", kill_on_drop: false }`
[INFO] [stderr] Cloning into '/workspace/builds/worker-7-tc2/source'...
[INFO] [stderr] done.
[INFO] validating manifest of git repo https://github.com/HiruNya/Overwatch-Checklist-rs on toolchain beta-2023-04-20
[INFO] running `Command { std: CARGO_HOME="/workspace/cargo-home" RUSTUP_HOME="/workspace/rustup-home" "/workspace/cargo-home/bin/cargo" "+beta-2023-04-20" "metadata" "--manifest-path" "Cargo.toml" "--no-deps", kill_on_drop: false }`
[INFO] started tweaking git repo https://github.com/HiruNya/Overwatch-Checklist-rs
[INFO] finished tweaking git repo https://github.com/HiruNya/Overwatch-Checklist-rs
[INFO] tweaked toml for git repo https://github.com/HiruNya/Overwatch-Checklist-rs written to /workspace/builds/worker-7-tc2/source/Cargo.toml
[INFO] crate git repo https://github.com/HiruNya/Overwatch-Checklist-rs already has a lockfile, it will not be regenerated
[INFO] running `Command { std: CARGO_HOME="/workspace/cargo-home" RUSTUP_HOME="/workspace/rustup-home" "/workspace/cargo-home/bin/cargo" "+beta-2023-04-20" "fetch" "--manifest-path" "Cargo.toml", kill_on_drop: false }`
[INFO] [stderr]     Updating crates.io index
[INFO] [stderr]  Downloading crates ...
[INFO] [stderr]   Downloaded shader_version v0.2.1
[INFO] [stderr]   Downloaded tempfile v2.1.4
[INFO] [stderr]   Downloaded core-foundation v0.2.2
[INFO] [stderr]   Downloaded shared_library v0.1.5
[INFO] [stderr]   Downloaded gl_generator v0.5.2
[INFO] [stderr]   Downloaded android_glue v0.2.1
[INFO] [stderr]   Downloaded khronos_api v1.0.0
[INFO] [stderr]   Downloaded num_cpus v1.2.1
[INFO] [stderr]   Downloaded x11-dl v2.12.0
[INFO] [stderr]   Downloaded num-complex v0.1.35
[INFO] [stderr]   Downloaded fixedbitset v0.1.5
[INFO] [stderr]   Downloaded deque v0.3.1
[INFO] [stderr]   Downloaded libc v0.2.19
[INFO] [stderr]   Downloaded petgraph v0.2.9
[INFO] [stderr]   Downloaded gleam v0.2.30
[INFO] [stderr]   Downloaded wayland-scanner v0.7.6
[INFO] [stderr]   Downloaded wayland-sys v0.7.6
[INFO] [stderr]   Downloaded arrayvec v0.3.20
[INFO] [stderr]   Downloaded daggy v0.4.1
[INFO] [stderr]   Downloaded byteorder v1.0.0
[INFO] [stderr]   Downloaded vecmath v0.2.0
[INFO] [stderr]   Downloaded piston2d-graphics v0.19.0
[INFO] [stderr]   Downloaded phf v0.7.20
[INFO] [stderr]   Downloaded phf_generator v0.7.20
[INFO] [stderr]   Downloaded pistoncore-input v0.15.0
[INFO] [stderr]   Downloaded inflate v0.1.1
[INFO] [stderr]   Downloaded wayland-client v0.7.6
[INFO] [stderr]   Downloaded piston-float v0.2.0
[INFO] [stderr]   Downloaded piston-viewport v0.2.0
[INFO] [stderr]   Downloaded pistoncore-window v0.24.0
[INFO] [stderr]   Downloaded find_folder v0.3.0
[INFO] [stderr]   Downloaded gif v0.9.0
[INFO] [stderr]   Downloaded jpeg-decoder v0.1.11
[INFO] [stderr]   Downloaded num-bigint v0.1.35
[INFO] [stderr]   Downloaded pistoncore-event_loop v0.27.0
[INFO] [stderr]   Downloaded core-foundation-sys v0.2.2
[INFO] [stderr]   Downloaded num v0.1.36
[INFO] [stderr]   Downloaded bitflags v0.6.0
[INFO] [stderr]   Downloaded draw_state v0.6.0
[INFO] [stderr]   Downloaded xml-rs v0.3.5
[INFO] [stderr]   Downloaded phf_shared v0.7.20
[INFO] [stderr]   Downloaded phf_codegen v0.7.20
[INFO] [stderr]   Downloaded num-traits v0.1.36
[INFO] [stderr]   Downloaded serde v0.8.21
[INFO] [stderr]   Downloaded serde_json v0.8.4
[INFO] [stderr]   Downloaded target_build_utils v0.1.2
[INFO] [stderr]   Downloaded libloading v0.3.1
[INFO] [stderr]   Downloaded pistoncore-glutin_window v0.33.0
[INFO] [stderr]   Downloaded nodrop v0.1.8
[INFO] [stderr]   Downloaded stb_truetype v0.2.0
[INFO] [stderr]   Downloaded rayon v0.6.0
[INFO] [stderr]   Downloaded num-rational v0.1.35
[INFO] [stderr]   Downloaded adler32 v0.3.0
[INFO] [stderr]   Downloaded num-integer v0.1.32
[INFO] [stderr]   Downloaded num-iter v0.1.32
[INFO] [stderr]   Downloaded piston-shaders_graphics2d v0.2.1
[INFO] [stderr]   Downloaded gl v0.6.1
[INFO] [stderr]   Downloaded wayland-kbd v0.6.2
[INFO] [stderr]   Downloaded wayland-window v0.4.3
[INFO] [stderr]   Downloaded piston-gfx_texture v0.20.0
[INFO] [stderr]   Downloaded piston2d-gfx_graphics v0.35.0
[INFO] [stderr]   Downloaded gfx_device_gl v0.12.0
[INFO] [stderr]   Downloaded gfx v0.13.0
[INFO] [stderr]   Downloaded gfx_core v0.5.1
[INFO] [stderr]   Downloaded png v0.6.1
[INFO] [stderr]   Downloaded glutin v0.7.2
[INFO] [stderr]   Downloaded image v0.12.0
[INFO] [stderr]   Downloaded deflate v0.7.1
[INFO] [stderr]   Downloaded winit v0.5.7
[INFO] [stderr]   Downloaded conrod v0.48.0
[INFO] running `Command { std: "docker" "create" "-v" "/var/lib/crater-agent-workspace/builds/worker-7-tc2/target:/opt/rustwide/target:rw,Z" "-v" "/var/lib/crater-agent-workspace/builds/worker-7-tc2/source:/opt/rustwide/workdir:ro,Z" "-v" "/var/lib/crater-agent-workspace/cargo-home:/opt/rustwide/cargo-home:ro,Z" "-v" "/var/lib/crater-agent-workspace/rustup-home:/opt/rustwide/rustup-home:ro,Z" "-e" "SOURCE_DIR=/opt/rustwide/workdir" "-e" "CARGO_TARGET_DIR=/opt/rustwide/target" "-e" "CARGO_HOME=/opt/rustwide/cargo-home" "-e" "RUSTUP_HOME=/opt/rustwide/rustup-home" "-w" "/opt/rustwide/workdir" "-m" "1610612736" "--user" "0:0" "--network" "none" "ghcr.io/rust-lang/crates-build-env/linux@sha256:5ff2268d62e97bff2cde7d5815dd6ed5b47097566f13b8d0ca110b04b60e07ed" "/opt/rustwide/cargo-home/bin/cargo" "+beta-2023-04-20" "metadata" "--no-deps" "--format-version=1", kill_on_drop: false }`
[INFO] [stdout] bb4b2b476601d5d1c23ec2c7f962bdb5bbecd502be37e8536554042ef5e4efb0
[INFO] running `Command { std: "docker" "start" "-a" "bb4b2b476601d5d1c23ec2c7f962bdb5bbecd502be37e8536554042ef5e4efb0", kill_on_drop: false }`
[INFO] running `Command { std: "docker" "inspect" "bb4b2b476601d5d1c23ec2c7f962bdb5bbecd502be37e8536554042ef5e4efb0", kill_on_drop: false }`
[INFO] running `Command { std: "docker" "rm" "-f" "bb4b2b476601d5d1c23ec2c7f962bdb5bbecd502be37e8536554042ef5e4efb0", kill_on_drop: false }`
[INFO] [stdout] bb4b2b476601d5d1c23ec2c7f962bdb5bbecd502be37e8536554042ef5e4efb0
[INFO] running `Command { std: "docker" "create" "-v" "/var/lib/crater-agent-workspace/builds/worker-7-tc2/target:/opt/rustwide/target:rw,Z" "-v" "/var/lib/crater-agent-workspace/builds/worker-7-tc2/source:/opt/rustwide/workdir:ro,Z" "-v" "/var/lib/crater-agent-workspace/cargo-home:/opt/rustwide/cargo-home:ro,Z" "-v" "/var/lib/crater-agent-workspace/rustup-home:/opt/rustwide/rustup-home:ro,Z" "-e" "SOURCE_DIR=/opt/rustwide/workdir" "-e" "CARGO_TARGET_DIR=/opt/rustwide/target" "-e" "CARGO_INCREMENTAL=0" "-e" "RUST_BACKTRACE=full" "-e" "RUSTFLAGS=--cap-lints=warn" "-e" "RUSTDOCFLAGS=--cap-lints=warn" "-e" "CARGO_HOME=/opt/rustwide/cargo-home" "-e" "RUSTUP_HOME=/opt/rustwide/rustup-home" "-w" "/opt/rustwide/workdir" "-m" "1610612736" "--user" "0:0" "--network" "none" "ghcr.io/rust-lang/crates-build-env/linux@sha256:5ff2268d62e97bff2cde7d5815dd6ed5b47097566f13b8d0ca110b04b60e07ed" "/opt/rustwide/cargo-home/bin/cargo" "+beta-2023-04-20" "build" "--frozen" "--message-format=json", kill_on_drop: false }`
[INFO] [stdout] 4ef9a0d933bdbd4067d69e7dc1d571a74549436172d26d15d48c606b43444dfb
[INFO] running `Command { std: "docker" "start" "-a" "4ef9a0d933bdbd4067d69e7dc1d571a74549436172d26d15d48c606b43444dfb", kill_on_drop: false }`
[INFO] [stderr]    Compiling libc v0.2.19
[INFO] [stderr]    Compiling bitflags v0.7.0
[INFO] [stderr]    Compiling num-traits v0.1.36
[INFO] [stderr]    Compiling phf_shared v0.7.20
[INFO] [stderr]    Compiling log v0.3.6
[INFO] [stderr]    Compiling itoa v0.1.1
[INFO] [stderr]    Compiling dtoa v0.2.2
[INFO] [stderr]    Compiling serde v0.8.21
[INFO] [stderr]    Compiling xml-rs v0.3.5
[INFO] [stderr]    Compiling winapi-build v0.1.1
[INFO] [stderr]    Compiling phf v0.7.20
[INFO] [stderr]    Compiling lazy_static v0.2.2
[INFO] [stderr]    Compiling khronos_api v1.0.0
[INFO] [stderr]    Compiling rand v0.3.15
[INFO] [stderr]    Compiling rustc-serialize v0.3.22
[INFO] [stderr]    Compiling kernel32-sys v0.2.2
[INFO] [stderr]    Compiling winapi v0.2.8
[INFO] [stderr]    Compiling num-integer v0.1.32
[INFO] [stderr]    Compiling semver v0.1.20
[INFO] [stderr]    Compiling piston-float v0.2.0
[INFO] [stderr]    Compiling byteorder v0.5.3
[INFO] [stderr]    Compiling phf_generator v0.7.20
[INFO] [stderr]    Compiling rustc_version v0.1.7
[INFO] [stderr]    Compiling piston-viewport v0.2.0
[INFO] [stderr]    Compiling phf_codegen v0.7.20
[INFO] [stderr]    Compiling byteorder v1.0.0
[INFO] [stderr]    Compiling bitflags v0.6.0
[INFO] [stderr]    Compiling gl_generator v0.5.2
[INFO] [stderr]    Compiling wayland-scanner v0.7.6
[INFO] [stderr]    Compiling pkg-config v0.3.8
[INFO] [stderr]    Compiling target_build_utils v0.1.2
[INFO] [stderr]    Compiling tempfile v2.1.4
[INFO] [stderr]    Compiling draw_state v0.6.0
[INFO] [stderr]    Compiling fs2 v0.2.5
[INFO] [stderr]    Compiling deque v0.3.1
[INFO] [stderr]    Compiling x11-dl v2.12.0
[INFO] [stderr]    Compiling num-iter v0.1.32
[INFO] [stderr]    Compiling num_cpus v1.2.1
[INFO] [stderr]    Compiling wayland-client v0.7.6
[INFO] [stderr]    Compiling adler32 v0.3.0
[INFO] [stderr]    Compiling memmap v0.4.0
[INFO] [stderr]    Compiling deflate v0.7.1
[INFO] [stderr]    Compiling rayon v0.6.0
[INFO] [stderr]    Compiling gfx_core v0.5.1
[INFO] [stderr]    Compiling serde_json v0.8.4
[INFO] [stderr]    Compiling shared_library v0.1.5
[INFO] [stderr]    Compiling lzw v0.10.0
[INFO] [stderr]    Compiling num-bigint v0.1.35
[INFO] [stderr]    Compiling shader_version v0.2.1
[INFO] [stderr]    Compiling inflate v0.1.1
[INFO] [stderr]    Compiling color_quant v1.0.0
[INFO] [stderr]    Compiling odds v0.2.25
[INFO] [stderr]    Compiling pistoncore-input v0.15.0
[INFO] [stderr]    Compiling num-rational v0.1.35
[INFO] [stderr]    Compiling gif v0.9.0
[INFO] [stderr]    Compiling nodrop v0.1.8
[INFO] [stderr]    Compiling jpeg-decoder v0.1.11
[INFO] [stderr]    Compiling gl v0.6.1
[INFO] [stderr]    Compiling gfx_gl v0.3.1
[INFO] [stderr]    Compiling glutin v0.7.2
[INFO] [stderr]    Compiling enum_primitive v0.1.1
[INFO] [stderr]    Compiling png v0.6.1
[INFO] [stderr]    Compiling byteorder v0.4.2
[INFO] [stderr]    Compiling scoped_threadpool v0.1.7
[INFO] [stderr]    Compiling glob v0.2.11
[INFO] [stderr]    Compiling piston-texture v0.5.0
[INFO] [stderr]    Compiling stb_truetype v0.2.0
[INFO] [stderr]    Compiling image v0.12.0
[INFO] [stderr]    Compiling pistoncore-window v0.24.0
[INFO] [stderr]    Compiling arrayvec v0.3.20
[INFO] [stderr]    Compiling gfx v0.13.0
[INFO] [stderr]    Compiling osmesa-sys v0.1.2
[INFO] [stderr]    Compiling vecmath v0.2.0
[INFO] [stderr]    Compiling linked-hash-map v0.0.10
[INFO] [stderr]    Compiling read_color v0.1.0
[INFO] [stderr]    Compiling fixedbitset v0.1.5
[INFO] [stderr]    Compiling interpolation v0.1.0
[INFO] [stderr]    Compiling rusttype v0.2.1
[INFO] [stderr]    Compiling piston2d-graphics v0.19.0
[INFO] [stderr]    Compiling petgraph v0.2.9
[INFO] [stderr]    Compiling num-complex v0.1.35
[INFO] [stdout] error[E0034]: multiple applicable items in scope
[INFO] [stdout]    --> /opt/rustwide/cargo-home/registry/src/index.crates.io-6f17d22bba15001f/petgraph-0.2.9/src/graph.rs:421:21
[INFO] [stdout]     |
[INFO] [stdout] 421 |         assert!(Ix::max().index() == !0 || NodeIndex::end() != node_idx);
[INFO] [stdout]     |                     ^^^ multiple `max` found
[INFO] [stdout]     |
[INFO] [stdout] note: candidate #1 is defined in the trait `IndexType`
[INFO] [stdout]    --> /opt/rustwide/cargo-home/registry/src/index.crates.io-6f17d22bba15001f/petgraph-0.2.9/src/graph.rs:31:5
[INFO] [stdout]     |
[INFO] [stdout] 31  |     fn max() -> Self;
[INFO] [stdout]     |     ^^^^^^^^^^^^^^^^^
[INFO] [stdout] note: candidate #2 is defined in the trait `Ord`
[INFO] [stdout]    --> /rustc/1b7dd2252b99671ce5d1cb9664c5f8636329436d/library/core/src/cmp.rs:799:5
[INFO] [stdout] help: disambiguate the associated function for candidate #1
[INFO] [stdout]     |
[INFO] [stdout] 421 |         assert!(<Ix as IndexType>::max().index() == !0 || NodeIndex::end() != node_idx);
[INFO] [stdout]     |                 ~~~~~~~~~~~~~~~~~~~
[INFO] [stdout] help: disambiguate the method for candidate #2
[INFO] [stdout]     |
[INFO] [stdout] 421 |         assert!(<Ix as Ord>::max().index() == !0 || NodeIndex::end() != node_idx);
[INFO] [stdout]     |                 ~~~~~~~~~~~~~
[INFO] [stdout] 
[INFO] [stdout] 
[INFO] [stdout] error[E0308]: mismatched types
[INFO] [stdout]    --> /opt/rustwide/cargo-home/registry/src/index.crates.io-6f17d22bba15001f/petgraph-0.2.9/src/graph.rs:421:38
[INFO] [stdout]     |
[INFO] [stdout] 374 | impl<N, E, Ty, Ix> Graph<N, E, Ty, Ix>
[INFO] [stdout]     |                -- this type parameter
[INFO] [stdout] ...
[INFO] [stdout] 421 |         assert!(Ix::max().index() == !0 || NodeIndex::end() != node_idx);
[INFO] [stdout]     |                                      ^^ expected type parameter `Ix`, found integer
[INFO] [stdout]     |
[INFO] [stdout]     = note: expected type parameter `Ix`
[INFO] [stdout]                          found type `{integer}`
[INFO] [stdout] 
[INFO] [stdout] 
[INFO] [stdout] error[E0034]: multiple applicable items in scope
[INFO] [stdout]    --> /opt/rustwide/cargo-home/registry/src/index.crates.io-6f17d22bba15001f/petgraph-0.2.9/src/graph.rs:458:21
[INFO] [stdout]     |
[INFO] [stdout] 458 |         assert!(Ix::max().index() == !0 || EdgeIndex::end() != edge_idx);
[INFO] [stdout]     |                     ^^^ multiple `max` found
[INFO] [stdout]     |
[INFO] [stdout] note: candidate #1 is defined in the trait `IndexType`
[INFO] [stdout]    --> /opt/rustwide/cargo-home/registry/src/index.crates.io-6f17d22bba15001f/petgraph-0.2.9/src/graph.rs:31:5
[INFO] [stdout]     |
[INFO] [stdout] 31  |     fn max() -> Self;
[INFO] [stdout]     |     ^^^^^^^^^^^^^^^^^
[INFO] [stdout] note: candidate #2 is defined in the trait `Ord`
[INFO] [stdout]    --> /rustc/1b7dd2252b99671ce5d1cb9664c5f8636329436d/library/core/src/cmp.rs:799:5
[INFO] [stdout] help: disambiguate the associated function for candidate #1
[INFO] [stdout]     |
[INFO] [stdout] 458 |         assert!(<Ix as IndexType>::max().index() == !0 || EdgeIndex::end() != edge_idx);
[INFO] [stdout]     |                 ~~~~~~~~~~~~~~~~~~~
[INFO] [stdout] help: disambiguate the method for candidate #2
[INFO] [stdout]     |
[INFO] [stdout] 458 |         assert!(<Ix as Ord>::max().index() == !0 || EdgeIndex::end() != edge_idx);
[INFO] [stdout]     |                 ~~~~~~~~~~~~~
[INFO] [stdout] 
[INFO] [stdout] 
[INFO] [stdout] error[E0308]: mismatched types
[INFO] [stdout]    --> /opt/rustwide/cargo-home/registry/src/index.crates.io-6f17d22bba15001f/petgraph-0.2.9/src/graph.rs:458:38
[INFO] [stdout]     |
[INFO] [stdout] 374 | impl<N, E, Ty, Ix> Graph<N, E, Ty, Ix>
[INFO] [stdout]     |                -- this type parameter
[INFO] [stdout] ...
[INFO] [stdout] 458 |         assert!(Ix::max().index() == !0 || EdgeIndex::end() != edge_idx);
[INFO] [stdout]     |                                      ^^ expected type parameter `Ix`, found integer
[INFO] [stdout]     |
[INFO] [stdout]     = note: expected type parameter `Ix`
[INFO] [stdout]                          found type `{integer}`
[INFO] [stdout] 
[INFO] [stdout] 
[INFO] [stdout] error: aborting due to 4 previous errors
[INFO] [stdout] 
[INFO] [stdout] 
[INFO] [stdout] Some errors have detailed explanations: E0034, E0308.
[INFO] [stdout] 
[INFO] [stdout] For more information about an error, try `rustc --explain E0034`.
[INFO] [stdout] 
[INFO] [stderr] error: could not compile `petgraph` (lib) due to 5 previous errors
[INFO] [stderr] warning: build failed, waiting for other jobs to finish...
[INFO] [stdout] error[E0311]: the parameter type `K` may not live long enough
[INFO] [stdout]   --> /opt/rustwide/cargo-home/registry/src/index.crates.io-6f17d22bba15001f/rusttype-0.2.1/src/support/bst/map.rs:81:19
[INFO] [stdout]    |
[INFO] [stdout] 81 |             match node.force() {
[INFO] [stdout]    |                   ^^^^
[INFO] [stdout]    |
[INFO] [stdout] note: the parameter type `K` must be valid for the anonymous lifetime defined here...
[INFO] [stdout]   --> /opt/rustwide/cargo-home/registry/src/index.crates.io-6f17d22bba15001f/rusttype-0.2.1/src/support/bst/map.rs:78:37
[INFO] [stdout]    |
[INFO] [stdout] 78 |                 node: node::NodeRef<marker::Immut, K, V, marker::LeafOrInternal>)
[INFO] [stdout]    |                                     ^^^^^^^^^^^^^
[INFO] [stdout] note: ...so that the type `K` will meet its required lifetime bounds
[INFO] [stdout]   --> /opt/rustwide/cargo-home/registry/src/index.crates.io-6f17d22bba15001f/rusttype-0.2.1/src/support/bst/map.rs:81:19
[INFO] [stdout]    |
[INFO] [stdout] 81 |             match node.force() {
[INFO] [stdout]    |                   ^^^^
[INFO] [stdout] help: consider adding an explicit lifetime bound...
[INFO] [stdout]    |
[INFO] [stdout] 77 ~         fn clone_subtree<'a, K: Clone + 'a, V: Clone>(
[INFO] [stdout] 78 ~                 node: node::NodeRef<marker::Immut<'a>, K, V, marker::LeafOrInternal>)
[INFO] [stdout]    |
[INFO] [stdout] 
[INFO] [stdout] 
[INFO] [stdout] error[E0311]: the parameter type `V` may not live long enough
[INFO] [stdout]   --> /opt/rustwide/cargo-home/registry/src/index.crates.io-6f17d22bba15001f/rusttype-0.2.1/src/support/bst/map.rs:81:19
[INFO] [stdout]    |
[INFO] [stdout] 81 |             match node.force() {
[INFO] [stdout]    |                   ^^^^
[INFO] [stdout]    |
[INFO] [stdout] note: the parameter type `V` must be valid for the anonymous lifetime defined here...
[INFO] [stdout]   --> /opt/rustwide/cargo-home/registry/src/index.crates.io-6f17d22bba15001f/rusttype-0.2.1/src/support/bst/map.rs:78:37
[INFO] [stdout]    |
[INFO] [stdout] 78 |                 node: node::NodeRef<marker::Immut, K, V, marker::LeafOrInternal>)
[INFO] [stdout]    |                                     ^^^^^^^^^^^^^
[INFO] [stdout] note: ...so that the type `V` will meet its required lifetime bounds
[INFO] [stdout]   --> /opt/rustwide/cargo-home/registry/src/index.crates.io-6f17d22bba15001f/rusttype-0.2.1/src/support/bst/map.rs:81:19
[INFO] [stdout]    |
[INFO] [stdout] 81 |             match node.force() {
[INFO] [stdout]    |                   ^^^^
[INFO] [stdout] help: consider adding an explicit lifetime bound...
[INFO] [stdout]    |
[INFO] [stdout] 77 ~         fn clone_subtree<'a, K: Clone, V: Clone + 'a>(
[INFO] [stdout] 78 ~                 node: node::NodeRef<marker::Immut<'a>, K, V, marker::LeafOrInternal>)
[INFO] [stdout]    |
[INFO] [stdout] 
[INFO] [stdout] 
[INFO] [stdout] error: aborting due to 2 previous errors
[INFO] [stdout] 
[INFO] [stdout] 
[INFO] [stdout] For more information about this error, try `rustc --explain E0311`.
[INFO] [stdout] 
[INFO] [stderr] error: could not compile `rusttype` (lib) due to 3 previous errors
[INFO] running `Command { std: "docker" "inspect" "4ef9a0d933bdbd4067d69e7dc1d571a74549436172d26d15d48c606b43444dfb", kill_on_drop: false }`
[INFO] running `Command { std: "docker" "rm" "-f" "4ef9a0d933bdbd4067d69e7dc1d571a74549436172d26d15d48c606b43444dfb", kill_on_drop: false }`
[INFO] [stdout] 4ef9a0d933bdbd4067d69e7dc1d571a74549436172d26d15d48c606b43444dfb
