[INFO] cloning repository https://github.com/Hazelfire/graph_note
[INFO] running `Command { std: "git" "-c" "credential.helper=" "-c" "credential.helper=/workspace/cargo-home/bin/git-credential-null" "clone" "--bare" "https://github.com/Hazelfire/graph_note" "/workspace/cache/git-repos/https%3A%2F%2Fgithub.com%2FHazelfire%2Fgraph_note", kill_on_drop: false }`
[INFO] [stderr] Cloning into bare repository '/workspace/cache/git-repos/https%3A%2F%2Fgithub.com%2FHazelfire%2Fgraph_note'...
[INFO] running `Command { std: "git" "rev-parse" "HEAD", kill_on_drop: false }`
[INFO] [stdout] fb838d9b298a16b5c0396c0c23f0f99f4b564a34
[INFO] testing Hazelfire/graph_note against beta-2023-04-20 for beta-1.70-1
[INFO] running `Command { std: "git" "clone" "/workspace/cache/git-repos/https%3A%2F%2Fgithub.com%2FHazelfire%2Fgraph_note" "/workspace/builds/worker-7-tc2/source", kill_on_drop: false }`
[INFO] [stderr] Cloning into '/workspace/builds/worker-7-tc2/source'...
[INFO] [stderr] done.
[INFO] validating manifest of git repo https://github.com/Hazelfire/graph_note on toolchain beta-2023-04-20
[INFO] running `Command { std: CARGO_HOME="/workspace/cargo-home" RUSTUP_HOME="/workspace/rustup-home" "/workspace/cargo-home/bin/cargo" "+beta-2023-04-20" "metadata" "--manifest-path" "Cargo.toml" "--no-deps", kill_on_drop: false }`
[INFO] started tweaking git repo https://github.com/Hazelfire/graph_note
[INFO] finished tweaking git repo https://github.com/Hazelfire/graph_note
[INFO] tweaked toml for git repo https://github.com/Hazelfire/graph_note written to /workspace/builds/worker-7-tc2/source/Cargo.toml
[INFO] crate git repo https://github.com/Hazelfire/graph_note already has a lockfile, it will not be regenerated
[INFO] running `Command { std: CARGO_HOME="/workspace/cargo-home" RUSTUP_HOME="/workspace/rustup-home" "/workspace/cargo-home/bin/cargo" "+beta-2023-04-20" "fetch" "--manifest-path" "Cargo.toml", kill_on_drop: false }`
[INFO] [stderr]     Updating crates.io index
[INFO] [stderr]  Downloading crates ...
[INFO] [stderr]   Downloaded sqlite3-sys v0.12.0
[INFO] [stderr]   Downloaded sqlite v0.24.0
[INFO] [stderr]   Downloaded sqlite3-src v0.2.10
[INFO] running `Command { std: "docker" "create" "-v" "/var/lib/crater-agent-workspace/builds/worker-7-tc2/target:/opt/rustwide/target:rw,Z" "-v" "/var/lib/crater-agent-workspace/builds/worker-7-tc2/source:/opt/rustwide/workdir:ro,Z" "-v" "/var/lib/crater-agent-workspace/cargo-home:/opt/rustwide/cargo-home:ro,Z" "-v" "/var/lib/crater-agent-workspace/rustup-home:/opt/rustwide/rustup-home:ro,Z" "-e" "SOURCE_DIR=/opt/rustwide/workdir" "-e" "CARGO_TARGET_DIR=/opt/rustwide/target" "-e" "CARGO_HOME=/opt/rustwide/cargo-home" "-e" "RUSTUP_HOME=/opt/rustwide/rustup-home" "-w" "/opt/rustwide/workdir" "-m" "1610612736" "--user" "0:0" "--network" "none" "ghcr.io/rust-lang/crates-build-env/linux@sha256:97d61d7686bf65f8ecb15491ab51835e82dc9176a96a831f143a431b191fc501" "/opt/rustwide/cargo-home/bin/cargo" "+beta-2023-04-20" "metadata" "--no-deps" "--format-version=1", kill_on_drop: false }`
[INFO] [stdout] d593e4235ee316ac02ed4d8c963b8788b20b21e3cee5ea9d84a283a5c4f665f0
[INFO] running `Command { std: "docker" "start" "-a" "d593e4235ee316ac02ed4d8c963b8788b20b21e3cee5ea9d84a283a5c4f665f0", kill_on_drop: false }`
[INFO] running `Command { std: "docker" "inspect" "d593e4235ee316ac02ed4d8c963b8788b20b21e3cee5ea9d84a283a5c4f665f0", kill_on_drop: false }`
[INFO] running `Command { std: "docker" "rm" "-f" "d593e4235ee316ac02ed4d8c963b8788b20b21e3cee5ea9d84a283a5c4f665f0", kill_on_drop: false }`
[INFO] [stdout] d593e4235ee316ac02ed4d8c963b8788b20b21e3cee5ea9d84a283a5c4f665f0
[INFO] running `Command { std: "docker" "create" "-v" "/var/lib/crater-agent-workspace/builds/worker-7-tc2/target:/opt/rustwide/target:rw,Z" "-v" "/var/lib/crater-agent-workspace/builds/worker-7-tc2/source:/opt/rustwide/workdir:ro,Z" "-v" "/var/lib/crater-agent-workspace/cargo-home:/opt/rustwide/cargo-home:ro,Z" "-v" "/var/lib/crater-agent-workspace/rustup-home:/opt/rustwide/rustup-home:ro,Z" "-e" "SOURCE_DIR=/opt/rustwide/workdir" "-e" "CARGO_TARGET_DIR=/opt/rustwide/target" "-e" "CARGO_INCREMENTAL=0" "-e" "RUST_BACKTRACE=full" "-e" "RUSTFLAGS=--cap-lints=warn" "-e" "RUSTDOCFLAGS=--cap-lints=warn" "-e" "CARGO_HOME=/opt/rustwide/cargo-home" "-e" "RUSTUP_HOME=/opt/rustwide/rustup-home" "-w" "/opt/rustwide/workdir" "-m" "1610612736" "--user" "0:0" "--network" "none" "ghcr.io/rust-lang/crates-build-env/linux@sha256:97d61d7686bf65f8ecb15491ab51835e82dc9176a96a831f143a431b191fc501" "/opt/rustwide/cargo-home/bin/cargo" "+beta-2023-04-20" "build" "--frozen" "--message-format=json", kill_on_drop: false }`
[INFO] [stdout] 15328b34a98841a746745bf9c4a18dd5c38b56577d7b4a2bbd9ba4008ed83b55
[INFO] running `Command { std: "docker" "start" "-a" "15328b34a98841a746745bf9c4a18dd5c38b56577d7b4a2bbd9ba4008ed83b55", kill_on_drop: false }`
[INFO] [stderr]    Compiling autocfg v0.1.2
[INFO] [stderr]    Compiling rand_core v0.4.0
[INFO] [stderr]    Compiling libc v0.2.51
[INFO] [stderr]    Compiling cc v1.0.35
[INFO] [stderr]    Compiling pkg-config v0.3.14
[INFO] [stderr]    Compiling remove_dir_all v0.5.1
[INFO] [stderr]    Compiling cfg-if v0.1.7
[INFO] [stderr]    Compiling rand_core v0.3.1
[INFO] [stderr]    Compiling rand_jitter v0.1.4
[INFO] [stderr]    Compiling rand_chacha v0.1.1
[INFO] [stderr]    Compiling rand_pcg v0.1.2
[INFO] [stderr]    Compiling rand v0.6.5
[INFO] [stderr]    Compiling rand_isaac v0.1.1
[INFO] [stderr]    Compiling rand_hc v0.1.0
[INFO] [stderr]    Compiling rand_xorshift v0.1.1
[INFO] [stderr]    Compiling sqlite3-src v0.2.10
[INFO] [stderr]    Compiling ncurses v5.99.0
[INFO] [stderr]    Compiling rand_os v0.1.3
[INFO] [stderr]    Compiling sqlite3-sys v0.12.0
[INFO] [stderr]    Compiling sqlite v0.24.0
[INFO] [stderr]    Compiling tempfile v3.0.7
[INFO] [stderr]    Compiling graph_note v0.1.0 (/opt/rustwide/workdir)
[INFO] [stderr]     Finished dev [unoptimized + debuginfo] target(s) in 1.85s
[INFO] running `Command { std: "docker" "inspect" "15328b34a98841a746745bf9c4a18dd5c38b56577d7b4a2bbd9ba4008ed83b55", kill_on_drop: false }`
[INFO] running `Command { std: "docker" "rm" "-f" "15328b34a98841a746745bf9c4a18dd5c38b56577d7b4a2bbd9ba4008ed83b55", kill_on_drop: false }`
[INFO] [stdout] 15328b34a98841a746745bf9c4a18dd5c38b56577d7b4a2bbd9ba4008ed83b55
[INFO] running `Command { std: "docker" "create" "-v" "/var/lib/crater-agent-workspace/builds/worker-7-tc2/target:/opt/rustwide/target:rw,Z" "-v" "/var/lib/crater-agent-workspace/builds/worker-7-tc2/source:/opt/rustwide/workdir:ro,Z" "-v" "/var/lib/crater-agent-workspace/cargo-home:/opt/rustwide/cargo-home:ro,Z" "-v" "/var/lib/crater-agent-workspace/rustup-home:/opt/rustwide/rustup-home:ro,Z" "-e" "SOURCE_DIR=/opt/rustwide/workdir" "-e" "CARGO_TARGET_DIR=/opt/rustwide/target" "-e" "CARGO_INCREMENTAL=0" "-e" "RUST_BACKTRACE=full" "-e" "RUSTFLAGS=--cap-lints=warn" "-e" "RUSTDOCFLAGS=--cap-lints=warn" "-e" "CARGO_HOME=/opt/rustwide/cargo-home" "-e" "RUSTUP_HOME=/opt/rustwide/rustup-home" "-w" "/opt/rustwide/workdir" "-m" "1610612736" "--user" "0:0" "--network" "none" "ghcr.io/rust-lang/crates-build-env/linux@sha256:97d61d7686bf65f8ecb15491ab51835e82dc9176a96a831f143a431b191fc501" "/opt/rustwide/cargo-home/bin/cargo" "+beta-2023-04-20" "test" "--frozen" "--no-run" "--message-format=json", kill_on_drop: false }`
[INFO] [stdout] 1c529e03e54ef497e18a3f1d6346fdea108037e6e7271ef89039afb5272c909c
[INFO] running `Command { std: "docker" "start" "-a" "1c529e03e54ef497e18a3f1d6346fdea108037e6e7271ef89039afb5272c909c", kill_on_drop: false }`
[INFO] [stderr]    Compiling graph_note v0.1.0 (/opt/rustwide/workdir)
[INFO] [stdout] error[E0308]: mismatched types
[INFO] [stdout]   --> src/fields.rs:48:24
[INFO] [stdout]    |
[INFO] [stdout] 48 |         field.send_key(Character('c'));
[INFO] [stdout]    |               -------- ^^^^^^^^^^^^^^
[INFO] [stdout]    |               |        |
[INFO] [stdout]    |               |        expected `&Key`, found `Key`
[INFO] [stdout]    |               |        help: consider borrowing here: `&Character('c')`
[INFO] [stdout]    |               arguments to this method are incorrect
[INFO] [stdout]    |
[INFO] [stdout] note: method defined here
[INFO] [stdout]   --> src/fields.rs:9:12
[INFO] [stdout]    |
[INFO] [stdout] 9  |     pub fn send_key(&mut self, key: &Key){
[INFO] [stdout]    |            ^^^^^^^^            ---------
[INFO] [stdout] 
[INFO] [stdout] 
[INFO] [stdout] error[E0308]: mismatched types
[INFO] [stdout]   --> src/fields.rs:49:24
[INFO] [stdout]    |
[INFO] [stdout] 49 |         field.send_key(Character('a'));
[INFO] [stdout]    |               -------- ^^^^^^^^^^^^^^
[INFO] [stdout]    |               |        |
[INFO] [stdout]    |               |        expected `&Key`, found `Key`
[INFO] [stdout]    |               |        help: consider borrowing here: `&Character('a')`
[INFO] [stdout]    |               arguments to this method are incorrect
[INFO] [stdout]    |
[INFO] [stdout] note: method defined here
[INFO] [stdout]   --> src/fields.rs:9:12
[INFO] [stdout]    |
[INFO] [stdout] 9  |     pub fn send_key(&mut self, key: &Key){
[INFO] [stdout]    |            ^^^^^^^^            ---------
[INFO] [stdout] 
[INFO] [stdout] 
[INFO] [stdout] error[E0308]: mismatched types
[INFO] [stdout]   --> src/fields.rs:50:24
[INFO] [stdout]    |
[INFO] [stdout] 50 |         field.send_key(Character('t'));
[INFO] [stdout]    |               -------- ^^^^^^^^^^^^^^
[INFO] [stdout]    |               |        |
[INFO] [stdout]    |               |        expected `&Key`, found `Key`
[INFO] [stdout]    |               |        help: consider borrowing here: `&Character('t')`
[INFO] [stdout]    |               arguments to this method are incorrect
[INFO] [stdout]    |
[INFO] [stdout] note: method defined here
[INFO] [stdout]   --> src/fields.rs:9:12
[INFO] [stdout]    |
[INFO] [stdout] 9  |     pub fn send_key(&mut self, key: &Key){
[INFO] [stdout]    |            ^^^^^^^^            ---------
[INFO] [stdout] 
[INFO] [stdout] 
[INFO] [stdout] error[E0308]: mismatched types
[INFO] [stdout]   --> src/fields.rs:51:24
[INFO] [stdout]    |
[INFO] [stdout] 51 |         field.send_key(Escape);
[INFO] [stdout]    |               -------- ^^^^^^
[INFO] [stdout]    |               |        |
[INFO] [stdout]    |               |        expected `&Key`, found `Key`
[INFO] [stdout]    |               |        help: consider borrowing here: `&Escape`
[INFO] [stdout]    |               arguments to this method are incorrect
[INFO] [stdout]    |
[INFO] [stdout] note: method defined here
[INFO] [stdout]   --> src/fields.rs:9:12
[INFO] [stdout]    |
[INFO] [stdout] 9  |     pub fn send_key(&mut self, key: &Key){
[INFO] [stdout]    |            ^^^^^^^^            ---------
[INFO] [stdout] 
[INFO] [stdout] 
[INFO] [stdout] error: aborting due to 4 previous errors
[INFO] [stdout] 
[INFO] [stdout] 
[INFO] [stdout] For more information about this error, try `rustc --explain E0308`.
[INFO] [stdout] 
[INFO] [stderr] error: could not compile `graph_note` (lib test) due to 5 previous errors
[INFO] [stderr] warning: build failed, waiting for other jobs to finish...
[INFO] running `Command { std: "docker" "inspect" "1c529e03e54ef497e18a3f1d6346fdea108037e6e7271ef89039afb5272c909c", kill_on_drop: false }`
[INFO] running `Command { std: "docker" "rm" "-f" "1c529e03e54ef497e18a3f1d6346fdea108037e6e7271ef89039afb5272c909c", kill_on_drop: false }`
[INFO] [stdout] 1c529e03e54ef497e18a3f1d6346fdea108037e6e7271ef89039afb5272c909c
