[INFO] cloning repository https://github.com/Goolyio/rust_sorting_searching
[INFO] running `Command { std: "git" "-c" "credential.helper=" "-c" "credential.helper=/workspace/cargo-home/bin/git-credential-null" "clone" "--bare" "https://github.com/Goolyio/rust_sorting_searching" "/workspace/cache/git-repos/https%3A%2F%2Fgithub.com%2FGoolyio%2Frust_sorting_searching", kill_on_drop: false }`
[INFO] [stderr] Cloning into bare repository '/workspace/cache/git-repos/https%3A%2F%2Fgithub.com%2FGoolyio%2Frust_sorting_searching'...
[INFO] running `Command { std: "git" "rev-parse" "HEAD", kill_on_drop: false }`
[INFO] [stdout] 39631abe68ce78aa61b55ef8d5d6d8ece0c3a5b2
[INFO] testing Goolyio/rust_sorting_searching against beta-2023-04-20 for beta-1.70-1
[INFO] running `Command { std: "git" "clone" "/workspace/cache/git-repos/https%3A%2F%2Fgithub.com%2FGoolyio%2Frust_sorting_searching" "/workspace/builds/worker-7-tc2/source", kill_on_drop: false }`
[INFO] [stderr] Cloning into '/workspace/builds/worker-7-tc2/source'...
[INFO] [stderr] done.
[INFO] validating manifest of git repo https://github.com/Goolyio/rust_sorting_searching on toolchain beta-2023-04-20
[INFO] running `Command { std: CARGO_HOME="/workspace/cargo-home" RUSTUP_HOME="/workspace/rustup-home" "/workspace/cargo-home/bin/cargo" "+beta-2023-04-20" "metadata" "--manifest-path" "Cargo.toml" "--no-deps", kill_on_drop: false }`
[INFO] started tweaking git repo https://github.com/Goolyio/rust_sorting_searching
[INFO] finished tweaking git repo https://github.com/Goolyio/rust_sorting_searching
[INFO] tweaked toml for git repo https://github.com/Goolyio/rust_sorting_searching written to /workspace/builds/worker-7-tc2/source/Cargo.toml
[INFO] crate git repo https://github.com/Goolyio/rust_sorting_searching already has a lockfile, it will not be regenerated
[INFO] running `Command { std: CARGO_HOME="/workspace/cargo-home" RUSTUP_HOME="/workspace/rustup-home" "/workspace/cargo-home/bin/cargo" "+beta-2023-04-20" "fetch" "--manifest-path" "Cargo.toml", kill_on_drop: false }`
[INFO] running `Command { std: "docker" "create" "-v" "/var/lib/crater-agent-workspace/builds/worker-7-tc2/target:/opt/rustwide/target:rw,Z" "-v" "/var/lib/crater-agent-workspace/builds/worker-7-tc2/source:/opt/rustwide/workdir:ro,Z" "-v" "/var/lib/crater-agent-workspace/cargo-home:/opt/rustwide/cargo-home:ro,Z" "-v" "/var/lib/crater-agent-workspace/rustup-home:/opt/rustwide/rustup-home:ro,Z" "-e" "SOURCE_DIR=/opt/rustwide/workdir" "-e" "CARGO_TARGET_DIR=/opt/rustwide/target" "-e" "CARGO_HOME=/opt/rustwide/cargo-home" "-e" "RUSTUP_HOME=/opt/rustwide/rustup-home" "-w" "/opt/rustwide/workdir" "-m" "1610612736" "--user" "0:0" "--network" "none" "ghcr.io/rust-lang/crates-build-env/linux@sha256:5ff2268d62e97bff2cde7d5815dd6ed5b47097566f13b8d0ca110b04b60e07ed" "/opt/rustwide/cargo-home/bin/cargo" "+beta-2023-04-20" "metadata" "--no-deps" "--format-version=1", kill_on_drop: false }`
[INFO] [stdout] 6a9dd11f406a518d69a4f22309e1bfc3248fa168807449878a25ea0a111ade96
[INFO] running `Command { std: "docker" "start" "-a" "6a9dd11f406a518d69a4f22309e1bfc3248fa168807449878a25ea0a111ade96", kill_on_drop: false }`
[INFO] running `Command { std: "docker" "inspect" "6a9dd11f406a518d69a4f22309e1bfc3248fa168807449878a25ea0a111ade96", kill_on_drop: false }`
[INFO] running `Command { std: "docker" "rm" "-f" "6a9dd11f406a518d69a4f22309e1bfc3248fa168807449878a25ea0a111ade96", kill_on_drop: false }`
[INFO] [stdout] 6a9dd11f406a518d69a4f22309e1bfc3248fa168807449878a25ea0a111ade96
[INFO] running `Command { std: "docker" "create" "-v" "/var/lib/crater-agent-workspace/builds/worker-7-tc2/target:/opt/rustwide/target:rw,Z" "-v" "/var/lib/crater-agent-workspace/builds/worker-7-tc2/source:/opt/rustwide/workdir:ro,Z" "-v" "/var/lib/crater-agent-workspace/cargo-home:/opt/rustwide/cargo-home:ro,Z" "-v" "/var/lib/crater-agent-workspace/rustup-home:/opt/rustwide/rustup-home:ro,Z" "-e" "SOURCE_DIR=/opt/rustwide/workdir" "-e" "CARGO_TARGET_DIR=/opt/rustwide/target" "-e" "CARGO_INCREMENTAL=0" "-e" "RUST_BACKTRACE=full" "-e" "RUSTFLAGS=--cap-lints=warn" "-e" "RUSTDOCFLAGS=--cap-lints=warn" "-e" "CARGO_HOME=/opt/rustwide/cargo-home" "-e" "RUSTUP_HOME=/opt/rustwide/rustup-home" "-w" "/opt/rustwide/workdir" "-m" "1610612736" "--user" "0:0" "--network" "none" "ghcr.io/rust-lang/crates-build-env/linux@sha256:5ff2268d62e97bff2cde7d5815dd6ed5b47097566f13b8d0ca110b04b60e07ed" "/opt/rustwide/cargo-home/bin/cargo" "+beta-2023-04-20" "build" "--frozen" "--message-format=json", kill_on_drop: false }`
[INFO] [stdout] 0a43e397cf4ed9347c4411b30f5c84f079a87aca70edbc5d068c47e0fd661a26
[INFO] running `Command { std: "docker" "start" "-a" "0a43e397cf4ed9347c4411b30f5c84f079a87aca70edbc5d068c47e0fd661a26", kill_on_drop: false }`
[INFO] [stderr]    Compiling rust_sorting_searching v0.1.0 (/opt/rustwide/workdir)
[INFO] [stdout] error[E0424]: expected value, found module `self`
[INFO] [stdout]   --> src/sorting.rs:38:28
[INFO] [stdout]    |
[INFO] [stdout] 34 |     fn sort(list: &mut Vec<i32>) -> Result<(), String> {
[INFO] [stdout]    |        ---- this function doesn't have a `self` parameter
[INFO] [stdout] ...
[INFO] [stdout] 38 |         QuickSort::do_sort(self, &mut list);
[INFO] [stdout]    |                            ^^^^ `self` value is a keyword only available in methods with a `self` parameter
[INFO] [stdout]    |
[INFO] [stdout] help: add a `self` receiver parameter to make the associated `fn` a method
[INFO] [stdout]    |
[INFO] [stdout] 34 |     fn sort(&self, list: &mut Vec<i32>) -> Result<(), String> {
[INFO] [stdout]    |             ++++++
[INFO] [stdout] 
[INFO] [stdout] 
[INFO] [stdout] error[E0425]: cannot find function `min` in this scope
[INFO] [stdout]   --> src/sorting.rs:69:35
[INFO] [stdout]    |
[INFO] [stdout] 69 |         self.do_sort(&mut list[0..min(left - 1, right)]);
[INFO] [stdout]    |                                   ^^^ not found in this scope
[INFO] [stdout]    |
[INFO] [stdout] help: consider importing one of these items
[INFO] [stdout]    |
[INFO] [stdout] 1  + use core::cmp::min;
[INFO] [stdout]    |
[INFO] [stdout] 1  + use std::cmp::min;
[INFO] [stdout]    |
[INFO] [stdout] 
[INFO] [stdout] 
[INFO] [stdout] error[E0425]: cannot find function `max` in this scope
[INFO] [stdout]   --> src/sorting.rs:70:32
[INFO] [stdout]    |
[INFO] [stdout] 70 |         self.do_sort(&mut list[max(left, right + 1)..])
[INFO] [stdout]    |                                ^^^ not found in this scope
[INFO] [stdout]    |
[INFO] [stdout] help: consider importing one of these items
[INFO] [stdout]    |
[INFO] [stdout] 1  + use core::cmp::max;
[INFO] [stdout]    |
[INFO] [stdout] 1  + use std::cmp::max;
[INFO] [stdout]    |
[INFO] [stdout] 
[INFO] [stdout] 
[INFO] [stdout] error: aborting due to 3 previous errors
[INFO] [stdout] 
[INFO] [stdout] 
[INFO] [stdout] Some errors have detailed explanations: E0424, E0425.
[INFO] [stdout] 
[INFO] [stdout] For more information about an error, try `rustc --explain E0424`.
[INFO] [stdout] 
[INFO] [stderr] error: could not compile `rust_sorting_searching` (lib) due to 4 previous errors
[INFO] running `Command { std: "docker" "inspect" "0a43e397cf4ed9347c4411b30f5c84f079a87aca70edbc5d068c47e0fd661a26", kill_on_drop: false }`
[INFO] running `Command { std: "docker" "rm" "-f" "0a43e397cf4ed9347c4411b30f5c84f079a87aca70edbc5d068c47e0fd661a26", kill_on_drop: false }`
[INFO] [stdout] 0a43e397cf4ed9347c4411b30f5c84f079a87aca70edbc5d068c47e0fd661a26
