[INFO] cloning repository https://github.com/Geemili/rov-interface
[INFO] running `Command { std: "git" "-c" "credential.helper=" "-c" "credential.helper=/workspace/cargo-home/bin/git-credential-null" "clone" "--bare" "https://github.com/Geemili/rov-interface" "/workspace/cache/git-repos/https%3A%2F%2Fgithub.com%2FGeemili%2Frov-interface", kill_on_drop: false }`
[INFO] [stderr] Cloning into bare repository '/workspace/cache/git-repos/https%3A%2F%2Fgithub.com%2FGeemili%2Frov-interface'...
[INFO] running `Command { std: "git" "rev-parse" "HEAD", kill_on_drop: false }`
[INFO] [stdout] 04172bab3b4460ff68df1653165f745811f549bd
[INFO] testing Geemili/rov-interface against beta-2023-04-20 for beta-1.70-1
[INFO] running `Command { std: "git" "clone" "/workspace/cache/git-repos/https%3A%2F%2Fgithub.com%2FGeemili%2Frov-interface" "/workspace/builds/worker-6-tc2/source", kill_on_drop: false }`
[INFO] [stderr] Cloning into '/workspace/builds/worker-6-tc2/source'...
[INFO] [stderr] done.
[INFO] validating manifest of git repo https://github.com/Geemili/rov-interface on toolchain beta-2023-04-20
[INFO] running `Command { std: CARGO_HOME="/workspace/cargo-home" RUSTUP_HOME="/workspace/rustup-home" "/workspace/cargo-home/bin/cargo" "+beta-2023-04-20" "metadata" "--manifest-path" "Cargo.toml" "--no-deps", kill_on_drop: false }`
[INFO] removed /workspace/builds/worker-6-tc2/source/.cargo/config
[INFO] started tweaking git repo https://github.com/Geemili/rov-interface
[INFO] finished tweaking git repo https://github.com/Geemili/rov-interface
[INFO] tweaked toml for git repo https://github.com/Geemili/rov-interface written to /workspace/builds/worker-6-tc2/source/Cargo.toml
[INFO] crate git repo https://github.com/Geemili/rov-interface already has a lockfile, it will not be regenerated
[INFO] running `Command { std: CARGO_HOME="/workspace/cargo-home" RUSTUP_HOME="/workspace/rustup-home" "/workspace/cargo-home/bin/cargo" "+beta-2023-04-20" "fetch" "--manifest-path" "Cargo.toml", kill_on_drop: false }`
[INFO] [stderr]     Updating crates.io index
[INFO] [stderr]     Blocking waiting for file lock on package cache
[INFO] [stderr]  Downloading crates ...
[INFO] [stderr]   Downloaded libc v0.2.29
[INFO] [stderr]   Downloaded serde_derive v1.0.11
[INFO] [stderr]   Downloaded backtrace-sys v0.1.12
[INFO] [stderr]   Downloaded odds v0.2.25
[INFO] [stderr]   Downloaded uuid v0.2.3
[INFO] [stderr]   Downloaded xinput-sys v0.2.0
[INFO] [stderr]   Downloaded backtrace v0.3.2
[INFO] [stderr]   Downloaded serialport v1.0.1
[INFO] [stderr]   Downloaded rustc-demangle v0.1.5
[INFO] [stderr]   Downloaded backtrace v0.2.3
[INFO] [stderr]   Downloaded crossbeam v0.2.10
[INFO] [stderr]   Downloaded nix v0.8.1
[INFO] [stderr]   Downloaded gilrs v0.4.4
[INFO] [stderr]   Downloaded fomat-macros v0.1.1
[INFO] [stderr]   Downloaded arrayvec v0.4.2
[INFO] [stderr]   Downloaded serial_enumerate v0.1.0
[INFO] [stderr]   Downloaded slog-scope v3.0.0
[INFO] [stderr]   Downloaded slog-term v2.1.0
[INFO] [stderr]   Downloaded stb_truetype v0.2.1
[INFO] [stderr]   Downloaded error-chain v0.5.0
[INFO] [stderr]   Downloaded time v0.1.38
[INFO] [stderr]   Downloaded unicode-normalization v0.1.5
[INFO] [stderr]   Downloaded num-traits v0.1.40
[INFO] [stderr]   Downloaded thread_local v0.3.4
[INFO] [stderr]   Downloaded toml v0.4.5
[INFO] [stderr]   Downloaded serde v1.0.11
[INFO] [stderr]   Downloaded serde_derive_internals v0.15.1
[INFO] [stderr]   Downloaded sdl2-sys v0.30.0
[INFO] [stderr]   Downloaded serial v0.3.4
[INFO] [stderr]   Downloaded gcc v0.3.52
[INFO] [stderr]   Downloaded ioctl-rs v0.1.5
[INFO] [stderr]   Downloaded libudev-sys v0.1.3
[INFO] [stderr]   Downloaded advapi32-sys v0.2.0
[INFO] [stderr]   Downloaded ktmw32-sys v0.1.0
[INFO] [stderr]   Downloaded winreg v0.4.0
[INFO] [stderr]   Downloaded take_mut v0.1.3
[INFO] [stderr]   Downloaded slog-async v2.1.0
[INFO] [stderr]   Downloaded dtoa v0.4.1
[INFO] [stderr]   Downloaded itoa v0.3.1
[INFO] [stderr]   Downloaded serde_json v1.0.2
[INFO] [stderr]   Downloaded slog-json v2.0.1
[INFO] [stderr]   Downloaded num v0.1.40
[INFO] [stderr]   Downloaded isatty v0.1.3
[INFO] [stderr]   Downloaded slog v2.0.6
[INFO] [stderr]   Downloaded redox_syscall v0.1.30
[INFO] [stderr]   Downloaded piston-float v0.2.0
[INFO] [stderr]   Downloaded vecmath v0.2.0
[INFO] [stderr]   Downloaded nodrop v0.1.9
[INFO] [stderr]   Downloaded linked-hash-map v0.5.0
[INFO] [stderr]   Downloaded byteorder v0.4.2
[INFO] [stderr]   Downloaded sdl2 v0.30.0
[INFO] [stderr]   Downloaded dbghelp-sys v0.2.0
[INFO] running `Command { std: "docker" "create" "-v" "/var/lib/crater-agent-workspace/builds/worker-6-tc2/target:/opt/rustwide/target:rw,Z" "-v" "/var/lib/crater-agent-workspace/builds/worker-6-tc2/source:/opt/rustwide/workdir:ro,Z" "-v" "/var/lib/crater-agent-workspace/cargo-home:/opt/rustwide/cargo-home:ro,Z" "-v" "/var/lib/crater-agent-workspace/rustup-home:/opt/rustwide/rustup-home:ro,Z" "-e" "SOURCE_DIR=/opt/rustwide/workdir" "-e" "CARGO_TARGET_DIR=/opt/rustwide/target" "-e" "CARGO_HOME=/opt/rustwide/cargo-home" "-e" "RUSTUP_HOME=/opt/rustwide/rustup-home" "-w" "/opt/rustwide/workdir" "-m" "1610612736" "--user" "0:0" "--network" "none" "ghcr.io/rust-lang/crates-build-env/linux@sha256:5ff2268d62e97bff2cde7d5815dd6ed5b47097566f13b8d0ca110b04b60e07ed" "/opt/rustwide/cargo-home/bin/cargo" "+beta-2023-04-20" "metadata" "--no-deps" "--format-version=1", kill_on_drop: false }`
[INFO] [stdout] 302812882f7d192b7e0f85608f0fbb80126f72b81c7f235696bd96c2f523a943
[INFO] running `Command { std: "docker" "start" "-a" "302812882f7d192b7e0f85608f0fbb80126f72b81c7f235696bd96c2f523a943", kill_on_drop: false }`
[INFO] running `Command { std: "docker" "inspect" "302812882f7d192b7e0f85608f0fbb80126f72b81c7f235696bd96c2f523a943", kill_on_drop: false }`
[INFO] running `Command { std: "docker" "rm" "-f" "302812882f7d192b7e0f85608f0fbb80126f72b81c7f235696bd96c2f523a943", kill_on_drop: false }`
[INFO] [stdout] 302812882f7d192b7e0f85608f0fbb80126f72b81c7f235696bd96c2f523a943
[INFO] running `Command { std: "docker" "create" "-v" "/var/lib/crater-agent-workspace/builds/worker-6-tc2/target:/opt/rustwide/target:rw,Z" "-v" "/var/lib/crater-agent-workspace/builds/worker-6-tc2/source:/opt/rustwide/workdir:ro,Z" "-v" "/var/lib/crater-agent-workspace/cargo-home:/opt/rustwide/cargo-home:ro,Z" "-v" "/var/lib/crater-agent-workspace/rustup-home:/opt/rustwide/rustup-home:ro,Z" "-e" "SOURCE_DIR=/opt/rustwide/workdir" "-e" "CARGO_TARGET_DIR=/opt/rustwide/target" "-e" "CARGO_INCREMENTAL=0" "-e" "RUST_BACKTRACE=full" "-e" "RUSTFLAGS=--cap-lints=warn" "-e" "RUSTDOCFLAGS=--cap-lints=warn" "-e" "CARGO_HOME=/opt/rustwide/cargo-home" "-e" "RUSTUP_HOME=/opt/rustwide/rustup-home" "-w" "/opt/rustwide/workdir" "-m" "1610612736" "--user" "0:0" "--network" "none" "ghcr.io/rust-lang/crates-build-env/linux@sha256:5ff2268d62e97bff2cde7d5815dd6ed5b47097566f13b8d0ca110b04b60e07ed" "/opt/rustwide/cargo-home/bin/cargo" "+beta-2023-04-20" "build" "--frozen" "--message-format=json", kill_on_drop: false }`
[INFO] [stdout] a63e76966ff614b7ced210a99ebed00dd5d99c64ca383f7d33eed4268f4e2fe9
[INFO] running `Command { std: "docker" "start" "-a" "a63e76966ff614b7ced210a99ebed00dd5d99c64ca383f7d33eed4268f4e2fe9", kill_on_drop: false }`
[INFO] [stderr]    Compiling libc v0.2.29
[INFO] [stderr]    Compiling winapi-build v0.1.1
[INFO] [stderr]    Compiling num-traits v0.1.40
[INFO] [stderr]    Compiling gcc v0.3.52
[INFO] [stderr]    Compiling cfg-if v0.1.2
[INFO] [stderr]    Compiling void v1.0.2
[INFO] [stderr]    Compiling pkg-config v0.3.9
[INFO] [stderr]    Compiling rustc-demangle v0.1.5
[INFO] [stderr]    Compiling lazy_static v0.2.8
[INFO] [stderr]    Compiling winapi v0.2.8
[INFO] [stderr]    Compiling backtrace v0.2.3
[INFO] [stderr]    Compiling slog v2.0.6
[INFO] [stderr]    Compiling unicode-xid v0.0.4
[INFO] [stderr]    Compiling serde v1.0.11
[INFO] [stderr]    Compiling bitflags v0.7.0
[INFO] [stderr]    Compiling odds v0.2.25
[INFO] [stderr]    Compiling sdl2-sys v0.30.0
[INFO] [stderr]    Compiling synom v0.11.3
[INFO] [stderr]    Compiling quote v0.3.15
[INFO] [stderr]    Compiling dtoa v0.4.1
[INFO] [stderr]    Compiling itoa v0.3.1
[INFO] [stderr]    Compiling unreachable v1.0.0
[INFO] [stderr]    Compiling dbghelp-sys v0.2.0
[INFO] [stderr]    Compiling kernel32-sys v0.2.2
[INFO] [stderr]    Compiling thread_local v0.3.4
[INFO] [stderr]    Compiling byteorder v0.4.2
[INFO] [stderr]    Compiling nodrop v0.1.9
[INFO] [stderr]    Compiling syn v0.11.11
[INFO] [stderr]    Compiling piston-float v0.2.0
[INFO] [stderr]    Compiling crossbeam v0.2.10
[INFO] [stderr]    Compiling arrayvec v0.4.2
[INFO] [stderr]    Compiling log v0.3.8
[INFO] [stderr]    Compiling num-integer v0.1.35
[INFO] [stderr]    Compiling term v0.4.6
[INFO] [stderr]    Compiling time v0.1.38
[INFO] [stderr]    Compiling termios v0.2.2
[INFO] [stderr]    Compiling ioctl-rs v0.1.5
[INFO] [stderr]    Compiling libudev-sys v0.1.3
[INFO] [stderr]    Compiling rand v0.3.16
[INFO] [stderr]    Compiling isatty v0.1.3
[INFO] [stderr]    Compiling num-iter v0.1.34
[INFO] [stderr]    Compiling nix v0.8.1
[INFO] [stderr]    Compiling stb_truetype v0.2.1
[INFO] [stderr]    Compiling take_mut v0.1.3
[INFO] [stderr]    Compiling uuid v0.2.3
[INFO] [stderr]    Compiling num v0.1.40
[INFO] [stderr]    Compiling linked-hash-map v0.5.0
[INFO] [stderr]    Compiling vec_map v0.6.0
[INFO] [stderr]    Compiling slog-async v2.1.0
[INFO] [stderr]    Compiling backtrace-sys v0.1.12
[INFO] [stderr]    Compiling chrono v0.4.0
[INFO] [stderr]    Compiling chrono v0.3.0
[INFO] [stderr]    Compiling rusttype v0.2.3
[INFO] [stderr] error: failed to run custom build command for `libudev-sys v0.1.3`
[INFO] [stderr] note: To improve backtraces for build dependencies, set the CARGO_PROFILE_DEV_BUILD_OVERRIDE_DEBUG=true environment variable to enable debug information generation.
[INFO] [stderr] 
[INFO] [stderr] Caused by:
[INFO] [stderr]   process didn't exit successfully: `/opt/rustwide/target/debug/build/libudev-sys-079acb7ac511ad53/build-script-build` (exit status: 101)
[INFO] [stderr]   --- stdout
[INFO] [stderr]   cargo:rustc-link-search=native=/usr/lib/x86_64-linux-gnu
[INFO] [stderr]   cargo:rustc-link-lib=udev
[INFO] [stderr] 
[INFO] [stderr]   --- stderr
[INFO] [stderr]   thread 'main' panicked at 'called `Result::unwrap()` on an `Err` value: Os { code: 30, kind: ReadOnlyFilesystem, message: "Read-only file system" }', /opt/rustwide/cargo-home/registry/src/index.crates.io-6f17d22bba15001f/libudev-sys-0.1.3/build.rs:13:40
[INFO] [stderr]   stack backtrace:
[INFO] [stderr]      0:     0x5579239432aa - std::backtrace_rs::backtrace::libunwind::trace::h2f05d0192276a8f6
[INFO] [stderr]                                  at /rustc/1b7dd2252b99671ce5d1cb9664c5f8636329436d/library/std/src/../../backtrace/src/backtrace/libunwind.rs:93:5
[INFO] [stderr]      1:     0x5579239432aa - std::backtrace_rs::backtrace::trace_unsynchronized::hedc23dff7a1af150
[INFO] [stderr]                                  at /rustc/1b7dd2252b99671ce5d1cb9664c5f8636329436d/library/std/src/../../backtrace/src/backtrace/mod.rs:66:5
[INFO] [stderr]      2:     0x5579239432aa - std::sys_common::backtrace::_print_fmt::h17541ef7592f3ce2
[INFO] [stderr]                                  at /rustc/1b7dd2252b99671ce5d1cb9664c5f8636329436d/library/std/src/sys_common/backtrace.rs:65:5
[INFO] [stderr]      3:     0x5579239432aa - <std::sys_common::backtrace::_print::DisplayBacktrace as core::fmt::Display>::fmt::h20f75df5ab0c0792
[INFO] [stderr]                                  at /rustc/1b7dd2252b99671ce5d1cb9664c5f8636329436d/library/std/src/sys_common/backtrace.rs:44:22
[INFO] [stderr]      4:     0x55792396200f - core::fmt::write::h78109e6f466b3af6
[INFO] [stderr]                                  at /rustc/1b7dd2252b99671ce5d1cb9664c5f8636329436d/library/core/src/fmt/mod.rs:1254:17
[INFO] [stderr]      5:     0x5579239408f5 - std::io::Write::write_fmt::hc59e1b02dd273c8a
[INFO] [stderr]                                  at /rustc/1b7dd2252b99671ce5d1cb9664c5f8636329436d/library/std/src/io/mod.rs:1698:15
[INFO] [stderr]      6:     0x557923943075 - std::sys_common::backtrace::_print::h8dac57a9f8fbf9a5
[INFO] [stderr]                                  at /rustc/1b7dd2252b99671ce5d1cb9664c5f8636329436d/library/std/src/sys_common/backtrace.rs:47:5
[INFO] [stderr]      7:     0x557923943075 - std::sys_common::backtrace::print::hf9ecbf41d1aa712f
[INFO] [stderr]                                  at /rustc/1b7dd2252b99671ce5d1cb9664c5f8636329436d/library/std/src/sys_common/backtrace.rs:34:9
[INFO] [stderr]      8:     0x55792394481e - std::panicking::default_hook::{{closure}}::h04c07acfc84ca028
[INFO] [stderr]                                  at /rustc/1b7dd2252b99671ce5d1cb9664c5f8636329436d/library/std/src/panicking.rs:269:22
[INFO] [stderr]      9:     0x5579239445c5 - std::panicking::default_hook::h01f6bb23e1eceb2c
[INFO] [stderr]                                  at /rustc/1b7dd2252b99671ce5d1cb9664c5f8636329436d/library/std/src/panicking.rs:288:9
[INFO] [stderr]     10:     0x557923944d7e - std::panicking::rust_panic_with_hook::h2bb3722bbaf2f6df
[INFO] [stderr]                                  at /rustc/1b7dd2252b99671ce5d1cb9664c5f8636329436d/library/std/src/panicking.rs:691:13
[INFO] [stderr]     11:     0x557923944c79 - std::panicking::begin_panic_handler::{{closure}}::h91bc7f36a4be011b
[INFO] [stderr]                                  at /rustc/1b7dd2252b99671ce5d1cb9664c5f8636329436d/library/std/src/panicking.rs:582:13
[INFO] [stderr]     12:     0x557923943716 - std::sys_common::backtrace::__rust_end_short_backtrace::h8b3d3717114f9e59
[INFO] [stderr]                                  at /rustc/1b7dd2252b99671ce5d1cb9664c5f8636329436d/library/std/src/sys_common/backtrace.rs:150:18
[INFO] [stderr]     13:     0x5579239449d2 - rust_begin_unwind
[INFO] [stderr]                                  at /rustc/1b7dd2252b99671ce5d1cb9664c5f8636329436d/library/std/src/panicking.rs:578:5
[INFO] [stderr]     14:     0x557923910423 - core::panicking::panic_fmt::hfd368e3fbdabea26
[INFO] [stderr]                                  at /rustc/1b7dd2252b99671ce5d1cb9664c5f8636329436d/library/core/src/panicking.rs:67:14
[INFO] [stderr]     15:     0x557923910813 - core::result::unwrap_failed::he54eb4b2f125b26f
[INFO] [stderr]                                  at /rustc/1b7dd2252b99671ce5d1cb9664c5f8636329436d/library/core/src/result.rs:1687:5
[INFO] [stderr]     16:     0x557923911bab - core::result::Result<T,E>::unwrap::h2d7efecefdc43084
[INFO] [stderr]     17:     0x557923912328 - build_script_build::check_func::hf5b9e89f4af0b96d
[INFO] [stderr]     18:     0x557923912906 - build_script_build::main::hea893ffebc8bc2e4
[INFO] [stderr]     19:     0x557923911e63 - core::ops::function::FnOnce::call_once::h6512c2e0bf6ce31b
[INFO] [stderr]     20:     0x557923911b46 - std::sys_common::backtrace::__rust_begin_short_backtrace::h4463d617ef40205d
[INFO] [stderr]     21:     0x557923911389 - std::rt::lang_start::{{closure}}::h26149c60cdd2c855
[INFO] [stderr]     22:     0x55792393d94e - core::ops::function::impls::<impl core::ops::function::FnOnce<A> for &F>::call_once::h2eb19b8ce4148df4
[INFO] [stderr]                                  at /rustc/1b7dd2252b99671ce5d1cb9664c5f8636329436d/library/core/src/ops/function.rs:287:13
[INFO] [stderr]     23:     0x55792393d94e - std::panicking::try::do_call::h2e900feff5d504c5
[INFO] [stderr]                                  at /rustc/1b7dd2252b99671ce5d1cb9664c5f8636329436d/library/std/src/panicking.rs:485:40
[INFO] [stderr]     24:     0x55792393d94e - std::panicking::try::h8854836cb85aa9f2
[INFO] [stderr]                                  at /rustc/1b7dd2252b99671ce5d1cb9664c5f8636329436d/library/std/src/panicking.rs:449:19
[INFO] [stderr]     25:     0x55792393d94e - std::panic::catch_unwind::h706025dd4c48f64b
[INFO] [stderr]                                  at /rustc/1b7dd2252b99671ce5d1cb9664c5f8636329436d/library/std/src/panic.rs:140:14
[INFO] [stderr]     26:     0x55792393d94e - std::rt::lang_start_internal::{{closure}}::h7be5b97f4a07a91a
[INFO] [stderr]                                  at /rustc/1b7dd2252b99671ce5d1cb9664c5f8636329436d/library/std/src/rt.rs:148:48
[INFO] [stderr]     27:     0x55792393d94e - std::panicking::try::do_call::h59847e9d0a176965
[INFO] [stderr]                                  at /rustc/1b7dd2252b99671ce5d1cb9664c5f8636329436d/library/std/src/panicking.rs:485:40
[INFO] [stderr]     28:     0x55792393d94e - std::panicking::try::h399a918ba8522823
[INFO] [stderr]                                  at /rustc/1b7dd2252b99671ce5d1cb9664c5f8636329436d/library/std/src/panicking.rs:449:19
[INFO] [stderr]     29:     0x55792393d94e - std::panic::catch_unwind::hca7ca6c55b2a2e26
[INFO] [stderr]                                  at /rustc/1b7dd2252b99671ce5d1cb9664c5f8636329436d/library/std/src/panic.rs:140:14
[INFO] [stderr]     30:     0x55792393d94e - std::rt::lang_start_internal::h2c807a81560459eb
[INFO] [stderr]                                  at /rustc/1b7dd2252b99671ce5d1cb9664c5f8636329436d/library/std/src/rt.rs:148:20
[INFO] [stderr]     31:     0x557923911367 - std::rt::lang_start::h1dc1c81af90eb85c
[INFO] [stderr]     32:     0x5579239129a5 - main
[INFO] [stderr]     33:     0x7f49a5b77d90 - <unknown>
[INFO] [stderr]     34:     0x7f49a5b77e40 - __libc_start_main
[INFO] [stderr]     35:     0x557923910955 - _start
[INFO] [stderr]     36:                0x0 - <unknown>
[INFO] [stderr] warning: build failed, waiting for other jobs to finish...
[INFO] [stdout] error[E0311]: the parameter type `K` may not live long enough
[INFO] [stdout]   --> /opt/rustwide/cargo-home/registry/src/index.crates.io-6f17d22bba15001f/rusttype-0.2.3/src/support/bst/map.rs:81:19
[INFO] [stdout]    |
[INFO] [stdout] 81 |             match node.force() {
[INFO] [stdout]    |                   ^^^^
[INFO] [stdout]    |
[INFO] [stdout] note: the parameter type `K` must be valid for the anonymous lifetime defined here...
[INFO] [stdout]   --> /opt/rustwide/cargo-home/registry/src/index.crates.io-6f17d22bba15001f/rusttype-0.2.3/src/support/bst/map.rs:78:37
[INFO] [stdout]    |
[INFO] [stdout] 78 |                 node: node::NodeRef<marker::Immut, K, V, marker::LeafOrInternal>)
[INFO] [stdout]    |                                     ^^^^^^^^^^^^^
[INFO] [stdout] note: ...so that the type `K` will meet its required lifetime bounds
[INFO] [stdout]   --> /opt/rustwide/cargo-home/registry/src/index.crates.io-6f17d22bba15001f/rusttype-0.2.3/src/support/bst/map.rs:81:19
[INFO] [stdout]    |
[INFO] [stdout] 81 |             match node.force() {
[INFO] [stdout]    |                   ^^^^
[INFO] [stdout] help: consider adding an explicit lifetime bound...
[INFO] [stdout]    |
[INFO] [stdout] 77 ~         fn clone_subtree<'a, K: Clone + 'a, V: Clone>(
[INFO] [stdout] 78 ~                 node: node::NodeRef<marker::Immut<'a>, K, V, marker::LeafOrInternal>)
[INFO] [stdout]    |
[INFO] [stdout] 
[INFO] [stdout] 
[INFO] [stdout] error[E0311]: the parameter type `V` may not live long enough
[INFO] [stdout]   --> /opt/rustwide/cargo-home/registry/src/index.crates.io-6f17d22bba15001f/rusttype-0.2.3/src/support/bst/map.rs:81:19
[INFO] [stdout]    |
[INFO] [stdout] 81 |             match node.force() {
[INFO] [stdout]    |                   ^^^^
[INFO] [stdout]    |
[INFO] [stdout] note: the parameter type `V` must be valid for the anonymous lifetime defined here...
[INFO] [stdout]   --> /opt/rustwide/cargo-home/registry/src/index.crates.io-6f17d22bba15001f/rusttype-0.2.3/src/support/bst/map.rs:78:37
[INFO] [stdout]    |
[INFO] [stdout] 78 |                 node: node::NodeRef<marker::Immut, K, V, marker::LeafOrInternal>)
[INFO] [stdout]    |                                     ^^^^^^^^^^^^^
[INFO] [stdout] note: ...so that the type `V` will meet its required lifetime bounds
[INFO] [stdout]   --> /opt/rustwide/cargo-home/registry/src/index.crates.io-6f17d22bba15001f/rusttype-0.2.3/src/support/bst/map.rs:81:19
[INFO] [stdout]    |
[INFO] [stdout] 81 |             match node.force() {
[INFO] [stdout]    |                   ^^^^
[INFO] [stdout] help: consider adding an explicit lifetime bound...
[INFO] [stdout]    |
[INFO] [stdout] 77 ~         fn clone_subtree<'a, K: Clone, V: Clone + 'a>(
[INFO] [stdout] 78 ~                 node: node::NodeRef<marker::Immut<'a>, K, V, marker::LeafOrInternal>)
[INFO] [stdout]    |
[INFO] [stdout] 
[INFO] [stdout] 
[INFO] [stdout] error: aborting due to 2 previous errors
[INFO] [stdout] 
[INFO] [stdout] 
[INFO] [stdout] For more information about this error, try `rustc --explain E0311`.
[INFO] [stdout] 
[INFO] [stderr] error: could not compile `rusttype` (lib) due to 3 previous errors
[INFO] running `Command { std: "docker" "inspect" "a63e76966ff614b7ced210a99ebed00dd5d99c64ca383f7d33eed4268f4e2fe9", kill_on_drop: false }`
[INFO] running `Command { std: "docker" "rm" "-f" "a63e76966ff614b7ced210a99ebed00dd5d99c64ca383f7d33eed4268f4e2fe9", kill_on_drop: false }`
[INFO] [stdout] a63e76966ff614b7ced210a99ebed00dd5d99c64ca383f7d33eed4268f4e2fe9
