[INFO] cloning repository https://github.com/Gachapen/lsystem
[INFO] running `Command { std: "git" "-c" "credential.helper=" "-c" "credential.helper=/workspace/cargo-home/bin/git-credential-null" "clone" "--bare" "https://github.com/Gachapen/lsystem" "/workspace/cache/git-repos/https%3A%2F%2Fgithub.com%2FGachapen%2Flsystem", kill_on_drop: false }`
[INFO] [stderr] Cloning into bare repository '/workspace/cache/git-repos/https%3A%2F%2Fgithub.com%2FGachapen%2Flsystem'...
[INFO] running `Command { std: "git" "rev-parse" "HEAD", kill_on_drop: false }`
[INFO] [stdout] e3428b68e1fc7a9ffff0f8646751c6174dddf8c5
[INFO] testing Gachapen/lsystem against beta-2023-04-20 for beta-1.70-1
[INFO] running `Command { std: "git" "clone" "/workspace/cache/git-repos/https%3A%2F%2Fgithub.com%2FGachapen%2Flsystem" "/workspace/builds/worker-7-tc2/source", kill_on_drop: false }`
[INFO] [stderr] Cloning into '/workspace/builds/worker-7-tc2/source'...
[INFO] [stderr] done.
[INFO] validating manifest of git repo https://github.com/Gachapen/lsystem on toolchain beta-2023-04-20
[INFO] running `Command { std: CARGO_HOME="/workspace/cargo-home" RUSTUP_HOME="/workspace/rustup-home" "/workspace/cargo-home/bin/cargo" "+beta-2023-04-20" "metadata" "--manifest-path" "Cargo.toml" "--no-deps", kill_on_drop: false }`
[INFO] started tweaking git repo https://github.com/Gachapen/lsystem
[INFO] finished tweaking git repo https://github.com/Gachapen/lsystem
[INFO] tweaked toml for git repo https://github.com/Gachapen/lsystem written to /workspace/builds/worker-7-tc2/source/Cargo.toml
[INFO] crate git repo https://github.com/Gachapen/lsystem already has a lockfile, it will not be regenerated
[INFO] running `Command { std: CARGO_HOME="/workspace/cargo-home" RUSTUP_HOME="/workspace/rustup-home" "/workspace/cargo-home/bin/cargo" "+beta-2023-04-20" "fetch" "--manifest-path" "Cargo.toml", kill_on_drop: false }`
[INFO] [stderr]     Updating crates.io index
[INFO] [stderr]  Downloading crates ...
[INFO] [stderr]   Downloaded generic-array v0.8.3
[INFO] [stderr]   Downloaded alga v0.5.2
[INFO] [stderr]   Downloaded ncollide_transformation v0.8.0
[INFO] [stderr]   Downloaded ncollide_geometry v0.5.1
[INFO] [stderr]   Downloaded serde_derive_internals v0.17.0
[INFO] [stderr]   Downloaded serde_derive v1.0.19
[INFO] [stderr]   Downloaded ncollide_math v0.8.0
[INFO] [stderr]   Downloaded approx v0.1.1
[INFO] [stderr]   Downloaded serde v1.0.19
[INFO] [stderr]   Downloaded serde_yaml v0.7.1
[INFO] [stderr]   Downloaded linked-hash-map v0.4.2
[INFO] [stderr]   Downloaded cmake v0.1.26
[INFO] [stderr]   Downloaded semver v0.2.3
[INFO] [stderr]   Downloaded png v0.8.0
[INFO] [stderr]   Downloaded quasi_codegen v0.32.0
[INFO] [stderr]   Downloaded syntex_pos v0.58.1
[INFO] [stderr]   Downloaded futures-cpupool v0.1.7
[INFO] [stderr]   Downloaded cexpr v0.2.2
[INFO] [stderr]   Downloaded typenum v1.9.0
[INFO] [stderr]   Downloaded syntex_errors v0.58.1
[INFO] [stderr]   Downloaded futures v0.1.17
[INFO] [stderr]   Downloaded cpuprofiler v0.0.3
[INFO] [stderr]   Downloaded gl_generator v0.6.1
[INFO] [stderr]   Downloaded error-chain v0.5.0
[INFO] [stderr]   Downloaded bincode v0.9.2
[INFO] [stderr]   Downloaded nalgebra v0.13.1
[INFO] [stderr]   Downloaded bindgen v0.30.0
[INFO] [stderr]   Downloaded freetype-rs v0.13.0
[INFO] [stderr]   Downloaded khronos_api v2.0.0
[INFO] [stderr]   Downloaded csv v1.0.0-beta.5
[INFO] [stderr]   Downloaded libloading v0.4.2
[INFO] [stderr]   Downloaded clang-sys v0.19.0
[INFO] [stderr]   Downloaded glfw-sys v3.2.2
[INFO] [stderr]   Downloaded glfw v0.15.0
[INFO] [stderr]   Downloaded num-complex v0.1.40
[INFO] [stderr]   Downloaded num-bigint v0.1.40
[INFO] [stderr]   Downloaded csv-core v0.1.3
[INFO] [stderr]   Downloaded crossbeam v0.3.0
[INFO] [stderr]   Downloaded ffmpeg-sys v3.3.3
[INFO] [stderr]   Downloaded freetype-sys v0.4.0
[INFO] [stderr]   Downloaded either v1.3.0
[INFO] [stderr]   Downloaded ncollide_utils v0.8.0
[INFO] [stderr]   Downloaded gl v0.6.5
[INFO] [stderr]   Downloaded nom v1.2.4
[INFO] [stderr]   Downloaded ncollide_procedural v0.8.0
[INFO] [stderr]   Downloaded syntex v0.58.1
[INFO] [stderr]   Downloaded cc v1.0.3
[INFO] [stderr]   Downloaded which v1.0.3
[INFO] [stderr]   Downloaded image v0.14.0
[INFO] [stderr]   Downloaded atty v0.2.3
[INFO] [stderr]   Downloaded quasi v0.32.0
[INFO] [stderr]   Downloaded aster v0.41.0
[INFO] [stderr]   Downloaded syntex_syntax v0.58.1
[INFO] running `Command { std: "docker" "create" "-v" "/var/lib/crater-agent-workspace/builds/worker-7-tc2/target:/opt/rustwide/target:rw,Z" "-v" "/var/lib/crater-agent-workspace/builds/worker-7-tc2/source:/opt/rustwide/workdir:ro,Z" "-v" "/var/lib/crater-agent-workspace/cargo-home:/opt/rustwide/cargo-home:ro,Z" "-v" "/var/lib/crater-agent-workspace/rustup-home:/opt/rustwide/rustup-home:ro,Z" "-e" "SOURCE_DIR=/opt/rustwide/workdir" "-e" "CARGO_TARGET_DIR=/opt/rustwide/target" "-e" "CARGO_HOME=/opt/rustwide/cargo-home" "-e" "RUSTUP_HOME=/opt/rustwide/rustup-home" "-w" "/opt/rustwide/workdir" "-m" "1610612736" "--user" "0:0" "--network" "none" "ghcr.io/rust-lang/crates-build-env/linux@sha256:5ff2268d62e97bff2cde7d5815dd6ed5b47097566f13b8d0ca110b04b60e07ed" "/opt/rustwide/cargo-home/bin/cargo" "+beta-2023-04-20" "metadata" "--no-deps" "--format-version=1", kill_on_drop: false }`
[INFO] [stdout] 46e9c189484c66169882b97a37e094caae5824be60d5d132993903abbc96cc89
[INFO] running `Command { std: "docker" "start" "-a" "46e9c189484c66169882b97a37e094caae5824be60d5d132993903abbc96cc89", kill_on_drop: false }`
[INFO] running `Command { std: "docker" "inspect" "46e9c189484c66169882b97a37e094caae5824be60d5d132993903abbc96cc89", kill_on_drop: false }`
[INFO] running `Command { std: "docker" "rm" "-f" "46e9c189484c66169882b97a37e094caae5824be60d5d132993903abbc96cc89", kill_on_drop: false }`
[INFO] [stdout] 46e9c189484c66169882b97a37e094caae5824be60d5d132993903abbc96cc89
[INFO] running `Command { std: "docker" "create" "-v" "/var/lib/crater-agent-workspace/builds/worker-7-tc2/target:/opt/rustwide/target:rw,Z" "-v" "/var/lib/crater-agent-workspace/builds/worker-7-tc2/source:/opt/rustwide/workdir:ro,Z" "-v" "/var/lib/crater-agent-workspace/cargo-home:/opt/rustwide/cargo-home:ro,Z" "-v" "/var/lib/crater-agent-workspace/rustup-home:/opt/rustwide/rustup-home:ro,Z" "-e" "SOURCE_DIR=/opt/rustwide/workdir" "-e" "CARGO_TARGET_DIR=/opt/rustwide/target" "-e" "CARGO_INCREMENTAL=0" "-e" "RUST_BACKTRACE=full" "-e" "RUSTFLAGS=--cap-lints=warn" "-e" "RUSTDOCFLAGS=--cap-lints=warn" "-e" "CARGO_HOME=/opt/rustwide/cargo-home" "-e" "RUSTUP_HOME=/opt/rustwide/rustup-home" "-w" "/opt/rustwide/workdir" "-m" "1610612736" "--user" "0:0" "--network" "none" "ghcr.io/rust-lang/crates-build-env/linux@sha256:5ff2268d62e97bff2cde7d5815dd6ed5b47097566f13b8d0ca110b04b60e07ed" "/opt/rustwide/cargo-home/bin/cargo" "+beta-2023-04-20" "build" "--frozen" "--message-format=json", kill_on_drop: false }`
[INFO] [stdout] cf1eacb51114fbbd2e379d303e5b9f2bd608577f236367816915c777eff56e29
[INFO] running `Command { std: "docker" "start" "-a" "cf1eacb51114fbbd2e379d303e5b9f2bd608577f236367816915c777eff56e29", kill_on_drop: false }`
[INFO] [stderr]    Compiling libc v0.2.33
[INFO] [stderr]    Compiling rustc-serialize v0.3.24
[INFO] [stderr]    Compiling num-traits v0.1.40
[INFO] [stderr]    Compiling log v0.3.8
[INFO] [stderr]    Compiling cc v1.0.3
[INFO] [stderr]    Compiling unicode-xid v0.0.4
[INFO] [stderr]    Compiling lazy_static v0.2.9
[INFO] [stderr]    Compiling bitflags v0.8.2
[INFO] [stderr]    Compiling typenum v1.9.0
[INFO] [stderr]    Compiling pkg-config v0.3.9
[INFO] [stderr]    Compiling term v0.4.6
[INFO] [stderr]    Compiling matrixmultiply v0.1.14
[INFO] [stderr]    Compiling rawpointer v0.1.0
[INFO] [stderr]    Compiling bitflags v0.9.1
[INFO] [stderr]    Compiling approx v0.1.1
[INFO] [stderr]    Compiling nodrop v0.1.12
[INFO] [stderr]    Compiling winapi-build v0.1.1
[INFO] [stderr]    Compiling void v1.0.2
[INFO] [stderr]    Compiling libloading v0.4.2
[INFO] [stderr]    Compiling cfg-if v0.1.2
[INFO] [stderr]    Compiling glob v0.2.11
[INFO] [stderr]    Compiling utf8-ranges v1.0.0
[INFO] [stderr]    Compiling regex-syntax v0.4.1
[INFO] [stderr]    Compiling unreachable v1.0.0
[INFO] [stderr]    Compiling either v1.3.0
[INFO] [stderr]    Compiling thread_local v0.3.4
[INFO] [stderr]    Compiling rayon-core v1.3.0
[INFO] [stderr]    Compiling unicode-width v0.1.4
[INFO] [stderr]    Compiling bitflags v1.0.0
[INFO] [stderr]    Compiling byteorder v1.1.0
[INFO] [stderr]    Compiling rand v0.3.18
[INFO] [stderr]    Compiling memchr v1.0.2
[INFO] [stderr]    Compiling num-integer v0.1.35
[INFO] [stderr]    Compiling num_cpus v1.7.0
[INFO] [stderr]    Compiling scopeguard v0.3.3
[INFO] [stderr]    Compiling xml-rs v0.7.0
[INFO] [stderr]    Compiling nom v3.2.1
[INFO] [stderr]    Compiling num-iter v0.1.34
[INFO] [stderr]    Compiling clang-sys v0.19.0
[INFO] [stderr]    Compiling aho-corasick v0.6.3
[INFO] [stderr]    Compiling coco v0.1.1
[INFO] [stderr]    Compiling atty v0.2.3
[INFO] [stderr]    Compiling textwrap v0.9.0
[INFO] [stderr]    Compiling cmake v0.1.26
[INFO] [stderr]    Compiling dbghelp-sys v0.2.0
[INFO] [stderr]    Compiling strsim v0.6.0
[INFO] [stderr]    Compiling libz-sys v1.0.18
[INFO] [stderr]    Compiling khronos_api v2.0.0
[INFO] [stderr]    Compiling regex v0.2.2
[INFO] [stderr]    Compiling ansi_term v0.9.0
[INFO] [stderr]    Compiling vec_map v0.8.0
[INFO] [stderr]    Compiling gl_generator v0.6.1
[INFO] [stderr]    Compiling glfw-sys v3.2.2
[INFO] [stderr]    Compiling backtrace-sys v0.1.16
[INFO] [stderr]    Compiling clap v2.27.1
[INFO] [stderr]    Compiling freetype-sys v0.4.0
[INFO] [stderr]    Compiling generic-array v0.8.3
[INFO] [stderr]    Compiling cexpr v0.2.2
[INFO] [stderr]    Compiling which v1.0.3
[INFO] [stderr]    Compiling kernel32-sys v0.2.2
[INFO] [stderr]    Compiling synom v0.11.3
[INFO] [stderr]    Compiling serde v1.0.19
[INFO] [stderr]    Compiling adler32 v1.0.2
[INFO] [stderr]    Compiling quote v0.3.15
[INFO] [stderr]    Compiling peeking_take_while v0.1.2
[INFO] [stderr]    Compiling winapi v0.2.8
[INFO] [stderr]    Compiling deflate v0.7.17
[INFO] [stderr]    Compiling rayon v0.8.2
[INFO] [stderr]    Compiling enum_primitive v0.1.1
[INFO] [stderr]    Compiling num-complex v0.1.40
[INFO] [stderr]    Compiling syntex_pos v0.58.1
[INFO] [stderr]    Compiling num-bigint v0.1.40
[INFO] [stderr]    Compiling env_logger v0.4.3
[INFO] [stderr]    Compiling gl v0.6.5
[INFO] [stderr]    Compiling syn v0.11.11
[INFO] [stderr]    Compiling syntex_errors v0.58.1
[INFO] [stderr]    Compiling alga v0.5.2
[INFO] [stderr]    Compiling color_quant v1.0.0
[INFO] [stderr]    Compiling backtrace v0.2.3
[INFO] [stderr]    Compiling gcc v0.3.54
[INFO] [stderr]    Compiling num-rational v0.1.40
[INFO] [stderr]    Compiling syntex_syntax v0.58.1
[INFO] [stderr]    Compiling nalgebra v0.13.1
[INFO] [stderr]    Compiling nom v1.2.4
[INFO] [stderr]    Compiling num v0.1.40
[INFO] [stderr]    Compiling gif v0.9.2
[INFO] [stderr]    Compiling serde_derive_internals v0.17.0
[INFO] [stdout] error[E0423]: expected function, tuple struct or tuple variant, found struct `ast::Name`
[INFO] [stdout]    --> /opt/rustwide/cargo-home/registry/src/index.crates.io-6f17d22bba15001f/syntex_syntax-0.58.1/src/symbol.rs:146:27
[INFO] [stdout]     |
[INFO] [stdout] 146 |                       name: ast::Name($index),
[INFO] [stdout]     |                             ^^^^^^^^^
[INFO] [stdout] ...
[INFO] [stdout] 165 | / declare_keywords! {
[INFO] [stdout] 166 | |     // Invalid identifier
[INFO] [stdout] 167 | |     (0,  Invalid,        "")
[INFO] [stdout] 168 | |
[INFO] [stdout] ...   |
[INFO] [stdout] 231 | |     (56, CrateRoot, "{{root}}")
[INFO] [stdout] 232 | | }
[INFO] [stdout]     | |_- in this macro invocation
[INFO] [stdout]     |
[INFO] [stdout]     = note: this error originates in the macro `declare_keywords` (in Nightly builds, run with -Z macro-backtrace for more info)
[INFO] [stdout] 
[INFO] [stdout] 
[INFO] [stderr]    Compiling semver v0.2.3
[INFO] [stderr]    Compiling jpeg-decoder v0.1.13
[INFO] [stderr]    Compiling png v0.8.0
[INFO] [stdout] error[E0119]: conflicting implementations of trait `Mul<&_>` for type `translation::Translation<_, _>`
[INFO] [stdout]    --> /opt/rustwide/cargo-home/registry/src/index.crates.io-6f17d22bba15001f/nalgebra-0.13.1/src/geometry/isometry_ops.rs:67:9
[INFO] [stdout]     |
[INFO] [stdout] 67  | /         impl<$($lives ,)* N: Real, D: DimName, R> $Op<$Rhs> for $Lhs
[INFO] [stdout] 68  | |             where R: AlgaRotation<Point<N, D>>,
[INFO] [stdout] 69  | |                   DefaultAllocator: Allocator<N, D> {
[INFO] [stdout] 70  | |             type Output = $Output;
[INFO] [stdout] ...   |
[INFO] [stdout] 75  | |             }
[INFO] [stdout] 76  | |         }
[INFO] [stdout]     | |         ^
[INFO] [stdout]     | |         |
[INFO] [stdout]     | |_________first implementation here
[INFO] [stdout]     |           conflicting implementation for `translation::Translation<_, _>`
[INFO] [stdout] ...
[INFO] [stdout] 281 | / isometry_binop_impl_all!(
[INFO] [stdout] 282 | |     Mul, mul;
[INFO] [stdout] 283 | |     self: Translation<N, D>, right: R, Output = Isometry<N, D, R>;
[INFO] [stdout] 284 | |     [val val] => Isometry::from_parts(self, right);
[INFO] [stdout] ...   |
[INFO] [stdout] 287 | |     [ref ref] => Isometry::from_parts(self.clone(), right.clone());
[INFO] [stdout] 288 | | );
[INFO] [stdout]     | |_- in this macro invocation
[INFO] [stdout]     |
[INFO] [stdout]     = note: downstream crates may implement trait `alga::linear::Rotation<geometry::point::Point<_, _>>` for type `&_`
[INFO] [stdout]     = note: this error originates in the macro `isometry_binop_impl` which comes from the expansion of the macro `isometry_binop_impl_all` (in Nightly builds, run with -Z macro-backtrace for more info)
[INFO] [stdout] 
[INFO] [stdout] 
[INFO] [stdout] error[E0119]: conflicting implementations of trait `Mul<&_>` for type `&translation::Translation<_, _>`
[INFO] [stdout]    --> /opt/rustwide/cargo-home/registry/src/index.crates.io-6f17d22bba15001f/nalgebra-0.13.1/src/geometry/isometry_ops.rs:67:9
[INFO] [stdout]     |
[INFO] [stdout] 67  | /         impl<$($lives ,)* N: Real, D: DimName, R> $Op<$Rhs> for $Lhs
[INFO] [stdout] 68  | |             where R: AlgaRotation<Point<N, D>>,
[INFO] [stdout] 69  | |                   DefaultAllocator: Allocator<N, D> {
[INFO] [stdout] 70  | |             type Output = $Output;
[INFO] [stdout] ...   |
[INFO] [stdout] 75  | |             }
[INFO] [stdout] 76  | |         }
[INFO] [stdout]     | |         ^
[INFO] [stdout]     | |         |
[INFO] [stdout]     | |_________first implementation here
[INFO] [stdout]     |           conflicting implementation for `&translation::Translation<_, _>`
[INFO] [stdout] ...
[INFO] [stdout] 281 | / isometry_binop_impl_all!(
[INFO] [stdout] 282 | |     Mul, mul;
[INFO] [stdout] 283 | |     self: Translation<N, D>, right: R, Output = Isometry<N, D, R>;
[INFO] [stdout] 284 | |     [val val] => Isometry::from_parts(self, right);
[INFO] [stdout] ...   |
[INFO] [stdout] 287 | |     [ref ref] => Isometry::from_parts(self.clone(), right.clone());
[INFO] [stdout] 288 | | );
[INFO] [stdout]     | |_- in this macro invocation
[INFO] [stdout]     |
[INFO] [stdout]     = note: downstream crates may implement trait `alga::linear::Rotation<geometry::point::Point<_, _>>` for type `&_`
[INFO] [stdout]     = note: this error originates in the macro `isometry_binop_impl` which comes from the expansion of the macro `isometry_binop_impl_all` (in Nightly builds, run with -Z macro-backtrace for more info)
[INFO] [stdout] 
[INFO] [stdout] 
[INFO] [stderr]    Compiling scoped_threadpool v0.1.8
[INFO] [stderr]    Compiling rustc-demangle v0.1.5
[INFO] [stdout] error: aborting due to 2 previous errors
[INFO] [stdout] 
[INFO] [stdout] 
[INFO] [stdout] For more information about this error, try `rustc --explain E0119`.
[INFO] [stdout] 
[INFO] [stderr] error: could not compile `nalgebra` (lib) due to 3 previous errors
[INFO] [stderr] warning: build failed, waiting for other jobs to finish...
[INFO] [stdout] error: aborting due to previous error
[INFO] [stdout] 
[INFO] [stdout] 
[INFO] [stdout] For more information about this error, try `rustc --explain E0423`.
[INFO] [stdout] 
[INFO] [stderr] error: could not compile `syntex_syntax` (lib) due to 2 previous errors
[INFO] running `Command { std: "docker" "inspect" "cf1eacb51114fbbd2e379d303e5b9f2bd608577f236367816915c777eff56e29", kill_on_drop: false }`
[INFO] running `Command { std: "docker" "rm" "-f" "cf1eacb51114fbbd2e379d303e5b9f2bd608577f236367816915c777eff56e29", kill_on_drop: false }`
[INFO] [stdout] cf1eacb51114fbbd2e379d303e5b9f2bd608577f236367816915c777eff56e29
