[INFO] cloning repository https://github.com/FuegoFro/advent_of_code
[INFO] running `Command { std: "git" "-c" "credential.helper=" "-c" "credential.helper=/workspace/cargo-home/bin/git-credential-null" "clone" "--bare" "https://github.com/FuegoFro/advent_of_code" "/workspace/cache/git-repos/https%3A%2F%2Fgithub.com%2FFuegoFro%2Fadvent_of_code", kill_on_drop: false }`
[INFO] [stderr] Cloning into bare repository '/workspace/cache/git-repos/https%3A%2F%2Fgithub.com%2FFuegoFro%2Fadvent_of_code'...
[INFO] running `Command { std: "git" "rev-parse" "HEAD", kill_on_drop: false }`
[INFO] [stdout] 18f1ff3a0e7821fe4021f74d7a1113e070b2ac21
[INFO] testing FuegoFro/advent_of_code against beta-2023-04-20 for beta-1.70-1
[INFO] running `Command { std: "git" "clone" "/workspace/cache/git-repos/https%3A%2F%2Fgithub.com%2FFuegoFro%2Fadvent_of_code" "/workspace/builds/worker-0-tc2/source", kill_on_drop: false }`
[INFO] [stderr] Cloning into '/workspace/builds/worker-0-tc2/source'...
[INFO] [stderr] done.
[INFO] validating manifest of git repo https://github.com/FuegoFro/advent_of_code on toolchain beta-2023-04-20
[INFO] running `Command { std: CARGO_HOME="/workspace/cargo-home" RUSTUP_HOME="/workspace/rustup-home" "/workspace/cargo-home/bin/cargo" "+beta-2023-04-20" "metadata" "--manifest-path" "Cargo.toml" "--no-deps", kill_on_drop: false }`
[INFO] removed /workspace/builds/worker-0-tc2/source/rust-toolchain
[INFO] started tweaking git repo https://github.com/FuegoFro/advent_of_code
[INFO] finished tweaking git repo https://github.com/FuegoFro/advent_of_code
[INFO] tweaked toml for git repo https://github.com/FuegoFro/advent_of_code written to /workspace/builds/worker-0-tc2/source/Cargo.toml
[INFO] crate git repo https://github.com/FuegoFro/advent_of_code already has a lockfile, it will not be regenerated
[INFO] running `Command { std: CARGO_HOME="/workspace/cargo-home" RUSTUP_HOME="/workspace/rustup-home" "/workspace/cargo-home/bin/cargo" "+beta-2023-04-20" "fetch" "--manifest-path" "Cargo.toml", kill_on_drop: false }`
[INFO] [stderr]     Updating crates.io index
[INFO] [stderr]  Downloading crates ...
[INFO] [stderr]   Downloaded priority-queue v1.3.0
[INFO] [stderr]   Downloaded binary-search v0.1.2
[INFO] [stderr]   Downloaded impl_ops v0.1.1
[INFO] [stderr]   Downloaded bitreader v0.3.6
[INFO] [stderr]   Downloaded skiplist v0.4.0
[INFO] [stderr]   Downloaded tuple v0.5.1
[INFO] [stderr]   Downloaded recap v0.1.2
[INFO] [stderr]   Downloaded recap-derive v0.1.2
[INFO] running `Command { std: "docker" "create" "-v" "/var/lib/crater-agent-workspace/builds/worker-0-tc2/target:/opt/rustwide/target:rw,Z" "-v" "/var/lib/crater-agent-workspace/builds/worker-0-tc2/source:/opt/rustwide/workdir:ro,Z" "-v" "/var/lib/crater-agent-workspace/cargo-home:/opt/rustwide/cargo-home:ro,Z" "-v" "/var/lib/crater-agent-workspace/rustup-home:/opt/rustwide/rustup-home:ro,Z" "-e" "SOURCE_DIR=/opt/rustwide/workdir" "-e" "CARGO_TARGET_DIR=/opt/rustwide/target" "-e" "CARGO_HOME=/opt/rustwide/cargo-home" "-e" "RUSTUP_HOME=/opt/rustwide/rustup-home" "-w" "/opt/rustwide/workdir" "-m" "1610612736" "--user" "0:0" "--network" "none" "ghcr.io/rust-lang/crates-build-env/linux@sha256:5ff2268d62e97bff2cde7d5815dd6ed5b47097566f13b8d0ca110b04b60e07ed" "/opt/rustwide/cargo-home/bin/cargo" "+beta-2023-04-20" "metadata" "--no-deps" "--format-version=1", kill_on_drop: false }`
[INFO] [stdout] a6b6f47bbba86f1f01575624e18274e2b3b86f81c10a371919ed86f1b5392d44
[INFO] running `Command { std: "docker" "start" "-a" "a6b6f47bbba86f1f01575624e18274e2b3b86f81c10a371919ed86f1b5392d44", kill_on_drop: false }`
[INFO] running `Command { std: "docker" "inspect" "a6b6f47bbba86f1f01575624e18274e2b3b86f81c10a371919ed86f1b5392d44", kill_on_drop: false }`
[INFO] running `Command { std: "docker" "rm" "-f" "a6b6f47bbba86f1f01575624e18274e2b3b86f81c10a371919ed86f1b5392d44", kill_on_drop: false }`
[INFO] [stdout] a6b6f47bbba86f1f01575624e18274e2b3b86f81c10a371919ed86f1b5392d44
[INFO] running `Command { std: "docker" "create" "-v" "/var/lib/crater-agent-workspace/builds/worker-0-tc2/target:/opt/rustwide/target:rw,Z" "-v" "/var/lib/crater-agent-workspace/builds/worker-0-tc2/source:/opt/rustwide/workdir:ro,Z" "-v" "/var/lib/crater-agent-workspace/cargo-home:/opt/rustwide/cargo-home:ro,Z" "-v" "/var/lib/crater-agent-workspace/rustup-home:/opt/rustwide/rustup-home:ro,Z" "-e" "SOURCE_DIR=/opt/rustwide/workdir" "-e" "CARGO_TARGET_DIR=/opt/rustwide/target" "-e" "CARGO_INCREMENTAL=0" "-e" "RUST_BACKTRACE=full" "-e" "RUSTFLAGS=--cap-lints=warn" "-e" "RUSTDOCFLAGS=--cap-lints=warn" "-e" "CARGO_HOME=/opt/rustwide/cargo-home" "-e" "RUSTUP_HOME=/opt/rustwide/rustup-home" "-w" "/opt/rustwide/workdir" "-m" "1610612736" "--user" "0:0" "--network" "none" "ghcr.io/rust-lang/crates-build-env/linux@sha256:5ff2268d62e97bff2cde7d5815dd6ed5b47097566f13b8d0ca110b04b60e07ed" "/opt/rustwide/cargo-home/bin/cargo" "+beta-2023-04-20" "build" "--frozen" "--message-format=json", kill_on_drop: false }`
[INFO] [stdout] ba79c18b91cb9ab1348e5df4750d1343ebc9b1a26f379a77ce285515b83e895f
[INFO] running `Command { std: "docker" "start" "-a" "ba79c18b91cb9ab1348e5df4750d1343ebc9b1a26f379a77ce285515b83e895f", kill_on_drop: false }`
[INFO] [stderr]    Compiling autocfg v1.1.0
[INFO] [stderr]    Compiling libc v0.2.139
[INFO] [stderr]    Compiling proc-macro2 v1.0.49
[INFO] [stderr]    Compiling unicode-ident v1.0.6
[INFO] [stderr]    Compiling quote v1.0.23
[INFO] [stderr]    Compiling syn v1.0.107
[INFO] [stderr]    Compiling memchr v2.5.0
[INFO] [stderr]    Compiling regex-syntax v0.6.28
[INFO] [stderr]    Compiling serde_derive v1.0.152
[INFO] [stderr]    Compiling num-traits v0.2.15
[INFO] [stderr]    Compiling num-integer v0.1.45
[INFO] [stderr]    Compiling indexmap v1.9.2
[INFO] [stderr]    Compiling either v1.8.0
[INFO] [stderr]    Compiling aho-corasick v0.7.20
[INFO] [stderr]    Compiling itertools v0.10.5
[INFO] [stderr]    Compiling lock_api v0.4.9
[INFO] [stderr]    Compiling serde v1.0.152
[INFO] [stderr]    Compiling parking_lot_core v0.9.5
[INFO] [stderr]    Compiling hashbrown v0.12.3
[INFO] [stderr]    Compiling dirs-sys-next v0.1.2
[INFO] [stderr]    Compiling num-bigint v0.4.3
[INFO] [stderr]    Compiling smallvec v1.10.0
[INFO] [stderr]    Compiling scopeguard v1.1.0
[INFO] [stderr]    Compiling regex v1.7.0
[INFO] [stderr]    Compiling log v0.4.17
[INFO] [stderr]    Compiling crunchy v0.2.2
[INFO] [stderr]    Compiling dirs-next v2.0.0
[INFO] [stderr]    Compiling num-rational v0.4.1
[INFO] [stderr]    Compiling num-iter v0.1.43
[INFO] [stderr]    Compiling siphasher v0.3.10
[INFO] [stderr]    Compiling tiny-keccak v2.0.2
[INFO] [stderr]    Compiling phf_shared v0.10.0
[INFO] [stderr]    Compiling parking_lot v0.12.1
[INFO] [stderr]    Compiling term v0.7.0
[INFO] [stderr]    Compiling getrandom v0.2.8
[INFO] [stderr]    Compiling precomputed-hash v0.1.1
[INFO] [stderr]    Compiling fixedbitset v0.4.2
[INFO] [stderr]    Compiling once_cell v1.17.0
[INFO] [stderr]    Compiling bit-vec v0.6.3
[INFO] [stderr]    Compiling impl_ops v0.1.1
[INFO] [stderr]    Compiling new_debug_unreachable v1.0.4
[INFO] [stderr]    Compiling bit-set v0.5.3
[INFO] [stderr]    Compiling petgraph v0.6.2
[INFO] [stderr]    Compiling util v0.1.0 (/opt/rustwide/workdir/util)
[INFO] [stderr]    Compiling string_cache v0.8.4
[INFO] [stderr]    Compiling lalrpop-util v0.19.8
[INFO] [stderr]    Compiling ascii-canvas v3.0.0
[INFO] [stderr]    Compiling ena v0.14.0
[INFO] [stderr]    Compiling rand_core v0.6.4
[INFO] [stderr]    Compiling num-complex v0.4.2
[INFO] [stderr]    Compiling atty v0.2.14
[INFO] [stderr]    Compiling ppv-lite86 v0.2.17
[INFO] [stderr]    Compiling unicode-xid v0.2.4
[INFO] [stderr]    Compiling diff v0.1.13
[INFO] [stderr]    Compiling pico-args v0.4.2
[INFO] [stderr]    Compiling rand_chacha v0.3.1
[INFO] [stderr]    Compiling lalrpop v0.19.8
[INFO] [stderr]    Compiling num v0.4.0
[INFO] [stderr]    Compiling priority-queue v1.3.0
[INFO] [stderr]    Compiling serde_json v1.0.91
[INFO] [stderr]    Compiling anyhow v1.0.68
[INFO] [stderr]    Compiling num-derive v0.3.3
[INFO] [stderr]    Compiling rand v0.8.5
[INFO] [stderr]    Compiling itoa v1.0.5
[INFO] [stderr]    Compiling ryu v1.0.12
[INFO] [stderr]    Compiling derivative v2.2.0
[INFO] [stderr]    Compiling bitreader v0.3.6
[INFO] [stderr]    Compiling binary-search v0.1.2
[INFO] [stderr]    Compiling hex v0.4.3
[INFO] [stderr]    Compiling skiplist v0.4.0
[INFO] [stderr]    Compiling recap-derive v0.1.2
[INFO] [stderr]    Compiling y2019 v0.1.0 (/opt/rustwide/workdir/y2019)
[INFO] [stderr]    Compiling envy v0.4.2
[INFO] [stderr]    Compiling tuple v0.5.1
[INFO] [stderr]    Compiling recap v0.1.2
[INFO] [stderr]    Compiling y2022 v0.1.0 (/opt/rustwide/workdir/y2022)
[INFO] [stderr]    Compiling y2021 v0.1.0 (/opt/rustwide/workdir/y2021)
[INFO] [stderr]    Compiling y2020 v0.1.0 (/opt/rustwide/workdir/y2020)
[INFO] [stdout] error[E0554]: `#![feature]` may not be used on the beta release channel
[INFO] [stdout]  --> y2022/src/main.rs:1:12
[INFO] [stdout]   |
[INFO] [stdout] 1 | #![feature(variant_count)]
[INFO] [stdout]   |            ^^^^^^^^^^^^^
[INFO] [stdout] 
[INFO] [stdout] 
[INFO] [stdout] error[E0554]: `#![feature]` may not be used on the beta release channel
[INFO] [stdout]  --> y2021/src/main.rs:1:12
[INFO] [stdout]   |
[INFO] [stdout] 1 | #![feature(array_zip)]
[INFO] [stdout]   |            ^^^^^^^^^
[INFO] [stdout] 
[INFO] [stdout] 
[INFO] [stdout] error[E0554]: `#![feature]` may not be used on the beta release channel
[INFO] [stdout]  --> y2021/src/main.rs:2:12
[INFO] [stdout]   |
[INFO] [stdout] 2 | #![feature(array_methods)]
[INFO] [stdout]   |            ^^^^^^^^^^^^^
[INFO] [stdout] 
[INFO] [stdout] 
[INFO] [stdout] error: aborting due to previous error
[INFO] [stdout] 
[INFO] [stdout] 
[INFO] [stdout] For more information about this error, try `rustc --explain E0554`.
[INFO] [stdout] 
[INFO] [stderr] error: could not compile `y2022` (bin "y2022") due to 2 previous errors
[INFO] [stderr] warning: build failed, waiting for other jobs to finish...
[INFO] [stdout] error: aborting due to 2 previous errors
[INFO] [stdout] 
[INFO] [stdout] 
[INFO] [stdout] For more information about this error, try `rustc --explain E0554`.
[INFO] [stdout] 
[INFO] [stderr] error: could not compile `y2021` (bin "y2021") due to 3 previous errors
[INFO] running `Command { std: "docker" "inspect" "ba79c18b91cb9ab1348e5df4750d1343ebc9b1a26f379a77ce285515b83e895f", kill_on_drop: false }`
[INFO] running `Command { std: "docker" "rm" "-f" "ba79c18b91cb9ab1348e5df4750d1343ebc9b1a26f379a77ce285515b83e895f", kill_on_drop: false }`
[INFO] [stdout] ba79c18b91cb9ab1348e5df4750d1343ebc9b1a26f379a77ce285515b83e895f
