[INFO] cloning repository https://github.com/Fredemus/Tempo-rs
[INFO] running `Command { std: "git" "-c" "credential.helper=" "-c" "credential.helper=/workspace/cargo-home/bin/git-credential-null" "clone" "--bare" "https://github.com/Fredemus/Tempo-rs" "/workspace/cache/git-repos/https%3A%2F%2Fgithub.com%2FFredemus%2FTempo-rs", kill_on_drop: false }`
[INFO] [stderr] Cloning into bare repository '/workspace/cache/git-repos/https%3A%2F%2Fgithub.com%2FFredemus%2FTempo-rs'...
[INFO] running `Command { std: "git" "rev-parse" "HEAD", kill_on_drop: false }`
[INFO] [stdout] 61adc4b3d97e7d1a2c3bf2918c9e6080a615a87c
[INFO] testing Fredemus/Tempo-rs against beta-2023-04-20 for beta-1.70-1
[INFO] running `Command { std: "git" "clone" "/workspace/cache/git-repos/https%3A%2F%2Fgithub.com%2FFredemus%2FTempo-rs" "/workspace/builds/worker-1-tc2/source", kill_on_drop: false }`
[INFO] [stderr] Cloning into '/workspace/builds/worker-1-tc2/source'...
[INFO] [stderr] done.
[INFO] validating manifest of git repo https://github.com/Fredemus/Tempo-rs on toolchain beta-2023-04-20
[INFO] running `Command { std: CARGO_HOME="/workspace/cargo-home" RUSTUP_HOME="/workspace/rustup-home" "/workspace/cargo-home/bin/cargo" "+beta-2023-04-20" "metadata" "--manifest-path" "Cargo.toml" "--no-deps", kill_on_drop: false }`
[INFO] removed /workspace/builds/worker-1-tc2/source/.cargo/config
[INFO] started tweaking git repo https://github.com/Fredemus/Tempo-rs
[INFO] finished tweaking git repo https://github.com/Fredemus/Tempo-rs
[INFO] tweaked toml for git repo https://github.com/Fredemus/Tempo-rs written to /workspace/builds/worker-1-tc2/source/Cargo.toml
[INFO] crate git repo https://github.com/Fredemus/Tempo-rs already has a lockfile, it will not be regenerated
[INFO] running `Command { std: CARGO_HOME="/workspace/cargo-home" RUSTUP_HOME="/workspace/rustup-home" "/workspace/cargo-home/bin/cargo" "+beta-2023-04-20" "fetch" "--manifest-path" "Cargo.toml", kill_on_drop: false }`
[INFO] [stderr]  Downloading crates ...
[INFO] [stderr]   Downloaded num v0.2.0
[INFO] [stderr]   Downloaded transpose v0.1.0
[INFO] [stderr]   Downloaded coreaudio-sys v0.2.3
[INFO] [stderr]   Downloaded num-bigint v0.2.3
[INFO] [stderr]   Downloaded anyhow v1.0.22
[INFO] [stderr]   Downloaded num-traits v0.2.9
[INFO] [stderr]   Downloaded syn v1.0.8
[INFO] [stderr]   Downloaded rppal v0.11.3
[INFO] [stderr]   Downloaded cc v1.0.47
[INFO] [stderr]   Downloaded thiserror v1.0.5
[INFO] [stderr]   Downloaded rustfft v3.0.0
[INFO] [stderr]   Downloaded num-complex v0.2.3
[INFO] [stderr]   Downloaded thiserror-impl v1.0.5
[INFO] [stderr]   Downloaded strength_reduce v0.2.2
[INFO] running `Command { std: "docker" "create" "-v" "/var/lib/crater-agent-workspace/builds/worker-1-tc2/target:/opt/rustwide/target:rw,Z" "-v" "/var/lib/crater-agent-workspace/builds/worker-1-tc2/source:/opt/rustwide/workdir:ro,Z" "-v" "/var/lib/crater-agent-workspace/cargo-home:/opt/rustwide/cargo-home:ro,Z" "-v" "/var/lib/crater-agent-workspace/rustup-home:/opt/rustwide/rustup-home:ro,Z" "-e" "SOURCE_DIR=/opt/rustwide/workdir" "-e" "CARGO_TARGET_DIR=/opt/rustwide/target" "-e" "CARGO_HOME=/opt/rustwide/cargo-home" "-e" "RUSTUP_HOME=/opt/rustwide/rustup-home" "-w" "/opt/rustwide/workdir" "-m" "1610612736" "--user" "0:0" "--network" "none" "ghcr.io/rust-lang/crates-build-env/linux@sha256:5ff2268d62e97bff2cde7d5815dd6ed5b47097566f13b8d0ca110b04b60e07ed" "/opt/rustwide/cargo-home/bin/cargo" "+beta-2023-04-20" "metadata" "--no-deps" "--format-version=1", kill_on_drop: false }`
[INFO] [stdout] 6ff13943f7b19c9f6f6cd5b1dc95401887bc088a719b243646e51f03f15b662b
[INFO] running `Command { std: "docker" "start" "-a" "6ff13943f7b19c9f6f6cd5b1dc95401887bc088a719b243646e51f03f15b662b", kill_on_drop: false }`
[INFO] running `Command { std: "docker" "inspect" "6ff13943f7b19c9f6f6cd5b1dc95401887bc088a719b243646e51f03f15b662b", kill_on_drop: false }`
[INFO] running `Command { std: "docker" "rm" "-f" "6ff13943f7b19c9f6f6cd5b1dc95401887bc088a719b243646e51f03f15b662b", kill_on_drop: false }`
[INFO] [stdout] 6ff13943f7b19c9f6f6cd5b1dc95401887bc088a719b243646e51f03f15b662b
[INFO] running `Command { std: "docker" "create" "-v" "/var/lib/crater-agent-workspace/builds/worker-1-tc2/target:/opt/rustwide/target:rw,Z" "-v" "/var/lib/crater-agent-workspace/builds/worker-1-tc2/source:/opt/rustwide/workdir:ro,Z" "-v" "/var/lib/crater-agent-workspace/cargo-home:/opt/rustwide/cargo-home:ro,Z" "-v" "/var/lib/crater-agent-workspace/rustup-home:/opt/rustwide/rustup-home:ro,Z" "-e" "SOURCE_DIR=/opt/rustwide/workdir" "-e" "CARGO_TARGET_DIR=/opt/rustwide/target" "-e" "CARGO_INCREMENTAL=0" "-e" "RUST_BACKTRACE=full" "-e" "RUSTFLAGS=--cap-lints=warn" "-e" "RUSTDOCFLAGS=--cap-lints=warn" "-e" "CARGO_HOME=/opt/rustwide/cargo-home" "-e" "RUSTUP_HOME=/opt/rustwide/rustup-home" "-w" "/opt/rustwide/workdir" "-m" "1610612736" "--user" "0:0" "--network" "none" "ghcr.io/rust-lang/crates-build-env/linux@sha256:5ff2268d62e97bff2cde7d5815dd6ed5b47097566f13b8d0ca110b04b60e07ed" "/opt/rustwide/cargo-home/bin/cargo" "+beta-2023-04-20" "build" "--frozen" "--message-format=json", kill_on_drop: false }`
[INFO] [stdout] 3f6bad299c7a96072d850610f150822975c9cc312186b642880785fa08cdfd4e
[INFO] running `Command { std: "docker" "start" "-a" "3f6bad299c7a96072d850610f150822975c9cc312186b642880785fa08cdfd4e", kill_on_drop: false }`
[INFO] [stderr]    Compiling autocfg v0.1.7
[INFO] [stderr]    Compiling proc-macro2 v1.0.6
[INFO] [stderr]    Compiling syn v1.0.8
[INFO] [stderr]    Compiling libc v0.2.65
[INFO] [stderr]    Compiling alsa-sys v0.1.1 (https://github.com/RustAudio/cpal#fc46f023)
[INFO] [stderr]    Compiling cpal v0.10.0 (https://github.com/RustAudio/cpal#fc46f023)
[INFO] [stderr]    Compiling anyhow v1.0.22
[INFO] [stderr]    Compiling byteorder v1.3.2
[INFO] [stderr]    Compiling strength_reduce v0.2.2
[INFO] [stderr]    Compiling transpose v0.1.0
[INFO] [stderr]    Compiling hound v3.4.0
[INFO] [stderr]    Compiling num-traits v0.2.9
[INFO] [stderr]    Compiling num-integer v0.1.41
[INFO] [stderr]    Compiling num-bigint v0.2.3
[INFO] [stderr]    Compiling num-complex v0.2.3
[INFO] [stderr]    Compiling num-rational v0.2.2
[INFO] [stderr]    Compiling num-iter v0.1.39
[INFO] [stderr]    Compiling quote v1.0.2
[INFO] [stderr]    Compiling rppal v0.11.3
[INFO] [stderr]    Compiling rustfft v3.0.0
[INFO] [stderr]    Compiling thiserror-impl v1.0.5
[INFO] [stderr]    Compiling num v0.2.0
[INFO] [stderr]    Compiling thiserror v1.0.5
[INFO] [stderr]    Compiling tempo v0.1.0 (/opt/rustwide/workdir)
[INFO] [stdout] warning: unnecessary parentheses around index expression
[INFO] [stdout]    --> src/sound_file.rs:155:42
[INFO] [stdout]     |
[INFO] [stdout] 155 |         self.analysis.tempo = bpm_frames[(bpm_frames.len() / 2)];
[INFO] [stdout]     |                                          ^                    ^
[INFO] [stdout]     |
[INFO] [stdout]     = note: `#[warn(unused_parens)]` on by default
[INFO] [stdout] help: remove these parentheses
[INFO] [stdout]     |
[INFO] [stdout] 155 -         self.analysis.tempo = bpm_frames[(bpm_frames.len() / 2)];
[INFO] [stdout] 155 +         self.analysis.tempo = bpm_frames[bpm_frames.len() / 2];
[INFO] [stdout]     |
[INFO] [stdout] 
[INFO] [stdout] 
[INFO] [stdout] warning: unused import: `AtomicBool`
[INFO] [stdout]   --> src/main.rs:33:25
[INFO] [stdout]    |
[INFO] [stdout] 33 | use std::sync::atomic::{AtomicBool, Ordering};
[INFO] [stdout]    |                         ^^^^^^^^^^
[INFO] [stdout]    |
[INFO] [stdout]    = note: `#[warn(unused_imports)]` on by default
[INFO] [stdout] 
[INFO] [stdout] 
[INFO] [stdout] error[E0308]: mismatched types
[INFO] [stdout]   --> src/util.rs:7:18
[INFO] [stdout]    |
[INFO] [stdout] 7  |         AtomicI8(atomic::AtomicBool::new(v))
[INFO] [stdout]    |         -------- ^^^^^^^^^^^^^^^^^^^^^^^^^^ expected `AtomicI8`, found `AtomicBool`
[INFO] [stdout]    |         |
[INFO] [stdout]    |         arguments to this struct are incorrect
[INFO] [stdout]    |
[INFO] [stdout] note: tuple struct defined here
[INFO] [stdout]   --> src/util.rs:17:12
[INFO] [stdout]    |
[INFO] [stdout] 17 | pub struct AtomicI8(atomic::AtomicI8);
[INFO] [stdout]    |            ^^^^^^^^
[INFO] [stdout] 
[INFO] [stdout] 
[INFO] [stdout] error[E0308]: mismatched types
[INFO] [stdout]  --> src/util.rs:7:9
[INFO] [stdout]   |
[INFO] [stdout] 6 |     pub fn new(v: bool) -> AtomicBool {
[INFO] [stdout]   |                            ---------- expected `util::AtomicBool` because of return type
[INFO] [stdout] 7 |         AtomicI8(atomic::AtomicBool::new(v))
[INFO] [stdout]   |         ^^^^^^^^^^^^^^^^^^^^^^^^^^^^^^^^^^^^ expected `AtomicBool`, found `AtomicI8`
[INFO] [stdout] 
[INFO] [stdout] 
[INFO] [stdout] error[E0599]: no method named `store` found for struct `Arc<util::AtomicBool>` in the current scope
[INFO] [stdout]    --> src/main.rs:205:28
[INFO] [stdout]     |
[INFO] [stdout] 205 |             play_flag_arc2.store(false, Ordering::Relaxed);
[INFO] [stdout]     |                            ^^^^^ method not found in `Arc<AtomicBool>`
[INFO] [stdout] 
[INFO] [stdout] 
[INFO] [stdout] error: aborting due to 3 previous errors; 2 warnings emitted
[INFO] [stdout] 
[INFO] [stdout] 
[INFO] [stdout] Some errors have detailed explanations: E0308, E0599.
[INFO] [stdout] 
[INFO] [stdout] For more information about an error, try `rustc --explain E0308`.
[INFO] [stdout] 
[INFO] [stderr] error: could not compile `tempo` (bin "tempo") due to 4 previous errors; 2 warnings emitted
[INFO] running `Command { std: "docker" "inspect" "3f6bad299c7a96072d850610f150822975c9cc312186b642880785fa08cdfd4e", kill_on_drop: false }`
[INFO] running `Command { std: "docker" "rm" "-f" "3f6bad299c7a96072d850610f150822975c9cc312186b642880785fa08cdfd4e", kill_on_drop: false }`
[INFO] [stdout] 3f6bad299c7a96072d850610f150822975c9cc312186b642880785fa08cdfd4e
