[INFO] cloning repository https://github.com/FlawlessDeveloper/Stackyy
[INFO] running `Command { std: "git" "-c" "credential.helper=" "-c" "credential.helper=/workspace/cargo-home/bin/git-credential-null" "clone" "--bare" "https://github.com/FlawlessDeveloper/Stackyy" "/workspace/cache/git-repos/https%3A%2F%2Fgithub.com%2FFlawlessDeveloper%2FStackyy", kill_on_drop: false }`
[INFO] [stderr] Cloning into bare repository '/workspace/cache/git-repos/https%3A%2F%2Fgithub.com%2FFlawlessDeveloper%2FStackyy'...
[INFO] running `Command { std: "git" "rev-parse" "HEAD", kill_on_drop: false }`
[INFO] [stdout] 244c299bba24ddc18aff67a7274fa9b00d0bc261
[INFO] testing FlawlessDeveloper/Stackyy against 1.69.0 for beta-1.70-1
[INFO] running `Command { std: "git" "clone" "/workspace/cache/git-repos/https%3A%2F%2Fgithub.com%2FFlawlessDeveloper%2FStackyy" "/workspace/builds/worker-1-tc1/source", kill_on_drop: false }`
[INFO] [stderr] Cloning into '/workspace/builds/worker-1-tc1/source'...
[INFO] [stderr] done.
[INFO] validating manifest of git repo https://github.com/FlawlessDeveloper/Stackyy on toolchain 1.69.0
[INFO] running `Command { std: CARGO_HOME="/workspace/cargo-home" RUSTUP_HOME="/workspace/rustup-home" "/workspace/cargo-home/bin/cargo" "+1.69.0" "metadata" "--manifest-path" "Cargo.toml" "--no-deps", kill_on_drop: false }`
[INFO] started tweaking git repo https://github.com/FlawlessDeveloper/Stackyy
[INFO] finished tweaking git repo https://github.com/FlawlessDeveloper/Stackyy
[INFO] tweaked toml for git repo https://github.com/FlawlessDeveloper/Stackyy written to /workspace/builds/worker-1-tc1/source/Cargo.toml
[INFO] running `Command { std: CARGO_HOME="/workspace/cargo-home" RUSTUP_HOME="/workspace/rustup-home" __CARGO_TEST_CHANNEL_OVERRIDE_DO_NOT_USE_THIS="nightly" "/workspace/cargo-home/bin/cargo" "+1.69.0" "generate-lockfile" "--manifest-path" "Cargo.toml" "-Zno-index-update", kill_on_drop: false }`
[INFO] running `Command { std: CARGO_HOME="/workspace/cargo-home" RUSTUP_HOME="/workspace/rustup-home" "/workspace/cargo-home/bin/cargo" "+1.69.0" "fetch" "--manifest-path" "Cargo.toml", kill_on_drop: false }`
[INFO] running `Command { std: "docker" "create" "-v" "/var/lib/crater-agent-workspace/builds/worker-1-tc1/target:/opt/rustwide/target:rw,Z" "-v" "/var/lib/crater-agent-workspace/builds/worker-1-tc1/source:/opt/rustwide/workdir:ro,Z" "-v" "/var/lib/crater-agent-workspace/cargo-home:/opt/rustwide/cargo-home:ro,Z" "-v" "/var/lib/crater-agent-workspace/rustup-home:/opt/rustwide/rustup-home:ro,Z" "-e" "SOURCE_DIR=/opt/rustwide/workdir" "-e" "CARGO_TARGET_DIR=/opt/rustwide/target" "-e" "CARGO_HOME=/opt/rustwide/cargo-home" "-e" "RUSTUP_HOME=/opt/rustwide/rustup-home" "-w" "/opt/rustwide/workdir" "-m" "1610612736" "--user" "0:0" "--network" "none" "ghcr.io/rust-lang/crates-build-env/linux@sha256:5ff2268d62e97bff2cde7d5815dd6ed5b47097566f13b8d0ca110b04b60e07ed" "/opt/rustwide/cargo-home/bin/cargo" "+1.69.0" "metadata" "--no-deps" "--format-version=1", kill_on_drop: false }`
[INFO] [stdout] 7645c7679773c3d7ad1df909e5e0f8bbf8f9580d71bd2a327c57dea43ef1d833
[INFO] running `Command { std: "docker" "start" "-a" "7645c7679773c3d7ad1df909e5e0f8bbf8f9580d71bd2a327c57dea43ef1d833", kill_on_drop: false }`
[INFO] running `Command { std: "docker" "inspect" "7645c7679773c3d7ad1df909e5e0f8bbf8f9580d71bd2a327c57dea43ef1d833", kill_on_drop: false }`
[INFO] running `Command { std: "docker" "rm" "-f" "7645c7679773c3d7ad1df909e5e0f8bbf8f9580d71bd2a327c57dea43ef1d833", kill_on_drop: false }`
[INFO] [stdout] 7645c7679773c3d7ad1df909e5e0f8bbf8f9580d71bd2a327c57dea43ef1d833
[INFO] running `Command { std: "docker" "create" "-v" "/var/lib/crater-agent-workspace/builds/worker-1-tc1/target:/opt/rustwide/target:rw,Z" "-v" "/var/lib/crater-agent-workspace/builds/worker-1-tc1/source:/opt/rustwide/workdir:ro,Z" "-v" "/var/lib/crater-agent-workspace/cargo-home:/opt/rustwide/cargo-home:ro,Z" "-v" "/var/lib/crater-agent-workspace/rustup-home:/opt/rustwide/rustup-home:ro,Z" "-e" "SOURCE_DIR=/opt/rustwide/workdir" "-e" "CARGO_TARGET_DIR=/opt/rustwide/target" "-e" "CARGO_INCREMENTAL=0" "-e" "RUST_BACKTRACE=full" "-e" "RUSTFLAGS=--cap-lints=warn" "-e" "RUSTDOCFLAGS=--cap-lints=warn" "-e" "CARGO_HOME=/opt/rustwide/cargo-home" "-e" "RUSTUP_HOME=/opt/rustwide/rustup-home" "-w" "/opt/rustwide/workdir" "-m" "1610612736" "--user" "0:0" "--network" "none" "ghcr.io/rust-lang/crates-build-env/linux@sha256:5ff2268d62e97bff2cde7d5815dd6ed5b47097566f13b8d0ca110b04b60e07ed" "/opt/rustwide/cargo-home/bin/cargo" "+1.69.0" "build" "--frozen" "--message-format=json", kill_on_drop: false }`
[INFO] [stdout] 89ab0a46e5f70c3bfdac0d23fe36c0a1ca173fb1db5c5c0e36292b95c652607b
[INFO] running `Command { std: "docker" "start" "-a" "89ab0a46e5f70c3bfdac0d23fe36c0a1ca173fb1db5c5c0e36292b95c652607b", kill_on_drop: false }`
[INFO] [stderr]    Compiling autocfg v1.1.0
[INFO] [stderr]    Compiling libc v0.2.142
[INFO] [stderr]    Compiling proc-macro2 v1.0.56
[INFO] [stderr]    Compiling quote v1.0.26
[INFO] [stderr]    Compiling unicode-ident v1.0.8
[INFO] [stderr]    Compiling io-lifetimes v1.0.10
[INFO] [stderr]    Compiling crossbeam-utils v0.8.15
[INFO] [stderr]    Compiling rustix v0.37.18
[INFO] [stderr]    Compiling serde_derive v1.0.160
[INFO] [stderr]    Compiling linux-raw-sys v0.3.6
[INFO] [stderr]    Compiling utf8parse v0.2.1
[INFO] [stderr]    Compiling memchr v2.5.0
[INFO] [stderr]    Compiling serde v1.0.160
[INFO] [stderr]    Compiling rayon-core v1.11.0
[INFO] [stderr]    Compiling anstyle-query v1.0.0
[INFO] [stderr]    Compiling colorchoice v1.0.0
[INFO] [stderr]    Compiling anstyle v1.0.0
[INFO] [stderr]    Compiling cc v1.0.79
[INFO] [stderr]    Compiling anstyle-parse v0.2.0
[INFO] [stderr]    Compiling clap_lex v0.4.1
[INFO] [stderr]    Compiling heck v0.4.1
[INFO] [stderr]    Compiling hashbrown v0.12.3
[INFO] [stderr]    Compiling strsim v0.10.0
[INFO] [stderr]    Compiling gimli v0.27.2
[INFO] [stderr]    Compiling miniz_oxide v0.6.2
[INFO] [stderr]    Compiling rustc-demangle v0.1.23
[INFO] [stderr]    Compiling memoffset v0.8.0
[INFO] [stderr]    Compiling crossbeam-epoch v0.9.14
[INFO] [stderr]    Compiling indexmap v1.9.3
[INFO] [stderr]    Compiling itoa v1.0.6
[INFO] [stderr]    Compiling once_cell v1.17.1
[INFO] [stderr]    Compiling crossbeam-channel v0.5.8
[INFO] [stderr]    Compiling object v0.30.3
[INFO] [stderr]    Compiling either v1.8.1
[INFO] [stderr]    Compiling unsafe-libyaml v0.2.8
[INFO] [stderr]    Compiling ryu v1.0.13
[INFO] [stderr]    Compiling syn v2.0.15
[INFO] [stderr]    Compiling backtrace v0.3.67
[INFO] [stderr]    Compiling crossbeam-deque v0.8.3
[INFO] [stderr]    Compiling num_cpus v1.15.0
[INFO] [stderr]    Compiling addr2line v0.19.0
[INFO] [stderr]    Compiling rayon v1.7.0
[INFO] [stderr]    Compiling is-terminal v0.4.7
[INFO] [stderr]    Compiling anstream v0.3.1
[INFO] [stderr]    Compiling clap_builder v4.2.5
[INFO] [stderr]    Compiling clap_derive v4.2.0
[INFO] [stderr]    Compiling clap v4.2.5
[INFO] [stderr]    Compiling serde_yaml v0.9.21
[INFO] [stderr]    Compiling bincode v1.3.3
[INFO] [stderr]    Compiling stackyy v0.1.0 (/opt/rustwide/workdir)
[INFO] [stdout] error[E0432]: unresolved import `std::lazy`
[INFO] [stdout]  --> src/util/token.rs:2:10
[INFO] [stdout]   |
[INFO] [stdout] 2 | use std::lazy::SyncLazy;
[INFO] [stdout]   |          ^^^^ could not find `lazy` in `std`
[INFO] [stdout] 
[INFO] [stdout] 
[INFO] [stdout] error[E0432]: unresolved import `std::lazy`
[INFO] [stdout]  --> src/util/internals.rs:2:10
[INFO] [stdout]   |
[INFO] [stdout] 2 | use std::lazy::SyncLazy;
[INFO] [stdout]   |          ^^^^ could not find `lazy` in `std`
[INFO] [stdout] 
[INFO] [stdout] 
[INFO] [stdout] error[E0432]: unresolved import `std::lazy`
[INFO] [stdout]  --> src/util/type_check.rs:3:10
[INFO] [stdout]   |
[INFO] [stdout] 3 | use std::lazy::SyncLazy;
[INFO] [stdout]   |          ^^^^ could not find `lazy` in `std`
[INFO] [stdout] 
[INFO] [stdout] 
[INFO] [stdout] error[E0432]: unresolved import `std::lazy`
[INFO] [stdout]  --> src/util/operations/mod.rs:2:10
[INFO] [stdout]   |
[INFO] [stdout] 2 | use std::lazy::SyncLazy;
[INFO] [stdout]   |          ^^^^ could not find `lazy` in `std`
[INFO] [stdout] 
[INFO] [stdout] 
[INFO] [stdout] error[E0432]: unresolved import `std::lazy`
[INFO] [stdout]  --> src/util/operations/descriptors/mod.rs:4:10
[INFO] [stdout]   |
[INFO] [stdout] 4 | use std::lazy::SyncLazy;
[INFO] [stdout]   |          ^^^^ could not find `lazy` in `std`
[INFO] [stdout] 
[INFO] [stdout] 
[INFO] [stdout] error[E0425]: cannot find value `from_occurrences` in this scope
[INFO] [stdout]   --> src/args.rs:62:31
[INFO] [stdout]    |
[INFO] [stdout] 62 |     #[clap(short, long, parse(from_occurrences))]
[INFO] [stdout]    |                               ^^^^^^^^^^^^^^^^ not found in this scope
[INFO] [stdout] 
[INFO] [stdout] 
[INFO] [stdout] error[E0425]: cannot find function `to_vec` in crate `serde_yaml`
[INFO] [stdout]    --> src/parser.rs:430:25
[INFO] [stdout]     |
[INFO] [stdout] 430 |             serde_yaml::to_vec(&program).unwrap()
[INFO] [stdout]     |                         ^^^^^^ not found in `serde_yaml`
[INFO] [stdout] 
[INFO] [stdout] 
[INFO] [stdout] error[E0554]: `#![feature]` may not be used on the stable release channel
[INFO] [stdout]  --> src/main.rs:1:1
[INFO] [stdout]   |
[INFO] [stdout] 1 | #![feature(panic_info_message)]
[INFO] [stdout]   | ^^^^^^^^^^^^^^^^^^^^^^^^^^^^^^^
[INFO] [stdout] 
[INFO] [stdout] 
[INFO] [stdout] error[E0554]: `#![feature]` may not be used on the stable release channel
[INFO] [stdout]  --> src/main.rs:2:1
[INFO] [stdout]   |
[INFO] [stdout] 2 | #![feature(trusted_random_access)]
[INFO] [stdout]   | ^^^^^^^^^^^^^^^^^^^^^^^^^^^^^^^^^^
[INFO] [stdout] 
[INFO] [stdout] 
[INFO] [stdout] error[E0554]: `#![feature]` may not be used on the stable release channel
[INFO] [stdout]  --> src/main.rs:3:1
[INFO] [stdout]   |
[INFO] [stdout] 3 | #![feature(once_cell)]
[INFO] [stdout]   | ^^^^^^^^^^^^^^^^^^^^^^
[INFO] [stdout] 
[INFO] [stdout] 
[INFO] [stdout] error[E0554]: `#![feature]` may not be used on the stable release channel
[INFO] [stdout]  --> src/main.rs:4:1
[INFO] [stdout]   |
[INFO] [stdout] 4 | #![feature(fn_traits)]
[INFO] [stdout]   | ^^^^^^^^^^^^^^^^^^^^^^
[INFO] [stdout] 
[INFO] [stdout] 
[INFO] [stdout] error[E0554]: `#![feature]` may not be used on the stable release channel
[INFO] [stdout]  --> src/main.rs:5:1
[INFO] [stdout]   |
[INFO] [stdout] 5 | #![feature(trivial_bounds)]
[INFO] [stdout]   | ^^^^^^^^^^^^^^^^^^^^^^^^^^^
[INFO] [stdout] 
[INFO] [stdout] 
[INFO] [stdout] error[E0554]: `#![feature]` may not be used on the stable release channel
[INFO] [stdout]  --> src/main.rs:6:1
[INFO] [stdout]   |
[INFO] [stdout] 6 | #![feature(path_try_exists)]
[INFO] [stdout]   | ^^^^^^^^^^^^^^^^^^^^^^^^^^^^
[INFO] [stdout] 
[INFO] [stdout] 
[INFO] [stdout] warning: unused import: `Internal`
[INFO] [stdout]   --> src/parser.rs:15:30
[INFO] [stdout]    |
[INFO] [stdout] 15 | use crate::util::internals::{Internal, to_internal};
[INFO] [stdout]    |                              ^^^^^^^^
[INFO] [stdout]    |
[INFO] [stdout]    = note: `#[warn(unused_imports)]` on by default
[INFO] [stdout] 
[INFO] [stdout] 
[INFO] [stdout] warning: unused import: `crate::util::token::TokenType::Function as TokenFunction`
[INFO] [stdout]   --> src/parser.rs:20:5
[INFO] [stdout]    |
[INFO] [stdout] 20 | use crate::util::token::TokenType::Function as TokenFunction;
[INFO] [stdout]    |     ^^^^^^^^^^^^^^^^^^^^^^^^^^^^^^^^^^^^^^^^^^^^^^^^^^^^^^^^
[INFO] [stdout] 
[INFO] [stdout] 
[INFO] [stdout] warning: unused import: `crate::vm::MAX_CALL_STACK_SIZE`
[INFO] [stdout]   --> src/parser.rs:23:5
[INFO] [stdout]    |
[INFO] [stdout] 23 | use crate::vm::MAX_CALL_STACK_SIZE;
[INFO] [stdout]    |     ^^^^^^^^^^^^^^^^^^^^^^^^^^^^^^
[INFO] [stdout] 
[INFO] [stdout] 
[INFO] [stdout] warning: unused import: `Operation`
[INFO] [stdout]  --> src/util/mod.rs:1:30
[INFO] [stdout]   |
[INFO] [stdout] 1 | use crate::util::operation::{Operation, OperationDataInfo};
[INFO] [stdout]   |                              ^^^^^^^^^
[INFO] [stdout] 
[INFO] [stdout] 
[INFO] [stdout] warning: unused import: `crate::util::position::Position`
[INFO] [stdout]  --> src/util/mod.rs:2:5
[INFO] [stdout]   |
[INFO] [stdout] 2 | use crate::util::position::Position;
[INFO] [stdout]   |     ^^^^^^^^^^^^^^^^^^^^^^^^^^^^^^^
[INFO] [stdout] 
[INFO] [stdout] 
[INFO] [stdout] warning: unused import: `compiler_error_str`
[INFO] [stdout]  --> src/util/token.rs:6:35
[INFO] [stdout]   |
[INFO] [stdout] 6 | use crate::util::{compiler_error, compiler_error_str, compiler_warning};
[INFO] [stdout]   |                                   ^^^^^^^^^^^^^^^^^^
[INFO] [stdout] 
[INFO] [stdout] 
[INFO] [stdout] warning: unused import: `compiler_error_str`
[INFO] [stdout]  --> src/util/operation.rs:7:13
[INFO] [stdout]   |
[INFO] [stdout] 7 | use crate::{compiler_error_str, Position, VM};
[INFO] [stdout]   |             ^^^^^^^^^^^^^^^^^^
[INFO] [stdout] 
[INFO] [stdout] 
[INFO] [stdout] warning: unused import: `crate::util::compiler_warning_str`
[INFO] [stdout]   --> src/util/operation.rs:10:5
[INFO] [stdout]    |
[INFO] [stdout] 10 | use crate::util::compiler_warning_str;
[INFO] [stdout]    |     ^^^^^^^^^^^^^^^^^^^^^^^^^^^^^^^^^
[INFO] [stdout] 
[INFO] [stdout] 
[INFO] [stdout] warning: unused import: `DescriptorAction`
[INFO] [stdout]   --> src/util/operation.rs:12:109
[INFO] [stdout]    |
[INFO] [stdout] 12 | use crate::util::operations::{CALLING_RUNTIME, CALLING_TYPECHECK, DESCRIPTOR_RUNTIME, DESCRIPTOR_TYPECHECK, DescriptorAction, INTERNAL_RU...
[INFO] [stdout]    |                                                                                                             ^^^^^^^^^^^^^^^^
[INFO] [stdout] 
[INFO] [stdout] 
[INFO] [stdout] warning: unused import: `crate::util::position::Position`
[INFO] [stdout]  --> src/util/internals.rs:8:5
[INFO] [stdout]   |
[INFO] [stdout] 8 | use crate::util::position::Position;
[INFO] [stdout]   |     ^^^^^^^^^^^^^^^^^^^^^^^^^^^^^^^
[INFO] [stdout] 
[INFO] [stdout] 
[INFO] [stdout] warning: unused imports: `ErrorTypes`, `TypeCheckError`, `Types`
[INFO] [stdout]   --> src/util/internals.rs:10:31
[INFO] [stdout]    |
[INFO] [stdout] 10 | use crate::util::type_check::{ErrorTypes, TypeCheckError, Types};
[INFO] [stdout]    |                               ^^^^^^^^^^  ^^^^^^^^^^^^^^  ^^^^^
[INFO] [stdout] 
[INFO] [stdout] 
[INFO] [stdout] warning: unused import: `Arc`
[INFO] [stdout]  --> src/util/register_type.rs:2:17
[INFO] [stdout]   |
[INFO] [stdout] 2 | use std::sync::{Arc, Mutex};
[INFO] [stdout]   |                 ^^^
[INFO] [stdout] 
[INFO] [stdout] 
[INFO] [stdout] warning: unused import: `crate::Position`
[INFO] [stdout]  --> src/util/register_type.rs:4:5
[INFO] [stdout]   |
[INFO] [stdout] 4 | use crate::Position;
[INFO] [stdout]   |     ^^^^^^^^^^^^^^^
[INFO] [stdout] 
[INFO] [stdout] 
[INFO] [stdout] warning: unused import: `write`
[INFO] [stdout]  --> src/util/type_check.rs:2:36
[INFO] [stdout]   |
[INFO] [stdout] 2 | use std::fmt::{Display, Formatter, write};
[INFO] [stdout]   |                                    ^^^^^
[INFO] [stdout] 
[INFO] [stdout] 
[INFO] [stdout] warning: unused import: `std::rc::Rc`
[INFO] [stdout]  --> src/util/type_check.rs:4:5
[INFO] [stdout]   |
[INFO] [stdout] 4 | use std::rc::Rc;
[INFO] [stdout]   |     ^^^^^^^^^^^
[INFO] [stdout] 
[INFO] [stdout] 
[INFO] [stdout] warning: unused import: `std::sync::Mutex`
[INFO] [stdout]  --> src/util/type_check.rs:5:5
[INFO] [stdout]   |
[INFO] [stdout] 5 | use std::sync::Mutex;
[INFO] [stdout]   |     ^^^^^^^^^^^^^^^^
[INFO] [stdout] 
[INFO] [stdout] 
[INFO] [stdout] warning: unused import: `compiler_error_str`
[INFO] [stdout]  --> src/util/type_check.rs:9:35
[INFO] [stdout]   |
[INFO] [stdout] 9 | use crate::util::{compiler_error, compiler_error_str};
[INFO] [stdout]   |                                   ^^^^^^^^^^^^^^^^^^
[INFO] [stdout] 
[INFO] [stdout] 
[INFO] [stdout] warning: unused import: `crate::util::operations::Descriptor as TDescriptor`
[INFO] [stdout]   --> src/util/type_check.rs:11:5
[INFO] [stdout]    |
[INFO] [stdout] 11 | use crate::util::operations::Descriptor as TDescriptor;
[INFO] [stdout]    |     ^^^^^^^^^^^^^^^^^^^^^^^^^^^^^^^^^^^^^^^^^^^^^^^^^^
[INFO] [stdout] 
[INFO] [stdout] 
[INFO] [stdout] warning: unnecessary parentheses around match arm expression
[INFO] [stdout]   --> src/util/type_check.rs:42:27
[INFO] [stdout]    |
[INFO] [stdout] 42 |             Types::Any => ("any".to_string()),
[INFO] [stdout]    |                           ^                 ^
[INFO] [stdout]    |
[INFO] [stdout]    = note: `#[warn(unused_parens)]` on by default
[INFO] [stdout] help: remove these parentheses
[INFO] [stdout]    |
[INFO] [stdout] 42 -             Types::Any => ("any".to_string()),
[INFO] [stdout] 42 +             Types::Any => "any".to_string(),
[INFO] [stdout]    |
[INFO] [stdout] 
[INFO] [stdout] 
[INFO] [stdout] warning: unnecessary parentheses around match arm expression
[INFO] [stdout]   --> src/util/type_check.rs:43:27
[INFO] [stdout]    |
[INFO] [stdout] 43 |             Types::Int => ("int".to_string()),
[INFO] [stdout]    |                           ^                 ^
[INFO] [stdout]    |
[INFO] [stdout] help: remove these parentheses
[INFO] [stdout]    |
[INFO] [stdout] 43 -             Types::Int => ("int".to_string()),
[INFO] [stdout] 43 +             Types::Int => "int".to_string(),
[INFO] [stdout]    |
[INFO] [stdout] 
[INFO] [stdout] 
[INFO] [stdout] warning: unnecessary parentheses around match arm expression
[INFO] [stdout]   --> src/util/type_check.rs:44:30
[INFO] [stdout]    |
[INFO] [stdout] 44 |             Types::String => ("str".to_string()),
[INFO] [stdout]    |                              ^                 ^
[INFO] [stdout]    |
[INFO] [stdout] help: remove these parentheses
[INFO] [stdout]    |
[INFO] [stdout] 44 -             Types::String => ("str".to_string()),
[INFO] [stdout] 44 +             Types::String => "str".to_string(),
[INFO] [stdout]    |
[INFO] [stdout] 
[INFO] [stdout] 
[INFO] [stdout] warning: unnecessary parentheses around match arm expression
[INFO] [stdout]   --> src/util/type_check.rs:45:28
[INFO] [stdout]    |
[INFO] [stdout] 45 |             Types::Bool => ("bool".to_string()),
[INFO] [stdout]    |                            ^                  ^
[INFO] [stdout]    |
[INFO] [stdout] help: remove these parentheses
[INFO] [stdout]    |
[INFO] [stdout] 45 -             Types::Bool => ("bool".to_string()),
[INFO] [stdout] 45 +             Types::Bool => "bool".to_string(),
[INFO] [stdout]    |
[INFO] [stdout] 
[INFO] [stdout] 
[INFO] [stdout] warning: unnecessary parentheses around match arm expression
[INFO] [stdout]   --> src/util/type_check.rs:46:31
[INFO] [stdout]    |
[INFO] [stdout] 46 |             Types::Pointer => ("ptr".to_string()),
[INFO] [stdout]    |                               ^                 ^
[INFO] [stdout]    |
[INFO] [stdout] help: remove these parentheses
[INFO] [stdout]    |
[INFO] [stdout] 46 -             Types::Pointer => ("ptr".to_string()),
[INFO] [stdout] 46 +             Types::Pointer => "ptr".to_string(),
[INFO] [stdout]    |
[INFO] [stdout] 
[INFO] [stdout] 
[INFO] [stdout] warning: unnecessary parentheses around match arm expression
[INFO] [stdout]   --> src/util/type_check.rs:47:32
[INFO] [stdout]    |
[INFO] [stdout] 47 |             Types::Function => ("fn".to_string()),
[INFO] [stdout]    |                                ^                ^
[INFO] [stdout]    |
[INFO] [stdout] help: remove these parentheses
[INFO] [stdout]    |
[INFO] [stdout] 47 -             Types::Function => ("fn".to_string()),
[INFO] [stdout] 47 +             Types::Function => "fn".to_string(),
[INFO] [stdout]    |
[INFO] [stdout] 
[INFO] [stdout] 
[INFO] [stdout] warning: unused import: `descriptors::execute_fn as descriptors_runtime`
[INFO] [stdout]  --> src/util/operations/mod.rs:7:5
[INFO] [stdout]   |
[INFO] [stdout] 7 | use descriptors::execute_fn as descriptors_runtime;
[INFO] [stdout]   |     ^^^^^^^^^^^^^^^^^^^^^^^^^^^^^^^^^^^^^^^^^^^^^^
[INFO] [stdout] 
[INFO] [stdout] 
[INFO] [stdout] warning: unused import: `descriptors::type_check_fn as descriptors_typecheck`
[INFO] [stdout]  --> src/util/operations/mod.rs:8:5
[INFO] [stdout]   |
[INFO] [stdout] 8 | use descriptors::type_check_fn as descriptors_typecheck;
[INFO] [stdout]   |     ^^^^^^^^^^^^^^^^^^^^^^^^^^^^^^^^^^^^^^^^^^^^^^^^^^^
[INFO] [stdout] 
[INFO] [stdout] 
[INFO] [stdout] warning: unused import: `std::collections::HashMap`
[INFO] [stdout]    --> src/util/operations/internals.rs:226:9
[INFO] [stdout]     |
[INFO] [stdout] 226 |     use std::collections::HashMap;
[INFO] [stdout]     |         ^^^^^^^^^^^^^^^^^^^^^^^^^
[INFO] [stdout] 
[INFO] [stdout] 
[INFO] [stdout] warning: unused import: `Arc`
[INFO] [stdout]  --> src/util/operations/descriptors/mod.rs:6:17
[INFO] [stdout]   |
[INFO] [stdout] 6 | use std::sync::{Arc, Mutex};
[INFO] [stdout]   |                 ^^^
[INFO] [stdout] 
[INFO] [stdout] 
[INFO] [stdout] warning: unused imports: `Position`, `compiler_error_str`
[INFO] [stdout]  --> src/util/operations/descriptors/mod.rs:8:29
[INFO] [stdout]   |
[INFO] [stdout] 8 | use crate::{compiler_error, compiler_error_str, Position, VM};
[INFO] [stdout]   |                             ^^^^^^^^^^^^^^^^^^  ^^^^^^^^
[INFO] [stdout] 
[INFO] [stdout] 
[INFO] [stdout] warning: unused import: `runtime_error_str`
[INFO] [stdout]   --> src/util/operations/descriptors/mod.rs:10:34
[INFO] [stdout]    |
[INFO] [stdout] 10 | use crate::util::{runtime_error, runtime_error_str, runtime_warning_str};
[INFO] [stdout]    |                                  ^^^^^^^^^^^^^^^^^
[INFO] [stdout] 
[INFO] [stdout] 
[INFO] [stdout] warning: unused imports: `BufRead`, `BufWriter`
[INFO] [stdout]  --> src/util/operations/descriptors/file.rs:3:15
[INFO] [stdout]   |
[INFO] [stdout] 3 | use std::io::{BufRead, BufReader, BufWriter, Read, Write};
[INFO] [stdout]   |               ^^^^^^^             ^^^^^^^^^
[INFO] [stdout] 
[INFO] [stdout] 
[INFO] [stdout] warning: unused import: `std::path::Path`
[INFO] [stdout]  --> src/util/operations/descriptors/file.rs:4:5
[INFO] [stdout]   |
[INFO] [stdout] 4 | use std::path::Path;
[INFO] [stdout]   |     ^^^^^^^^^^^^^^^
[INFO] [stdout] 
[INFO] [stdout] 
[INFO] [stdout] warning: unused import: `crate::Position`
[INFO] [stdout]  --> src/util/operations/descriptors/file.rs:6:5
[INFO] [stdout]   |
[INFO] [stdout] 6 | use crate::Position;
[INFO] [stdout]   |     ^^^^^^^^^^^^^^^
[INFO] [stdout] 
[INFO] [stdout] 
[INFO] [stdout] warning: unused import: `VM`
[INFO] [stdout]  --> src/util/compile.rs:5:32
[INFO] [stdout]   |
[INFO] [stdout] 5 | use crate::{OperationDataInfo, VM};
[INFO] [stdout]   |                                ^^
[INFO] [stdout] 
[INFO] [stdout] 
[INFO] [stdout] warning: unused import: `crate::args::Compile`
[INFO] [stdout]  --> src/util/compile.rs:6:5
[INFO] [stdout]   |
[INFO] [stdout] 6 | use crate::args::Compile;
[INFO] [stdout]   |     ^^^^^^^^^^^^^^^^^^^^
[INFO] [stdout] 
[INFO] [stdout] 
[INFO] [stdout] warning: unused import: `Function`
[INFO] [stdout]  --> src/util/compile.rs:7:21
[INFO] [stdout]   |
[INFO] [stdout] 7 | use crate::parser::{Function, FunctionData};
[INFO] [stdout]   |                     ^^^^^^^^
[INFO] [stdout] 
[INFO] [stdout] 
[INFO] [stdout] warning: unused import: `Operation`
[INFO] [stdout]  --> src/util/compile.rs:8:30
[INFO] [stdout]   |
[INFO] [stdout] 8 | use crate::util::operation::{Operation, OperationData};
[INFO] [stdout]   |                              ^^^^^^^^^
[INFO] [stdout] 
[INFO] [stdout] 
[INFO] [stdout] warning: unused imports: `compiler_error_str`, `runtime_warning_str`, `runtime_warning`
[INFO] [stdout]  --> src/vm.rs:6:19
[INFO] [stdout]   |
[INFO] [stdout] 6 | use crate::util::{compiler_error_str, runtime_error, runtime_error_str, runtime_warning, runtime_warning_str};
[INFO] [stdout]   |                   ^^^^^^^^^^^^^^^^^^                                    ^^^^^^^^^^^^^^^  ^^^^^^^^^^^^^^^^^^^
[INFO] [stdout] 
[INFO] [stdout] 
[INFO] [stdout] warning: unused import: `OperationType`
[INFO] [stdout]  --> src/vm.rs:7:75
[INFO] [stdout]   |
[INFO] [stdout] 7 | use crate::util::operation::{Operation, OperationData, OperationDataInfo, OperationType};
[INFO] [stdout]   |                                                                           ^^^^^^^^^^^^^
[INFO] [stdout] 
[INFO] [stdout] 
[INFO] [stdout] warning: unused import: `crate::util::position::Position`
[INFO] [stdout]  --> src/vm.rs:8:5
[INFO] [stdout]   |
[INFO] [stdout] 8 | use crate::util::position::Position;
[INFO] [stdout]   |     ^^^^^^^^^^^^^^^^^^^^^^^^^^^^^^^
[INFO] [stdout] 
[INFO] [stdout] 
[INFO] [stdout] warning: unused import: `ErrorTypes`
[INFO] [stdout]   --> src/vm.rs:10:31
[INFO] [stdout]    |
[INFO] [stdout] 10 | use crate::util::type_check::{ErrorTypes, Types};
[INFO] [stdout]    |                               ^^^^^^^^^^
[INFO] [stdout] 
[INFO] [stdout] 
[INFO] [stdout] warning: unused import: `Position`
[INFO] [stdout]  --> src/opt/mod.rs:1:29
[INFO] [stdout]   |
[INFO] [stdout] 1 | use crate::{compiler_error, Position};
[INFO] [stdout]   |                             ^^^^^^^^
[INFO] [stdout] 
[INFO] [stdout] 
[INFO] [stdout] error[E0658]: use of unstable library feature 'fs_try_exists'
[INFO] [stdout]    --> src/main.rs:251:16
[INFO] [stdout]     |
[INFO] [stdout] 251 |             if fs::try_exists(&pkg_root).unwrap() {
[INFO] [stdout]     |                ^^^^^^^^^^^^^^
[INFO] [stdout]     |
[INFO] [stdout]     = note: see issue #83186 <https://github.com/rust-lang/rust/issues/83186> for more information
[INFO] [stdout] 
[INFO] [stdout] 
[INFO] [stdout] error[E0554]: `#![feature]` may not be used on the stable release channel
[INFO] [stdout]  --> src/main.rs:1:12
[INFO] [stdout]   |
[INFO] [stdout] 1 | #![feature(panic_info_message)]
[INFO] [stdout]   |            ^^^^^^^^^^^^^^^^^^
[INFO] [stdout] 
[INFO] [stdout] 
[INFO] [stdout] error[E0554]: `#![feature]` may not be used on the stable release channel
[INFO] [stdout]  --> src/main.rs:2:12
[INFO] [stdout]   |
[INFO] [stdout] 2 | #![feature(trusted_random_access)]
[INFO] [stdout]   |            ^^^^^^^^^^^^^^^^^^^^^
[INFO] [stdout] 
[INFO] [stdout] 
[INFO] [stdout] error[E0554]: `#![feature]` may not be used on the stable release channel
[INFO] [stdout]  --> src/main.rs:3:12
[INFO] [stdout]   |
[INFO] [stdout] 3 | #![feature(once_cell)]
[INFO] [stdout]   |            ^^^^^^^^^
[INFO] [stdout] 
[INFO] [stdout] 
[INFO] [stdout] error[E0554]: `#![feature]` may not be used on the stable release channel
[INFO] [stdout]  --> src/main.rs:4:12
[INFO] [stdout]   |
[INFO] [stdout] 4 | #![feature(fn_traits)]
[INFO] [stdout]   |            ^^^^^^^^^
[INFO] [stdout] 
[INFO] [stdout] 
[INFO] [stdout] error[E0554]: `#![feature]` may not be used on the stable release channel
[INFO] [stdout]  --> src/main.rs:6:12
[INFO] [stdout]   |
[INFO] [stdout] 6 | #![feature(path_try_exists)]
[INFO] [stdout]   |            ^^^^^^^^^^^^^^^
[INFO] [stdout] 
[INFO] [stdout] 
[INFO] [stdout] warning: the feature `path_try_exists` has been stable since 1.63.0 and no longer requires an attribute to enable
[INFO] [stdout]  --> src/main.rs:6:12
[INFO] [stdout]   |
[INFO] [stdout] 6 | #![feature(path_try_exists)]
[INFO] [stdout]   |            ^^^^^^^^^^^^^^^
[INFO] [stdout]   |
[INFO] [stdout]   = note: `#[warn(stable_features)]` on by default
[INFO] [stdout] 
[INFO] [stdout] 
[INFO] [stdout] error[E0599]: no method named `parse` found for struct `Arg` in the current scope
[INFO] [stdout]   --> src/args.rs:62:25
[INFO] [stdout]    |
[INFO] [stdout] 49 | #[derive(CArgs, Debug, Clone)]
[INFO] [stdout]    |          ----- help: use associated function syntax instead: `Arg::parse(from_occurrences)`
[INFO] [stdout] ...
[INFO] [stdout] 62 |     #[clap(short, long, parse(from_occurrences))]
[INFO] [stdout]    |                         ^^^^^ this is an associated function, not a method
[INFO] [stdout]    |
[INFO] [stdout]    = note: found the following associated functions; to be used as methods, functions must have a `self` parameter
[INFO] [stdout] note: the candidate is defined in the trait `Parser`
[INFO] [stdout]   --> /opt/rustwide/cargo-home/registry/src/github.com-1ecc6299db9ec823/clap_builder-4.2.5/src/derive.rs:26:5
[INFO] [stdout]    |
[INFO] [stdout] 26 |     fn parse() -> Self {
[INFO] [stdout]    |     ^^^^^^^^^^^^^^^^^^
[INFO] [stdout] 
[INFO] [stdout] 
[INFO] [stdout] warning: unreachable expression
[INFO] [stdout]    --> src/parser.rs:188:45
[INFO] [stdout]     |
[INFO] [stdout] 187 | ...                   compiler_error(format!("No string passed to include. Found: {:?}", path.1.value()), &op_data_info);
[INFO] [stdout]     |                       -------------------------------------------------------------------------------------------------- any code following this expression is unreachable
[INFO] [stdout] 188 | ...                   unreachable!()
[INFO] [stdout]     |                       ^^^^^^^^^^^^^^ unreachable expression
[INFO] [stdout]     |
[INFO] [stdout]     = note: `#[warn(unreachable_code)]` on by default
[INFO] [stdout]     = note: this warning originates in the macro `$crate::panic::unreachable_2021` which comes from the expansion of the macro `unreachable` (in Nightly builds, run with -Z macro-backtrace for more info)
[INFO] [stdout] 
[INFO] [stdout] 
[INFO] [stdout] warning: unreachable expression
[INFO] [stdout]    --> src/parser.rs:226:37
[INFO] [stdout]     |
[INFO] [stdout] 225 | ...                   compiler_error_str("Invalid ressource operation.", &op_data_info);
[INFO] [stdout]     |                       ----------------------------------------------------------------- any code following this expression is unreachable
[INFO] [stdout] 226 | ...                   unreachable!()
[INFO] [stdout]     |                       ^^^^^^^^^^^^^^ unreachable expression
[INFO] [stdout]     |
[INFO] [stdout]     = note: this warning originates in the macro `$crate::panic::unreachable_2021` which comes from the expansion of the macro `unreachable` (in Nightly builds, run with -Z macro-backtrace for more info)
[INFO] [stdout] 
[INFO] [stdout] 
[INFO] [stdout] warning: unreachable expression
[INFO] [stdout]    --> src/parser.rs:239:37
[INFO] [stdout]     |
[INFO] [stdout] 238 | ...                   compiler_error_str("Invalid ressource operation.", &op_data_info);
[INFO] [stdout]     |                       ----------------------------------------------------------------- any code following this expression is unreachable
[INFO] [stdout] 239 | ...                   unreachable!()
[INFO] [stdout]     |                       ^^^^^^^^^^^^^^ unreachable expression
[INFO] [stdout]     |
[INFO] [stdout]     = note: this warning originates in the macro `$crate::panic::unreachable_2021` which comes from the expansion of the macro `unreachable` (in Nightly builds, run with -Z macro-backtrace for more info)
[INFO] [stdout] 
[INFO] [stdout] 
[INFO] [stdout] warning: unreachable expression
[INFO] [stdout]    --> src/parser.rs:328:29
[INFO] [stdout]     |
[INFO] [stdout] 327 | ...                   compiler_error_str("Functions are only allowed on the top level", &op_data_info);
[INFO] [stdout]     |                       -------------------------------------------------------------------------------- any code following this expression is unreachable
[INFO] [stdout] 328 | ...                   unreachable!()
[INFO] [stdout]     |                       ^^^^^^^^^^^^^^ unreachable expression
[INFO] [stdout]     |
[INFO] [stdout]     = note: this warning originates in the macro `$crate::panic::unreachable_2021` which comes from the expansion of the macro `unreachable` (in Nightly builds, run with -Z macro-backtrace for more info)
[INFO] [stdout] 
[INFO] [stdout] 
[INFO] [stdout] warning: unreachable statement
[INFO] [stdout]    --> src/parser.rs:339:33
[INFO] [stdout]     |
[INFO] [stdout] 338 | ...                   compiler_error_str("Internal parser error occurred", &op_data_info);
[INFO] [stdout]     |                       ------------------------------------------------------------------- any code following this expression is unreachable
[INFO] [stdout] 339 | ...                   unreachable!();
[INFO] [stdout]     |                       ^^^^^^^^^^^^^^ unreachable statement
[INFO] [stdout]     |
[INFO] [stdout]     = note: this warning originates in the macro `unreachable` (in Nightly builds, run with -Z macro-backtrace for more info)
[INFO] [stdout] 
[INFO] [stdout] 
[INFO] [stdout] warning: unreachable statement
[INFO] [stdout]    --> src/util/internals.rs:124:17
[INFO] [stdout]     |
[INFO] [stdout] 123 |                 compiler_error(format!("The system lib: {} was not found", include), pos);
[INFO] [stdout]     |                 ------------------------------------------------------------------------- any code following this expression is unreachable
[INFO] [stdout] 124 |                 unreachable!();
[INFO] [stdout]     |                 ^^^^^^^^^^^^^^ unreachable statement
[INFO] [stdout]     |
[INFO] [stdout]     = note: this warning originates in the macro `unreachable` (in Nightly builds, run with -Z macro-backtrace for more info)
[INFO] [stdout] 
[INFO] [stdout] 
[INFO] [stdout] warning: unreachable expression
[INFO] [stdout]    --> src/util/internals.rs:133:13
[INFO] [stdout]     |
[INFO] [stdout] 132 |             compiler_error(format!("The internal call {} does not exist or is not included", str), pos);
[INFO] [stdout]     |             ------------------------------------------------------------------------------------------- any code following this expression is unreachable
[INFO] [stdout] 133 |             unreachable!()
[INFO] [stdout]     |             ^^^^^^^^^^^^^^ unreachable expression
[INFO] [stdout]     |
[INFO] [stdout]     = note: this warning originates in the macro `$crate::panic::unreachable_2021` which comes from the expansion of the macro `unreachable` (in Nightly builds, run with -Z macro-backtrace for more info)
[INFO] [stdout] 
[INFO] [stdout] 
[INFO] [stdout] warning: unreachable expression
[INFO] [stdout]    --> src/util/internals.rs:137:9
[INFO] [stdout]     |
[INFO] [stdout] 136 |         compiler_error_str("Internal parser error occurred", pos);
[INFO] [stdout]     |         --------------------------------------------------------- any code following this expression is unreachable
[INFO] [stdout] 137 |         unreachable!()
[INFO] [stdout]     |         ^^^^^^^^^^^^^^ unreachable expression
[INFO] [stdout]     |
[INFO] [stdout]     = note: this warning originates in the macro `$crate::panic::unreachable_2021` which comes from the expansion of the macro `unreachable` (in Nightly builds, run with -Z macro-backtrace for more info)
[INFO] [stdout] 
[INFO] [stdout] 
[INFO] [stdout] warning: unreachable expression
[INFO] [stdout]    --> src/util/type_check.rs:207:13
[INFO] [stdout]     |
[INFO] [stdout] 206 |             compiler_error(format!("Invalid type: {}", token.1), &OperationDataInfo::Position(token.clone().0));
[INFO] [stdout]     |             --------------------------------------------------------------------------------------------------- any code following this expression is unreachable
[INFO] [stdout] 207 |             unreachable!()
[INFO] [stdout]     |             ^^^^^^^^^^^^^^ unreachable expression
[INFO] [stdout]     |
[INFO] [stdout]     = note: this warning originates in the macro `$crate::panic::unreachable_2021` which comes from the expansion of the macro `unreachable` (in Nightly builds, run with -Z macro-backtrace for more info)
[INFO] [stdout] 
[INFO] [stdout] 
[INFO] [stdout] warning: unreachable expression
[INFO] [stdout]    --> src/util/operations/internals.rs:400:21
[INFO] [stdout]     |
[INFO] [stdout] 399 |                     runtime_error_str("Comparison of invalid types", info);
[INFO] [stdout]     |                     ------------------------------------------------------ any code following this expression is unreachable
[INFO] [stdout] 400 |                     unreachable!()
[INFO] [stdout]     |                     ^^^^^^^^^^^^^^ unreachable expression
[INFO] [stdout]     |
[INFO] [stdout]     = note: this warning originates in the macro `$crate::panic::unreachable_2021` which comes from the expansion of the macro `unreachable` (in Nightly builds, run with -Z macro-backtrace for more info)
[INFO] [stdout] 
[INFO] [stdout] 
[INFO] [stdout] warning: unreachable statement
[INFO] [stdout]    --> src/util/operations/internals.rs:422:25
[INFO] [stdout]     |
[INFO] [stdout] 421 |                         runtime_error_str("Comparison of invalid types", info);
[INFO] [stdout]     |                         ------------------------------------------------------ any code following this expression is unreachable
[INFO] [stdout] 422 |                         unreachable!();
[INFO] [stdout]     |                         ^^^^^^^^^^^^^^ unreachable statement
[INFO] [stdout]     |
[INFO] [stdout]     = note: this warning originates in the macro `unreachable` (in Nightly builds, run with -Z macro-backtrace for more info)
[INFO] [stdout] 
[INFO] [stdout] 
[INFO] [stdout] warning: unreachable statement
[INFO] [stdout]    --> src/util/operations/internals.rs:426:21
[INFO] [stdout]     |
[INFO] [stdout] 425 |                     runtime_error_str("Comparison of invalid types", info);
[INFO] [stdout]     |                     ------------------------------------------------------ any code following this expression is unreachable
[INFO] [stdout] 426 |                     unreachable!();
[INFO] [stdout]     |                     ^^^^^^^^^^^^^^ unreachable statement
[INFO] [stdout]     |
[INFO] [stdout]     = note: this warning originates in the macro `unreachable` (in Nightly builds, run with -Z macro-backtrace for more info)
[INFO] [stdout] 
[INFO] [stdout] 
[INFO] [stdout] warning: unreachable statement
[INFO] [stdout]    --> src/util/operations/internals.rs:445:33
[INFO] [stdout]     |
[INFO] [stdout] 444 | ...                   runtime_error_str("Cannot remove string from empty function name", info);
[INFO] [stdout]     |                       ------------------------------------------------------------------------ any code following this expression is unreachable
[INFO] [stdout] 445 | ...                   unreachable!();
[INFO] [stdout]     |                       ^^^^^^^^^^^^^^ unreachable statement
[INFO] [stdout]     |
[INFO] [stdout]     = note: this warning originates in the macro `unreachable` (in Nightly builds, run with -Z macro-backtrace for more info)
[INFO] [stdout] 
[INFO] [stdout] 
[INFO] [stdout] warning: unreachable statement
[INFO] [stdout]    --> src/util/operations/internals.rs:449:33
[INFO] [stdout]     |
[INFO] [stdout] 448 | ...                   runtime_error_str("Tried to remove too much from function name", info);
[INFO] [stdout]     |                       ---------------------------------------------------------------------- any code following this expression is unreachable
[INFO] [stdout] 449 | ...                   unreachable!();
[INFO] [stdout]     |                       ^^^^^^^^^^^^^^ unreachable statement
[INFO] [stdout]     |
[INFO] [stdout]     = note: this warning originates in the macro `unreachable` (in Nightly builds, run with -Z macro-backtrace for more info)
[INFO] [stdout] 
[INFO] [stdout] 
[INFO] [stdout] warning: unreachable statement
[INFO] [stdout]    --> src/util/operations/internals.rs:460:37
[INFO] [stdout]     |
[INFO] [stdout] 459 | ...                   runtime_error_str("Tried to remove too much from function name", info);
[INFO] [stdout]     |                       ---------------------------------------------------------------------- any code following this expression is unreachable
[INFO] [stdout] 460 | ...                   unreachable!();
[INFO] [stdout]     |                       ^^^^^^^^^^^^^^ unreachable statement
[INFO] [stdout]     |
[INFO] [stdout]     = note: this warning originates in the macro `unreachable` (in Nightly builds, run with -Z macro-backtrace for more info)
[INFO] [stdout] 
[INFO] [stdout] 
[INFO] [stdout] warning: unreachable statement
[INFO] [stdout]    --> src/util/operations/internals.rs:468:29
[INFO] [stdout]     |
[INFO] [stdout] 467 | ...                   runtime_error_str("Comparison of invalid types", info);
[INFO] [stdout]     |                       ------------------------------------------------------ any code following this expression is unreachable
[INFO] [stdout] 468 | ...                   unreachable!();
[INFO] [stdout]     |                       ^^^^^^^^^^^^^^ unreachable statement
[INFO] [stdout]     |
[INFO] [stdout]     = note: this warning originates in the macro `unreachable` (in Nightly builds, run with -Z macro-backtrace for more info)
[INFO] [stdout] 
[INFO] [stdout] 
[INFO] [stdout] warning: unreachable statement
[INFO] [stdout]    --> src/util/operations/internals.rs:485:33
[INFO] [stdout]     |
[INFO] [stdout] 484 | ...                   runtime_error_str("Can not push non string to function", info);
[INFO] [stdout]     |                       -------------------------------------------------------------- any code following this expression is unreachable
[INFO] [stdout] 485 | ...                   unreachable!();
[INFO] [stdout]     |                       ^^^^^^^^^^^^^^ unreachable statement
[INFO] [stdout]     |
[INFO] [stdout]     = note: this warning originates in the macro `unreachable` (in Nightly builds, run with -Z macro-backtrace for more info)
[INFO] [stdout] 
[INFO] [stdout] 
[INFO] [stdout] warning: unreachable expression
[INFO] [stdout]   --> src/util/operations/descriptors/mod.rs:59:9
[INFO] [stdout]    |
[INFO] [stdout] 58 |         error_fn(format!("The descriptor {} is not registered", str), info);
[INFO] [stdout]    |         ------------------------------------------------------------------- any code following this expression is unreachable
[INFO] [stdout] 59 |         unreachable!()
[INFO] [stdout]    |         ^^^^^^^^^^^^^^ unreachable expression
[INFO] [stdout]    |
[INFO] [stdout]    = note: this warning originates in the macro `$crate::panic::unreachable_2021` which comes from the expansion of the macro `unreachable` (in Nightly builds, run with -Z macro-backtrace for more info)
[INFO] [stdout] 
[INFO] [stdout] 
[INFO] [stdout] warning: unreachable expression
[INFO] [stdout]   --> src/util/operations/descriptors/mod.rs:69:9
[INFO] [stdout]    |
[INFO] [stdout] 68 |         error_fn(format!("The action {} is not registered", str), info);
[INFO] [stdout]    |         --------------------------------------------------------------- any code following this expression is unreachable
[INFO] [stdout] 69 |         unreachable!()
[INFO] [stdout]    |         ^^^^^^^^^^^^^^ unreachable expression
[INFO] [stdout]    |
[INFO] [stdout]    = note: this warning originates in the macro `$crate::panic::unreachable_2021` which comes from the expansion of the macro `unreachable` (in Nightly builds, run with -Z macro-backtrace for more info)
[INFO] [stdout] 
[INFO] [stdout] 
[INFO] [stdout] warning: unreachable expression
[INFO] [stdout]  --> src/opt/mod.rs:9:9
[INFO] [stdout]   |
[INFO] [stdout] 8 |         compiler_error(format!("Invalid include path: {}", str), &empty);
[INFO] [stdout]   |         ---------------------------------------------------------------- any code following this expression is unreachable
[INFO] [stdout] 9 |         unreachable!()
[INFO] [stdout]   |         ^^^^^^^^^^^^^^ unreachable expression
[INFO] [stdout]   |
[INFO] [stdout]   = note: this warning originates in the macro `$crate::panic::unreachable_2021` which comes from the expansion of the macro `unreachable` (in Nightly builds, run with -Z macro-backtrace for more info)
[INFO] [stdout] 
[INFO] [stdout] 
[INFO] [stdout] warning: unreachable expression
[INFO] [stdout]   --> src/opt/mod.rs:21:13
[INFO] [stdout]    |
[INFO] [stdout] 20 |             compiler_error(format!("Invalid optional include path: {}", str), &empty);
[INFO] [stdout]    |             ------------------------------------------------------------------------- any code following this expression is unreachable
[INFO] [stdout] 21 |             unreachable!()
[INFO] [stdout]    |             ^^^^^^^^^^^^^^ unreachable expression
[INFO] [stdout]    |
[INFO] [stdout]    = note: this warning originates in the macro `$crate::panic::unreachable_2021` which comes from the expansion of the macro `unreachable` (in Nightly builds, run with -Z macro-backtrace for more info)
[INFO] [stdout] 
[INFO] [stdout] 
[INFO] [stdout] error: aborting due to 20 previous errors; 64 warnings emitted
[INFO] [stdout] 
[INFO] [stdout] 
[INFO] [stdout] Some errors have detailed explanations: E0425, E0432, E0554, E0599, E0658.
[INFO] [stdout] 
[INFO] [stdout] For more information about an error, try `rustc --explain E0425`.
[INFO] [stdout] 
[INFO] [stderr] error: could not compile `stackyy` due to 21 previous errors; 64 warnings emitted
[INFO] running `Command { std: "docker" "inspect" "89ab0a46e5f70c3bfdac0d23fe36c0a1ca173fb1db5c5c0e36292b95c652607b", kill_on_drop: false }`
[INFO] running `Command { std: "docker" "rm" "-f" "89ab0a46e5f70c3bfdac0d23fe36c0a1ca173fb1db5c5c0e36292b95c652607b", kill_on_drop: false }`
[INFO] [stdout] 89ab0a46e5f70c3bfdac0d23fe36c0a1ca173fb1db5c5c0e36292b95c652607b
