[INFO] cloning repository https://github.com/Fifthrow/rust-kdb
[INFO] running `Command { std: "git" "-c" "credential.helper=" "-c" "credential.helper=/workspace/cargo-home/bin/git-credential-null" "clone" "--bare" "https://github.com/Fifthrow/rust-kdb" "/workspace/cache/git-repos/https%3A%2F%2Fgithub.com%2FFifthrow%2Frust-kdb", kill_on_drop: false }`
[INFO] [stderr] Cloning into bare repository '/workspace/cache/git-repos/https%3A%2F%2Fgithub.com%2FFifthrow%2Frust-kdb'...
[INFO] running `Command { std: "git" "rev-parse" "HEAD", kill_on_drop: false }`
[INFO] [stdout] 06ac2418a98fa1ad157156fef81c7e124d049d2d
[INFO] testing Fifthrow/rust-kdb against beta-2023-04-20 for beta-1.70-1
[INFO] running `Command { std: "git" "clone" "/workspace/cache/git-repos/https%3A%2F%2Fgithub.com%2FFifthrow%2Frust-kdb" "/workspace/builds/worker-5-tc2/source", kill_on_drop: false }`
[INFO] [stderr] Cloning into '/workspace/builds/worker-5-tc2/source'...
[INFO] [stderr] done.
[INFO] validating manifest of git repo https://github.com/Fifthrow/rust-kdb on toolchain beta-2023-04-20
[INFO] running `Command { std: CARGO_HOME="/workspace/cargo-home" RUSTUP_HOME="/workspace/rustup-home" "/workspace/cargo-home/bin/cargo" "+beta-2023-04-20" "metadata" "--manifest-path" "Cargo.toml" "--no-deps", kill_on_drop: false }`
[INFO] started tweaking git repo https://github.com/Fifthrow/rust-kdb
[INFO] finished tweaking git repo https://github.com/Fifthrow/rust-kdb
[INFO] tweaked toml for git repo https://github.com/Fifthrow/rust-kdb written to /workspace/builds/worker-5-tc2/source/Cargo.toml
[INFO] crate git repo https://github.com/Fifthrow/rust-kdb already has a lockfile, it will not be regenerated
[INFO] running `Command { std: CARGO_HOME="/workspace/cargo-home" RUSTUP_HOME="/workspace/rustup-home" "/workspace/cargo-home/bin/cargo" "+beta-2023-04-20" "fetch" "--manifest-path" "Cargo.toml", kill_on_drop: false }`
[INFO] [stderr]     Updating crates.io index
[INFO] [stderr]  Downloading crates ...
[INFO] [stderr]   Downloaded array_iterator v1.3.0
[INFO] running `Command { std: "docker" "create" "-v" "/var/lib/crater-agent-workspace/builds/worker-5-tc2/target:/opt/rustwide/target:rw,Z" "-v" "/var/lib/crater-agent-workspace/builds/worker-5-tc2/source:/opt/rustwide/workdir:ro,Z" "-v" "/var/lib/crater-agent-workspace/cargo-home:/opt/rustwide/cargo-home:ro,Z" "-v" "/var/lib/crater-agent-workspace/rustup-home:/opt/rustwide/rustup-home:ro,Z" "-e" "SOURCE_DIR=/opt/rustwide/workdir" "-e" "CARGO_TARGET_DIR=/opt/rustwide/target" "-e" "CARGO_HOME=/opt/rustwide/cargo-home" "-e" "RUSTUP_HOME=/opt/rustwide/rustup-home" "-w" "/opt/rustwide/workdir" "-m" "1610612736" "--user" "0:0" "--network" "none" "ghcr.io/rust-lang/crates-build-env/linux@sha256:5ff2268d62e97bff2cde7d5815dd6ed5b47097566f13b8d0ca110b04b60e07ed" "/opt/rustwide/cargo-home/bin/cargo" "+beta-2023-04-20" "metadata" "--no-deps" "--format-version=1", kill_on_drop: false }`
[INFO] [stdout] ac662ae2a6db79410ad6691d1764f0ad7dc4a959a99f28b500fca4452d60862d
[INFO] running `Command { std: "docker" "start" "-a" "ac662ae2a6db79410ad6691d1764f0ad7dc4a959a99f28b500fca4452d60862d", kill_on_drop: false }`
[INFO] running `Command { std: "docker" "inspect" "ac662ae2a6db79410ad6691d1764f0ad7dc4a959a99f28b500fca4452d60862d", kill_on_drop: false }`
[INFO] running `Command { std: "docker" "rm" "-f" "ac662ae2a6db79410ad6691d1764f0ad7dc4a959a99f28b500fca4452d60862d", kill_on_drop: false }`
[INFO] [stdout] ac662ae2a6db79410ad6691d1764f0ad7dc4a959a99f28b500fca4452d60862d
[INFO] running `Command { std: "docker" "create" "-v" "/var/lib/crater-agent-workspace/builds/worker-5-tc2/target:/opt/rustwide/target:rw,Z" "-v" "/var/lib/crater-agent-workspace/builds/worker-5-tc2/source:/opt/rustwide/workdir:ro,Z" "-v" "/var/lib/crater-agent-workspace/cargo-home:/opt/rustwide/cargo-home:ro,Z" "-v" "/var/lib/crater-agent-workspace/rustup-home:/opt/rustwide/rustup-home:ro,Z" "-e" "SOURCE_DIR=/opt/rustwide/workdir" "-e" "CARGO_TARGET_DIR=/opt/rustwide/target" "-e" "CARGO_INCREMENTAL=0" "-e" "RUST_BACKTRACE=full" "-e" "RUSTFLAGS=--cap-lints=warn" "-e" "RUSTDOCFLAGS=--cap-lints=warn" "-e" "CARGO_HOME=/opt/rustwide/cargo-home" "-e" "RUSTUP_HOME=/opt/rustwide/rustup-home" "-w" "/opt/rustwide/workdir" "-m" "1610612736" "--user" "0:0" "--network" "none" "ghcr.io/rust-lang/crates-build-env/linux@sha256:5ff2268d62e97bff2cde7d5815dd6ed5b47097566f13b8d0ca110b04b60e07ed" "/opt/rustwide/cargo-home/bin/cargo" "+beta-2023-04-20" "build" "--frozen" "--message-format=json", kill_on_drop: false }`
[INFO] [stdout] 6dd2618c632aa121eb8a3b456f6d9a65d3ab4c343fe19ab5dc95fc26cbe010c6
[INFO] running `Command { std: "docker" "start" "-a" "6dd2618c632aa121eb8a3b456f6d9a65d3ab4c343fe19ab5dc95fc26cbe010c6", kill_on_drop: false }`
[INFO] [stderr]    Compiling proc-macro2 v1.0.24
[INFO] [stderr]    Compiling unicode-xid v0.2.1
[INFO] [stderr]    Compiling syn v1.0.60
[INFO] [stderr]    Compiling kdb v0.3.0 (/opt/rustwide/workdir)
[INFO] [stderr]    Compiling array_iterator v1.3.0
[INFO] [stderr]    Compiling uuid v0.8.2
[INFO] [stderr]    Compiling quote v1.0.9
[INFO] [stderr]    Compiling thiserror-impl v1.0.23
[INFO] [stderr]    Compiling thiserror v1.0.23
[INFO] [stdout] warning: getting the inner pointer of a temporary `CString`
[INFO] [stdout]   --> src/connection.rs:28:79
[INFO] [stdout]    |
[INFO] [stdout] 28 |             let result = unsafe { kapi::k($conn, CString::new($func).unwrap().as_ptr() $(, $param.into_raw() as *const K)*, null()) };
[INFO] [stdout]    |                                                  ---------------------------- ^^^^^^ this pointer will be invalid
[INFO] [stdout]    |                                                  |
[INFO] [stdout]    |                                                  this `CString` is deallocated at the end of the statement, bind it to a variable to extend its lifetime
[INFO] [stdout] ...
[INFO] [stdout] 91 |         evaluate!(-self.0, callback, topic.into(), object.into()).map(|_| ())
[INFO] [stdout]    |         --------------------------------------------------------- in this macro invocation
[INFO] [stdout]    |
[INFO] [stdout]    = note: pointers do not have a lifetime; when calling `as_ptr` the `CString` will be deallocated at the end of the statement because nothing is referencing it as far as the type system is concerned
[INFO] [stdout]    = help: for more information, see https://doc.rust-lang.org/reference/destructors.html
[INFO] [stdout]    = note: `#[warn(temporary_cstring_as_ptr)]` on by default
[INFO] [stdout]    = note: this warning originates in the macro `evaluate` (in Nightly builds, run with -Z macro-backtrace for more info)
[INFO] [stdout] 
[INFO] [stdout] 
[INFO] [stdout] warning: getting the inner pointer of a temporary `CString`
[INFO] [stdout]   --> src/connection.rs:28:79
[INFO] [stdout]    |
[INFO] [stdout] 28 |             let result = unsafe { kapi::k($conn, CString::new($func).unwrap().as_ptr() $(, $param.into_raw() as *const K)*, null()) };
[INFO] [stdout]    |                                                  ---------------------------- ^^^^^^ this pointer will be invalid
[INFO] [stdout]    |                                                  |
[INFO] [stdout]    |                                                  this `CString` is deallocated at the end of the statement, bind it to a variable to extend its lifetime
[INFO] [stdout] ...
[INFO] [stdout] 96 |         evaluate!(self.0, query).map(from_raw)
[INFO] [stdout]    |         ------------------------ in this macro invocation
[INFO] [stdout]    |
[INFO] [stdout]    = note: pointers do not have a lifetime; when calling `as_ptr` the `CString` will be deallocated at the end of the statement because nothing is referencing it as far as the type system is concerned
[INFO] [stdout]    = help: for more information, see https://doc.rust-lang.org/reference/destructors.html
[INFO] [stdout]    = note: this warning originates in the macro `evaluate` (in Nightly builds, run with -Z macro-backtrace for more info)
[INFO] [stdout] 
[INFO] [stdout] 
[INFO] [stdout] warning: getting the inner pointer of a temporary `CString`
[INFO] [stdout]    --> src/connection.rs:28:79
[INFO] [stdout]     |
[INFO] [stdout] 28  |             let result = unsafe { kapi::k($conn, CString::new($func).unwrap().as_ptr() $(, $param.into_raw() as *const K)*, null()) };
[INFO] [stdout]     |                                                  ---------------------------- ^^^^^^ this pointer will be invalid
[INFO] [stdout]     |                                                  |
[INFO] [stdout]     |                                                  this `CString` is deallocated at the end of the statement, bind it to a variable to extend its lifetime
[INFO] [stdout] ...
[INFO] [stdout] 101 |         evaluate!(self.0, function, param.into()).map(from_raw)
[INFO] [stdout]     |         ----------------------------------------- in this macro invocation
[INFO] [stdout]     |
[INFO] [stdout]     = note: pointers do not have a lifetime; when calling `as_ptr` the `CString` will be deallocated at the end of the statement because nothing is referencing it as far as the type system is concerned
[INFO] [stdout]     = help: for more information, see https://doc.rust-lang.org/reference/destructors.html
[INFO] [stdout]     = note: this warning originates in the macro `evaluate` (in Nightly builds, run with -Z macro-backtrace for more info)
[INFO] [stdout] 
[INFO] [stdout] 
[INFO] [stdout] warning: getting the inner pointer of a temporary `CString`
[INFO] [stdout]    --> src/connection.rs:28:79
[INFO] [stdout]     |
[INFO] [stdout] 28  |             let result = unsafe { kapi::k($conn, CString::new($func).unwrap().as_ptr() $(, $param.into_raw() as *const K)*, null()) };
[INFO] [stdout]     |                                                  ---------------------------- ^^^^^^ this pointer will be invalid
[INFO] [stdout]     |                                                  |
[INFO] [stdout]     |                                                  this `CString` is deallocated at the end of the statement, bind it to a variable to extend its lifetime
[INFO] [stdout] ...
[INFO] [stdout] 111 |         evaluate!(self.0, function, param.into(), param_2.into()).map(from_raw)
[INFO] [stdout]     |         --------------------------------------------------------- in this macro invocation
[INFO] [stdout]     |
[INFO] [stdout]     = note: pointers do not have a lifetime; when calling `as_ptr` the `CString` will be deallocated at the end of the statement because nothing is referencing it as far as the type system is concerned
[INFO] [stdout]     = help: for more information, see https://doc.rust-lang.org/reference/destructors.html
[INFO] [stdout]     = note: this warning originates in the macro `evaluate` (in Nightly builds, run with -Z macro-backtrace for more info)
[INFO] [stdout] 
[INFO] [stdout] 
[INFO] [stdout] warning: getting the inner pointer of a temporary `CString`
[INFO] [stdout]    --> src/connection.rs:28:79
[INFO] [stdout]     |
[INFO] [stdout] 28  |             let result = unsafe { kapi::k($conn, CString::new($func).unwrap().as_ptr() $(, $param.into_raw() as *const K)*, null()) };
[INFO] [stdout]     |                                                  ---------------------------- ^^^^^^ this pointer will be invalid
[INFO] [stdout]     |                                                  |
[INFO] [stdout]     |                                                  this `CString` is deallocated at the end of the statement, bind it to a variable to extend its lifetime
[INFO] [stdout] ...
[INFO] [stdout] 122 |         evaluate!(self.0, function, param.into(), param_2.into(), param_3.into()).map(from_raw)
[INFO] [stdout]     |         ------------------------------------------------------------------------- in this macro invocation
[INFO] [stdout]     |
[INFO] [stdout]     = note: pointers do not have a lifetime; when calling `as_ptr` the `CString` will be deallocated at the end of the statement because nothing is referencing it as far as the type system is concerned
[INFO] [stdout]     = help: for more information, see https://doc.rust-lang.org/reference/destructors.html
[INFO] [stdout]     = note: this warning originates in the macro `evaluate` (in Nightly builds, run with -Z macro-backtrace for more info)
[INFO] [stdout] 
[INFO] [stdout] 
[INFO] [stdout] warning: getting the inner pointer of a temporary `CString`
[INFO] [stdout]    --> src/connection.rs:28:79
[INFO] [stdout]     |
[INFO] [stdout] 28  |               let result = unsafe { kapi::k($conn, CString::new($func).unwrap().as_ptr() $(, $param.into_raw() as *const K)*, null()) };
[INFO] [stdout]     |                                                    ---------------------------- ^^^^^^ this pointer will be invalid
[INFO] [stdout]     |                                                    |
[INFO] [stdout]     |                                                    this `CString` is deallocated at the end of the statement, bind it to a variable to extend its lifetime
[INFO] [stdout] ...
[INFO] [stdout] 134 | /         evaluate!(
[INFO] [stdout] 135 | |             self.0,
[INFO] [stdout] 136 | |             function,
[INFO] [stdout] 137 | |             param.into(),
[INFO] [stdout] ...   |
[INFO] [stdout] 140 | |             param_4.into()
[INFO] [stdout] 141 | |         )
[INFO] [stdout]     | |_________- in this macro invocation
[INFO] [stdout]     |
[INFO] [stdout]     = note: pointers do not have a lifetime; when calling `as_ptr` the `CString` will be deallocated at the end of the statement because nothing is referencing it as far as the type system is concerned
[INFO] [stdout]     = help: for more information, see https://doc.rust-lang.org/reference/destructors.html
[INFO] [stdout]     = note: this warning originates in the macro `evaluate` (in Nightly builds, run with -Z macro-backtrace for more info)
[INFO] [stdout] 
[INFO] [stdout] 
[INFO] [stdout] warning: getting the inner pointer of a temporary `CString`
[INFO] [stdout]    --> src/connection.rs:28:79
[INFO] [stdout]     |
[INFO] [stdout] 28  |               let result = unsafe { kapi::k($conn, CString::new($func).unwrap().as_ptr() $(, $param.into_raw() as *const K)*, null()) };
[INFO] [stdout]     |                                                    ---------------------------- ^^^^^^ this pointer will be invalid
[INFO] [stdout]     |                                                    |
[INFO] [stdout]     |                                                    this `CString` is deallocated at the end of the statement, bind it to a variable to extend its lifetime
[INFO] [stdout] ...
[INFO] [stdout] 155 | /         evaluate!(
[INFO] [stdout] 156 | |             self.0,
[INFO] [stdout] 157 | |             function,
[INFO] [stdout] 158 | |             param.into(),
[INFO] [stdout] ...   |
[INFO] [stdout] 162 | |             param_5.into()
[INFO] [stdout] 163 | |         )
[INFO] [stdout]     | |_________- in this macro invocation
[INFO] [stdout]     |
[INFO] [stdout]     = note: pointers do not have a lifetime; when calling `as_ptr` the `CString` will be deallocated at the end of the statement because nothing is referencing it as far as the type system is concerned
[INFO] [stdout]     = help: for more information, see https://doc.rust-lang.org/reference/destructors.html
[INFO] [stdout]     = note: this warning originates in the macro `evaluate` (in Nightly builds, run with -Z macro-backtrace for more info)
[INFO] [stdout] 
[INFO] [stdout] 
[INFO] [stdout] warning: getting the inner pointer of a temporary `CString`
[INFO] [stdout]    --> src/connection.rs:28:79
[INFO] [stdout]     |
[INFO] [stdout] 28  |               let result = unsafe { kapi::k($conn, CString::new($func).unwrap().as_ptr() $(, $param.into_raw() as *const K)*, null()) };
[INFO] [stdout]     |                                                    ---------------------------- ^^^^^^ this pointer will be invalid
[INFO] [stdout]     |                                                    |
[INFO] [stdout]     |                                                    this `CString` is deallocated at the end of the statement, bind it to a variable to extend its lifetime
[INFO] [stdout] ...
[INFO] [stdout] 179 | /         evaluate!(
[INFO] [stdout] 180 | |             self.0,
[INFO] [stdout] 181 | |             function,
[INFO] [stdout] 182 | |             param.into(),
[INFO] [stdout] ...   |
[INFO] [stdout] 187 | |             param_6.into()
[INFO] [stdout] 188 | |         )
[INFO] [stdout]     | |_________- in this macro invocation
[INFO] [stdout]     |
[INFO] [stdout]     = note: pointers do not have a lifetime; when calling `as_ptr` the `CString` will be deallocated at the end of the statement because nothing is referencing it as far as the type system is concerned
[INFO] [stdout]     = help: for more information, see https://doc.rust-lang.org/reference/destructors.html
[INFO] [stdout]     = note: this warning originates in the macro `evaluate` (in Nightly builds, run with -Z macro-backtrace for more info)
[INFO] [stdout] 
[INFO] [stdout] 
[INFO] [stdout] warning: getting the inner pointer of a temporary `CString`
[INFO] [stdout]    --> src/connection.rs:28:79
[INFO] [stdout]     |
[INFO] [stdout] 28  |               let result = unsafe { kapi::k($conn, CString::new($func).unwrap().as_ptr() $(, $param.into_raw() as *const K)*, null()) };
[INFO] [stdout]     |                                                    ---------------------------- ^^^^^^ this pointer will be invalid
[INFO] [stdout]     |                                                    |
[INFO] [stdout]     |                                                    this `CString` is deallocated at the end of the statement, bind it to a variable to extend its lifetime
[INFO] [stdout] ...
[INFO] [stdout] 205 | /         evaluate!(
[INFO] [stdout] 206 | |             self.0,
[INFO] [stdout] 207 | |             function,
[INFO] [stdout] 208 | |             param.into(),
[INFO] [stdout] ...   |
[INFO] [stdout] 214 | |             param_7.into()
[INFO] [stdout] 215 | |         )
[INFO] [stdout]     | |_________- in this macro invocation
[INFO] [stdout]     |
[INFO] [stdout]     = note: pointers do not have a lifetime; when calling `as_ptr` the `CString` will be deallocated at the end of the statement because nothing is referencing it as far as the type system is concerned
[INFO] [stdout]     = help: for more information, see https://doc.rust-lang.org/reference/destructors.html
[INFO] [stdout]     = note: this warning originates in the macro `evaluate` (in Nightly builds, run with -Z macro-backtrace for more info)
[INFO] [stdout] 
[INFO] [stdout] 
[INFO] [stdout] warning: getting the inner pointer of a temporary `CString`
[INFO] [stdout]    --> src/connection.rs:28:79
[INFO] [stdout]     |
[INFO] [stdout] 28  |               let result = unsafe { kapi::k($conn, CString::new($func).unwrap().as_ptr() $(, $param.into_raw() as *const K)*, null()) };
[INFO] [stdout]     |                                                    ---------------------------- ^^^^^^ this pointer will be invalid
[INFO] [stdout]     |                                                    |
[INFO] [stdout]     |                                                    this `CString` is deallocated at the end of the statement, bind it to a variable to extend its lifetime
[INFO] [stdout] ...
[INFO] [stdout] 233 | /         evaluate!(
[INFO] [stdout] 234 | |             self.0,
[INFO] [stdout] 235 | |             function,
[INFO] [stdout] 236 | |             param.into(),
[INFO] [stdout] ...   |
[INFO] [stdout] 243 | |             param_8.into()
[INFO] [stdout] 244 | |         )
[INFO] [stdout]     | |_________- in this macro invocation
[INFO] [stdout]     |
[INFO] [stdout]     = note: pointers do not have a lifetime; when calling `as_ptr` the `CString` will be deallocated at the end of the statement because nothing is referencing it as far as the type system is concerned
[INFO] [stdout]     = help: for more information, see https://doc.rust-lang.org/reference/destructors.html
[INFO] [stdout]     = note: this warning originates in the macro `evaluate` (in Nightly builds, run with -Z macro-backtrace for more info)
[INFO] [stdout] 
[INFO] [stdout] 
[INFO] [stdout] warning: 10 warnings emitted
[INFO] [stdout] 
[INFO] [stdout] 
[INFO] [stderr]     Finished dev [unoptimized + debuginfo] target(s) in 5.49s
[INFO] running `Command { std: "docker" "inspect" "6dd2618c632aa121eb8a3b456f6d9a65d3ab4c343fe19ab5dc95fc26cbe010c6", kill_on_drop: false }`
[INFO] running `Command { std: "docker" "rm" "-f" "6dd2618c632aa121eb8a3b456f6d9a65d3ab4c343fe19ab5dc95fc26cbe010c6", kill_on_drop: false }`
[INFO] [stdout] 6dd2618c632aa121eb8a3b456f6d9a65d3ab4c343fe19ab5dc95fc26cbe010c6
[INFO] running `Command { std: "docker" "create" "-v" "/var/lib/crater-agent-workspace/builds/worker-5-tc2/target:/opt/rustwide/target:rw,Z" "-v" "/var/lib/crater-agent-workspace/builds/worker-5-tc2/source:/opt/rustwide/workdir:ro,Z" "-v" "/var/lib/crater-agent-workspace/cargo-home:/opt/rustwide/cargo-home:ro,Z" "-v" "/var/lib/crater-agent-workspace/rustup-home:/opt/rustwide/rustup-home:ro,Z" "-e" "SOURCE_DIR=/opt/rustwide/workdir" "-e" "CARGO_TARGET_DIR=/opt/rustwide/target" "-e" "CARGO_INCREMENTAL=0" "-e" "RUST_BACKTRACE=full" "-e" "RUSTFLAGS=--cap-lints=warn" "-e" "RUSTDOCFLAGS=--cap-lints=warn" "-e" "CARGO_HOME=/opt/rustwide/cargo-home" "-e" "RUSTUP_HOME=/opt/rustwide/rustup-home" "-w" "/opt/rustwide/workdir" "-m" "1610612736" "--user" "0:0" "--network" "none" "ghcr.io/rust-lang/crates-build-env/linux@sha256:5ff2268d62e97bff2cde7d5815dd6ed5b47097566f13b8d0ca110b04b60e07ed" "/opt/rustwide/cargo-home/bin/cargo" "+beta-2023-04-20" "test" "--frozen" "--no-run" "--message-format=json", kill_on_drop: false }`
[INFO] [stdout] 3377d3ba18622c15b3c371b112acf81136265f403740f8112c6a24c501ed4de9
[INFO] running `Command { std: "docker" "start" "-a" "3377d3ba18622c15b3c371b112acf81136265f403740f8112c6a24c501ed4de9", kill_on_drop: false }`
[INFO] [stderr]    Compiling kdb v0.3.0 (/opt/rustwide/workdir)
[INFO] [stdout] warning: getting the inner pointer of a temporary `CString`
[INFO] [stdout]   --> src/connection.rs:28:79
[INFO] [stdout]    |
[INFO] [stdout] 28 |             let result = unsafe { kapi::k($conn, CString::new($func).unwrap().as_ptr() $(, $param.into_raw() as *const K)*, null()) };
[INFO] [stdout]    |                                                  ---------------------------- ^^^^^^ this pointer will be invalid
[INFO] [stdout]    |                                                  |
[INFO] [stdout]    |                                                  this `CString` is deallocated at the end of the statement, bind it to a variable to extend its lifetime
[INFO] [stdout] ...
[INFO] [stdout] 91 |         evaluate!(-self.0, callback, topic.into(), object.into()).map(|_| ())
[INFO] [stdout]    |         --------------------------------------------------------- in this macro invocation
[INFO] [stdout]    |
[INFO] [stdout]    = note: pointers do not have a lifetime; when calling `as_ptr` the `CString` will be deallocated at the end of the statement because nothing is referencing it as far as the type system is concerned
[INFO] [stdout]    = help: for more information, see https://doc.rust-lang.org/reference/destructors.html
[INFO] [stdout]    = note: `#[warn(temporary_cstring_as_ptr)]` on by default
[INFO] [stdout]    = note: this warning originates in the macro `evaluate` (in Nightly builds, run with -Z macro-backtrace for more info)
[INFO] [stdout] 
[INFO] [stdout] 
[INFO] [stdout] warning: getting the inner pointer of a temporary `CString`
[INFO] [stdout]   --> src/connection.rs:28:79
[INFO] [stdout]    |
[INFO] [stdout] 28 |             let result = unsafe { kapi::k($conn, CString::new($func).unwrap().as_ptr() $(, $param.into_raw() as *const K)*, null()) };
[INFO] [stdout]    |                                                  ---------------------------- ^^^^^^ this pointer will be invalid
[INFO] [stdout]    |                                                  |
[INFO] [stdout]    |                                                  this `CString` is deallocated at the end of the statement, bind it to a variable to extend its lifetime
[INFO] [stdout] ...
[INFO] [stdout] 96 |         evaluate!(self.0, query).map(from_raw)
[INFO] [stdout]    |         ------------------------ in this macro invocation
[INFO] [stdout]    |
[INFO] [stdout]    = note: pointers do not have a lifetime; when calling `as_ptr` the `CString` will be deallocated at the end of the statement because nothing is referencing it as far as the type system is concerned
[INFO] [stdout]    = help: for more information, see https://doc.rust-lang.org/reference/destructors.html
[INFO] [stdout]    = note: this warning originates in the macro `evaluate` (in Nightly builds, run with -Z macro-backtrace for more info)
[INFO] [stdout] 
[INFO] [stdout] 
[INFO] [stdout] warning: getting the inner pointer of a temporary `CString`
[INFO] [stdout]    --> src/connection.rs:28:79
[INFO] [stdout]     |
[INFO] [stdout] 28  |             let result = unsafe { kapi::k($conn, CString::new($func).unwrap().as_ptr() $(, $param.into_raw() as *const K)*, null()) };
[INFO] [stdout]     |                                                  ---------------------------- ^^^^^^ this pointer will be invalid
[INFO] [stdout]     |                                                  |
[INFO] [stdout]     |                                                  this `CString` is deallocated at the end of the statement, bind it to a variable to extend its lifetime
[INFO] [stdout] ...
[INFO] [stdout] 101 |         evaluate!(self.0, function, param.into()).map(from_raw)
[INFO] [stdout]     |         ----------------------------------------- in this macro invocation
[INFO] [stdout]     |
[INFO] [stdout]     = note: pointers do not have a lifetime; when calling `as_ptr` the `CString` will be deallocated at the end of the statement because nothing is referencing it as far as the type system is concerned
[INFO] [stdout]     = help: for more information, see https://doc.rust-lang.org/reference/destructors.html
[INFO] [stdout]     = note: this warning originates in the macro `evaluate` (in Nightly builds, run with -Z macro-backtrace for more info)
[INFO] [stdout] 
[INFO] [stdout] 
[INFO] [stdout] warning: getting the inner pointer of a temporary `CString`
[INFO] [stdout]    --> src/connection.rs:28:79
[INFO] [stdout]     |
[INFO] [stdout] 28  |             let result = unsafe { kapi::k($conn, CString::new($func).unwrap().as_ptr() $(, $param.into_raw() as *const K)*, null()) };
[INFO] [stdout]     |                                                  ---------------------------- ^^^^^^ this pointer will be invalid
[INFO] [stdout]     |                                                  |
[INFO] [stdout]     |                                                  this `CString` is deallocated at the end of the statement, bind it to a variable to extend its lifetime
[INFO] [stdout] ...
[INFO] [stdout] 111 |         evaluate!(self.0, function, param.into(), param_2.into()).map(from_raw)
[INFO] [stdout]     |         --------------------------------------------------------- in this macro invocation
[INFO] [stdout]     |
[INFO] [stdout]     = note: pointers do not have a lifetime; when calling `as_ptr` the `CString` will be deallocated at the end of the statement because nothing is referencing it as far as the type system is concerned
[INFO] [stdout]     = help: for more information, see https://doc.rust-lang.org/reference/destructors.html
[INFO] [stdout]     = note: this warning originates in the macro `evaluate` (in Nightly builds, run with -Z macro-backtrace for more info)
[INFO] [stdout] 
[INFO] [stdout] 
[INFO] [stdout] warning: getting the inner pointer of a temporary `CString`
[INFO] [stdout]    --> src/connection.rs:28:79
[INFO] [stdout]     |
[INFO] [stdout] 28  |             let result = unsafe { kapi::k($conn, CString::new($func).unwrap().as_ptr() $(, $param.into_raw() as *const K)*, null()) };
[INFO] [stdout]     |                                                  ---------------------------- ^^^^^^ this pointer will be invalid
[INFO] [stdout]     |                                                  |
[INFO] [stdout]     |                                                  this `CString` is deallocated at the end of the statement, bind it to a variable to extend its lifetime
[INFO] [stdout] ...
[INFO] [stdout] 122 |         evaluate!(self.0, function, param.into(), param_2.into(), param_3.into()).map(from_raw)
[INFO] [stdout]     |         ------------------------------------------------------------------------- in this macro invocation
[INFO] [stdout]     |
[INFO] [stdout]     = note: pointers do not have a lifetime; when calling `as_ptr` the `CString` will be deallocated at the end of the statement because nothing is referencing it as far as the type system is concerned
[INFO] [stdout]     = help: for more information, see https://doc.rust-lang.org/reference/destructors.html
[INFO] [stdout]     = note: this warning originates in the macro `evaluate` (in Nightly builds, run with -Z macro-backtrace for more info)
[INFO] [stdout] 
[INFO] [stdout] 
[INFO] [stdout] warning: getting the inner pointer of a temporary `CString`
[INFO] [stdout]    --> src/connection.rs:28:79
[INFO] [stdout]     |
[INFO] [stdout] 28  |               let result = unsafe { kapi::k($conn, CString::new($func).unwrap().as_ptr() $(, $param.into_raw() as *const K)*, null()) };
[INFO] [stdout]     |                                                    ---------------------------- ^^^^^^ this pointer will be invalid
[INFO] [stdout]     |                                                    |
[INFO] [stdout]     |                                                    this `CString` is deallocated at the end of the statement, bind it to a variable to extend its lifetime
[INFO] [stdout] ...
[INFO] [stdout] 134 | /         evaluate!(
[INFO] [stdout] 135 | |             self.0,
[INFO] [stdout] 136 | |             function,
[INFO] [stdout] 137 | |             param.into(),
[INFO] [stdout] ...   |
[INFO] [stdout] 140 | |             param_4.into()
[INFO] [stdout] 141 | |         )
[INFO] [stdout]     | |_________- in this macro invocation
[INFO] [stdout]     |
[INFO] [stdout]     = note: pointers do not have a lifetime; when calling `as_ptr` the `CString` will be deallocated at the end of the statement because nothing is referencing it as far as the type system is concerned
[INFO] [stdout]     = help: for more information, see https://doc.rust-lang.org/reference/destructors.html
[INFO] [stdout]     = note: this warning originates in the macro `evaluate` (in Nightly builds, run with -Z macro-backtrace for more info)
[INFO] [stdout] 
[INFO] [stdout] 
[INFO] [stdout] warning: getting the inner pointer of a temporary `CString`
[INFO] [stdout]    --> src/connection.rs:28:79
[INFO] [stdout]     |
[INFO] [stdout] 28  |               let result = unsafe { kapi::k($conn, CString::new($func).unwrap().as_ptr() $(, $param.into_raw() as *const K)*, null()) };
[INFO] [stdout]     |                                                    ---------------------------- ^^^^^^ this pointer will be invalid
[INFO] [stdout]     |                                                    |
[INFO] [stdout]     |                                                    this `CString` is deallocated at the end of the statement, bind it to a variable to extend its lifetime
[INFO] [stdout] ...
[INFO] [stdout] 155 | /         evaluate!(
[INFO] [stdout] 156 | |             self.0,
[INFO] [stdout] 157 | |             function,
[INFO] [stdout] 158 | |             param.into(),
[INFO] [stdout] ...   |
[INFO] [stdout] 162 | |             param_5.into()
[INFO] [stdout] 163 | |         )
[INFO] [stdout]     | |_________- in this macro invocation
[INFO] [stdout]     |
[INFO] [stdout]     = note: pointers do not have a lifetime; when calling `as_ptr` the `CString` will be deallocated at the end of the statement because nothing is referencing it as far as the type system is concerned
[INFO] [stdout]     = help: for more information, see https://doc.rust-lang.org/reference/destructors.html
[INFO] [stdout]     = note: this warning originates in the macro `evaluate` (in Nightly builds, run with -Z macro-backtrace for more info)
[INFO] [stdout] 
[INFO] [stdout] 
[INFO] [stdout] warning: getting the inner pointer of a temporary `CString`
[INFO] [stdout]    --> src/connection.rs:28:79
[INFO] [stdout]     |
[INFO] [stdout] 28  |               let result = unsafe { kapi::k($conn, CString::new($func).unwrap().as_ptr() $(, $param.into_raw() as *const K)*, null()) };
[INFO] [stdout]     |                                                    ---------------------------- ^^^^^^ this pointer will be invalid
[INFO] [stdout]     |                                                    |
[INFO] [stdout]     |                                                    this `CString` is deallocated at the end of the statement, bind it to a variable to extend its lifetime
[INFO] [stdout] ...
[INFO] [stdout] 179 | /         evaluate!(
[INFO] [stdout] 180 | |             self.0,
[INFO] [stdout] 181 | |             function,
[INFO] [stdout] 182 | |             param.into(),
[INFO] [stdout] ...   |
[INFO] [stdout] 187 | |             param_6.into()
[INFO] [stdout] 188 | |         )
[INFO] [stdout]     | |_________- in this macro invocation
[INFO] [stdout]     |
[INFO] [stdout]     = note: pointers do not have a lifetime; when calling `as_ptr` the `CString` will be deallocated at the end of the statement because nothing is referencing it as far as the type system is concerned
[INFO] [stdout]     = help: for more information, see https://doc.rust-lang.org/reference/destructors.html
[INFO] [stdout]     = note: this warning originates in the macro `evaluate` (in Nightly builds, run with -Z macro-backtrace for more info)
[INFO] [stdout] 
[INFO] [stdout] 
[INFO] [stdout] warning: getting the inner pointer of a temporary `CString`
[INFO] [stdout]    --> src/connection.rs:28:79
[INFO] [stdout]     |
[INFO] [stdout] 28  |               let result = unsafe { kapi::k($conn, CString::new($func).unwrap().as_ptr() $(, $param.into_raw() as *const K)*, null()) };
[INFO] [stdout]     |                                                    ---------------------------- ^^^^^^ this pointer will be invalid
[INFO] [stdout]     |                                                    |
[INFO] [stdout]     |                                                    this `CString` is deallocated at the end of the statement, bind it to a variable to extend its lifetime
[INFO] [stdout] ...
[INFO] [stdout] 205 | /         evaluate!(
[INFO] [stdout] 206 | |             self.0,
[INFO] [stdout] 207 | |             function,
[INFO] [stdout] 208 | |             param.into(),
[INFO] [stdout] ...   |
[INFO] [stdout] 214 | |             param_7.into()
[INFO] [stdout] 215 | |         )
[INFO] [stdout]     | |_________- in this macro invocation
[INFO] [stdout]     |
[INFO] [stdout]     = note: pointers do not have a lifetime; when calling `as_ptr` the `CString` will be deallocated at the end of the statement because nothing is referencing it as far as the type system is concerned
[INFO] [stdout]     = help: for more information, see https://doc.rust-lang.org/reference/destructors.html
[INFO] [stdout]     = note: this warning originates in the macro `evaluate` (in Nightly builds, run with -Z macro-backtrace for more info)
[INFO] [stdout] 
[INFO] [stdout] 
[INFO] [stdout] warning: getting the inner pointer of a temporary `CString`
[INFO] [stdout]    --> src/connection.rs:28:79
[INFO] [stdout]     |
[INFO] [stdout] 28  |               let result = unsafe { kapi::k($conn, CString::new($func).unwrap().as_ptr() $(, $param.into_raw() as *const K)*, null()) };
[INFO] [stdout]     |                                                    ---------------------------- ^^^^^^ this pointer will be invalid
[INFO] [stdout]     |                                                    |
[INFO] [stdout]     |                                                    this `CString` is deallocated at the end of the statement, bind it to a variable to extend its lifetime
[INFO] [stdout] ...
[INFO] [stdout] 233 | /         evaluate!(
[INFO] [stdout] 234 | |             self.0,
[INFO] [stdout] 235 | |             function,
[INFO] [stdout] 236 | |             param.into(),
[INFO] [stdout] ...   |
[INFO] [stdout] 243 | |             param_8.into()
[INFO] [stdout] 244 | |         )
[INFO] [stdout]     | |_________- in this macro invocation
[INFO] [stdout]     |
[INFO] [stdout]     = note: pointers do not have a lifetime; when calling `as_ptr` the `CString` will be deallocated at the end of the statement because nothing is referencing it as far as the type system is concerned
[INFO] [stdout]     = help: for more information, see https://doc.rust-lang.org/reference/destructors.html
[INFO] [stdout]     = note: this warning originates in the macro `evaluate` (in Nightly builds, run with -Z macro-backtrace for more info)
[INFO] [stdout] 
[INFO] [stdout] 
[INFO] [stdout] warning: 10 warnings emitted
[INFO] [stdout] 
[INFO] [stdout] 
[INFO] [stdout] error: linking with `cc` failed: exit status: 1
[INFO] [stdout]   |
[INFO] [stdout]   = note: LC_ALL="C" PATH="/opt/rustwide/rustup-home/toolchains/beta-2023-04-20-x86_64-unknown-linux-gnu/lib/rustlib/x86_64-unknown-linux-gnu/bin:/opt/rustwide/cargo-home/bin:/usr/local/sbin:/usr/local/bin:/usr/sbin:/usr/bin:/sbin:/bin" VSLANG="1033" "cc" "-m64" "/tmp/rustcfx1MST/symbols.o" "/opt/rustwide/target/debug/examples/using_any-8ab3615f3c6ec4ba.using_any.3842786d-cgu.0.rcgu.o" "/opt/rustwide/target/debug/examples/using_any-8ab3615f3c6ec4ba.using_any.3842786d-cgu.1.rcgu.o" "/opt/rustwide/target/debug/examples/using_any-8ab3615f3c6ec4ba.using_any.3842786d-cgu.10.rcgu.o" "/opt/rustwide/target/debug/examples/using_any-8ab3615f3c6ec4ba.using_any.3842786d-cgu.2.rcgu.o" "/opt/rustwide/target/debug/examples/using_any-8ab3615f3c6ec4ba.using_any.3842786d-cgu.3.rcgu.o" "/opt/rustwide/target/debug/examples/using_any-8ab3615f3c6ec4ba.using_any.3842786d-cgu.4.rcgu.o" "/opt/rustwide/target/debug/examples/using_any-8ab3615f3c6ec4ba.using_any.3842786d-cgu.5.rcgu.o" "/opt/rustwide/target/debug/examples/using_any-8ab3615f3c6ec4ba.using_any.3842786d-cgu.6.rcgu.o" "/opt/rustwide/target/debug/examples/using_any-8ab3615f3c6ec4ba.using_any.3842786d-cgu.7.rcgu.o" "/opt/rustwide/target/debug/examples/using_any-8ab3615f3c6ec4ba.using_any.3842786d-cgu.8.rcgu.o" "/opt/rustwide/target/debug/examples/using_any-8ab3615f3c6ec4ba.using_any.3842786d-cgu.9.rcgu.o" "/opt/rustwide/target/debug/examples/using_any-8ab3615f3c6ec4ba.4pdcryzdnyze34sj.rcgu.o" "-Wl,--as-needed" "-L" "/opt/rustwide/target/debug/deps" "-L" "/opt/rustwide/workdir" "-L" "/opt/rustwide/rustup-home/toolchains/beta-2023-04-20-x86_64-unknown-linux-gnu/lib/rustlib/x86_64-unknown-linux-gnu/lib" "-Wl,-Bstatic" "/opt/rustwide/target/debug/deps/libkdb-ce00fbcb4902234a.rlib" "/opt/rustwide/target/debug/deps/libarray_iterator-69d783851211c800.rlib" "/opt/rustwide/target/debug/deps/libthiserror-cc4b6e8c439ebb84.rlib" "/opt/rustwide/target/debug/deps/libuuid-b7a43037ca9b9fde.rlib" "/opt/rustwide/rustup-home/toolchains/beta-2023-04-20-x86_64-unknown-linux-gnu/lib/rustlib/x86_64-unknown-linux-gnu/lib/libstd-0e29cc23c5e02021.rlib" "/opt/rustwide/rustup-home/toolchains/beta-2023-04-20-x86_64-unknown-linux-gnu/lib/rustlib/x86_64-unknown-linux-gnu/lib/libpanic_unwind-d903621768a861d9.rlib" "/opt/rustwide/rustup-home/toolchains/beta-2023-04-20-x86_64-unknown-linux-gnu/lib/rustlib/x86_64-unknown-linux-gnu/lib/libobject-6d0225e655f31c13.rlib" "/opt/rustwide/rustup-home/toolchains/beta-2023-04-20-x86_64-unknown-linux-gnu/lib/rustlib/x86_64-unknown-linux-gnu/lib/libmemchr-9dbaf4eac7eaa079.rlib" "/opt/rustwide/rustup-home/toolchains/beta-2023-04-20-x86_64-unknown-linux-gnu/lib/rustlib/x86_64-unknown-linux-gnu/lib/libaddr2line-27f05b3d42a66dd0.rlib" "/opt/rustwide/rustup-home/toolchains/beta-2023-04-20-x86_64-unknown-linux-gnu/lib/rustlib/x86_64-unknown-linux-gnu/lib/libgimli-4d73f1030321c9a2.rlib" "/opt/rustwide/rustup-home/toolchains/beta-2023-04-20-x86_64-unknown-linux-gnu/lib/rustlib/x86_64-unknown-linux-gnu/lib/librustc_demangle-2846c9e58abd0acb.rlib" "/opt/rustwide/rustup-home/toolchains/beta-2023-04-20-x86_64-unknown-linux-gnu/lib/rustlib/x86_64-unknown-linux-gnu/lib/libstd_detect-a53d0f50415947be.rlib" "/opt/rustwide/rustup-home/toolchains/beta-2023-04-20-x86_64-unknown-linux-gnu/lib/rustlib/x86_64-unknown-linux-gnu/lib/libhashbrown-d48e4b6abc25b9dc.rlib" "/opt/rustwide/rustup-home/toolchains/beta-2023-04-20-x86_64-unknown-linux-gnu/lib/rustlib/x86_64-unknown-linux-gnu/lib/libminiz_oxide-2991859439ef1207.rlib" "/opt/rustwide/rustup-home/toolchains/beta-2023-04-20-x86_64-unknown-linux-gnu/lib/rustlib/x86_64-unknown-linux-gnu/lib/libadler-8a687517e4221bae.rlib" "/opt/rustwide/rustup-home/toolchains/beta-2023-04-20-x86_64-unknown-linux-gnu/lib/rustlib/x86_64-unknown-linux-gnu/lib/librustc_std_workspace_alloc-e07b554f6a67f5b3.rlib" "/opt/rustwide/rustup-home/toolchains/beta-2023-04-20-x86_64-unknown-linux-gnu/lib/rustlib/x86_64-unknown-linux-gnu/lib/libunwind-b68238b7c3c619dd.rlib" "/opt/rustwide/rustup-home/toolchains/beta-2023-04-20-x86_64-unknown-linux-gnu/lib/rustlib/x86_64-unknown-linux-gnu/lib/libcfg_if-d5e213e896c017e4.rlib" "/opt/rustwide/rustup-home/toolchains/beta-2023-04-20-x86_64-unknown-linux-gnu/lib/rustlib/x86_64-unknown-linux-gnu/lib/liblibc-0211a3b2e61d8689.rlib" "/opt/rustwide/rustup-home/toolchains/beta-2023-04-20-x86_64-unknown-linux-gnu/lib/rustlib/x86_64-unknown-linux-gnu/lib/liballoc-b371f055239ba51f.rlib" "/opt/rustwide/rustup-home/toolchains/beta-2023-04-20-x86_64-unknown-linux-gnu/lib/rustlib/x86_64-unknown-linux-gnu/lib/librustc_std_workspace_core-e60518d2760eb01e.rlib" "/opt/rustwide/rustup-home/toolchains/beta-2023-04-20-x86_64-unknown-linux-gnu/lib/rustlib/x86_64-unknown-linux-gnu/lib/libcore-1ad943f92a4b1081.rlib" "/opt/rustwide/rustup-home/toolchains/beta-2023-04-20-x86_64-unknown-linux-gnu/lib/rustlib/x86_64-unknown-linux-gnu/lib/libcompiler_builtins-f0d6e4d0fc1e80b4.rlib" "-Wl,-Bdynamic" "-lkdb" "-lgcc_s" "-lutil" "-lrt" "-lpthread" "-lm" "-ldl" "-lc" "-Wl,--eh-frame-hdr" "-Wl,-z,noexecstack" "-L" "/opt/rustwide/rustup-home/toolchains/beta-2023-04-20-x86_64-unknown-linux-gnu/lib/rustlib/x86_64-unknown-linux-gnu/lib" "-o" "/opt/rustwide/target/debug/examples/using_any-8ab3615f3c6ec4ba" "-Wl,--gc-sections" "-pie" "-Wl,-z,relro,-z,now" "-nodefaultlibs"
[INFO] [stdout]   = note: /usr/bin/ld: cannot find -lkdb: No such file or directory
[INFO] [stdout]           collect2: error: ld returned 1 exit status
[INFO] [stdout]           
[INFO] [stdout] 
[INFO] [stdout] 
[INFO] [stderr] error: could not compile `kdb` (example "using_any") due to 2 previous errors
[INFO] [stdout] error: aborting due to previous error
[INFO] [stdout] 
[INFO] [stdout] 
[INFO] [stderr] warning: build failed, waiting for other jobs to finish...
[INFO] [stdout] error: linking with `cc` failed: exit status: 1
[INFO] [stdout]   |
[INFO] [stdout]   = note: LC_ALL="C" PATH="/opt/rustwide/rustup-home/toolchains/beta-2023-04-20-x86_64-unknown-linux-gnu/lib/rustlib/x86_64-unknown-linux-gnu/bin:/opt/rustwide/cargo-home/bin:/usr/local/sbin:/usr/local/bin:/usr/sbin:/usr/bin:/sbin:/bin" VSLANG="1033" "cc" "-m64" "/tmp/rustcNoGK5x/symbols.o" "/opt/rustwide/target/debug/examples/using_atoms-293ee789960b12a6.using_atoms.02e459c0-cgu.0.rcgu.o" "/opt/rustwide/target/debug/examples/using_atoms-293ee789960b12a6.using_atoms.02e459c0-cgu.1.rcgu.o" "/opt/rustwide/target/debug/examples/using_atoms-293ee789960b12a6.using_atoms.02e459c0-cgu.2.rcgu.o" "/opt/rustwide/target/debug/examples/using_atoms-293ee789960b12a6.using_atoms.02e459c0-cgu.3.rcgu.o" "/opt/rustwide/target/debug/examples/using_atoms-293ee789960b12a6.using_atoms.02e459c0-cgu.4.rcgu.o" "/opt/rustwide/target/debug/examples/using_atoms-293ee789960b12a6.using_atoms.02e459c0-cgu.5.rcgu.o" "/opt/rustwide/target/debug/examples/using_atoms-293ee789960b12a6.using_atoms.02e459c0-cgu.6.rcgu.o" "/opt/rustwide/target/debug/examples/using_atoms-293ee789960b12a6.using_atoms.02e459c0-cgu.7.rcgu.o" "/opt/rustwide/target/debug/examples/using_atoms-293ee789960b12a6.using_atoms.02e459c0-cgu.8.rcgu.o" "/opt/rustwide/target/debug/examples/using_atoms-293ee789960b12a6.4t7u3a6dheb5r14q.rcgu.o" "-Wl,--as-needed" "-L" "/opt/rustwide/target/debug/deps" "-L" "/opt/rustwide/workdir" "-L" "/opt/rustwide/rustup-home/toolchains/beta-2023-04-20-x86_64-unknown-linux-gnu/lib/rustlib/x86_64-unknown-linux-gnu/lib" "-Wl,-Bstatic" "/opt/rustwide/target/debug/deps/libkdb-ce00fbcb4902234a.rlib" "/opt/rustwide/target/debug/deps/libarray_iterator-69d783851211c800.rlib" "/opt/rustwide/target/debug/deps/libthiserror-cc4b6e8c439ebb84.rlib" "/opt/rustwide/target/debug/deps/libuuid-b7a43037ca9b9fde.rlib" "/opt/rustwide/rustup-home/toolchains/beta-2023-04-20-x86_64-unknown-linux-gnu/lib/rustlib/x86_64-unknown-linux-gnu/lib/libstd-0e29cc23c5e02021.rlib" "/opt/rustwide/rustup-home/toolchains/beta-2023-04-20-x86_64-unknown-linux-gnu/lib/rustlib/x86_64-unknown-linux-gnu/lib/libpanic_unwind-d903621768a861d9.rlib" "/opt/rustwide/rustup-home/toolchains/beta-2023-04-20-x86_64-unknown-linux-gnu/lib/rustlib/x86_64-unknown-linux-gnu/lib/libobject-6d0225e655f31c13.rlib" "/opt/rustwide/rustup-home/toolchains/beta-2023-04-20-x86_64-unknown-linux-gnu/lib/rustlib/x86_64-unknown-linux-gnu/lib/libmemchr-9dbaf4eac7eaa079.rlib" "/opt/rustwide/rustup-home/toolchains/beta-2023-04-20-x86_64-unknown-linux-gnu/lib/rustlib/x86_64-unknown-linux-gnu/lib/libaddr2line-27f05b3d42a66dd0.rlib" "/opt/rustwide/rustup-home/toolchains/beta-2023-04-20-x86_64-unknown-linux-gnu/lib/rustlib/x86_64-unknown-linux-gnu/lib/libgimli-4d73f1030321c9a2.rlib" "/opt/rustwide/rustup-home/toolchains/beta-2023-04-20-x86_64-unknown-linux-gnu/lib/rustlib/x86_64-unknown-linux-gnu/lib/librustc_demangle-2846c9e58abd0acb.rlib" "/opt/rustwide/rustup-home/toolchains/beta-2023-04-20-x86_64-unknown-linux-gnu/lib/rustlib/x86_64-unknown-linux-gnu/lib/libstd_detect-a53d0f50415947be.rlib" "/opt/rustwide/rustup-home/toolchains/beta-2023-04-20-x86_64-unknown-linux-gnu/lib/rustlib/x86_64-unknown-linux-gnu/lib/libhashbrown-d48e4b6abc25b9dc.rlib" "/opt/rustwide/rustup-home/toolchains/beta-2023-04-20-x86_64-unknown-linux-gnu/lib/rustlib/x86_64-unknown-linux-gnu/lib/libminiz_oxide-2991859439ef1207.rlib" "/opt/rustwide/rustup-home/toolchains/beta-2023-04-20-x86_64-unknown-linux-gnu/lib/rustlib/x86_64-unknown-linux-gnu/lib/libadler-8a687517e4221bae.rlib" "/opt/rustwide/rustup-home/toolchains/beta-2023-04-20-x86_64-unknown-linux-gnu/lib/rustlib/x86_64-unknown-linux-gnu/lib/librustc_std_workspace_alloc-e07b554f6a67f5b3.rlib" "/opt/rustwide/rustup-home/toolchains/beta-2023-04-20-x86_64-unknown-linux-gnu/lib/rustlib/x86_64-unknown-linux-gnu/lib/libunwind-b68238b7c3c619dd.rlib" "/opt/rustwide/rustup-home/toolchains/beta-2023-04-20-x86_64-unknown-linux-gnu/lib/rustlib/x86_64-unknown-linux-gnu/lib/libcfg_if-d5e213e896c017e4.rlib" "/opt/rustwide/rustup-home/toolchains/beta-2023-04-20-x86_64-unknown-linux-gnu/lib/rustlib/x86_64-unknown-linux-gnu/lib/liblibc-0211a3b2e61d8689.rlib" "/opt/rustwide/rustup-home/toolchains/beta-2023-04-20-x86_64-unknown-linux-gnu/lib/rustlib/x86_64-unknown-linux-gnu/lib/liballoc-b371f055239ba51f.rlib" "/opt/rustwide/rustup-home/toolchains/beta-2023-04-20-x86_64-unknown-linux-gnu/lib/rustlib/x86_64-unknown-linux-gnu/lib/librustc_std_workspace_core-e60518d2760eb01e.rlib" "/opt/rustwide/rustup-home/toolchains/beta-2023-04-20-x86_64-unknown-linux-gnu/lib/rustlib/x86_64-unknown-linux-gnu/lib/libcore-1ad943f92a4b1081.rlib" "/opt/rustwide/rustup-home/toolchains/beta-2023-04-20-x86_64-unknown-linux-gnu/lib/rustlib/x86_64-unknown-linux-gnu/lib/libcompiler_builtins-f0d6e4d0fc1e80b4.rlib" "-Wl,-Bdynamic" "-lkdb" "-lgcc_s" "-lutil" "-lrt" "-lpthread" "-lm" "-ldl" "-lc" "-Wl,--eh-frame-hdr" "-Wl,-z,noexecstack" "-L" "/opt/rustwide/rustup-home/toolchains/beta-2023-04-20-x86_64-unknown-linux-gnu/lib/rustlib/x86_64-unknown-linux-gnu/lib" "-o" "/opt/rustwide/target/debug/examples/using_atoms-293ee789960b12a6" "-Wl,--gc-sections" "-pie" "-Wl,-z,relro,-z,now" "-nodefaultlibs"
[INFO] [stdout]   = note: /usr/bin/ld: cannot find -lkdb: No such file or directory
[INFO] [stdout]           collect2: error: ld returned 1 exit status
[INFO] [stdout]           
[INFO] [stdout] 
[INFO] [stdout] 
[INFO] [stdout] error: aborting due to previous error
[INFO] [stdout] 
[INFO] [stdout] 
[INFO] [stderr] error: could not compile `kdb` (example "using_atoms") due to 2 previous errors
[INFO] [stdout] error: linking with `cc` failed: exit status: 1
[INFO] [stdout]   |
[INFO] [stdout]   = note: LC_ALL="C" PATH="/opt/rustwide/rustup-home/toolchains/beta-2023-04-20-x86_64-unknown-linux-gnu/lib/rustlib/x86_64-unknown-linux-gnu/bin:/opt/rustwide/cargo-home/bin:/usr/local/sbin:/usr/local/bin:/usr/sbin:/usr/bin:/sbin:/bin" VSLANG="1033" "cc" "-m64" "/tmp/rustc28zPye/symbols.o" "/opt/rustwide/target/debug/examples/connecting_to_kdb-e800806c9ce95982.connecting_to_kdb.1aabb70e-cgu.0.rcgu.o" "/opt/rustwide/target/debug/examples/connecting_to_kdb-e800806c9ce95982.connecting_to_kdb.1aabb70e-cgu.1.rcgu.o" "/opt/rustwide/target/debug/examples/connecting_to_kdb-e800806c9ce95982.connecting_to_kdb.1aabb70e-cgu.10.rcgu.o" "/opt/rustwide/target/debug/examples/connecting_to_kdb-e800806c9ce95982.connecting_to_kdb.1aabb70e-cgu.11.rcgu.o" "/opt/rustwide/target/debug/examples/connecting_to_kdb-e800806c9ce95982.connecting_to_kdb.1aabb70e-cgu.12.rcgu.o" "/opt/rustwide/target/debug/examples/connecting_to_kdb-e800806c9ce95982.connecting_to_kdb.1aabb70e-cgu.13.rcgu.o" "/opt/rustwide/target/debug/examples/connecting_to_kdb-e800806c9ce95982.connecting_to_kdb.1aabb70e-cgu.14.rcgu.o" "/opt/rustwide/target/debug/examples/connecting_to_kdb-e800806c9ce95982.connecting_to_kdb.1aabb70e-cgu.15.rcgu.o" "/opt/rustwide/target/debug/examples/connecting_to_kdb-e800806c9ce95982.connecting_to_kdb.1aabb70e-cgu.2.rcgu.o" "/opt/rustwide/target/debug/examples/connecting_to_kdb-e800806c9ce95982.connecting_to_kdb.1aabb70e-cgu.3.rcgu.o" "/opt/rustwide/target/debug/examples/connecting_to_kdb-e800806c9ce95982.connecting_to_kdb.1aabb70e-cgu.4.rcgu.o" "/opt/rustwide/target/debug/examples/connecting_to_kdb-e800806c9ce95982.connecting_to_kdb.1aabb70e-cgu.5.rcgu.o" "/opt/rustwide/target/debug/examples/connecting_to_kdb-e800806c9ce95982.connecting_to_kdb.1aabb70e-cgu.6.rcgu.o" "/opt/rustwide/target/debug/examples/connecting_to_kdb-e800806c9ce95982.connecting_to_kdb.1aabb70e-cgu.7.rcgu.o" "/opt/rustwide/target/debug/examples/connecting_to_kdb-e800806c9ce95982.connecting_to_kdb.1aabb70e-cgu.8.rcgu.o" "/opt/rustwide/target/debug/examples/connecting_to_kdb-e800806c9ce95982.connecting_to_kdb.1aabb70e-cgu.9.rcgu.o" "/opt/rustwide/target/debug/examples/connecting_to_kdb-e800806c9ce95982.34pi95ofr1q57y9i.rcgu.o" "-Wl,--as-needed" "-L" "/opt/rustwide/target/debug/deps" "-L" "/opt/rustwide/workdir" "-L" "/opt/rustwide/rustup-home/toolchains/beta-2023-04-20-x86_64-unknown-linux-gnu/lib/rustlib/x86_64-unknown-linux-gnu/lib" "-Wl,-Bstatic" "/opt/rustwide/target/debug/deps/libkdb-ce00fbcb4902234a.rlib" "/opt/rustwide/target/debug/deps/libarray_iterator-69d783851211c800.rlib" "/opt/rustwide/target/debug/deps/libthiserror-cc4b6e8c439ebb84.rlib" "/opt/rustwide/target/debug/deps/libuuid-b7a43037ca9b9fde.rlib" "/opt/rustwide/rustup-home/toolchains/beta-2023-04-20-x86_64-unknown-linux-gnu/lib/rustlib/x86_64-unknown-linux-gnu/lib/libstd-0e29cc23c5e02021.rlib" "/opt/rustwide/rustup-home/toolchains/beta-2023-04-20-x86_64-unknown-linux-gnu/lib/rustlib/x86_64-unknown-linux-gnu/lib/libpanic_unwind-d903621768a861d9.rlib" "/opt/rustwide/rustup-home/toolchains/beta-2023-04-20-x86_64-unknown-linux-gnu/lib/rustlib/x86_64-unknown-linux-gnu/lib/libobject-6d0225e655f31c13.rlib" "/opt/rustwide/rustup-home/toolchains/beta-2023-04-20-x86_64-unknown-linux-gnu/lib/rustlib/x86_64-unknown-linux-gnu/lib/libmemchr-9dbaf4eac7eaa079.rlib" "/opt/rustwide/rustup-home/toolchains/beta-2023-04-20-x86_64-unknown-linux-gnu/lib/rustlib/x86_64-unknown-linux-gnu/lib/libaddr2line-27f05b3d42a66dd0.rlib" "/opt/rustwide/rustup-home/toolchains/beta-2023-04-20-x86_64-unknown-linux-gnu/lib/rustlib/x86_64-unknown-linux-gnu/lib/libgimli-4d73f1030321c9a2.rlib" "/opt/rustwide/rustup-home/toolchains/beta-2023-04-20-x86_64-unknown-linux-gnu/lib/rustlib/x86_64-unknown-linux-gnu/lib/librustc_demangle-2846c9e58abd0acb.rlib" "/opt/rustwide/rustup-home/toolchains/beta-2023-04-20-x86_64-unknown-linux-gnu/lib/rustlib/x86_64-unknown-linux-gnu/lib/libstd_detect-a53d0f50415947be.rlib" "/opt/rustwide/rustup-home/toolchains/beta-2023-04-20-x86_64-unknown-linux-gnu/lib/rustlib/x86_64-unknown-linux-gnu/lib/libhashbrown-d48e4b6abc25b9dc.rlib" "/opt/rustwide/rustup-home/toolchains/beta-2023-04-20-x86_64-unknown-linux-gnu/lib/rustlib/x86_64-unknown-linux-gnu/lib/libminiz_oxide-2991859439ef1207.rlib" "/opt/rustwide/rustup-home/toolchains/beta-2023-04-20-x86_64-unknown-linux-gnu/lib/rustlib/x86_64-unknown-linux-gnu/lib/libadler-8a687517e4221bae.rlib" "/opt/rustwide/rustup-home/toolchains/beta-2023-04-20-x86_64-unknown-linux-gnu/lib/rustlib/x86_64-unknown-linux-gnu/lib/librustc_std_workspace_alloc-e07b554f6a67f5b3.rlib" "/opt/rustwide/rustup-home/toolchains/beta-2023-04-20-x86_64-unknown-linux-gnu/lib/rustlib/x86_64-unknown-linux-gnu/lib/libunwind-b68238b7c3c619dd.rlib" "/opt/rustwide/rustup-home/toolchains/beta-2023-04-20-x86_64-unknown-linux-gnu/lib/rustlib/x86_64-unknown-linux-gnu/lib/libcfg_if-d5e213e896c017e4.rlib" "/opt/rustwide/rustup-home/toolchains/beta-2023-04-20-x86_64-unknown-linux-gnu/lib/rustlib/x86_64-unknown-linux-gnu/lib/liblibc-0211a3b2e61d8689.rlib" "/opt/rustwide/rustup-home/toolchains/beta-2023-04-20-x86_64-unknown-linux-gnu/lib/rustlib/x86_64-unknown-linux-gnu/lib/liballoc-b371f055239ba51f.rlib" "/opt/rustwide/rustup-home/toolchains/beta-2023-04-20-x86_64-unknown-linux-gnu/lib/rustlib/x86_64-unknown-linux-gnu/lib/librustc_std_workspace_core-e60518d2760eb01e.rlib" "/opt/rustwide/rustup-home/toolchains/beta-2023-04-20-x86_64-unknown-linux-gnu/lib/rustlib/x86_64-unknown-linux-gnu/lib/libcore-1ad943f92a4b1081.rlib" "/opt/rustwide/rustup-home/toolchains/beta-2023-04-20-x86_64-unknown-linux-gnu/lib/rustlib/x86_64-unknown-linux-gnu/lib/libcompiler_builtins-f0d6e4d0fc1e80b4.rlib" "-Wl,-Bdynamic" "-lkdb" "-lgcc_s" "-lutil" "-lrt" "-lpthread" "-lm" "-ldl" "-lc" "-Wl,--eh-frame-hdr" "-Wl,-z,noexecstack" "-L" "/opt/rustwide/rustup-home/toolchains/beta-2023-04-20-x86_64-unknown-linux-gnu/lib/rustlib/x86_64-unknown-linux-gnu/lib" "-o" "/opt/rustwide/target/debug/examples/connecting_to_kdb-e800806c9ce95982" "-Wl,--gc-sections" "-pie" "-Wl,-z,relro,-z,now" "-nodefaultlibs"
[INFO] [stdout]   = note: /usr/bin/ld: cannot find -lkdb: No such file or directory
[INFO] [stdout]           collect2: error: ld returned 1 exit status
[INFO] [stdout]           
[INFO] [stdout] 
[INFO] [stdout] 
[INFO] [stdout] error: aborting due to previous error
[INFO] [stdout] 
[INFO] [stdout] 
[INFO] [stderr] error: could not compile `kdb` (example "connecting_to_kdb") due to 2 previous errors
[INFO] [stdout] error: linking with `cc` failed: exit status: 1
[INFO] [stdout]   |
[INFO] [stdout]   = note: LC_ALL="C" PATH="/opt/rustwide/rustup-home/toolchains/beta-2023-04-20-x86_64-unknown-linux-gnu/lib/rustlib/x86_64-unknown-linux-gnu/bin:/opt/rustwide/cargo-home/bin:/usr/local/sbin:/usr/local/bin:/usr/sbin:/usr/bin:/sbin:/bin" VSLANG="1033" "cc" "-m64" "/tmp/rustclsV3CM/symbols.o" "/opt/rustwide/target/debug/examples/using_dictionaries-d52e2aac8eec6c1d.using_dictionaries.ee8721db-cgu.0.rcgu.o" "/opt/rustwide/target/debug/examples/using_dictionaries-d52e2aac8eec6c1d.using_dictionaries.ee8721db-cgu.1.rcgu.o" "/opt/rustwide/target/debug/examples/using_dictionaries-d52e2aac8eec6c1d.using_dictionaries.ee8721db-cgu.10.rcgu.o" "/opt/rustwide/target/debug/examples/using_dictionaries-d52e2aac8eec6c1d.using_dictionaries.ee8721db-cgu.11.rcgu.o" "/opt/rustwide/target/debug/examples/using_dictionaries-d52e2aac8eec6c1d.using_dictionaries.ee8721db-cgu.12.rcgu.o" "/opt/rustwide/target/debug/examples/using_dictionaries-d52e2aac8eec6c1d.using_dictionaries.ee8721db-cgu.13.rcgu.o" "/opt/rustwide/target/debug/examples/using_dictionaries-d52e2aac8eec6c1d.using_dictionaries.ee8721db-cgu.14.rcgu.o" "/opt/rustwide/target/debug/examples/using_dictionaries-d52e2aac8eec6c1d.using_dictionaries.ee8721db-cgu.15.rcgu.o" "/opt/rustwide/target/debug/examples/using_dictionaries-d52e2aac8eec6c1d.using_dictionaries.ee8721db-cgu.2.rcgu.o" "/opt/rustwide/target/debug/examples/using_dictionaries-d52e2aac8eec6c1d.using_dictionaries.ee8721db-cgu.3.rcgu.o" "/opt/rustwide/target/debug/examples/using_dictionaries-d52e2aac8eec6c1d.using_dictionaries.ee8721db-cgu.4.rcgu.o" "/opt/rustwide/target/debug/examples/using_dictionaries-d52e2aac8eec6c1d.using_dictionaries.ee8721db-cgu.5.rcgu.o" "/opt/rustwide/target/debug/examples/using_dictionaries-d52e2aac8eec6c1d.using_dictionaries.ee8721db-cgu.6.rcgu.o" "/opt/rustwide/target/debug/examples/using_dictionaries-d52e2aac8eec6c1d.using_dictionaries.ee8721db-cgu.7.rcgu.o" "/opt/rustwide/target/debug/examples/using_dictionaries-d52e2aac8eec6c1d.using_dictionaries.ee8721db-cgu.8.rcgu.o" "/opt/rustwide/target/debug/examples/using_dictionaries-d52e2aac8eec6c1d.using_dictionaries.ee8721db-cgu.9.rcgu.o" "/opt/rustwide/target/debug/examples/using_dictionaries-d52e2aac8eec6c1d.5ci91z9ctludasnu.rcgu.o" "-Wl,--as-needed" "-L" "/opt/rustwide/target/debug/deps" "-L" "/opt/rustwide/workdir" "-L" "/opt/rustwide/rustup-home/toolchains/beta-2023-04-20-x86_64-unknown-linux-gnu/lib/rustlib/x86_64-unknown-linux-gnu/lib" "-Wl,-Bstatic" "/opt/rustwide/target/debug/deps/libkdb-ce00fbcb4902234a.rlib" "/opt/rustwide/target/debug/deps/libarray_iterator-69d783851211c800.rlib" "/opt/rustwide/target/debug/deps/libthiserror-cc4b6e8c439ebb84.rlib" "/opt/rustwide/target/debug/deps/libuuid-b7a43037ca9b9fde.rlib" "/opt/rustwide/rustup-home/toolchains/beta-2023-04-20-x86_64-unknown-linux-gnu/lib/rustlib/x86_64-unknown-linux-gnu/lib/libstd-0e29cc23c5e02021.rlib" "/opt/rustwide/rustup-home/toolchains/beta-2023-04-20-x86_64-unknown-linux-gnu/lib/rustlib/x86_64-unknown-linux-gnu/lib/libpanic_unwind-d903621768a861d9.rlib" "/opt/rustwide/rustup-home/toolchains/beta-2023-04-20-x86_64-unknown-linux-gnu/lib/rustlib/x86_64-unknown-linux-gnu/lib/libobject-6d0225e655f31c13.rlib" "/opt/rustwide/rustup-home/toolchains/beta-2023-04-20-x86_64-unknown-linux-gnu/lib/rustlib/x86_64-unknown-linux-gnu/lib/libmemchr-9dbaf4eac7eaa079.rlib" "/opt/rustwide/rustup-home/toolchains/beta-2023-04-20-x86_64-unknown-linux-gnu/lib/rustlib/x86_64-unknown-linux-gnu/lib/libaddr2line-27f05b3d42a66dd0.rlib" "/opt/rustwide/rustup-home/toolchains/beta-2023-04-20-x86_64-unknown-linux-gnu/lib/rustlib/x86_64-unknown-linux-gnu/lib/libgimli-4d73f1030321c9a2.rlib" "/opt/rustwide/rustup-home/toolchains/beta-2023-04-20-x86_64-unknown-linux-gnu/lib/rustlib/x86_64-unknown-linux-gnu/lib/librustc_demangle-2846c9e58abd0acb.rlib" "/opt/rustwide/rustup-home/toolchains/beta-2023-04-20-x86_64-unknown-linux-gnu/lib/rustlib/x86_64-unknown-linux-gnu/lib/libstd_detect-a53d0f50415947be.rlib" "/opt/rustwide/rustup-home/toolchains/beta-2023-04-20-x86_64-unknown-linux-gnu/lib/rustlib/x86_64-unknown-linux-gnu/lib/libhashbrown-d48e4b6abc25b9dc.rlib" "/opt/rustwide/rustup-home/toolchains/beta-2023-04-20-x86_64-unknown-linux-gnu/lib/rustlib/x86_64-unknown-linux-gnu/lib/libminiz_oxide-2991859439ef1207.rlib" "/opt/rustwide/rustup-home/toolchains/beta-2023-04-20-x86_64-unknown-linux-gnu/lib/rustlib/x86_64-unknown-linux-gnu/lib/libadler-8a687517e4221bae.rlib" "/opt/rustwide/rustup-home/toolchains/beta-2023-04-20-x86_64-unknown-linux-gnu/lib/rustlib/x86_64-unknown-linux-gnu/lib/librustc_std_workspace_alloc-e07b554f6a67f5b3.rlib" "/opt/rustwide/rustup-home/toolchains/beta-2023-04-20-x86_64-unknown-linux-gnu/lib/rustlib/x86_64-unknown-linux-gnu/lib/libunwind-b68238b7c3c619dd.rlib" "/opt/rustwide/rustup-home/toolchains/beta-2023-04-20-x86_64-unknown-linux-gnu/lib/rustlib/x86_64-unknown-linux-gnu/lib/libcfg_if-d5e213e896c017e4.rlib" "/opt/rustwide/rustup-home/toolchains/beta-2023-04-20-x86_64-unknown-linux-gnu/lib/rustlib/x86_64-unknown-linux-gnu/lib/liblibc-0211a3b2e61d8689.rlib" "/opt/rustwide/rustup-home/toolchains/beta-2023-04-20-x86_64-unknown-linux-gnu/lib/rustlib/x86_64-unknown-linux-gnu/lib/liballoc-b371f055239ba51f.rlib" "/opt/rustwide/rustup-home/toolchains/beta-2023-04-20-x86_64-unknown-linux-gnu/lib/rustlib/x86_64-unknown-linux-gnu/lib/librustc_std_workspace_core-e60518d2760eb01e.rlib" "/opt/rustwide/rustup-home/toolchains/beta-2023-04-20-x86_64-unknown-linux-gnu/lib/rustlib/x86_64-unknown-linux-gnu/lib/libcore-1ad943f92a4b1081.rlib" "/opt/rustwide/rustup-home/toolchains/beta-2023-04-20-x86_64-unknown-linux-gnu/lib/rustlib/x86_64-unknown-linux-gnu/lib/libcompiler_builtins-f0d6e4d0fc1e80b4.rlib" "-Wl,-Bdynamic" "-lkdb" "-lgcc_s" "-lutil" "-lrt" "-lpthread" "-lm" "-ldl" "-lc" "-Wl,--eh-frame-hdr" "-Wl,-z,noexecstack" "-L" "/opt/rustwide/rustup-home/toolchains/beta-2023-04-20-x86_64-unknown-linux-gnu/lib/rustlib/x86_64-unknown-linux-gnu/lib" "-o" "/opt/rustwide/target/debug/examples/using_dictionaries-d52e2aac8eec6c1d" "-Wl,--gc-sections" "-pie" "-Wl,-z,relro,-z,now" "-nodefaultlibs"
[INFO] [stdout]   = note: /usr/bin/ld: cannot find -lkdb: No such file or directory
[INFO] [stdout]           collect2: error: ld returned 1 exit status
[INFO] [stdout]           
[INFO] [stdout] 
[INFO] [stdout] 
[INFO] [stdout] error: aborting due to previous error
[INFO] [stdout] 
[INFO] [stdout] 
[INFO] [stderr] error: could not compile `kdb` (example "using_dictionaries") due to 2 previous errors
[INFO] [stdout] error: linking with `cc` failed: exit status: 1
[INFO] [stdout]   |
[INFO] [stdout]   = note: LC_ALL="C" PATH="/opt/rustwide/rustup-home/toolchains/beta-2023-04-20-x86_64-unknown-linux-gnu/lib/rustlib/x86_64-unknown-linux-gnu/bin:/opt/rustwide/cargo-home/bin:/usr/local/sbin:/usr/local/bin:/usr/sbin:/usr/bin:/sbin:/bin" VSLANG="1033" "cc" "-m64" "/tmp/rustce0il5b/symbols.o" "/opt/rustwide/target/debug/examples/creating_a_list-d91b9b11db78992e.creating_a_list.9feb3ba4-cgu.0.rcgu.o" "/opt/rustwide/target/debug/examples/creating_a_list-d91b9b11db78992e.creating_a_list.9feb3ba4-cgu.1.rcgu.o" "/opt/rustwide/target/debug/examples/creating_a_list-d91b9b11db78992e.creating_a_list.9feb3ba4-cgu.10.rcgu.o" "/opt/rustwide/target/debug/examples/creating_a_list-d91b9b11db78992e.creating_a_list.9feb3ba4-cgu.11.rcgu.o" "/opt/rustwide/target/debug/examples/creating_a_list-d91b9b11db78992e.creating_a_list.9feb3ba4-cgu.12.rcgu.o" "/opt/rustwide/target/debug/examples/creating_a_list-d91b9b11db78992e.creating_a_list.9feb3ba4-cgu.13.rcgu.o" "/opt/rustwide/target/debug/examples/creating_a_list-d91b9b11db78992e.creating_a_list.9feb3ba4-cgu.14.rcgu.o" "/opt/rustwide/target/debug/examples/creating_a_list-d91b9b11db78992e.creating_a_list.9feb3ba4-cgu.15.rcgu.o" "/opt/rustwide/target/debug/examples/creating_a_list-d91b9b11db78992e.creating_a_list.9feb3ba4-cgu.2.rcgu.o" "/opt/rustwide/target/debug/examples/creating_a_list-d91b9b11db78992e.creating_a_list.9feb3ba4-cgu.3.rcgu.o" "/opt/rustwide/target/debug/examples/creating_a_list-d91b9b11db78992e.creating_a_list.9feb3ba4-cgu.4.rcgu.o" "/opt/rustwide/target/debug/examples/creating_a_list-d91b9b11db78992e.creating_a_list.9feb3ba4-cgu.5.rcgu.o" "/opt/rustwide/target/debug/examples/creating_a_list-d91b9b11db78992e.creating_a_list.9feb3ba4-cgu.6.rcgu.o" "/opt/rustwide/target/debug/examples/creating_a_list-d91b9b11db78992e.creating_a_list.9feb3ba4-cgu.7.rcgu.o" "/opt/rustwide/target/debug/examples/creating_a_list-d91b9b11db78992e.creating_a_list.9feb3ba4-cgu.8.rcgu.o" "/opt/rustwide/target/debug/examples/creating_a_list-d91b9b11db78992e.creating_a_list.9feb3ba4-cgu.9.rcgu.o" "/opt/rustwide/target/debug/examples/creating_a_list-d91b9b11db78992e.21mlcdveo8q7eac.rcgu.o" "-Wl,--as-needed" "-L" "/opt/rustwide/target/debug/deps" "-L" "/opt/rustwide/workdir" "-L" "/opt/rustwide/rustup-home/toolchains/beta-2023-04-20-x86_64-unknown-linux-gnu/lib/rustlib/x86_64-unknown-linux-gnu/lib" "-Wl,-Bstatic" "/opt/rustwide/target/debug/deps/libkdb-ce00fbcb4902234a.rlib" "/opt/rustwide/target/debug/deps/libarray_iterator-69d783851211c800.rlib" "/opt/rustwide/target/debug/deps/libthiserror-cc4b6e8c439ebb84.rlib" "/opt/rustwide/target/debug/deps/libuuid-b7a43037ca9b9fde.rlib" "/opt/rustwide/rustup-home/toolchains/beta-2023-04-20-x86_64-unknown-linux-gnu/lib/rustlib/x86_64-unknown-linux-gnu/lib/libstd-0e29cc23c5e02021.rlib" "/opt/rustwide/rustup-home/toolchains/beta-2023-04-20-x86_64-unknown-linux-gnu/lib/rustlib/x86_64-unknown-linux-gnu/lib/libpanic_unwind-d903621768a861d9.rlib" "/opt/rustwide/rustup-home/toolchains/beta-2023-04-20-x86_64-unknown-linux-gnu/lib/rustlib/x86_64-unknown-linux-gnu/lib/libobject-6d0225e655f31c13.rlib" "/opt/rustwide/rustup-home/toolchains/beta-2023-04-20-x86_64-unknown-linux-gnu/lib/rustlib/x86_64-unknown-linux-gnu/lib/libmemchr-9dbaf4eac7eaa079.rlib" "/opt/rustwide/rustup-home/toolchains/beta-2023-04-20-x86_64-unknown-linux-gnu/lib/rustlib/x86_64-unknown-linux-gnu/lib/libaddr2line-27f05b3d42a66dd0.rlib" "/opt/rustwide/rustup-home/toolchains/beta-2023-04-20-x86_64-unknown-linux-gnu/lib/rustlib/x86_64-unknown-linux-gnu/lib/libgimli-4d73f1030321c9a2.rlib" "/opt/rustwide/rustup-home/toolchains/beta-2023-04-20-x86_64-unknown-linux-gnu/lib/rustlib/x86_64-unknown-linux-gnu/lib/librustc_demangle-2846c9e58abd0acb.rlib" "/opt/rustwide/rustup-home/toolchains/beta-2023-04-20-x86_64-unknown-linux-gnu/lib/rustlib/x86_64-unknown-linux-gnu/lib/libstd_detect-a53d0f50415947be.rlib" "/opt/rustwide/rustup-home/toolchains/beta-2023-04-20-x86_64-unknown-linux-gnu/lib/rustlib/x86_64-unknown-linux-gnu/lib/libhashbrown-d48e4b6abc25b9dc.rlib" "/opt/rustwide/rustup-home/toolchains/beta-2023-04-20-x86_64-unknown-linux-gnu/lib/rustlib/x86_64-unknown-linux-gnu/lib/libminiz_oxide-2991859439ef1207.rlib" "/opt/rustwide/rustup-home/toolchains/beta-2023-04-20-x86_64-unknown-linux-gnu/lib/rustlib/x86_64-unknown-linux-gnu/lib/libadler-8a687517e4221bae.rlib" "/opt/rustwide/rustup-home/toolchains/beta-2023-04-20-x86_64-unknown-linux-gnu/lib/rustlib/x86_64-unknown-linux-gnu/lib/librustc_std_workspace_alloc-e07b554f6a67f5b3.rlib" "/opt/rustwide/rustup-home/toolchains/beta-2023-04-20-x86_64-unknown-linux-gnu/lib/rustlib/x86_64-unknown-linux-gnu/lib/libunwind-b68238b7c3c619dd.rlib" "/opt/rustwide/rustup-home/toolchains/beta-2023-04-20-x86_64-unknown-linux-gnu/lib/rustlib/x86_64-unknown-linux-gnu/lib/libcfg_if-d5e213e896c017e4.rlib" "/opt/rustwide/rustup-home/toolchains/beta-2023-04-20-x86_64-unknown-linux-gnu/lib/rustlib/x86_64-unknown-linux-gnu/lib/liblibc-0211a3b2e61d8689.rlib" "/opt/rustwide/rustup-home/toolchains/beta-2023-04-20-x86_64-unknown-linux-gnu/lib/rustlib/x86_64-unknown-linux-gnu/lib/liballoc-b371f055239ba51f.rlib" "/opt/rustwide/rustup-home/toolchains/beta-2023-04-20-x86_64-unknown-linux-gnu/lib/rustlib/x86_64-unknown-linux-gnu/lib/librustc_std_workspace_core-e60518d2760eb01e.rlib" "/opt/rustwide/rustup-home/toolchains/beta-2023-04-20-x86_64-unknown-linux-gnu/lib/rustlib/x86_64-unknown-linux-gnu/lib/libcore-1ad943f92a4b1081.rlib" "/opt/rustwide/rustup-home/toolchains/beta-2023-04-20-x86_64-unknown-linux-gnu/lib/rustlib/x86_64-unknown-linux-gnu/lib/libcompiler_builtins-f0d6e4d0fc1e80b4.rlib" "-Wl,-Bdynamic" "-lkdb" "-lgcc_s" "-lutil" "-lrt" "-lpthread" "-lm" "-ldl" "-lc" "-Wl,--eh-frame-hdr" "-Wl,-z,noexecstack" "-L" "/opt/rustwide/rustup-home/toolchains/beta-2023-04-20-x86_64-unknown-linux-gnu/lib/rustlib/x86_64-unknown-linux-gnu/lib" "-o" "/opt/rustwide/target/debug/examples/creating_a_list-d91b9b11db78992e" "-Wl,--gc-sections" "-pie" "-Wl,-z,relro,-z,now" "-nodefaultlibs"
[INFO] [stdout]   = note: /usr/bin/ld: cannot find -lkdb: No such file or directory
[INFO] [stdout]           collect2: error: ld returned 1 exit status
[INFO] [stdout]           
[INFO] [stdout] 
[INFO] [stdout] 
[INFO] [stderr] error: could not compile `kdb` (example "creating_a_list") due to 2 previous errors
[INFO] [stdout] error: aborting due to previous error
[INFO] [stdout] 
[INFO] [stdout] 
[INFO] [stdout] error: linking with `cc` failed: exit status: 1
[INFO] [stdout]   |
[INFO] [stdout]   = note: LC_ALL="C" PATH="/opt/rustwide/rustup-home/toolchains/beta-2023-04-20-x86_64-unknown-linux-gnu/lib/rustlib/x86_64-unknown-linux-gnu/bin:/opt/rustwide/cargo-home/bin:/usr/local/sbin:/usr/local/bin:/usr/sbin:/usr/bin:/sbin:/bin" VSLANG="1033" "cc" "-m64" "/tmp/rustcm7YJHq/symbols.o" "/opt/rustwide/target/debug/examples/working_with_time-698e1f77541ed6b6.working_with_time.eccaa5ff-cgu.0.rcgu.o" "/opt/rustwide/target/debug/examples/working_with_time-698e1f77541ed6b6.working_with_time.eccaa5ff-cgu.1.rcgu.o" "/opt/rustwide/target/debug/examples/working_with_time-698e1f77541ed6b6.working_with_time.eccaa5ff-cgu.2.rcgu.o" "/opt/rustwide/target/debug/examples/working_with_time-698e1f77541ed6b6.working_with_time.eccaa5ff-cgu.3.rcgu.o" "/opt/rustwide/target/debug/examples/working_with_time-698e1f77541ed6b6.working_with_time.eccaa5ff-cgu.4.rcgu.o" "/opt/rustwide/target/debug/examples/working_with_time-698e1f77541ed6b6.working_with_time.eccaa5ff-cgu.5.rcgu.o" "/opt/rustwide/target/debug/examples/working_with_time-698e1f77541ed6b6.working_with_time.eccaa5ff-cgu.6.rcgu.o" "/opt/rustwide/target/debug/examples/working_with_time-698e1f77541ed6b6.working_with_time.eccaa5ff-cgu.7.rcgu.o" "/opt/rustwide/target/debug/examples/working_with_time-698e1f77541ed6b6.working_with_time.eccaa5ff-cgu.8.rcgu.o" "/opt/rustwide/target/debug/examples/working_with_time-698e1f77541ed6b6.working_with_time.eccaa5ff-cgu.9.rcgu.o" "/opt/rustwide/target/debug/examples/working_with_time-698e1f77541ed6b6.2hu6dys647z63mjj.rcgu.o" "-Wl,--as-needed" "-L" "/opt/rustwide/target/debug/deps" "-L" "/opt/rustwide/workdir" "-L" "/opt/rustwide/rustup-home/toolchains/beta-2023-04-20-x86_64-unknown-linux-gnu/lib/rustlib/x86_64-unknown-linux-gnu/lib" "-Wl,-Bstatic" "/opt/rustwide/target/debug/deps/libkdb-ce00fbcb4902234a.rlib" "/opt/rustwide/target/debug/deps/libarray_iterator-69d783851211c800.rlib" "/opt/rustwide/target/debug/deps/libthiserror-cc4b6e8c439ebb84.rlib" "/opt/rustwide/target/debug/deps/libuuid-b7a43037ca9b9fde.rlib" "/opt/rustwide/rustup-home/toolchains/beta-2023-04-20-x86_64-unknown-linux-gnu/lib/rustlib/x86_64-unknown-linux-gnu/lib/libstd-0e29cc23c5e02021.rlib" "/opt/rustwide/rustup-home/toolchains/beta-2023-04-20-x86_64-unknown-linux-gnu/lib/rustlib/x86_64-unknown-linux-gnu/lib/libpanic_unwind-d903621768a861d9.rlib" "/opt/rustwide/rustup-home/toolchains/beta-2023-04-20-x86_64-unknown-linux-gnu/lib/rustlib/x86_64-unknown-linux-gnu/lib/libobject-6d0225e655f31c13.rlib" "/opt/rustwide/rustup-home/toolchains/beta-2023-04-20-x86_64-unknown-linux-gnu/lib/rustlib/x86_64-unknown-linux-gnu/lib/libmemchr-9dbaf4eac7eaa079.rlib" "/opt/rustwide/rustup-home/toolchains/beta-2023-04-20-x86_64-unknown-linux-gnu/lib/rustlib/x86_64-unknown-linux-gnu/lib/libaddr2line-27f05b3d42a66dd0.rlib" "/opt/rustwide/rustup-home/toolchains/beta-2023-04-20-x86_64-unknown-linux-gnu/lib/rustlib/x86_64-unknown-linux-gnu/lib/libgimli-4d73f1030321c9a2.rlib" "/opt/rustwide/rustup-home/toolchains/beta-2023-04-20-x86_64-unknown-linux-gnu/lib/rustlib/x86_64-unknown-linux-gnu/lib/librustc_demangle-2846c9e58abd0acb.rlib" "/opt/rustwide/rustup-home/toolchains/beta-2023-04-20-x86_64-unknown-linux-gnu/lib/rustlib/x86_64-unknown-linux-gnu/lib/libstd_detect-a53d0f50415947be.rlib" "/opt/rustwide/rustup-home/toolchains/beta-2023-04-20-x86_64-unknown-linux-gnu/lib/rustlib/x86_64-unknown-linux-gnu/lib/libhashbrown-d48e4b6abc25b9dc.rlib" "/opt/rustwide/rustup-home/toolchains/beta-2023-04-20-x86_64-unknown-linux-gnu/lib/rustlib/x86_64-unknown-linux-gnu/lib/libminiz_oxide-2991859439ef1207.rlib" "/opt/rustwide/rustup-home/toolchains/beta-2023-04-20-x86_64-unknown-linux-gnu/lib/rustlib/x86_64-unknown-linux-gnu/lib/libadler-8a687517e4221bae.rlib" "/opt/rustwide/rustup-home/toolchains/beta-2023-04-20-x86_64-unknown-linux-gnu/lib/rustlib/x86_64-unknown-linux-gnu/lib/librustc_std_workspace_alloc-e07b554f6a67f5b3.rlib" "/opt/rustwide/rustup-home/toolchains/beta-2023-04-20-x86_64-unknown-linux-gnu/lib/rustlib/x86_64-unknown-linux-gnu/lib/libunwind-b68238b7c3c619dd.rlib" "/opt/rustwide/rustup-home/toolchains/beta-2023-04-20-x86_64-unknown-linux-gnu/lib/rustlib/x86_64-unknown-linux-gnu/lib/libcfg_if-d5e213e896c017e4.rlib" "/opt/rustwide/rustup-home/toolchains/beta-2023-04-20-x86_64-unknown-linux-gnu/lib/rustlib/x86_64-unknown-linux-gnu/lib/liblibc-0211a3b2e61d8689.rlib" "/opt/rustwide/rustup-home/toolchains/beta-2023-04-20-x86_64-unknown-linux-gnu/lib/rustlib/x86_64-unknown-linux-gnu/lib/liballoc-b371f055239ba51f.rlib" "/opt/rustwide/rustup-home/toolchains/beta-2023-04-20-x86_64-unknown-linux-gnu/lib/rustlib/x86_64-unknown-linux-gnu/lib/librustc_std_workspace_core-e60518d2760eb01e.rlib" "/opt/rustwide/rustup-home/toolchains/beta-2023-04-20-x86_64-unknown-linux-gnu/lib/rustlib/x86_64-unknown-linux-gnu/lib/libcore-1ad943f92a4b1081.rlib" "/opt/rustwide/rustup-home/toolchains/beta-2023-04-20-x86_64-unknown-linux-gnu/lib/rustlib/x86_64-unknown-linux-gnu/lib/libcompiler_builtins-f0d6e4d0fc1e80b4.rlib" "-Wl,-Bdynamic" "-lkdb" "-lgcc_s" "-lutil" "-lrt" "-lpthread" "-lm" "-ldl" "-lc" "-Wl,--eh-frame-hdr" "-Wl,-z,noexecstack" "-L" "/opt/rustwide/rustup-home/toolchains/beta-2023-04-20-x86_64-unknown-linux-gnu/lib/rustlib/x86_64-unknown-linux-gnu/lib" "-o" "/opt/rustwide/target/debug/examples/working_with_time-698e1f77541ed6b6" "-Wl,--gc-sections" "-pie" "-Wl,-z,relro,-z,now" "-nodefaultlibs"
[INFO] [stdout]   = note: /usr/bin/ld: cannot find -lkdb: No such file or directory
[INFO] [stdout]           collect2: error: ld returned 1 exit status
[INFO] [stdout]           
[INFO] [stdout] 
[INFO] [stdout] 
[INFO] [stdout] error: aborting due to previous error
[INFO] [stdout] 
[INFO] [stdout] 
[INFO] [stderr] error: could not compile `kdb` (example "working_with_time") due to 2 previous errors
[INFO] [stdout] error: linking with `cc` failed: exit status: 1
[INFO] [stdout]   |
[INFO] [stdout]   = note: LC_ALL="C" PATH="/opt/rustwide/rustup-home/toolchains/beta-2023-04-20-x86_64-unknown-linux-gnu/lib/rustlib/x86_64-unknown-linux-gnu/bin:/opt/rustwide/cargo-home/bin:/usr/local/sbin:/usr/local/bin:/usr/sbin:/usr/bin:/sbin:/bin" VSLANG="1033" "cc" "-m64" "/tmp/rustcoRZGvm/symbols.o" "/opt/rustwide/target/debug/examples/fun_with_symbols-d8978c31055f1087.fun_with_symbols.9500ccc0-cgu.0.rcgu.o" "/opt/rustwide/target/debug/examples/fun_with_symbols-d8978c31055f1087.fun_with_symbols.9500ccc0-cgu.1.rcgu.o" "/opt/rustwide/target/debug/examples/fun_with_symbols-d8978c31055f1087.fun_with_symbols.9500ccc0-cgu.10.rcgu.o" "/opt/rustwide/target/debug/examples/fun_with_symbols-d8978c31055f1087.fun_with_symbols.9500ccc0-cgu.11.rcgu.o" "/opt/rustwide/target/debug/examples/fun_with_symbols-d8978c31055f1087.fun_with_symbols.9500ccc0-cgu.12.rcgu.o" "/opt/rustwide/target/debug/examples/fun_with_symbols-d8978c31055f1087.fun_with_symbols.9500ccc0-cgu.13.rcgu.o" "/opt/rustwide/target/debug/examples/fun_with_symbols-d8978c31055f1087.fun_with_symbols.9500ccc0-cgu.14.rcgu.o" "/opt/rustwide/target/debug/examples/fun_with_symbols-d8978c31055f1087.fun_with_symbols.9500ccc0-cgu.15.rcgu.o" "/opt/rustwide/target/debug/examples/fun_with_symbols-d8978c31055f1087.fun_with_symbols.9500ccc0-cgu.2.rcgu.o" "/opt/rustwide/target/debug/examples/fun_with_symbols-d8978c31055f1087.fun_with_symbols.9500ccc0-cgu.3.rcgu.o" "/opt/rustwide/target/debug/examples/fun_with_symbols-d8978c31055f1087.fun_with_symbols.9500ccc0-cgu.4.rcgu.o" "/opt/rustwide/target/debug/examples/fun_with_symbols-d8978c31055f1087.fun_with_symbols.9500ccc0-cgu.5.rcgu.o" "/opt/rustwide/target/debug/examples/fun_with_symbols-d8978c31055f1087.fun_with_symbols.9500ccc0-cgu.6.rcgu.o" "/opt/rustwide/target/debug/examples/fun_with_symbols-d8978c31055f1087.fun_with_symbols.9500ccc0-cgu.7.rcgu.o" "/opt/rustwide/target/debug/examples/fun_with_symbols-d8978c31055f1087.fun_with_symbols.9500ccc0-cgu.8.rcgu.o" "/opt/rustwide/target/debug/examples/fun_with_symbols-d8978c31055f1087.fun_with_symbols.9500ccc0-cgu.9.rcgu.o" "/opt/rustwide/target/debug/examples/fun_with_symbols-d8978c31055f1087.20dd0mtfwm0knvm1.rcgu.o" "-Wl,--as-needed" "-L" "/opt/rustwide/target/debug/deps" "-L" "/opt/rustwide/workdir" "-L" "/opt/rustwide/rustup-home/toolchains/beta-2023-04-20-x86_64-unknown-linux-gnu/lib/rustlib/x86_64-unknown-linux-gnu/lib" "-Wl,-Bstatic" "/opt/rustwide/target/debug/deps/libkdb-ce00fbcb4902234a.rlib" "/opt/rustwide/target/debug/deps/libarray_iterator-69d783851211c800.rlib" "/opt/rustwide/target/debug/deps/libthiserror-cc4b6e8c439ebb84.rlib" "/opt/rustwide/target/debug/deps/libuuid-b7a43037ca9b9fde.rlib" "/opt/rustwide/rustup-home/toolchains/beta-2023-04-20-x86_64-unknown-linux-gnu/lib/rustlib/x86_64-unknown-linux-gnu/lib/libstd-0e29cc23c5e02021.rlib" "/opt/rustwide/rustup-home/toolchains/beta-2023-04-20-x86_64-unknown-linux-gnu/lib/rustlib/x86_64-unknown-linux-gnu/lib/libpanic_unwind-d903621768a861d9.rlib" "/opt/rustwide/rustup-home/toolchains/beta-2023-04-20-x86_64-unknown-linux-gnu/lib/rustlib/x86_64-unknown-linux-gnu/lib/libobject-6d0225e655f31c13.rlib" "/opt/rustwide/rustup-home/toolchains/beta-2023-04-20-x86_64-unknown-linux-gnu/lib/rustlib/x86_64-unknown-linux-gnu/lib/libmemchr-9dbaf4eac7eaa079.rlib" "/opt/rustwide/rustup-home/toolchains/beta-2023-04-20-x86_64-unknown-linux-gnu/lib/rustlib/x86_64-unknown-linux-gnu/lib/libaddr2line-27f05b3d42a66dd0.rlib" "/opt/rustwide/rustup-home/toolchains/beta-2023-04-20-x86_64-unknown-linux-gnu/lib/rustlib/x86_64-unknown-linux-gnu/lib/libgimli-4d73f1030321c9a2.rlib" "/opt/rustwide/rustup-home/toolchains/beta-2023-04-20-x86_64-unknown-linux-gnu/lib/rustlib/x86_64-unknown-linux-gnu/lib/librustc_demangle-2846c9e58abd0acb.rlib" "/opt/rustwide/rustup-home/toolchains/beta-2023-04-20-x86_64-unknown-linux-gnu/lib/rustlib/x86_64-unknown-linux-gnu/lib/libstd_detect-a53d0f50415947be.rlib" "/opt/rustwide/rustup-home/toolchains/beta-2023-04-20-x86_64-unknown-linux-gnu/lib/rustlib/x86_64-unknown-linux-gnu/lib/libhashbrown-d48e4b6abc25b9dc.rlib" "/opt/rustwide/rustup-home/toolchains/beta-2023-04-20-x86_64-unknown-linux-gnu/lib/rustlib/x86_64-unknown-linux-gnu/lib/libminiz_oxide-2991859439ef1207.rlib" "/opt/rustwide/rustup-home/toolchains/beta-2023-04-20-x86_64-unknown-linux-gnu/lib/rustlib/x86_64-unknown-linux-gnu/lib/libadler-8a687517e4221bae.rlib" "/opt/rustwide/rustup-home/toolchains/beta-2023-04-20-x86_64-unknown-linux-gnu/lib/rustlib/x86_64-unknown-linux-gnu/lib/librustc_std_workspace_alloc-e07b554f6a67f5b3.rlib" "/opt/rustwide/rustup-home/toolchains/beta-2023-04-20-x86_64-unknown-linux-gnu/lib/rustlib/x86_64-unknown-linux-gnu/lib/libunwind-b68238b7c3c619dd.rlib" "/opt/rustwide/rustup-home/toolchains/beta-2023-04-20-x86_64-unknown-linux-gnu/lib/rustlib/x86_64-unknown-linux-gnu/lib/libcfg_if-d5e213e896c017e4.rlib" "/opt/rustwide/rustup-home/toolchains/beta-2023-04-20-x86_64-unknown-linux-gnu/lib/rustlib/x86_64-unknown-linux-gnu/lib/liblibc-0211a3b2e61d8689.rlib" "/opt/rustwide/rustup-home/toolchains/beta-2023-04-20-x86_64-unknown-linux-gnu/lib/rustlib/x86_64-unknown-linux-gnu/lib/liballoc-b371f055239ba51f.rlib" "/opt/rustwide/rustup-home/toolchains/beta-2023-04-20-x86_64-unknown-linux-gnu/lib/rustlib/x86_64-unknown-linux-gnu/lib/librustc_std_workspace_core-e60518d2760eb01e.rlib" "/opt/rustwide/rustup-home/toolchains/beta-2023-04-20-x86_64-unknown-linux-gnu/lib/rustlib/x86_64-unknown-linux-gnu/lib/libcore-1ad943f92a4b1081.rlib" "/opt/rustwide/rustup-home/toolchains/beta-2023-04-20-x86_64-unknown-linux-gnu/lib/rustlib/x86_64-unknown-linux-gnu/lib/libcompiler_builtins-f0d6e4d0fc1e80b4.rlib" "-Wl,-Bdynamic" "-lkdb" "-lgcc_s" "-lutil" "-lrt" "-lpthread" "-lm" "-ldl" "-lc" "-Wl,--eh-frame-hdr" "-Wl,-z,noexecstack" "-L" "/opt/rustwide/rustup-home/toolchains/beta-2023-04-20-x86_64-unknown-linux-gnu/lib/rustlib/x86_64-unknown-linux-gnu/lib" "-o" "/opt/rustwide/target/debug/examples/fun_with_symbols-d8978c31055f1087" "-Wl,--gc-sections" "-pie" "-Wl,-z,relro,-z,now" "-nodefaultlibs"
[INFO] [stdout]   = note: /usr/bin/ld: cannot find -lkdb: No such file or directory
[INFO] [stdout]           collect2: error: ld returned 1 exit status
[INFO] [stdout]           
[INFO] [stdout] 
[INFO] [stdout] 
[INFO] [stdout] error: aborting due to previous error
[INFO] [stdout] 
[INFO] [stdout] 
[INFO] [stderr] error: could not compile `kdb` (example "fun_with_symbols") due to 2 previous errors
[INFO] [stdout] error: linking with `cc` failed: exit status: 1
[INFO] [stdout]   |
[INFO] [stdout]   = note: LC_ALL="C" PATH="/opt/rustwide/rustup-home/toolchains/beta-2023-04-20-x86_64-unknown-linux-gnu/lib/rustlib/x86_64-unknown-linux-gnu/bin:/opt/rustwide/cargo-home/bin:/usr/local/sbin:/usr/local/bin:/usr/sbin:/usr/bin:/sbin:/bin" VSLANG="1033" "cc" "-m64" "/tmp/rustcWKzwtZ/symbols.o" "/opt/rustwide/target/debug/examples/publishing-936ab4a9ba67acf0.publishing.fb792358-cgu.0.rcgu.o" "/opt/rustwide/target/debug/examples/publishing-936ab4a9ba67acf0.publishing.fb792358-cgu.1.rcgu.o" "/opt/rustwide/target/debug/examples/publishing-936ab4a9ba67acf0.publishing.fb792358-cgu.10.rcgu.o" "/opt/rustwide/target/debug/examples/publishing-936ab4a9ba67acf0.publishing.fb792358-cgu.11.rcgu.o" "/opt/rustwide/target/debug/examples/publishing-936ab4a9ba67acf0.publishing.fb792358-cgu.12.rcgu.o" "/opt/rustwide/target/debug/examples/publishing-936ab4a9ba67acf0.publishing.fb792358-cgu.13.rcgu.o" "/opt/rustwide/target/debug/examples/publishing-936ab4a9ba67acf0.publishing.fb792358-cgu.14.rcgu.o" "/opt/rustwide/target/debug/examples/publishing-936ab4a9ba67acf0.publishing.fb792358-cgu.15.rcgu.o" "/opt/rustwide/target/debug/examples/publishing-936ab4a9ba67acf0.publishing.fb792358-cgu.2.rcgu.o" "/opt/rustwide/target/debug/examples/publishing-936ab4a9ba67acf0.publishing.fb792358-cgu.3.rcgu.o" "/opt/rustwide/target/debug/examples/publishing-936ab4a9ba67acf0.publishing.fb792358-cgu.4.rcgu.o" "/opt/rustwide/target/debug/examples/publishing-936ab4a9ba67acf0.publishing.fb792358-cgu.5.rcgu.o" "/opt/rustwide/target/debug/examples/publishing-936ab4a9ba67acf0.publishing.fb792358-cgu.6.rcgu.o" "/opt/rustwide/target/debug/examples/publishing-936ab4a9ba67acf0.publishing.fb792358-cgu.7.rcgu.o" "/opt/rustwide/target/debug/examples/publishing-936ab4a9ba67acf0.publishing.fb792358-cgu.8.rcgu.o" "/opt/rustwide/target/debug/examples/publishing-936ab4a9ba67acf0.publishing.fb792358-cgu.9.rcgu.o" "/opt/rustwide/target/debug/examples/publishing-936ab4a9ba67acf0.2x0xitjd39nhbmod.rcgu.o" "-Wl,--as-needed" "-L" "/opt/rustwide/target/debug/deps" "-L" "/opt/rustwide/workdir" "-L" "/opt/rustwide/rustup-home/toolchains/beta-2023-04-20-x86_64-unknown-linux-gnu/lib/rustlib/x86_64-unknown-linux-gnu/lib" "-Wl,-Bstatic" "/opt/rustwide/target/debug/deps/libkdb-ce00fbcb4902234a.rlib" "/opt/rustwide/target/debug/deps/libarray_iterator-69d783851211c800.rlib" "/opt/rustwide/target/debug/deps/libthiserror-cc4b6e8c439ebb84.rlib" "/opt/rustwide/target/debug/deps/libuuid-b7a43037ca9b9fde.rlib" "/opt/rustwide/rustup-home/toolchains/beta-2023-04-20-x86_64-unknown-linux-gnu/lib/rustlib/x86_64-unknown-linux-gnu/lib/libstd-0e29cc23c5e02021.rlib" "/opt/rustwide/rustup-home/toolchains/beta-2023-04-20-x86_64-unknown-linux-gnu/lib/rustlib/x86_64-unknown-linux-gnu/lib/libpanic_unwind-d903621768a861d9.rlib" "/opt/rustwide/rustup-home/toolchains/beta-2023-04-20-x86_64-unknown-linux-gnu/lib/rustlib/x86_64-unknown-linux-gnu/lib/libobject-6d0225e655f31c13.rlib" "/opt/rustwide/rustup-home/toolchains/beta-2023-04-20-x86_64-unknown-linux-gnu/lib/rustlib/x86_64-unknown-linux-gnu/lib/libmemchr-9dbaf4eac7eaa079.rlib" "/opt/rustwide/rustup-home/toolchains/beta-2023-04-20-x86_64-unknown-linux-gnu/lib/rustlib/x86_64-unknown-linux-gnu/lib/libaddr2line-27f05b3d42a66dd0.rlib" "/opt/rustwide/rustup-home/toolchains/beta-2023-04-20-x86_64-unknown-linux-gnu/lib/rustlib/x86_64-unknown-linux-gnu/lib/libgimli-4d73f1030321c9a2.rlib" "/opt/rustwide/rustup-home/toolchains/beta-2023-04-20-x86_64-unknown-linux-gnu/lib/rustlib/x86_64-unknown-linux-gnu/lib/librustc_demangle-2846c9e58abd0acb.rlib" "/opt/rustwide/rustup-home/toolchains/beta-2023-04-20-x86_64-unknown-linux-gnu/lib/rustlib/x86_64-unknown-linux-gnu/lib/libstd_detect-a53d0f50415947be.rlib" "/opt/rustwide/rustup-home/toolchains/beta-2023-04-20-x86_64-unknown-linux-gnu/lib/rustlib/x86_64-unknown-linux-gnu/lib/libhashbrown-d48e4b6abc25b9dc.rlib" "/opt/rustwide/rustup-home/toolchains/beta-2023-04-20-x86_64-unknown-linux-gnu/lib/rustlib/x86_64-unknown-linux-gnu/lib/libminiz_oxide-2991859439ef1207.rlib" "/opt/rustwide/rustup-home/toolchains/beta-2023-04-20-x86_64-unknown-linux-gnu/lib/rustlib/x86_64-unknown-linux-gnu/lib/libadler-8a687517e4221bae.rlib" "/opt/rustwide/rustup-home/toolchains/beta-2023-04-20-x86_64-unknown-linux-gnu/lib/rustlib/x86_64-unknown-linux-gnu/lib/librustc_std_workspace_alloc-e07b554f6a67f5b3.rlib" "/opt/rustwide/rustup-home/toolchains/beta-2023-04-20-x86_64-unknown-linux-gnu/lib/rustlib/x86_64-unknown-linux-gnu/lib/libunwind-b68238b7c3c619dd.rlib" "/opt/rustwide/rustup-home/toolchains/beta-2023-04-20-x86_64-unknown-linux-gnu/lib/rustlib/x86_64-unknown-linux-gnu/lib/libcfg_if-d5e213e896c017e4.rlib" "/opt/rustwide/rustup-home/toolchains/beta-2023-04-20-x86_64-unknown-linux-gnu/lib/rustlib/x86_64-unknown-linux-gnu/lib/liblibc-0211a3b2e61d8689.rlib" "/opt/rustwide/rustup-home/toolchains/beta-2023-04-20-x86_64-unknown-linux-gnu/lib/rustlib/x86_64-unknown-linux-gnu/lib/liballoc-b371f055239ba51f.rlib" "/opt/rustwide/rustup-home/toolchains/beta-2023-04-20-x86_64-unknown-linux-gnu/lib/rustlib/x86_64-unknown-linux-gnu/lib/librustc_std_workspace_core-e60518d2760eb01e.rlib" "/opt/rustwide/rustup-home/toolchains/beta-2023-04-20-x86_64-unknown-linux-gnu/lib/rustlib/x86_64-unknown-linux-gnu/lib/libcore-1ad943f92a4b1081.rlib" "/opt/rustwide/rustup-home/toolchains/beta-2023-04-20-x86_64-unknown-linux-gnu/lib/rustlib/x86_64-unknown-linux-gnu/lib/libcompiler_builtins-f0d6e4d0fc1e80b4.rlib" "-Wl,-Bdynamic" "-lkdb" "-lgcc_s" "-lutil" "-lrt" "-lpthread" "-lm" "-ldl" "-lc" "-Wl,--eh-frame-hdr" "-Wl,-z,noexecstack" "-L" "/opt/rustwide/rustup-home/toolchains/beta-2023-04-20-x86_64-unknown-linux-gnu/lib/rustlib/x86_64-unknown-linux-gnu/lib" "-o" "/opt/rustwide/target/debug/examples/publishing-936ab4a9ba67acf0" "-Wl,--gc-sections" "-pie" "-Wl,-z,relro,-z,now" "-nodefaultlibs"
[INFO] [stdout]   = note: /usr/bin/ld: cannot find -lkdb: No such file or directory
[INFO] [stdout]           collect2: error: ld returned 1 exit status
[INFO] [stdout]           
[INFO] [stdout] 
[INFO] [stdout] 
[INFO] [stdout] error: aborting due to previous error
[INFO] [stdout] 
[INFO] [stdout] 
[INFO] [stderr] error: could not compile `kdb` (example "publishing") due to 2 previous errors
[INFO] [stdout] error[E0283]: type annotations needed
[INFO] [stdout]    --> src/serialization.rs:51:63
[INFO] [stdout]     |
[INFO] [stdout] 51  |         let bytes = b9_serialize(SerializationMode::InProc, l.as_ref()).unwrap();
[INFO] [stdout]     |                                                               ^^^^^^
[INFO] [stdout]     |
[INFO] [stdout] note: multiple `impl`s satisfying `kbox::KBox<list::List<i32>>: AsRef<_>` found
[INFO] [stdout]    --> src/any.rs:106:1
[INFO] [stdout]     |
[INFO] [stdout] 106 | impl<T: KListable> AsRef<Any> for KBox<List<T>> {
[INFO] [stdout]     | ^^^^^^^^^^^^^^^^^^^^^^^^^^^^^^^^^^^^^^^^^^^^^^^
[INFO] [stdout]     |
[INFO] [stdout]    ::: src/kbox.rs:82:1
[INFO] [stdout]     |
[INFO] [stdout] 82  | impl<T: KObject> AsRef<T> for KBox<T> {
[INFO] [stdout]     | ^^^^^^^^^^^^^^^^^^^^^^^^^^^^^^^^^^^^^
[INFO] [stdout] help: try using a fully qualified path to specify the expected types
[INFO] [stdout]     |
[INFO] [stdout] 51  |         let bytes = b9_serialize(SerializationMode::InProc, <kbox::KBox<list::List<i32>> as AsRef<T>>::as_ref(&l)).unwrap();
[INFO] [stdout]     |                                                             +++++++++++++++++++++++++++++++++++++++++++++++++++ ~
[INFO] [stdout] 
[INFO] [stdout] 
[INFO] [stdout] error[E0283]: type annotations needed
[INFO] [stdout]    --> src/serialization.rs:55:66
[INFO] [stdout]     |
[INFO] [stdout] 55  |         let bytes = b9_serialize(SerializationMode::Enumerate, l.as_ref()).unwrap();
[INFO] [stdout]     |                                                                  ^^^^^^
[INFO] [stdout]     |
[INFO] [stdout] note: multiple `impl`s satisfying `kbox::KBox<list::List<i32>>: AsRef<_>` found
[INFO] [stdout]    --> src/any.rs:106:1
[INFO] [stdout]     |
[INFO] [stdout] 106 | impl<T: KListable> AsRef<Any> for KBox<List<T>> {
[INFO] [stdout]     | ^^^^^^^^^^^^^^^^^^^^^^^^^^^^^^^^^^^^^^^^^^^^^^^
[INFO] [stdout]     |
[INFO] [stdout]    ::: src/kbox.rs:82:1
[INFO] [stdout]     |
[INFO] [stdout] 82  | impl<T: KObject> AsRef<T> for KBox<T> {
[INFO] [stdout]     | ^^^^^^^^^^^^^^^^^^^^^^^^^^^^^^^^^^^^^
[INFO] [stdout] help: try using a fully qualified path to specify the expected types
[INFO] [stdout]     |
[INFO] [stdout] 55  |         let bytes = b9_serialize(SerializationMode::Enumerate, <kbox::KBox<list::List<i32>> as AsRef<T>>::as_ref(&l)).unwrap();
[INFO] [stdout]     |                                                                +++++++++++++++++++++++++++++++++++++++++++++++++++ ~
[INFO] [stdout] 
[INFO] [stdout] 
[INFO] [stdout] error[E0283]: type annotations needed
[INFO] [stdout]    --> src/serialization.rs:59:68
[INFO] [stdout]     |
[INFO] [stdout] 59  |         let bytes = b9_serialize(SerializationMode::Unenumerate, l.as_ref()).unwrap();
[INFO] [stdout]     |                                                                    ^^^^^^
[INFO] [stdout]     |
[INFO] [stdout] note: multiple `impl`s satisfying `kbox::KBox<list::List<i32>>: AsRef<_>` found
[INFO] [stdout]    --> src/any.rs:106:1
[INFO] [stdout]     |
[INFO] [stdout] 106 | impl<T: KListable> AsRef<Any> for KBox<List<T>> {
[INFO] [stdout]     | ^^^^^^^^^^^^^^^^^^^^^^^^^^^^^^^^^^^^^^^^^^^^^^^
[INFO] [stdout]     |
[INFO] [stdout]    ::: src/kbox.rs:82:1
[INFO] [stdout]     |
[INFO] [stdout] 82  | impl<T: KObject> AsRef<T> for KBox<T> {
[INFO] [stdout]     | ^^^^^^^^^^^^^^^^^^^^^^^^^^^^^^^^^^^^^
[INFO] [stdout] help: try using a fully qualified path to specify the expected types
[INFO] [stdout]     |
[INFO] [stdout] 59  |         let bytes = b9_serialize(SerializationMode::Unenumerate, <kbox::KBox<list::List<i32>> as AsRef<T>>::as_ref(&l)).unwrap();
[INFO] [stdout]     |                                                                  +++++++++++++++++++++++++++++++++++++++++++++++++++ ~
[INFO] [stdout] 
[INFO] [stdout] 
[INFO] [stdout] error[E0283]: type annotations needed
[INFO] [stdout]    --> src/serialization.rs:63:65
[INFO] [stdout]     |
[INFO] [stdout] 63  |         let bytes = b9_serialize(SerializationMode::Compress, l.as_ref()).unwrap();
[INFO] [stdout]     |                                                                 ^^^^^^
[INFO] [stdout]     |
[INFO] [stdout] note: multiple `impl`s satisfying `kbox::KBox<list::List<i32>>: AsRef<_>` found
[INFO] [stdout]    --> src/any.rs:106:1
[INFO] [stdout]     |
[INFO] [stdout] 106 | impl<T: KListable> AsRef<Any> for KBox<List<T>> {
[INFO] [stdout]     | ^^^^^^^^^^^^^^^^^^^^^^^^^^^^^^^^^^^^^^^^^^^^^^^
[INFO] [stdout]     |
[INFO] [stdout]    ::: src/kbox.rs:82:1
[INFO] [stdout]     |
[INFO] [stdout] 82  | impl<T: KObject> AsRef<T> for KBox<T> {
[INFO] [stdout]     | ^^^^^^^^^^^^^^^^^^^^^^^^^^^^^^^^^^^^^
[INFO] [stdout] help: try using a fully qualified path to specify the expected types
[INFO] [stdout]     |
[INFO] [stdout] 63  |         let bytes = b9_serialize(SerializationMode::Compress, <kbox::KBox<list::List<i32>> as AsRef<T>>::as_ref(&l)).unwrap();
[INFO] [stdout]     |                                                               +++++++++++++++++++++++++++++++++++++++++++++++++++ ~
[INFO] [stdout] 
[INFO] [stdout] 
[INFO] [stdout] error: aborting due to 4 previous errors
[INFO] [stdout] 
[INFO] [stdout] 
[INFO] [stdout] For more information about this error, try `rustc --explain E0283`.
[INFO] [stdout] 
[INFO] [stderr] error: could not compile `kdb` (lib test) due to 5 previous errors
[INFO] running `Command { std: "docker" "inspect" "3377d3ba18622c15b3c371b112acf81136265f403740f8112c6a24c501ed4de9", kill_on_drop: false }`
[INFO] running `Command { std: "docker" "rm" "-f" "3377d3ba18622c15b3c371b112acf81136265f403740f8112c6a24c501ed4de9", kill_on_drop: false }`
[INFO] [stdout] 3377d3ba18622c15b3c371b112acf81136265f403740f8112c6a24c501ed4de9
