[INFO] cloning repository https://github.com/F3kilo/wgpu_first_steps
[INFO] running `Command { std: "git" "-c" "credential.helper=" "-c" "credential.helper=/workspace/cargo-home/bin/git-credential-null" "clone" "--bare" "https://github.com/F3kilo/wgpu_first_steps" "/workspace/cache/git-repos/https%3A%2F%2Fgithub.com%2FF3kilo%2Fwgpu_first_steps", kill_on_drop: false }`
[INFO] [stderr] Cloning into bare repository '/workspace/cache/git-repos/https%3A%2F%2Fgithub.com%2FF3kilo%2Fwgpu_first_steps'...
[INFO] running `Command { std: "git" "rev-parse" "HEAD", kill_on_drop: false }`
[INFO] [stdout] a19090f9c1b47b17a45ac2167a7b303cdc5679e1
[INFO] testing F3kilo/wgpu_first_steps against beta-2023-04-20 for beta-1.70-1
[INFO] running `Command { std: "git" "clone" "/workspace/cache/git-repos/https%3A%2F%2Fgithub.com%2FF3kilo%2Fwgpu_first_steps" "/workspace/builds/worker-6-tc2/source", kill_on_drop: false }`
[INFO] [stderr] Cloning into '/workspace/builds/worker-6-tc2/source'...
[INFO] [stderr] done.
[INFO] validating manifest of git repo https://github.com/F3kilo/wgpu_first_steps on toolchain beta-2023-04-20
[INFO] running `Command { std: CARGO_HOME="/workspace/cargo-home" RUSTUP_HOME="/workspace/rustup-home" "/workspace/cargo-home/bin/cargo" "+beta-2023-04-20" "metadata" "--manifest-path" "Cargo.toml" "--no-deps", kill_on_drop: false }`
[INFO] started tweaking git repo https://github.com/F3kilo/wgpu_first_steps
[INFO] finished tweaking git repo https://github.com/F3kilo/wgpu_first_steps
[INFO] tweaked toml for git repo https://github.com/F3kilo/wgpu_first_steps written to /workspace/builds/worker-6-tc2/source/Cargo.toml
[INFO] crate git repo https://github.com/F3kilo/wgpu_first_steps already has a lockfile, it will not be regenerated
[INFO] running `Command { std: CARGO_HOME="/workspace/cargo-home" RUSTUP_HOME="/workspace/rustup-home" "/workspace/cargo-home/bin/cargo" "+beta-2023-04-20" "fetch" "--manifest-path" "Cargo.toml", kill_on_drop: false }`
[INFO] [stderr]     Blocking waiting for file lock on package cache
[INFO] [stderr]  Downloading crates ...
[INFO] [stderr]   Downloaded darling v0.13.2
[INFO] [stderr]   Downloaded darling_core v0.13.2
[INFO] [stderr]   Downloaded darling_macro v0.13.2
[INFO] running `Command { std: "docker" "create" "-v" "/var/lib/crater-agent-workspace/builds/worker-6-tc2/target:/opt/rustwide/target:rw,Z" "-v" "/var/lib/crater-agent-workspace/builds/worker-6-tc2/source:/opt/rustwide/workdir:ro,Z" "-v" "/var/lib/crater-agent-workspace/cargo-home:/opt/rustwide/cargo-home:ro,Z" "-v" "/var/lib/crater-agent-workspace/rustup-home:/opt/rustwide/rustup-home:ro,Z" "-e" "SOURCE_DIR=/opt/rustwide/workdir" "-e" "CARGO_TARGET_DIR=/opt/rustwide/target" "-e" "CARGO_HOME=/opt/rustwide/cargo-home" "-e" "RUSTUP_HOME=/opt/rustwide/rustup-home" "-w" "/opt/rustwide/workdir" "-m" "1610612736" "--user" "0:0" "--network" "none" "ghcr.io/rust-lang/crates-build-env/linux@sha256:97d61d7686bf65f8ecb15491ab51835e82dc9176a96a831f143a431b191fc501" "/opt/rustwide/cargo-home/bin/cargo" "+beta-2023-04-20" "metadata" "--no-deps" "--format-version=1", kill_on_drop: false }`
[INFO] [stdout] 7fe5d688997adde8bb089470c6e4d53bd9a19ba82d06061a46905329d4489ab7
[INFO] running `Command { std: "docker" "start" "-a" "7fe5d688997adde8bb089470c6e4d53bd9a19ba82d06061a46905329d4489ab7", kill_on_drop: false }`
[INFO] running `Command { std: "docker" "inspect" "7fe5d688997adde8bb089470c6e4d53bd9a19ba82d06061a46905329d4489ab7", kill_on_drop: false }`
[INFO] running `Command { std: "docker" "rm" "-f" "7fe5d688997adde8bb089470c6e4d53bd9a19ba82d06061a46905329d4489ab7", kill_on_drop: false }`
[INFO] [stdout] 7fe5d688997adde8bb089470c6e4d53bd9a19ba82d06061a46905329d4489ab7
[INFO] running `Command { std: "docker" "create" "-v" "/var/lib/crater-agent-workspace/builds/worker-6-tc2/target:/opt/rustwide/target:rw,Z" "-v" "/var/lib/crater-agent-workspace/builds/worker-6-tc2/source:/opt/rustwide/workdir:ro,Z" "-v" "/var/lib/crater-agent-workspace/cargo-home:/opt/rustwide/cargo-home:ro,Z" "-v" "/var/lib/crater-agent-workspace/rustup-home:/opt/rustwide/rustup-home:ro,Z" "-e" "SOURCE_DIR=/opt/rustwide/workdir" "-e" "CARGO_TARGET_DIR=/opt/rustwide/target" "-e" "CARGO_INCREMENTAL=0" "-e" "RUST_BACKTRACE=full" "-e" "RUSTFLAGS=--cap-lints=warn" "-e" "RUSTDOCFLAGS=--cap-lints=warn" "-e" "CARGO_HOME=/opt/rustwide/cargo-home" "-e" "RUSTUP_HOME=/opt/rustwide/rustup-home" "-w" "/opt/rustwide/workdir" "-m" "1610612736" "--user" "0:0" "--network" "none" "ghcr.io/rust-lang/crates-build-env/linux@sha256:97d61d7686bf65f8ecb15491ab51835e82dc9176a96a831f143a431b191fc501" "/opt/rustwide/cargo-home/bin/cargo" "+beta-2023-04-20" "build" "--frozen" "--message-format=json", kill_on_drop: false }`
[INFO] [stdout] a2d042691a27d345dcc70b1a86a3468260caddf9aba07a7ded4c6ebf565798e0
[INFO] running `Command { std: "docker" "start" "-a" "a2d042691a27d345dcc70b1a86a3468260caddf9aba07a7ded4c6ebf565798e0", kill_on_drop: false }`
[INFO] [stderr]    Compiling cfg-if v1.0.0
[INFO] [stderr]    Compiling libc v0.2.137
[INFO] [stderr]    Compiling pkg-config v0.3.25
[INFO] [stderr]    Compiling autocfg v1.1.0
[INFO] [stderr]    Compiling proc-macro2 v1.0.36
[INFO] [stderr]    Compiling unicode-xid v0.2.4
[INFO] [stderr]    Compiling bitflags v1.3.2
[INFO] [stderr]    Compiling version_check v0.9.4
[INFO] [stderr]    Compiling once_cell v1.15.0
[INFO] [stderr]    Compiling syn v1.0.90
[INFO] [stderr]    Compiling cc v1.0.73
[INFO] [stderr]    Compiling smallvec v1.8.0
[INFO] [stderr]    Compiling log v0.4.16
[INFO] [stderr]    Compiling xml-rs v0.8.4
[INFO] [stderr]    Compiling lazy_static v1.4.0
[INFO] [stderr]    Compiling memchr v2.4.1
[INFO] [stderr]    Compiling libloading v0.7.3
[INFO] [stderr]    Compiling parking_lot_core v0.9.4
[INFO] [stderr]    Compiling crc32fast v1.3.2
[INFO] [stderr]    Compiling dlib v0.5.0
[INFO] [stderr]    Compiling scopeguard v1.1.0
[INFO] [stderr]    Compiling scoped-tls v1.0.0
[INFO] [stderr]    Compiling adler v1.0.2
[INFO] [stderr]    Compiling minimal-lexical v0.2.1
[INFO] [stderr]    Compiling downcast-rs v1.2.0
[INFO] [stderr]    Compiling cty v0.2.2
[INFO] [stderr]    Compiling ahash v0.7.6
[INFO] [stderr]    Compiling slotmap v1.0.6
[INFO] [stderr]    Compiling miniz_oxide v0.5.4
[INFO] [stderr]    Compiling termcolor v1.1.3
[INFO] [stderr]    Compiling memoffset v0.6.5
[INFO] [stderr]    Compiling lock_api v0.4.7
[INFO] [stderr]    Compiling num-traits v0.2.14
[INFO] [stderr]    Compiling indexmap v1.8.1
[INFO] [stderr]    Compiling cmake v0.1.48
[INFO] [stderr]    Compiling wayland-sys v0.29.4
[INFO] [stderr]    Compiling servo-fontconfig-sys v5.1.0
[INFO] [stderr]    Compiling ash v0.37.0+1.3.209
[INFO] [stderr]    Compiling bit-vec v0.6.3
[INFO] [stderr]    Compiling khronos-egl v4.1.0
[INFO] [stderr]    Compiling bytemuck v1.12.1
[INFO] [stderr]    Compiling unicode-width v0.1.9
[INFO] [stderr]    Compiling smithay-client-toolkit v0.16.0
[INFO] [stderr]    Compiling quote v1.0.17
[INFO] [stderr]    Compiling codespan-reporting v0.11.1
[INFO] [stderr] thread 'rustc' panicked at 'assertion failed: pos.get() <= self.position()', compiler/rustc_metadata/src/rmeta/encoder.rs:433:9
[INFO] [stderr] LLVM ERROR: IO failure on output stream: No space left on device
[INFO] [stdout] error: couldn't create a temp dir: No space left on device (os error 28) at path "/opt/rustwide/target/debug/deps/rmetadaYxT4"
[INFO] [stdout] 
[INFO] [stdout] 
[INFO] [stderr] error: could not compile `smithay-client-toolkit` (build script)
[INFO] [stdout] error: linking with `cc` failed: exit status: 1
[INFO] [stdout]   |
[INFO] [stdout]   = note: LC_ALL="C" PATH="/opt/rustwide/rustup-home/toolchains/beta-2023-04-20-x86_64-unknown-linux-gnu/lib/rustlib/x86_64-unknown-linux-gnu/bin:/opt/rustwide/cargo-home/bin:/usr/local/sbin:/usr/local/bin:/usr/sbin:/usr/bin:/sbin:/bin" VSLANG="1033" "cc" "-m64" "/tmp/rustcaXcSVJ/symbols.o" "/opt/rustwide/target/debug/build/khronos-egl-45c3d3fedbccf7fa/build_script_build-45c3d3fedbccf7fa.build_script_build.f6870570-cgu.0.rcgu.o" "/opt/rustwide/target/debug/build/khronos-egl-45c3d3fedbccf7fa/build_script_build-45c3d3fedbccf7fa.build_script_build.f6870570-cgu.1.rcgu.o" "/opt/rustwide/target/debug/build/khronos-egl-45c3d3fedbccf7fa/build_script_build-45c3d3fedbccf7fa.build_script_build.f6870570-cgu.2.rcgu.o" "/opt/rustwide/target/debug/build/khronos-egl-45c3d3fedbccf7fa/build_script_build-45c3d3fedbccf7fa.build_script_build.f6870570-cgu.3.rcgu.o" "/opt/rustwide/target/debug/build/khronos-egl-45c3d3fedbccf7fa/build_script_build-45c3d3fedbccf7fa.build_script_build.f6870570-cgu.4.rcgu.o" "/opt/rustwide/target/debug/build/khronos-egl-45c3d3fedbccf7fa/build_script_build-45c3d3fedbccf7fa.12e4gfx6u5f5f7wm.rcgu.o" "-Wl,--as-needed" "-L" "/opt/rustwide/target/debug/deps" "-L" "/opt/rustwide/rustup-home/toolchains/beta-2023-04-20-x86_64-unknown-linux-gnu/lib/rustlib/x86_64-unknown-linux-gnu/lib" "-Wl,-Bstatic" "/opt/rustwide/rustup-home/toolchains/beta-2023-04-20-x86_64-unknown-linux-gnu/lib/rustlib/x86_64-unknown-linux-gnu/lib/libstd-0e29cc23c5e02021.rlib" "/opt/rustwide/rustup-home/toolchains/beta-2023-04-20-x86_64-unknown-linux-gnu/lib/rustlib/x86_64-unknown-linux-gnu/lib/libpanic_unwind-d903621768a861d9.rlib" "/opt/rustwide/rustup-home/toolchains/beta-2023-04-20-x86_64-unknown-linux-gnu/lib/rustlib/x86_64-unknown-linux-gnu/lib/libobject-6d0225e655f31c13.rlib" "/opt/rustwide/rustup-home/toolchains/beta-2023-04-20-x86_64-unknown-linux-gnu/lib/rustlib/x86_64-unknown-linux-gnu/lib/libmemchr-9dbaf4eac7eaa079.rlib" "/opt/rustwide/rustup-home/toolchains/beta-2023-04-20-x86_64-unknown-linux-gnu/lib/rustlib/x86_64-unknown-linux-gnu/lib/libaddr2line-27f05b3d42a66dd0.rlib" "/opt/rustwide/rustup-home/toolchains/beta-2023-04-20-x86_64-unknown-linux-gnu/lib/rustlib/x86_64-unknown-linux-gnu/lib/libgimli-4d73f1030321c9a2.rlib" "/opt/rustwide/rustup-home/toolchains/beta-2023-04-20-x86_64-unknown-linux-gnu/lib/rustlib/x86_64-unknown-linux-gnu/lib/librustc_demangle-2846c9e58abd0acb.rlib" "/opt/rustwide/rustup-home/toolchains/beta-2023-04-20-x86_64-unknown-linux-gnu/lib/rustlib/x86_64-unknown-linux-gnu/lib/libstd_detect-a53d0f50415947be.rlib" "/opt/rustwide/rustup-home/toolchains/beta-2023-04-20-x86_64-unknown-linux-gnu/lib/rustlib/x86_64-unknown-linux-gnu/lib/libhashbrown-d48e4b6abc25b9dc.rlib" "/opt/rustwide/rustup-home/toolchains/beta-2023-04-20-x86_64-unknown-linux-gnu/lib/rustlib/x86_64-unknown-linux-gnu/lib/libminiz_oxide-2991859439ef1207.rlib" "/opt/rustwide/rustup-home/toolchains/beta-2023-04-20-x86_64-unknown-linux-gnu/lib/rustlib/x86_64-unknown-linux-gnu/lib/libadler-8a687517e4221bae.rlib" "/opt/rustwide/rustup-home/toolchains/beta-2023-04-20-x86_64-unknown-linux-gnu/lib/rustlib/x86_64-unknown-linux-gnu/lib/librustc_std_workspace_alloc-e07b554f6a67f5b3.rlib" "/opt/rustwide/rustup-home/toolchains/beta-2023-04-20-x86_64-unknown-linux-gnu/lib/rustlib/x86_64-unknown-linux-gnu/lib/libunwind-b68238b7c3c619dd.rlib" "/opt/rustwide/rustup-home/toolchains/beta-2023-04-20-x86_64-unknown-linux-gnu/lib/rustlib/x86_64-unknown-linux-gnu/lib/libcfg_if-d5e213e896c017e4.rlib" "/opt/rustwide/rustup-home/toolchains/beta-2023-04-20-x86_64-unknown-linux-gnu/lib/rustlib/x86_64-unknown-linux-gnu/lib/liblibc-0211a3b2e61d8689.rlib" "/opt/rustwide/rustup-home/toolchains/beta-2023-04-20-x86_64-unknown-linux-gnu/lib/rustlib/x86_64-unknown-linux-gnu/lib/liballoc-b371f055239ba51f.rlib" "/opt/rustwide/rustup-home/toolchains/beta-2023-04-20-x86_64-unknown-linux-gnu/lib/rustlib/x86_64-unknown-linux-gnu/lib/librustc_std_workspace_core-e60518d2760eb01e.rlib" "/opt/rustwide/rustup-home/toolchains/beta-2023-04-20-x86_64-unknown-linux-gnu/lib/rustlib/x86_64-unknown-linux-gnu/lib/libcore-1ad943f92a4b1081.rlib" "/opt/rustwide/rustup-home/toolchains/beta-2023-04-20-x86_64-unknown-linux-gnu/lib/rustlib/x86_64-unknown-linux-gnu/lib/libcompiler_builtins-f0d6e4d0fc1e80b4.rlib" "-Wl,-Bdynamic" "-lgcc_s" "-lutil" "-lrt" "-lpthread" "-lm" "-ldl" "-lc" "-Wl,--eh-frame-hdr" "-Wl,-z,noexecstack" "-L" "/opt/rustwide/rustup-home/toolchains/beta-2023-04-20-x86_64-unknown-linux-gnu/lib/rustlib/x86_64-unknown-linux-gnu/lib" "-o" "/opt/rustwide/target/debug/build/khronos-egl-45c3d3fedbccf7fa/build_script_build-45c3d3fedbccf7fa" "-Wl,--gc-sections" "-pie" "-Wl,-z,relro,-z,now" "-nodefaultlibs"
[INFO] [stdout]   = note: /usr/bin/ld: final link failed: No space left on device
[INFO] [stdout]           collect2: error: ld returned 1 exit status
[INFO] [stdout]           
[INFO] [stdout] 
[INFO] [stdout] 
[INFO] [stderr] warning: build failed, waiting for other jobs to finish...
[INFO] [stdout] error: couldn't create a temp dir: No space left on device (os error 28) at path "/opt/rustwide/target/debug/deps/rmeta5zMWib"
[INFO] [stdout] 
[INFO] [stdout] 
[INFO] [stderr] error: failed to write `/opt/rustwide/target/debug/build/wayland-sys-c46dff09b60b49ee/root-output`
[INFO] [stdout] error: couldn't create a temp dir: No space left on device (os error 28) at path "/opt/rustwide/target/debug/deps/rmetafJLSJC"
[INFO] [stdout] 
[INFO] [stdout] 
[INFO] [stderr] 
[INFO] [stdout] error: couldn't create a temp dir: No space left on device (os error 28) at path "/opt/rustwide/target/debug/deps/rmeta0lXrYh"
[INFO] [stdout] 
[INFO] [stdout] 
[INFO] [stderr] Caused by:
[INFO] [stdout] error: couldn't create a temp dir: No space left on device (os error 28) at path "/opt/rustwide/target/debug/deps/rmetaYBJQxJ"
[INFO] [stdout] 
[INFO] [stdout] 
[INFO] [stderr]   No space left on device (os error 28)
[INFO] [stdout] error: couldn't create a temp dir: No space left on device (os error 28) at path "/opt/rustwide/target/debug/deps/rmetahetjGG"
[INFO] [stdout] 
[INFO] [stdout] 
[INFO] [stderr] LLVM ERROR: IO failure on output stream: No space left on device
[INFO] [stderr] error: could not compile `cmake` (lib)
[INFO] [stderr] LLVM ERROR: IO failure on output stream: No space left on device
[INFO] [stderr] error: could not compile `bit-vec` (lib) due to previous error
[INFO] [stderr] error: could not compile `lock_api` (lib) due to previous error
[INFO] [stderr] error: could not compile `khronos-egl` (build script) due to previous error
[INFO] [stderr] thread 'rustc' panicked at 'assertion failed: pos.get() <= self.position()', compiler/rustc_metadata/src/rmeta/encoder.rs:433:9
[INFO] [stderr] LLVM ERROR: IO failure on output stream: No space left on device
[INFO] [stderr] error: could not compile `proc-macro2` (lib)
[INFO] [stderr] error: failed to write `/opt/rustwide/target/debug/build/num-traits-cd139c338bdc64eb/output`
[INFO] [stderr] 
[INFO] [stderr] Caused by:
[INFO] [stderr]   No space left on device (os error 28)
[INFO] [stderr] error: could not compile `cc` (lib)
[INFO] [stderr] error: could not compile `bytemuck` (lib) due to previous error
[INFO] [stderr] error: could not compile `quote` (lib) due to previous error
[INFO] [stderr] error: could not compile `memchr` (lib)
[INFO] [stderr] error: could not compile `miniz_oxide` (lib)
[INFO] [stderr] error: could not compile `slotmap` (lib) due to previous error
[INFO] [stderr] error: could not compile `codespan-reporting` (lib) due to previous error
[INFO] [stdout] error: couldn't create a temp dir: No space left on device (os error 28) at path "/opt/rustwide/target/debug/deps/rmetaCgWzGT"
[INFO] [stdout] 
[INFO] [stdout] 
[INFO] [stderr] error: could not compile `libc` (lib) due to previous error
[INFO] running `Command { std: "docker" "inspect" "a2d042691a27d345dcc70b1a86a3468260caddf9aba07a7ded4c6ebf565798e0", kill_on_drop: false }`
[INFO] running `Command { std: "docker" "rm" "-f" "a2d042691a27d345dcc70b1a86a3468260caddf9aba07a7ded4c6ebf565798e0", kill_on_drop: false }`
[INFO] [stdout] a2d042691a27d345dcc70b1a86a3468260caddf9aba07a7ded4c6ebf565798e0
