[INFO] cloning repository https://github.com/ErikssonM/weekend-tracer
[INFO] running `Command { std: "git" "-c" "credential.helper=" "-c" "credential.helper=/workspace/cargo-home/bin/git-credential-null" "clone" "--bare" "https://github.com/ErikssonM/weekend-tracer" "/workspace/cache/git-repos/https%3A%2F%2Fgithub.com%2FErikssonM%2Fweekend-tracer", kill_on_drop: false }`
[INFO] [stderr] Cloning into bare repository '/workspace/cache/git-repos/https%3A%2F%2Fgithub.com%2FErikssonM%2Fweekend-tracer'...
[INFO] running `Command { std: "git" "rev-parse" "HEAD", kill_on_drop: false }`
[INFO] [stdout] eea921d6e2d2fc7f1850f04705d7d29de352bbde
[INFO] testing ErikssonM/weekend-tracer against beta-2023-04-20 for beta-1.70-1
[INFO] running `Command { std: "git" "clone" "/workspace/cache/git-repos/https%3A%2F%2Fgithub.com%2FErikssonM%2Fweekend-tracer" "/workspace/builds/worker-0-tc2/source", kill_on_drop: false }`
[INFO] [stderr] Cloning into '/workspace/builds/worker-0-tc2/source'...
[INFO] [stderr] done.
[INFO] validating manifest of git repo https://github.com/ErikssonM/weekend-tracer on toolchain beta-2023-04-20
[INFO] running `Command { std: CARGO_HOME="/workspace/cargo-home" RUSTUP_HOME="/workspace/rustup-home" "/workspace/cargo-home/bin/cargo" "+beta-2023-04-20" "metadata" "--manifest-path" "Cargo.toml" "--no-deps", kill_on_drop: false }`
[INFO] started tweaking git repo https://github.com/ErikssonM/weekend-tracer
[INFO] finished tweaking git repo https://github.com/ErikssonM/weekend-tracer
[INFO] tweaked toml for git repo https://github.com/ErikssonM/weekend-tracer written to /workspace/builds/worker-0-tc2/source/Cargo.toml
[INFO] crate git repo https://github.com/ErikssonM/weekend-tracer already has a lockfile, it will not be regenerated
[INFO] running `Command { std: CARGO_HOME="/workspace/cargo-home" RUSTUP_HOME="/workspace/rustup-home" "/workspace/cargo-home/bin/cargo" "+beta-2023-04-20" "fetch" "--manifest-path" "Cargo.toml", kill_on_drop: false }`
[INFO] [stderr]  Downloading crates ...
[INFO] [stderr]   Downloaded simba v0.4.0
[INFO] [stderr]   Downloaded nalgebra v0.26.2
[INFO] [stderr]   Downloaded ndarray v0.15.1
[INFO] running `Command { std: "docker" "create" "-v" "/var/lib/crater-agent-workspace/builds/worker-0-tc2/target:/opt/rustwide/target:rw,Z" "-v" "/var/lib/crater-agent-workspace/builds/worker-0-tc2/source:/opt/rustwide/workdir:ro,Z" "-v" "/var/lib/crater-agent-workspace/cargo-home:/opt/rustwide/cargo-home:ro,Z" "-v" "/var/lib/crater-agent-workspace/rustup-home:/opt/rustwide/rustup-home:ro,Z" "-e" "SOURCE_DIR=/opt/rustwide/workdir" "-e" "CARGO_TARGET_DIR=/opt/rustwide/target" "-e" "CARGO_HOME=/opt/rustwide/cargo-home" "-e" "RUSTUP_HOME=/opt/rustwide/rustup-home" "-w" "/opt/rustwide/workdir" "-m" "1610612736" "--user" "0:0" "--network" "none" "ghcr.io/rust-lang/crates-build-env/linux@sha256:5ff2268d62e97bff2cde7d5815dd6ed5b47097566f13b8d0ca110b04b60e07ed" "/opt/rustwide/cargo-home/bin/cargo" "+beta-2023-04-20" "metadata" "--no-deps" "--format-version=1", kill_on_drop: false }`
[INFO] [stdout] 95ef6978fb75c4e9f89af0ee90978d0df6e3035d1de5a9e73a63e150c16f0387
[INFO] running `Command { std: "docker" "start" "-a" "95ef6978fb75c4e9f89af0ee90978d0df6e3035d1de5a9e73a63e150c16f0387", kill_on_drop: false }`
[INFO] running `Command { std: "docker" "inspect" "95ef6978fb75c4e9f89af0ee90978d0df6e3035d1de5a9e73a63e150c16f0387", kill_on_drop: false }`
[INFO] running `Command { std: "docker" "rm" "-f" "95ef6978fb75c4e9f89af0ee90978d0df6e3035d1de5a9e73a63e150c16f0387", kill_on_drop: false }`
[INFO] [stdout] 95ef6978fb75c4e9f89af0ee90978d0df6e3035d1de5a9e73a63e150c16f0387
[INFO] running `Command { std: "docker" "create" "-v" "/var/lib/crater-agent-workspace/builds/worker-0-tc2/target:/opt/rustwide/target:rw,Z" "-v" "/var/lib/crater-agent-workspace/builds/worker-0-tc2/source:/opt/rustwide/workdir:ro,Z" "-v" "/var/lib/crater-agent-workspace/cargo-home:/opt/rustwide/cargo-home:ro,Z" "-v" "/var/lib/crater-agent-workspace/rustup-home:/opt/rustwide/rustup-home:ro,Z" "-e" "SOURCE_DIR=/opt/rustwide/workdir" "-e" "CARGO_TARGET_DIR=/opt/rustwide/target" "-e" "CARGO_INCREMENTAL=0" "-e" "RUST_BACKTRACE=full" "-e" "RUSTFLAGS=--cap-lints=warn" "-e" "RUSTDOCFLAGS=--cap-lints=warn" "-e" "CARGO_HOME=/opt/rustwide/cargo-home" "-e" "RUSTUP_HOME=/opt/rustwide/rustup-home" "-w" "/opt/rustwide/workdir" "-m" "1610612736" "--user" "0:0" "--network" "none" "ghcr.io/rust-lang/crates-build-env/linux@sha256:5ff2268d62e97bff2cde7d5815dd6ed5b47097566f13b8d0ca110b04b60e07ed" "/opt/rustwide/cargo-home/bin/cargo" "+beta-2023-04-20" "build" "--frozen" "--message-format=json", kill_on_drop: false }`
[INFO] [stdout] 4049583d1142f6bf907425dd58afe8acd61c9d0df8c1cfde5313b18bca78159f
[INFO] running `Command { std: "docker" "start" "-a" "4049583d1142f6bf907425dd58afe8acd61c9d0df8c1cfde5313b18bca78159f", kill_on_drop: false }`
[INFO] [stderr]    Compiling num-traits v0.2.14
[INFO] [stderr]    Compiling libc v0.2.94
[INFO] [stderr]    Compiling num-integer v0.1.44
[INFO] [stderr]    Compiling getrandom v0.2.2
[INFO] [stderr]    Compiling typenum v1.13.0
[INFO] [stderr]    Compiling rawpointer v0.2.1
[INFO] [stderr]    Compiling paste v1.0.5
[INFO] [stderr]    Compiling matrixmultiply v0.3.1
[INFO] [stderr]    Compiling rand_core v0.6.2
[INFO] [stderr]    Compiling approx v0.4.0
[INFO] [stderr]    Compiling num-complex v0.3.1
[INFO] [stderr]    Compiling num-complex v0.4.0
[INFO] [stderr]    Compiling rand_chacha v0.3.0
[INFO] [stderr]    Compiling rand v0.8.3
[INFO] [stderr]    Compiling num-rational v0.3.2
[INFO] [stderr]    Compiling ndarray v0.15.1
[INFO] [stderr]    Compiling simba v0.4.0
[INFO] [stderr]    Compiling nalgebra v0.26.2
[INFO] [stderr]    Compiling tracer v0.1.0 (/opt/rustwide/workdir)
[INFO] [stderr]     Finished dev [unoptimized + debuginfo] target(s) in 13.98s
[INFO] [stderr] warning: the following packages contain code that will be rejected by a future version of Rust: nalgebra v0.26.2
[INFO] [stderr] note: to see what the problems were, use the option `--future-incompat-report`, or run `cargo report future-incompatibilities --id 2`
[INFO] running `Command { std: "docker" "inspect" "4049583d1142f6bf907425dd58afe8acd61c9d0df8c1cfde5313b18bca78159f", kill_on_drop: false }`
[INFO] running `Command { std: "docker" "rm" "-f" "4049583d1142f6bf907425dd58afe8acd61c9d0df8c1cfde5313b18bca78159f", kill_on_drop: false }`
[INFO] [stdout] 4049583d1142f6bf907425dd58afe8acd61c9d0df8c1cfde5313b18bca78159f
[INFO] running `Command { std: "docker" "create" "-v" "/var/lib/crater-agent-workspace/builds/worker-0-tc2/target:/opt/rustwide/target:rw,Z" "-v" "/var/lib/crater-agent-workspace/builds/worker-0-tc2/source:/opt/rustwide/workdir:ro,Z" "-v" "/var/lib/crater-agent-workspace/cargo-home:/opt/rustwide/cargo-home:ro,Z" "-v" "/var/lib/crater-agent-workspace/rustup-home:/opt/rustwide/rustup-home:ro,Z" "-e" "SOURCE_DIR=/opt/rustwide/workdir" "-e" "CARGO_TARGET_DIR=/opt/rustwide/target" "-e" "CARGO_INCREMENTAL=0" "-e" "RUST_BACKTRACE=full" "-e" "RUSTFLAGS=--cap-lints=warn" "-e" "RUSTDOCFLAGS=--cap-lints=warn" "-e" "CARGO_HOME=/opt/rustwide/cargo-home" "-e" "RUSTUP_HOME=/opt/rustwide/rustup-home" "-w" "/opt/rustwide/workdir" "-m" "1610612736" "--user" "0:0" "--network" "none" "ghcr.io/rust-lang/crates-build-env/linux@sha256:5ff2268d62e97bff2cde7d5815dd6ed5b47097566f13b8d0ca110b04b60e07ed" "/opt/rustwide/cargo-home/bin/cargo" "+beta-2023-04-20" "test" "--frozen" "--no-run" "--message-format=json", kill_on_drop: false }`
[INFO] [stdout] c728803b9e85fabb32c357842a4f0206c3417d6af7ba10c9f4557ebaa613fc5b
[INFO] running `Command { std: "docker" "start" "-a" "c728803b9e85fabb32c357842a4f0206c3417d6af7ba10c9f4557ebaa613fc5b", kill_on_drop: false }`
[INFO] [stderr]    Compiling tracer v0.1.0 (/opt/rustwide/workdir)
[INFO] [stdout] error[E0433]: failed to resolve: use of undeclared type `Arc`
[INFO] [stdout]    --> src/geometry.rs:151:23
[INFO] [stdout]     |
[INFO] [stdout] 151 |             material: Arc::new(mat),
[INFO] [stdout]     |                       ^^^ use of undeclared type `Arc`
[INFO] [stdout]     |
[INFO] [stdout] help: consider importing one of these items
[INFO] [stdout]     |
[INFO] [stdout] 138 +     use crate::Arc;
[INFO] [stdout]     |
[INFO] [stdout] 138 +     use std::sync::Arc;
[INFO] [stdout]     |
[INFO] [stdout] 
[INFO] [stdout] 
[INFO] [stdout] error[E0433]: failed to resolve: use of undeclared type `Arc`
[INFO] [stdout]    --> src/geometry.rs:180:23
[INFO] [stdout]     |
[INFO] [stdout] 180 |             material: Arc::new(mat),
[INFO] [stdout]     |                       ^^^ use of undeclared type `Arc`
[INFO] [stdout]     |
[INFO] [stdout] help: consider importing one of these items
[INFO] [stdout]     |
[INFO] [stdout] 138 +     use crate::Arc;
[INFO] [stdout]     |
[INFO] [stdout] 138 +     use std::sync::Arc;
[INFO] [stdout]     |
[INFO] [stdout] 
[INFO] [stdout] 
[INFO] [stdout] error[E0433]: failed to resolve: use of undeclared type `Arc`
[INFO] [stdout]    --> src/geometry.rs:208:23
[INFO] [stdout]     |
[INFO] [stdout] 208 |             material: Arc::new(mat),
[INFO] [stdout]     |                       ^^^ use of undeclared type `Arc`
[INFO] [stdout]     |
[INFO] [stdout] help: consider importing one of these items
[INFO] [stdout]     |
[INFO] [stdout] 138 +     use crate::Arc;
[INFO] [stdout]     |
[INFO] [stdout] 138 +     use std::sync::Arc;
[INFO] [stdout]     |
[INFO] [stdout] 
[INFO] [stdout] 
[INFO] [stdout] error[E0433]: failed to resolve: use of undeclared type `Arc`
[INFO] [stdout]    --> src/geometry.rs:237:23
[INFO] [stdout]     |
[INFO] [stdout] 237 |             material: Arc::new(mat),
[INFO] [stdout]     |                       ^^^ use of undeclared type `Arc`
[INFO] [stdout]     |
[INFO] [stdout] help: consider importing one of these items
[INFO] [stdout]     |
[INFO] [stdout] 138 +     use crate::Arc;
[INFO] [stdout]     |
[INFO] [stdout] 138 +     use std::sync::Arc;
[INFO] [stdout]     |
[INFO] [stdout] 
[INFO] [stdout] 
[INFO] [stdout] error: aborting due to 4 previous errors
[INFO] [stdout] 
[INFO] [stdout] 
[INFO] [stdout] For more information about this error, try `rustc --explain E0433`.
[INFO] [stdout] 
[INFO] [stderr] error: could not compile `tracer` (bin "tracer" test) due to 5 previous errors
[INFO] running `Command { std: "docker" "inspect" "c728803b9e85fabb32c357842a4f0206c3417d6af7ba10c9f4557ebaa613fc5b", kill_on_drop: false }`
[INFO] running `Command { std: "docker" "rm" "-f" "c728803b9e85fabb32c357842a4f0206c3417d6af7ba10c9f4557ebaa613fc5b", kill_on_drop: false }`
[INFO] [stdout] c728803b9e85fabb32c357842a4f0206c3417d6af7ba10c9f4557ebaa613fc5b
