[INFO] cloning repository https://github.com/Emmatipate/vulkano-test
[INFO] running `Command { std: "git" "-c" "credential.helper=" "-c" "credential.helper=/workspace/cargo-home/bin/git-credential-null" "clone" "--bare" "https://github.com/Emmatipate/vulkano-test" "/workspace/cache/git-repos/https%3A%2F%2Fgithub.com%2FEmmatipate%2Fvulkano-test", kill_on_drop: false }`
[INFO] [stderr] Cloning into bare repository '/workspace/cache/git-repos/https%3A%2F%2Fgithub.com%2FEmmatipate%2Fvulkano-test'...
[INFO] running `Command { std: "git" "rev-parse" "HEAD", kill_on_drop: false }`
[INFO] [stdout] ab20a82196c055acce9813856129bb3c50c9df59
[INFO] testing Emmatipate/vulkano-test against beta-2023-04-20 for beta-1.70-1
[INFO] running `Command { std: "git" "clone" "/workspace/cache/git-repos/https%3A%2F%2Fgithub.com%2FEmmatipate%2Fvulkano-test" "/workspace/builds/worker-5-tc2/source", kill_on_drop: false }`
[INFO] [stderr] Cloning into '/workspace/builds/worker-5-tc2/source'...
[INFO] [stderr] done.
[INFO] validating manifest of git repo https://github.com/Emmatipate/vulkano-test on toolchain beta-2023-04-20
[INFO] running `Command { std: CARGO_HOME="/workspace/cargo-home" RUSTUP_HOME="/workspace/rustup-home" "/workspace/cargo-home/bin/cargo" "+beta-2023-04-20" "metadata" "--manifest-path" "Cargo.toml" "--no-deps", kill_on_drop: false }`
[INFO] started tweaking git repo https://github.com/Emmatipate/vulkano-test
[INFO] finished tweaking git repo https://github.com/Emmatipate/vulkano-test
[INFO] tweaked toml for git repo https://github.com/Emmatipate/vulkano-test written to /workspace/builds/worker-5-tc2/source/Cargo.toml
[INFO] crate git repo https://github.com/Emmatipate/vulkano-test already has a lockfile, it will not be regenerated
[INFO] running `Command { std: CARGO_HOME="/workspace/cargo-home" RUSTUP_HOME="/workspace/rustup-home" "/workspace/cargo-home/bin/cargo" "+beta-2023-04-20" "fetch" "--manifest-path" "Cargo.toml", kill_on_drop: false }`
[INFO] [stderr]  Downloading crates ...
[INFO] [stderr]   Downloaded half v1.3.0
[INFO] [stderr]   Downloaded wayland-commons v0.20.12
[INFO] [stderr]   Downloaded core-graphics v0.12.4
[INFO] [stderr]   Downloaded cocoa v0.17.0
[INFO] [stderr]   Downloaded core-foundation v0.4.6
[INFO] [stderr]   Downloaded core-foundation-sys v0.4.6
[INFO] [stderr]   Downloaded crossbeam-epoch v0.6.0
[INFO] [stderr]   Downloaded image v0.20.0
[INFO] [stderr]   Downloaded num-derive v0.2.3
[INFO] [stderr]   Downloaded inflate v0.4.3
[INFO] [stderr]   Downloaded cocoa v0.13.0
[INFO] [stderr]   Downloaded cc v1.0.25
[INFO] [stderr]   Downloaded smithay-client-toolkit v0.3.0
[INFO] [stderr]   Downloaded wayland-protocols v0.20.12
[INFO] [stderr]   Downloaded wayland-client v0.20.12
[INFO] [stderr]   Downloaded syn v0.15.11
[INFO] [stderr]   Downloaded winit v0.17.2
[INFO] [stderr]   Downloaded core-graphics v0.16.0
[INFO] [stderr]   Downloaded tiff v0.2.1
[INFO] [stderr]   Downloaded vulkano v0.10.0
[INFO] [stderr]   Downloaded byteorder v1.2.6
[INFO] [stderr]   Downloaded proc-macro2 v0.4.20
[INFO] [stderr]   Downloaded tempfile v3.0.4
[INFO] [stderr]   Downloaded vulkano-shaders v0.10.0
[INFO] [stderr]   Downloaded vulkano-shader-derive v0.10.0
[INFO] [stderr]   Downloaded metal-rs v0.6.6
[INFO] [stderr]   Downloaded vk-sys v0.3.3
[INFO] [stderr]   Downloaded vulkano-win v0.10.0
[INFO] [stderr]   Downloaded core-foundation v0.6.2
[INFO] [stderr]   Downloaded wayland-scanner v0.20.12
[INFO] [stderr]   Downloaded wayland-sys v0.20.12
[INFO] running `Command { std: "docker" "create" "-v" "/var/lib/crater-agent-workspace/builds/worker-5-tc2/target:/opt/rustwide/target:rw,Z" "-v" "/var/lib/crater-agent-workspace/builds/worker-5-tc2/source:/opt/rustwide/workdir:ro,Z" "-v" "/var/lib/crater-agent-workspace/cargo-home:/opt/rustwide/cargo-home:ro,Z" "-v" "/var/lib/crater-agent-workspace/rustup-home:/opt/rustwide/rustup-home:ro,Z" "-e" "SOURCE_DIR=/opt/rustwide/workdir" "-e" "CARGO_TARGET_DIR=/opt/rustwide/target" "-e" "CARGO_HOME=/opt/rustwide/cargo-home" "-e" "RUSTUP_HOME=/opt/rustwide/rustup-home" "-w" "/opt/rustwide/workdir" "-m" "1610612736" "--user" "0:0" "--network" "none" "ghcr.io/rust-lang/crates-build-env/linux@sha256:5ff2268d62e97bff2cde7d5815dd6ed5b47097566f13b8d0ca110b04b60e07ed" "/opt/rustwide/cargo-home/bin/cargo" "+beta-2023-04-20" "metadata" "--no-deps" "--format-version=1", kill_on_drop: false }`
[INFO] [stdout] 0edd3617d7a1b0a60ba7c30fa03d6b4063923068cab064cd91b73875b0723d78
[INFO] running `Command { std: "docker" "start" "-a" "0edd3617d7a1b0a60ba7c30fa03d6b4063923068cab064cd91b73875b0723d78", kill_on_drop: false }`
[INFO] running `Command { std: "docker" "inspect" "0edd3617d7a1b0a60ba7c30fa03d6b4063923068cab064cd91b73875b0723d78", kill_on_drop: false }`
[INFO] running `Command { std: "docker" "rm" "-f" "0edd3617d7a1b0a60ba7c30fa03d6b4063923068cab064cd91b73875b0723d78", kill_on_drop: false }`
[INFO] [stdout] 0edd3617d7a1b0a60ba7c30fa03d6b4063923068cab064cd91b73875b0723d78
[INFO] running `Command { std: "docker" "create" "-v" "/var/lib/crater-agent-workspace/builds/worker-5-tc2/target:/opt/rustwide/target:rw,Z" "-v" "/var/lib/crater-agent-workspace/builds/worker-5-tc2/source:/opt/rustwide/workdir:ro,Z" "-v" "/var/lib/crater-agent-workspace/cargo-home:/opt/rustwide/cargo-home:ro,Z" "-v" "/var/lib/crater-agent-workspace/rustup-home:/opt/rustwide/rustup-home:ro,Z" "-e" "SOURCE_DIR=/opt/rustwide/workdir" "-e" "CARGO_TARGET_DIR=/opt/rustwide/target" "-e" "CARGO_INCREMENTAL=0" "-e" "RUST_BACKTRACE=full" "-e" "RUSTFLAGS=--cap-lints=warn" "-e" "RUSTDOCFLAGS=--cap-lints=warn" "-e" "CARGO_HOME=/opt/rustwide/cargo-home" "-e" "RUSTUP_HOME=/opt/rustwide/rustup-home" "-w" "/opt/rustwide/workdir" "-m" "1610612736" "--user" "0:0" "--network" "none" "ghcr.io/rust-lang/crates-build-env/linux@sha256:5ff2268d62e97bff2cde7d5815dd6ed5b47097566f13b8d0ca110b04b60e07ed" "/opt/rustwide/cargo-home/bin/cargo" "+beta-2023-04-20" "build" "--frozen" "--message-format=json", kill_on_drop: false }`
[INFO] [stdout] e51e95db909b43f8b2f74bfffd865f027e5d77e5508aa1f6802426a82e707506
[INFO] running `Command { std: "docker" "start" "-a" "e51e95db909b43f8b2f74bfffd865f027e5d77e5508aa1f6802426a82e707506", kill_on_drop: false }`
[INFO] [stderr]     Blocking waiting for file lock on package cache
[INFO] [stderr]    Compiling version_check v0.1.5
[INFO] [stderr]    Compiling libc v0.2.43
[INFO] [stderr]    Compiling cfg-if v0.1.5
[INFO] [stderr]    Compiling cc v1.0.25
[INFO] [stderr]    Compiling scopeguard v0.3.3
[INFO] [stderr]    Compiling rand_core v0.3.0
[INFO] [stderr]    Compiling nodrop v0.1.12
[INFO] [stderr]    Compiling bitflags v1.0.4
[INFO] [stderr]    Compiling memoffset v0.2.1
[INFO] [stderr]    Compiling typenum v1.10.0
[INFO] [stderr]    Compiling proc-macro2 v0.4.20
[INFO] [stderr]    Compiling num-traits v0.2.6
[INFO] [stderr]    Compiling stable_deref_trait v1.1.1
[INFO] [stderr]    Compiling semver v0.9.0
[INFO] [stderr]    Compiling unreachable v1.0.0
[INFO] [stderr]    Compiling crossbeam-utils v0.5.0
[INFO] [stderr]    Compiling xml-rs v0.7.0
[INFO] [stderr]    Compiling arrayvec v0.4.7
[INFO] [stderr]    Compiling owning_ref v0.3.3
[INFO] [stderr]    Compiling byte-tools v0.2.0
[INFO] [stderr]    Compiling arrayref v0.3.5
[INFO] [stderr]    Compiling crossbeam-utils v0.2.2
[INFO] [stderr]    Compiling smallvec v0.6.5
[INFO] [stderr]    Compiling downcast-rs v1.0.3
[INFO] [stderr]    Compiling rand_core v0.2.2
[INFO] [stderr]    Compiling block-buffer v0.3.3
[INFO] [stderr]    Compiling rustc_version v0.2.3
[INFO] [stderr]    Compiling lock_api v0.1.4
[INFO] [stderr]    Compiling num-integer v0.1.39
[INFO] [stderr]    Compiling fake-simd v0.1.2
[INFO] [stderr]    Compiling lazy_static v1.1.0
[INFO] [stderr]    Compiling rayon-core v1.4.1
[INFO] [stderr]    Compiling cmake v0.1.35
[INFO] [stderr]    Compiling rand v0.5.5
[INFO] [stderr]    Compiling pkg-config v0.3.14
[INFO] [stderr]    Compiling nix v0.11.0
[INFO] [stderr]    Compiling byteorder v1.2.6
[INFO] [stderr]    Compiling num_cpus v1.8.0
[INFO] [stderr]    Compiling rayon v1.0.2
[INFO] [stderr]    Compiling parking_lot_core v0.3.1
[INFO] [stderr]    Compiling remove_dir_all v0.5.1
[INFO] [stderr]    Compiling wayland-scanner v0.20.12
[INFO] [stderr]    Compiling num-derive v0.2.3
[INFO] [stderr]    Compiling num-iter v0.1.37
[INFO] [stderr]    Compiling adler32 v1.0.3
[INFO] [stderr]    Compiling crossbeam-epoch v0.3.1
[INFO] [stderr]    Compiling crossbeam-epoch v0.6.0
[INFO] [stderr]    Compiling crossbeam-epoch v0.5.2
[INFO] [stderr]    Compiling quote v0.6.8
[INFO] [stderr]    Compiling x11-dl v2.18.3
[INFO] [stderr]    Compiling libloading v0.5.0
[INFO] [stderr]    Compiling crossbeam-deque v0.2.0
[INFO] [stderr]    Compiling generic-array v0.9.0
[INFO] [stderr]    Compiling syn v0.15.11
[INFO] [stderr]    Compiling crossbeam-deque v0.5.2
[INFO] [stderr]    Compiling memmap v0.6.2
[INFO] [stderr]    Compiling num-rational v0.2.1
[INFO] [stderr]    Compiling vulkano v0.10.0
[INFO] [stderr]    Compiling wayland-client v0.20.12
[INFO] [stderr]    Compiling wayland-protocols v0.20.12
[INFO] [stderr]    Compiling digest v0.7.6
[INFO] [stderr]    Compiling tempfile v3.0.4
[INFO] [stderr]    Compiling either v1.5.0
[INFO] [stderr]    Compiling sha2 v0.7.1
[INFO] [stderr]    Compiling deflate v0.7.19
[INFO] [stderr]    Compiling parking_lot v0.6.4
[INFO] [stderr]    Compiling dlib v0.4.1
[INFO] [stderr]    Compiling inflate v0.4.3
[INFO] [stderr]    Compiling shared_library v0.1.9
[INFO] [stderr]    Compiling glsl-to-spirv v0.1.7
[INFO] [stderr]    Compiling log v0.4.5
[INFO] [stderr]    Compiling wayland-sys v0.20.12
[INFO] [stderr]    Compiling crossbeam-channel v0.2.6
[INFO] [stderr]    Compiling color_quant v1.0.1
[INFO] [stderr]    Compiling wayland-commons v0.20.12
[INFO] [stderr]    Compiling fnv v1.0.6
[INFO] [stderr]    Compiling half v1.3.0
[INFO] [stderr]    Compiling vk-sys v0.3.3
[INFO] [stderr]    Compiling percent-encoding v1.0.1
[INFO] [stderr]    Compiling gif v0.10.1
[INFO] [stderr]    Compiling crossbeam v0.4.1
[INFO] [stderr]    Compiling png v0.12.0
[INFO] [stderr]    Compiling syn v0.14.9
[INFO] [stderr]    Compiling scoped_threadpool v0.1.9
[INFO] [stderr]    Compiling jpeg-decoder v0.1.15
[INFO] [stderr]    Compiling smithay-client-toolkit v0.3.0
[INFO] [stderr] error: could not compile `vulkano` (lib)
[INFO] [stderr] 
[INFO] [stderr] Caused by:
[INFO] [stderr]   process didn't exit successfully: `rustc --crate-name vulkano /opt/rustwide/cargo-home/registry/src/index.crates.io-6f17d22bba15001f/vulkano-0.10.0/src/lib.rs --error-format=json --json=diagnostic-rendered-ansi,artifacts,future-incompat --crate-type lib --emit=dep-info,metadata,link -C embed-bitcode=no -C debuginfo=2 -C metadata=4d73f7de0ef81e47 -C extra-filename=-4d73f7de0ef81e47 --out-dir /opt/rustwide/target/debug/deps -L dependency=/opt/rustwide/target/debug/deps --extern crossbeam=/opt/rustwide/target/debug/deps/libcrossbeam-a36ad11ac35d3613.rmeta --extern fnv=/opt/rustwide/target/debug/deps/libfnv-3b027f9af76441c8.rmeta --extern half=/opt/rustwide/target/debug/deps/libhalf-54b4c2085518ddf8.rmeta --extern lazy_static=/opt/rustwide/target/debug/deps/liblazy_static-a0e5f976cfeed0fb.rmeta --extern shared_library=/opt/rustwide/target/debug/deps/libshared_library-7d1b7355a4e6b753.rmeta --extern smallvec=/opt/rustwide/target/debug/deps/libsmallvec-3b31b66d21160685.rmeta --extern vk_sys=/opt/rustwide/target/debug/deps/libvk_sys-95f4be889f15811e.rmeta --cap-lints allow --cap-lints=warn` (signal: 9, SIGKILL: kill)
[INFO] [stderr] warning: build failed, waiting for other jobs to finish...
[INFO] [stderr] error: could not compile `wayland-protocols` (lib)
[INFO] [stderr] 
[INFO] [stderr] Caused by:
[INFO] [stderr]   process didn't exit successfully: `rustc --crate-name wayland_protocols /opt/rustwide/cargo-home/registry/src/index.crates.io-6f17d22bba15001f/wayland-protocols-0.20.12/src/lib.rs --error-format=json --json=diagnostic-rendered-ansi,artifacts,future-incompat --crate-type lib --emit=dep-info,metadata,link -C embed-bitcode=no -C debuginfo=2 --cfg 'feature="client"' --cfg 'feature="default"' --cfg 'feature="native_lib"' --cfg 'feature="unstable_protocols"' --cfg 'feature="wayland-client"' -C metadata=754fc0c46f755a20 -C extra-filename=-754fc0c46f755a20 --out-dir /opt/rustwide/target/debug/deps -L dependency=/opt/rustwide/target/debug/deps --extern bitflags=/opt/rustwide/target/debug/deps/libbitflags-c1fd6b181e1981af.rmeta --extern wayland_client=/opt/rustwide/target/debug/deps/libwayland_client-1d5e513aaf1d6c41.rmeta --extern wayland_commons=/opt/rustwide/target/debug/deps/libwayland_commons-69e0a20cf7653ffc.rmeta --extern wayland_sys=/opt/rustwide/target/debug/deps/libwayland_sys-0447ac11031c5ced.rmeta --cap-lints allow --cap-lints=warn -L native=/opt/rustwide/target/debug/build/libloading-fdfba1e388e14087/out` (signal: 9, SIGKILL: kill)
[INFO] [stderr] error: failed to run custom build command for `glsl-to-spirv v0.1.7`
[INFO] [stderr] note: To improve backtraces for build dependencies, set the CARGO_PROFILE_DEV_BUILD_OVERRIDE_DEBUG=true environment variable to enable debug information generation.
[INFO] [stderr] 
[INFO] [stderr] Caused by:
[INFO] [stderr]   process didn't exit successfully: `/opt/rustwide/target/debug/build/glsl-to-spirv-977914596325acf4/build-script-build` (exit status: 101)
[INFO] [stderr]   --- stdout
[INFO] [stderr]   cargo:rerun-if-changed=build/glslangValidator.exe
[INFO] [stderr]   running: cd "/opt/rustwide/target/debug/build/glsl-to-spirv-252046d4b0cef0a2/out/build" && CMAKE_PREFIX_PATH="" "cmake" "/opt/rustwide/cargo-home/registry/src/index.crates.io-6f17d22bba15001f/glsl-to-spirv-0.1.7/glslang" "-DCMAKE_INSTALL_PREFIX=/opt/rustwide/target/debug/build/glsl-to-spirv-252046d4b0cef0a2/out" "-DCMAKE_C_FLAGS= -ffunction-sections -fdata-sections -fPIC -m64" "-DCMAKE_C_COMPILER=/usr/bin/cc" "-DCMAKE_CXX_FLAGS= -ffunction-sections -fdata-sections -fPIC -m64" "-DCMAKE_CXX_COMPILER=/usr/bin/c++" "-DCMAKE_BUILD_TYPE=Debug"
[INFO] [stderr]   -- The C compiler identification is GNU 11.3.0
[INFO] [stderr]   -- The CXX compiler identification is GNU 11.3.0
[INFO] [stderr]   -- Detecting C compiler ABI info
[INFO] [stderr]   -- Detecting C compiler ABI info - done
[INFO] [stderr]   -- Check for working C compiler: /usr/bin/cc - skipped
[INFO] [stderr]   -- Detecting C compile features
[INFO] [stderr]   -- Detecting C compile features - done
[INFO] [stderr]   -- Detecting CXX compiler ABI info
[INFO] [stderr]   -- Detecting CXX compiler ABI info - done
[INFO] [stderr]   -- Check for working CXX compiler: /usr/bin/c++ - skipped
[INFO] [stderr]   -- Detecting CXX compile features
[INFO] [stderr]   -- Detecting CXX compile features - done
[INFO] [stderr]   -- Google Mock was not found - tests based on that will not build
[INFO] [stderr]   -- Configuring done
[INFO] [stderr]   -- Generating done
[INFO] [stderr]   -- Build files have been written to: /opt/rustwide/target/debug/build/glsl-to-spirv-252046d4b0cef0a2/out/build
[INFO] [stderr]   running: cd "/opt/rustwide/target/debug/build/glsl-to-spirv-252046d4b0cef0a2/out/build" && MAKEFLAGS="-j --jobserver-fds=7,8 --jobserver-auth=7,8" "cmake" "--build" "." "--target" "install" "--config" "Debug" "--"
[INFO] [stderr]   [  1%] Building CXX object hlsl/CMakeFiles/HLSL.dir/hlslAttributes.cpp.o
[INFO] [stderr]   [  3%] Building CXX object OGLCompilersDLL/CMakeFiles/OGLCompiler.dir/InitializeDll.cpp.o
[INFO] [stderr]   [  5%] Building CXX object glslang/OSDependent/Unix/CMakeFiles/OSDependent.dir/ossource.cpp.o
[INFO] [stderr]   [  7%] Building CXX object StandAlone/CMakeFiles/glslang-default-resource-limits.dir/ResourceLimits.cpp.o
[INFO] [stderr]   [  8%] Building CXX object hlsl/CMakeFiles/HLSL.dir/hlslParseHelper.cpp.o
[INFO] [stderr]   [ 10%] Building CXX object SPIRV/CMakeFiles/SPVRemapper.dir/SPVRemapper.cpp.o
[INFO] [stderr]   [ 12%] Building CXX object hlsl/CMakeFiles/HLSL.dir/hlslScanContext.cpp.o
[INFO] [stderr]   [ 14%] Building CXX object hlsl/CMakeFiles/HLSL.dir/hlslOpMap.cpp.o
[INFO] [stderr]   [ 15%] Building CXX object SPIRV/CMakeFiles/SPVRemapper.dir/doc.cpp.o
[INFO] [stderr]   [ 17%] Linking CXX static library libOSDependent.a
[INFO] [stderr]   [ 17%] Built target OSDependent
[INFO] [stderr]   [ 19%] Building CXX object hlsl/CMakeFiles/HLSL.dir/hlslTokenStream.cpp.o
[INFO] [stderr]   [ 21%] Building CXX object hlsl/CMakeFiles/HLSL.dir/hlslGrammar.cpp.o
[INFO] [stderr]   [ 22%] Linking CXX static library libOGLCompiler.a
[INFO] [stderr]   [ 22%] Built target OGLCompiler
[INFO] [stderr]   [ 24%] Linking CXX static library libglslang-default-resource-limits.a
[INFO] [stderr]   [ 24%] Built target glslang-default-resource-limits
[INFO] [stderr]   [ 26%] Building CXX object hlsl/CMakeFiles/HLSL.dir/hlslParseables.cpp.o
[INFO] [stderr]   [ 28%] Linking CXX static library libSPVRemapper.a
[INFO] [stderr]   [ 28%] Built target SPVRemapper
[INFO] [stderr]   [ 29%] Linking CXX static library libHLSL.a
[INFO] [stderr]   [ 29%] Built target HLSL
[INFO] [stderr]   [ 33%] Building CXX object glslang/CMakeFiles/glslang.dir/MachineIndependent/iomapper.cpp.o
[INFO] [stderr]   [ 33%] Building CXX object glslang/CMakeFiles/glslang.dir/MachineIndependent/glslang_tab.cpp.o
[INFO] [stderr]   [ 35%] Building CXX object glslang/CMakeFiles/glslang.dir/MachineIndependent/IntermTraverse.cpp.o
[INFO] [stderr]   [ 40%] Building CXX object glslang/CMakeFiles/glslang.dir/MachineIndependent/InfoSink.cpp.o
[INFO] [stderr]   [ 40%] Building CXX object glslang/CMakeFiles/glslang.dir/MachineIndependent/Constant.cpp.o
[INFO] [stderr]   [ 40%] Building CXX object glslang/CMakeFiles/glslang.dir/MachineIndependent/Initialize.cpp.o
[INFO] [stderr]   [ 42%] Building CXX object glslang/CMakeFiles/glslang.dir/MachineIndependent/ParseContextBase.cpp.o
[INFO] [stderr]   [ 43%] Building CXX object glslang/CMakeFiles/glslang.dir/MachineIndependent/Intermediate.cpp.o
[INFO] [stderr]   [ 45%] Building CXX object glslang/CMakeFiles/glslang.dir/MachineIndependent/ParseHelper.cpp.o
[INFO] [stderr]   [ 49%] Building CXX object glslang/CMakeFiles/glslang.dir/MachineIndependent/RemoveTree.cpp.o
[INFO] [stderr]   [ 49%] Building CXX object glslang/CMakeFiles/glslang.dir/MachineIndependent/PoolAlloc.cpp.o
[INFO] [stderr]   [ 52%] Building CXX object glslang/CMakeFiles/glslang.dir/MachineIndependent/Scan.cpp.o
[INFO] [stderr]   [ 52%] Building CXX object glslang/CMakeFiles/glslang.dir/MachineIndependent/ShaderLang.cpp.o
[INFO] [stderr]   [ 54%] Building CXX object glslang/CMakeFiles/glslang.dir/MachineIndependent/SymbolTable.cpp.o
[INFO] [stderr]   [ 56%] Building CXX object glslang/CMakeFiles/glslang.dir/MachineIndependent/Versions.cpp.o
[INFO] [stderr]   [ 57%] Building CXX object glslang/CMakeFiles/glslang.dir/MachineIndependent/intermOut.cpp.o
[INFO] [stderr]   [ 59%] Building CXX object glslang/CMakeFiles/glslang.dir/MachineIndependent/limits.cpp.o
[INFO] [stderr] 
[INFO] [stderr]   --- stderr
[INFO] [stderr]   fatal: not a git repository (or any parent up to mount point /opt/rustwide)
[INFO] [stderr]   Stopping at filesystem boundary (GIT_DISCOVERY_ACROSS_FILESYSTEM not set).
[INFO] [stderr]   CMake Warning (dev) at /usr/share/cmake-3.22/Modules/GNUInstallDirs.cmake:239 (message):
[INFO] [stderr]     Unable to determine default CMAKE_INSTALL_LIBDIR directory because no
[INFO] [stderr]     target architecture is known.  Please enable at least one language before
[INFO] [stderr]     including GNUInstallDirs.
[INFO] [stderr]   Call Stack (most recent call first):
[INFO] [stderr]     CMakeLists.txt:7 (include)
[INFO] [stderr]   This warning is for project developers.  Use -Wno-dev to suppress it.
[INFO] [stderr] 
[INFO] [stderr]   c++: fatal error: Killed signal terminated program cc1plus
[INFO] [stderr]   compilation terminated.
[INFO] [stderr]   gmake[2]: *** [glslang/CMakeFiles/glslang.dir/build.make:188: glslang/CMakeFiles/glslang.dir/MachineIndependent/ParseHelper.cpp.o] Error 1
[INFO] [stderr]   gmake[2]: *** Waiting for unfinished jobs....
[INFO] [stderr]   c++: fatal error: Killed signal terminated program cc1plus
[INFO] [stderr]   compilation terminated.
[INFO] [stderr]   gmake[2]: *** [glslang/CMakeFiles/glslang.dir/build.make:174: glslang/CMakeFiles/glslang.dir/MachineIndependent/ParseContextBase.cpp.o] Error 1
[INFO] [stderr]   c++: fatal error: Killed signal terminated program cc1plus
[INFO] [stderr]   compilation terminated.
[INFO] [stderr]   gmake[2]: *** [glslang/CMakeFiles/glslang.dir/build.make:230: glslang/CMakeFiles/glslang.dir/MachineIndependent/Scan.cpp.o] Error 1
[INFO] [stderr]   gmake[1]: *** [CMakeFiles/Makefile2:987: glslang/CMakeFiles/glslang.dir/all] Error 2
[INFO] [stderr]   gmake: *** [Makefile:146: all] Error 2
[INFO] [stderr]   thread 'main' panicked at '
[INFO] [stderr]   command did not execute successfully, got: exit status: 2
[INFO] [stderr] 
[INFO] [stderr]   build script failed, must exit now', /opt/rustwide/cargo-home/registry/src/index.crates.io-6f17d22bba15001f/cmake-0.1.35/src/lib.rs:778:5
[INFO] [stderr]   stack backtrace:
[INFO] [stderr]      0:     0x560b4df799ea - std::backtrace_rs::backtrace::libunwind::trace::h2f05d0192276a8f6
[INFO] [stderr]                                  at /rustc/1b7dd2252b99671ce5d1cb9664c5f8636329436d/library/std/src/../../backtrace/src/backtrace/libunwind.rs:93:5
[INFO] [stderr]      1:     0x560b4df799ea - std::backtrace_rs::backtrace::trace_unsynchronized::hedc23dff7a1af150
[INFO] [stderr]                                  at /rustc/1b7dd2252b99671ce5d1cb9664c5f8636329436d/library/std/src/../../backtrace/src/backtrace/mod.rs:66:5
[INFO] [stderr]      2:     0x560b4df799ea - std::sys_common::backtrace::_print_fmt::h17541ef7592f3ce2
[INFO] [stderr]                                  at /rustc/1b7dd2252b99671ce5d1cb9664c5f8636329436d/library/std/src/sys_common/backtrace.rs:65:5
[INFO] [stderr]      3:     0x560b4df799ea - <std::sys_common::backtrace::_print::DisplayBacktrace as core::fmt::Display>::fmt::h20f75df5ab0c0792
[INFO] [stderr]                                  at /rustc/1b7dd2252b99671ce5d1cb9664c5f8636329436d/library/std/src/sys_common/backtrace.rs:44:22
[INFO] [stderr]      4:     0x560b4df9a31f - core::fmt::write::h78109e6f466b3af6
[INFO] [stderr]                                  at /rustc/1b7dd2252b99671ce5d1cb9664c5f8636329436d/library/core/src/fmt/mod.rs:1254:17
[INFO] [stderr]      5:     0x560b4df76b05 - std::io::Write::write_fmt::hc59e1b02dd273c8a
[INFO] [stderr]                                  at /rustc/1b7dd2252b99671ce5d1cb9664c5f8636329436d/library/std/src/io/mod.rs:1698:15
[INFO] [stderr]      6:     0x560b4df797b5 - std::sys_common::backtrace::_print::h8dac57a9f8fbf9a5
[INFO] [stderr]                                  at /rustc/1b7dd2252b99671ce5d1cb9664c5f8636329436d/library/std/src/sys_common/backtrace.rs:47:5
[INFO] [stderr]      7:     0x560b4df797b5 - std::sys_common::backtrace::print::hf9ecbf41d1aa712f
[INFO] [stderr]                                  at /rustc/1b7dd2252b99671ce5d1cb9664c5f8636329436d/library/std/src/sys_common/backtrace.rs:34:9
[INFO] [stderr]      8:     0x560b4df7af5e - std::panicking::default_hook::{{closure}}::h04c07acfc84ca028
[INFO] [stderr]                                  at /rustc/1b7dd2252b99671ce5d1cb9664c5f8636329436d/library/std/src/panicking.rs:269:22
[INFO] [stderr]      9:     0x560b4df7ad05 - std::panicking::default_hook::h01f6bb23e1eceb2c
[INFO] [stderr]                                  at /rustc/1b7dd2252b99671ce5d1cb9664c5f8636329436d/library/std/src/panicking.rs:288:9
[INFO] [stderr]     10:     0x560b4df7b4be - std::panicking::rust_panic_with_hook::h2bb3722bbaf2f6df
[INFO] [stderr]                                  at /rustc/1b7dd2252b99671ce5d1cb9664c5f8636329436d/library/std/src/panicking.rs:691:13
[INFO] [stderr]     11:     0x560b4df7b3b9 - std::panicking::begin_panic_handler::{{closure}}::h91bc7f36a4be011b
[INFO] [stderr]                                  at /rustc/1b7dd2252b99671ce5d1cb9664c5f8636329436d/library/std/src/panicking.rs:582:13
[INFO] [stderr]     12:     0x560b4df79e56 - std::sys_common::backtrace::__rust_end_short_backtrace::h8b3d3717114f9e59
[INFO] [stderr]                                  at /rustc/1b7dd2252b99671ce5d1cb9664c5f8636329436d/library/std/src/sys_common/backtrace.rs:150:18
[INFO] [stderr]     13:     0x560b4df7b112 - rust_begin_unwind
[INFO] [stderr]                                  at /rustc/1b7dd2252b99671ce5d1cb9664c5f8636329436d/library/std/src/panicking.rs:578:5
[INFO] [stderr]     14:     0x560b4df13783 - core::panicking::panic_fmt::hfd368e3fbdabea26
[INFO] [stderr]                                  at /rustc/1b7dd2252b99671ce5d1cb9664c5f8636329436d/library/core/src/panicking.rs:67:14
[INFO] [stderr]     15:     0x560b4df23baf - cmake::fail::h6738fda6791d9b83
[INFO] [stderr]     16:     0x560b4df23613 - cmake::run::hd06d4708f48a42e8
[INFO] [stderr]     17:     0x560b4df20d5b - cmake::Config::build::h075c70e7c59b5749
[INFO] [stderr]     18:     0x560b4df15f93 - cmake::build::h93eb8c6549bdbeff
[INFO] [stderr]     19:     0x560b4df15612 - build_script_build::main::h29d97c69ca7b56f3
[INFO] [stderr]     20:     0x560b4df16733 - core::ops::function::FnOnce::call_once::hff40f7477d9f2ec2
[INFO] [stderr]     21:     0x560b4df14da6 - std::sys_common::backtrace::__rust_begin_short_backtrace::he69eedc4741f5e81
[INFO] [stderr]     22:     0x560b4df14bc9 - std::rt::lang_start::{{closure}}::h091b81bfe2c354c2
[INFO] [stderr]     23:     0x560b4df72eee - core::ops::function::impls::<impl core::ops::function::FnOnce<A> for &F>::call_once::h2eb19b8ce4148df4
[INFO] [stderr]                                  at /rustc/1b7dd2252b99671ce5d1cb9664c5f8636329436d/library/core/src/ops/function.rs:287:13
[INFO] [stderr]     24:     0x560b4df72eee - std::panicking::try::do_call::h2e900feff5d504c5
[INFO] [stderr]                                  at /rustc/1b7dd2252b99671ce5d1cb9664c5f8636329436d/library/std/src/panicking.rs:485:40
[INFO] [stderr]     25:     0x560b4df72eee - std::panicking::try::h8854836cb85aa9f2
[INFO] [stderr]                                  at /rustc/1b7dd2252b99671ce5d1cb9664c5f8636329436d/library/std/src/panicking.rs:449:19
[INFO] [stderr]     26:     0x560b4df72eee - std::panic::catch_unwind::h706025dd4c48f64b
[INFO] [stderr]                                  at /rustc/1b7dd2252b99671ce5d1cb9664c5f8636329436d/library/std/src/panic.rs:140:14
[INFO] [stderr]     27:     0x560b4df72eee - std::rt::lang_start_internal::{{closure}}::h7be5b97f4a07a91a
[INFO] [stderr]                                  at /rustc/1b7dd2252b99671ce5d1cb9664c5f8636329436d/library/std/src/rt.rs:148:48
[INFO] [stderr]     28:     0x560b4df72eee - std::panicking::try::do_call::h59847e9d0a176965
[INFO] [stderr]                                  at /rustc/1b7dd2252b99671ce5d1cb9664c5f8636329436d/library/std/src/panicking.rs:485:40
[INFO] [stderr]     29:     0x560b4df72eee - std::panicking::try::h399a918ba8522823
[INFO] [stderr]                                  at /rustc/1b7dd2252b99671ce5d1cb9664c5f8636329436d/library/std/src/panicking.rs:449:19
[INFO] [stderr]     30:     0x560b4df72eee - std::panic::catch_unwind::hca7ca6c55b2a2e26
[INFO] [stderr]                                  at /rustc/1b7dd2252b99671ce5d1cb9664c5f8636329436d/library/std/src/panic.rs:140:14
[INFO] [stderr]     31:     0x560b4df72eee - std::rt::lang_start_internal::h2c807a81560459eb
[INFO] [stderr]                                  at /rustc/1b7dd2252b99671ce5d1cb9664c5f8636329436d/library/std/src/rt.rs:148:20
[INFO] [stderr]     32:     0x560b4df14ba7 - std::rt::lang_start::hcf80aebf4ba00e95
[INFO] [stderr]     33:     0x560b4df15825 - main
[INFO] [stderr]     34:     0x7ffb54616d90 - <unknown>
[INFO] [stderr]     35:     0x7ffb54616e40 - __libc_start_main
[INFO] [stderr]     36:     0x560b4df13cb5 - _start
[INFO] [stderr]     37:                0x0 - <unknown>
[INFO] running `Command { std: "docker" "inspect" "e51e95db909b43f8b2f74bfffd865f027e5d77e5508aa1f6802426a82e707506", kill_on_drop: false }`
[INFO] running `Command { std: "docker" "rm" "-f" "e51e95db909b43f8b2f74bfffd865f027e5d77e5508aa1f6802426a82e707506", kill_on_drop: false }`
[INFO] [stdout] e51e95db909b43f8b2f74bfffd865f027e5d77e5508aa1f6802426a82e707506
