[INFO] cloning repository https://github.com/EliseZeroTwo/UwUwP
[INFO] running `Command { std: "git" "-c" "credential.helper=" "-c" "credential.helper=/workspace/cargo-home/bin/git-credential-null" "clone" "--bare" "https://github.com/EliseZeroTwo/UwUwP" "/workspace/cache/git-repos/https%3A%2F%2Fgithub.com%2FEliseZeroTwo%2FUwUwP", kill_on_drop: false }`
[INFO] [stderr] Cloning into bare repository '/workspace/cache/git-repos/https%3A%2F%2Fgithub.com%2FEliseZeroTwo%2FUwUwP'...
[INFO] running `Command { std: "git" "rev-parse" "HEAD", kill_on_drop: false }`
[INFO] [stdout] 08bc0d4d5540c9e8b1137545854f3a32633d09d7
[INFO] testing EliseZeroTwo/UwUwP against 1.69.0 for beta-1.70-1
[INFO] running `Command { std: "git" "clone" "/workspace/cache/git-repos/https%3A%2F%2Fgithub.com%2FEliseZeroTwo%2FUwUwP" "/workspace/builds/worker-3-tc1/source", kill_on_drop: false }`
[INFO] [stderr] Cloning into '/workspace/builds/worker-3-tc1/source'...
[INFO] [stderr] done.
[INFO] validating manifest of git repo https://github.com/EliseZeroTwo/UwUwP on toolchain 1.69.0
[INFO] running `Command { std: CARGO_HOME="/workspace/cargo-home" RUSTUP_HOME="/workspace/rustup-home" "/workspace/cargo-home/bin/cargo" "+1.69.0" "metadata" "--manifest-path" "Cargo.toml" "--no-deps", kill_on_drop: false }`
[INFO] started tweaking git repo https://github.com/EliseZeroTwo/UwUwP
[INFO] finished tweaking git repo https://github.com/EliseZeroTwo/UwUwP
[INFO] tweaked toml for git repo https://github.com/EliseZeroTwo/UwUwP written to /workspace/builds/worker-3-tc1/source/Cargo.toml
[INFO] crate git repo https://github.com/EliseZeroTwo/UwUwP already has a lockfile, it will not be regenerated
[INFO] running `Command { std: CARGO_HOME="/workspace/cargo-home" RUSTUP_HOME="/workspace/rustup-home" "/workspace/cargo-home/bin/cargo" "+1.69.0" "fetch" "--manifest-path" "Cargo.toml", kill_on_drop: false }`
[INFO] [stderr]  Downloading crates ...
[INFO] [stderr]   Downloaded windows_macros v0.3.1
[INFO] [stderr]   Downloaded windows_gen_macros v0.3.1
[INFO] [stderr]   Downloaded windows_gen v0.3.1
[INFO] [stderr]   Downloaded argh_derive v0.1.4
[INFO] [stderr]   Downloaded argh v0.1.4
[INFO] [stderr]   Downloaded libudis86-sys v0.2.1
[INFO] [stderr]   Downloaded slice-pool v0.4.1
[INFO] [stderr]   Downloaded windows_winmd_macros v0.3.1
[INFO] [stderr]   Downloaded argh_shared v0.1.4
[INFO] [stderr]   Downloaded mmap-fixed v0.1.5
[INFO] [stderr]   Downloaded windows_winmd v0.3.1
[INFO] [stderr]   Downloaded windows v0.3.1
[INFO] [stderr]   Downloaded detour v0.7.1
[INFO] running `Command { std: "docker" "create" "-v" "/var/lib/crater-agent-workspace/builds/worker-3-tc1/target:/opt/rustwide/target:rw,Z" "-v" "/var/lib/crater-agent-workspace/builds/worker-3-tc1/source:/opt/rustwide/workdir:ro,Z" "-v" "/var/lib/crater-agent-workspace/cargo-home:/opt/rustwide/cargo-home:ro,Z" "-v" "/var/lib/crater-agent-workspace/rustup-home:/opt/rustwide/rustup-home:ro,Z" "-e" "SOURCE_DIR=/opt/rustwide/workdir" "-e" "CARGO_TARGET_DIR=/opt/rustwide/target" "-e" "CARGO_HOME=/opt/rustwide/cargo-home" "-e" "RUSTUP_HOME=/opt/rustwide/rustup-home" "-w" "/opt/rustwide/workdir" "-m" "1610612736" "--user" "0:0" "--network" "none" "ghcr.io/rust-lang/crates-build-env/linux@sha256:5ff2268d62e97bff2cde7d5815dd6ed5b47097566f13b8d0ca110b04b60e07ed" "/opt/rustwide/cargo-home/bin/cargo" "+1.69.0" "metadata" "--no-deps" "--format-version=1", kill_on_drop: false }`
[INFO] [stdout] 9f338188b5ed0185d99aeb97c0512e05ee184d82cf9a8cae69521e2f150efd78
[INFO] running `Command { std: "docker" "start" "-a" "9f338188b5ed0185d99aeb97c0512e05ee184d82cf9a8cae69521e2f150efd78", kill_on_drop: false }`
[INFO] running `Command { std: "docker" "inspect" "9f338188b5ed0185d99aeb97c0512e05ee184d82cf9a8cae69521e2f150efd78", kill_on_drop: false }`
[INFO] running `Command { std: "docker" "rm" "-f" "9f338188b5ed0185d99aeb97c0512e05ee184d82cf9a8cae69521e2f150efd78", kill_on_drop: false }`
[INFO] [stdout] 9f338188b5ed0185d99aeb97c0512e05ee184d82cf9a8cae69521e2f150efd78
[INFO] running `Command { std: "docker" "create" "-v" "/var/lib/crater-agent-workspace/builds/worker-3-tc1/target:/opt/rustwide/target:rw,Z" "-v" "/var/lib/crater-agent-workspace/builds/worker-3-tc1/source:/opt/rustwide/workdir:ro,Z" "-v" "/var/lib/crater-agent-workspace/cargo-home:/opt/rustwide/cargo-home:ro,Z" "-v" "/var/lib/crater-agent-workspace/rustup-home:/opt/rustwide/rustup-home:ro,Z" "-e" "SOURCE_DIR=/opt/rustwide/workdir" "-e" "CARGO_TARGET_DIR=/opt/rustwide/target" "-e" "CARGO_INCREMENTAL=0" "-e" "RUST_BACKTRACE=full" "-e" "RUSTFLAGS=--cap-lints=warn" "-e" "RUSTDOCFLAGS=--cap-lints=warn" "-e" "CARGO_HOME=/opt/rustwide/cargo-home" "-e" "RUSTUP_HOME=/opt/rustwide/rustup-home" "-w" "/opt/rustwide/workdir" "-m" "1610612736" "--user" "0:0" "--network" "none" "ghcr.io/rust-lang/crates-build-env/linux@sha256:5ff2268d62e97bff2cde7d5815dd6ed5b47097566f13b8d0ca110b04b60e07ed" "/opt/rustwide/cargo-home/bin/cargo" "+1.69.0" "build" "--frozen" "--message-format=json", kill_on_drop: false }`
[INFO] [stdout] 75ea3fe81b6b9ff70e8620e07d279d6debec6a505321410440a9266e4ba8b24a
[INFO] running `Command { std: "docker" "start" "-a" "75ea3fe81b6b9ff70e8620e07d279d6debec6a505321410440a9266e4ba8b24a", kill_on_drop: false }`
[INFO] [stderr]     Blocking waiting for file lock on package cache
[INFO] [stderr]    Compiling proc-macro2 v1.0.24
[INFO] [stderr]    Compiling unicode-xid v0.2.1
[INFO] [stderr]    Compiling syn v1.0.60
[INFO] [stderr]    Compiling squote v0.1.2
[INFO] [stderr]    Compiling libc v0.2.85
[INFO] [stderr]    Compiling typenum v1.12.0
[INFO] [stderr]    Compiling cc v1.0.66
[INFO] [stderr]    Compiling const-sha1 v0.2.0
[INFO] [stderr]    Compiling unicode-segmentation v1.7.1
[INFO] [stderr]    Compiling argh_shared v0.1.4
[INFO] [stderr]    Compiling slice-pool v0.4.1
[INFO] [stderr]    Compiling heck v0.3.2
[INFO] [stderr]    Compiling libudis86-sys v0.2.1
[INFO] [stderr]    Compiling quote v1.0.8
[INFO] [stderr]    Compiling mmap-fixed v0.1.5
[INFO] [stderr]    Compiling region v2.2.0
[INFO] [stderr]    Compiling generic-array v0.13.2
[INFO] [stderr]    Compiling detour v0.7.1
[INFO] [stdout] error[E0557]: feature has been removed
[INFO] [stdout]  --> /opt/rustwide/cargo-home/registry/src/github.com-1ecc6299db9ec823/detour-0.7.1/src/lib.rs:2:42
[INFO] [stdout]   |
[INFO] [stdout] 2 | #![cfg_attr(feature = "nightly", feature(const_fn, unboxed_closures, abi_thiscall))]
[INFO] [stdout]   |                                          ^^^^^^^^ feature has been removed
[INFO] [stdout]   |
[INFO] [stdout]   = note: split into finer-grained feature gates
[INFO] [stdout] 
[INFO] [stdout] 
[INFO] [stdout] error[E0554]: `#![feature]` may not be used on the stable release channel
[INFO] [stdout]  --> /opt/rustwide/cargo-home/registry/src/github.com-1ecc6299db9ec823/detour-0.7.1/src/lib.rs:2:34
[INFO] [stdout]   |
[INFO] [stdout] 2 | #![cfg_attr(feature = "nightly", feature(const_fn, unboxed_closures, abi_thiscall))]
[INFO] [stdout]   |                                  ^^^^^^^^^^^^^^^^^^^^^^^^^^^^^^^^^^^^^^^^^^^^^^^^^
[INFO] [stdout] 
[INFO] [stdout] 
[INFO] [stdout] error[E0059]: type parameter to bare `Fn` trait must be a tuple
[INFO] [stdout]    --> /opt/rustwide/cargo-home/registry/src/github.com-1ecc6299db9ec823/detour-0.7.1/src/detours/statik.rs:105:8
[INFO] [stdout]     |
[INFO] [stdout] 105 |     D: Fn<T::Arguments, Output = T::Output> + Send + 'static
[INFO] [stdout]     |        ^^^^^^^^^^^^^^^^^^^^^^^^^^^^^^^^^^^^ the trait `Tuple` is not implemented for `<T as Function>::Arguments`
[INFO] [stdout]     |
[INFO] [stdout] note: required by a bound in `Fn`
[INFO] [stdout]    --> /rustc/84c898d65adf2f39a5a98507f1fe0ce10a2b8dbc/library/core/src/ops/function.rs:76:1
[INFO] [stdout] help: consider further restricting the associated type
[INFO] [stdout]     |
[INFO] [stdout] 105 |     D: Fn<T::Arguments, Output = T::Output> + Send + 'static, <T as Function>::Arguments: Tuple
[INFO] [stdout]     |                                                             +++++++++++++++++++++++++++++++++++
[INFO] [stdout] 
[INFO] [stdout] 
[INFO] [stdout] error[E0059]: type parameter to bare `Fn` trait must be a tuple
[INFO] [stdout]    --> /opt/rustwide/cargo-home/registry/src/github.com-1ecc6299db9ec823/detour-0.7.1/src/detours/statik.rs:135:8
[INFO] [stdout]     |
[INFO] [stdout] 135 |     C: Fn<T::Arguments, Output = T::Output> + Send + 'static,
[INFO] [stdout]     |        ^^^^^^^^^^^^^^^^^^^^^^^^^^^^^^^^^^^^ the trait `Tuple` is not implemented for `<T as Function>::Arguments`
[INFO] [stdout]     |
[INFO] [stdout] note: required by a bound in `Fn`
[INFO] [stdout]    --> /rustc/84c898d65adf2f39a5a98507f1fe0ce10a2b8dbc/library/core/src/ops/function.rs:76:1
[INFO] [stdout] help: consider further restricting the associated type
[INFO] [stdout]     |
[INFO] [stdout] 135 |     C: Fn<T::Arguments, Output = T::Output> + Send + 'static, <T as Function>::Arguments: Tuple
[INFO] [stdout]     |                                                             ~~~~~~~~~~~~~~~~~~~~~~~~~~~~~~~~~~~
[INFO] [stdout] 
[INFO] [stdout] 
[INFO] [stdout] error: aborting due to 4 previous errors
[INFO] [stdout] 
[INFO] [stdout] 
[INFO] [stdout] Some errors have detailed explanations: E0059, E0554, E0557.
[INFO] [stdout] 
[INFO] [stdout] For more information about an error, try `rustc --explain E0059`.
[INFO] [stdout] 
[INFO] [stderr] error: could not compile `detour` due to 5 previous errors
[INFO] [stderr] warning: build failed, waiting for other jobs to finish...
[INFO] running `Command { std: "docker" "inspect" "75ea3fe81b6b9ff70e8620e07d279d6debec6a505321410440a9266e4ba8b24a", kill_on_drop: false }`
[INFO] running `Command { std: "docker" "rm" "-f" "75ea3fe81b6b9ff70e8620e07d279d6debec6a505321410440a9266e4ba8b24a", kill_on_drop: false }`
[INFO] [stdout] 75ea3fe81b6b9ff70e8620e07d279d6debec6a505321410440a9266e4ba8b24a
