[INFO] cloning repository https://github.com/EkardNT/http-sign
[INFO] running `Command { std: "git" "-c" "credential.helper=" "-c" "credential.helper=/workspace/cargo-home/bin/git-credential-null" "clone" "--bare" "https://github.com/EkardNT/http-sign" "/workspace/cache/git-repos/https%3A%2F%2Fgithub.com%2FEkardNT%2Fhttp-sign", kill_on_drop: false }`
[INFO] [stderr] Cloning into bare repository '/workspace/cache/git-repos/https%3A%2F%2Fgithub.com%2FEkardNT%2Fhttp-sign'...
[INFO] running `Command { std: "git" "rev-parse" "HEAD", kill_on_drop: false }`
[INFO] [stdout] 9a33c1b149a4baa4dd706d29a10383ff5f681c58
[INFO] testing EkardNT/http-sign against 1.69.0 for beta-1.70-1
[INFO] running `Command { std: "git" "clone" "/workspace/cache/git-repos/https%3A%2F%2Fgithub.com%2FEkardNT%2Fhttp-sign" "/workspace/builds/worker-5-tc1/source", kill_on_drop: false }`
[INFO] [stderr] Cloning into '/workspace/builds/worker-5-tc1/source'...
[INFO] [stderr] done.
[INFO] validating manifest of git repo https://github.com/EkardNT/http-sign on toolchain 1.69.0
[INFO] running `Command { std: CARGO_HOME="/workspace/cargo-home" RUSTUP_HOME="/workspace/rustup-home" "/workspace/cargo-home/bin/cargo" "+1.69.0" "metadata" "--manifest-path" "Cargo.toml" "--no-deps", kill_on_drop: false }`
[INFO] started tweaking git repo https://github.com/EkardNT/http-sign
[INFO] finished tweaking git repo https://github.com/EkardNT/http-sign
[INFO] tweaked toml for git repo https://github.com/EkardNT/http-sign written to /workspace/builds/worker-5-tc1/source/Cargo.toml
[INFO] crate git repo https://github.com/EkardNT/http-sign already has a lockfile, it will not be regenerated
[INFO] running `Command { std: CARGO_HOME="/workspace/cargo-home" RUSTUP_HOME="/workspace/rustup-home" "/workspace/cargo-home/bin/cargo" "+1.69.0" "fetch" "--manifest-path" "Cargo.toml", kill_on_drop: false }`
[INFO] [stderr]     Blocking waiting for file lock on package cache
[INFO] [stderr]  Downloading crates ...
[INFO] [stderr]   Downloaded syn v1.0.67
[INFO] running `Command { std: "docker" "create" "-v" "/var/lib/crater-agent-workspace/builds/worker-5-tc1/target:/opt/rustwide/target:rw,Z" "-v" "/var/lib/crater-agent-workspace/builds/worker-5-tc1/source:/opt/rustwide/workdir:ro,Z" "-v" "/var/lib/crater-agent-workspace/cargo-home:/opt/rustwide/cargo-home:ro,Z" "-v" "/var/lib/crater-agent-workspace/rustup-home:/opt/rustwide/rustup-home:ro,Z" "-e" "SOURCE_DIR=/opt/rustwide/workdir" "-e" "CARGO_TARGET_DIR=/opt/rustwide/target" "-e" "CARGO_HOME=/opt/rustwide/cargo-home" "-e" "RUSTUP_HOME=/opt/rustwide/rustup-home" "-w" "/opt/rustwide/workdir" "-m" "1610612736" "--user" "0:0" "--network" "none" "ghcr.io/rust-lang/crates-build-env/linux@sha256:5ff2268d62e97bff2cde7d5815dd6ed5b47097566f13b8d0ca110b04b60e07ed" "/opt/rustwide/cargo-home/bin/cargo" "+1.69.0" "metadata" "--no-deps" "--format-version=1", kill_on_drop: false }`
[INFO] [stdout] e774768ae03399cb62bb1416044077edee93acccb00f8bc420692cf1840eb5d0
[INFO] running `Command { std: "docker" "start" "-a" "e774768ae03399cb62bb1416044077edee93acccb00f8bc420692cf1840eb5d0", kill_on_drop: false }`
[INFO] running `Command { std: "docker" "inspect" "e774768ae03399cb62bb1416044077edee93acccb00f8bc420692cf1840eb5d0", kill_on_drop: false }`
[INFO] running `Command { std: "docker" "rm" "-f" "e774768ae03399cb62bb1416044077edee93acccb00f8bc420692cf1840eb5d0", kill_on_drop: false }`
[INFO] [stdout] e774768ae03399cb62bb1416044077edee93acccb00f8bc420692cf1840eb5d0
[INFO] running `Command { std: "docker" "create" "-v" "/var/lib/crater-agent-workspace/builds/worker-5-tc1/target:/opt/rustwide/target:rw,Z" "-v" "/var/lib/crater-agent-workspace/builds/worker-5-tc1/source:/opt/rustwide/workdir:ro,Z" "-v" "/var/lib/crater-agent-workspace/cargo-home:/opt/rustwide/cargo-home:ro,Z" "-v" "/var/lib/crater-agent-workspace/rustup-home:/opt/rustwide/rustup-home:ro,Z" "-e" "SOURCE_DIR=/opt/rustwide/workdir" "-e" "CARGO_TARGET_DIR=/opt/rustwide/target" "-e" "CARGO_INCREMENTAL=0" "-e" "RUST_BACKTRACE=full" "-e" "RUSTFLAGS=--cap-lints=warn" "-e" "RUSTDOCFLAGS=--cap-lints=warn" "-e" "CARGO_HOME=/opt/rustwide/cargo-home" "-e" "RUSTUP_HOME=/opt/rustwide/rustup-home" "-w" "/opt/rustwide/workdir" "-m" "1610612736" "--user" "0:0" "--network" "none" "ghcr.io/rust-lang/crates-build-env/linux@sha256:5ff2268d62e97bff2cde7d5815dd6ed5b47097566f13b8d0ca110b04b60e07ed" "/opt/rustwide/cargo-home/bin/cargo" "+1.69.0" "build" "--frozen" "--message-format=json", kill_on_drop: false }`
[INFO] [stdout] 5c3e7fe771bbff557a623830cab47ab07c89a90d5dce53259ef6e6069d9c21dc
[INFO] running `Command { std: "docker" "start" "-a" "5c3e7fe771bbff557a623830cab47ab07c89a90d5dce53259ef6e6069d9c21dc", kill_on_drop: false }`
[INFO] [stderr]    Compiling libc v0.2.92
[INFO] [stderr]    Compiling cc v1.0.67
[INFO] [stderr]    Compiling spin v0.5.2
[INFO] [stderr]    Compiling once_cell v1.7.2
[INFO] [stderr]    Compiling untrusted v0.7.1
[INFO] [stderr]    Compiling bytes v1.0.1
[INFO] [stderr]    Compiling ring v0.16.20
[INFO] [stderr]    Compiling http-sign v0.3.0 (/opt/rustwide/workdir)
[INFO] [stdout] error[E0557]: feature has been removed
[INFO] [stdout]  --> src/lib.rs:3:12
[INFO] [stdout]   |
[INFO] [stdout] 3 | #![feature(min_type_alias_impl_trait)]
[INFO] [stdout]   |            ^^^^^^^^^^^^^^^^^^^^^^^^^ feature has been removed
[INFO] [stdout]   |
[INFO] [stdout]   = note: removed in favor of full type_alias_impl_trait
[INFO] [stdout] 
[INFO] [stdout] 
[INFO] [stdout] error[E0554]: `#![feature]` may not be used on the stable release channel
[INFO] [stdout]  --> src/lib.rs:2:1
[INFO] [stdout]   |
[INFO] [stdout] 2 | #![feature(generic_associated_types)]
[INFO] [stdout]   | ^^^^^^^^^^^^^^^^^^^^^^^^^^^^^^^^^^^^^ help: remove the attribute
[INFO] [stdout]   |
[INFO] [stdout]   = help: the feature `generic_associated_types` has been stable since `1.65.0` and no longer requires an attribute to enable
[INFO] [stdout] 
[INFO] [stdout] 
[INFO] [stdout] error[E0554]: `#![feature]` may not be used on the stable release channel
[INFO] [stdout]  --> src/lib.rs:3:1
[INFO] [stdout]   |
[INFO] [stdout] 3 | #![feature(min_type_alias_impl_trait)]
[INFO] [stdout]   | ^^^^^^^^^^^^^^^^^^^^^^^^^^^^^^^^^^^^^^
[INFO] [stdout] 
[INFO] [stdout] 
[INFO] [stdout] warning: the feature `generic_associated_types` has been stable since 1.65.0 and no longer requires an attribute to enable
[INFO] [stdout]  --> src/lib.rs:2:12
[INFO] [stdout]   |
[INFO] [stdout] 2 | #![feature(generic_associated_types)]
[INFO] [stdout]   |            ^^^^^^^^^^^^^^^^^^^^^^^^
[INFO] [stdout]   |
[INFO] [stdout]   = note: `#[warn(stable_features)]` on by default
[INFO] [stdout] 
[INFO] [stdout] 
[INFO] [stdout] error: missing required bound on `NameIter`
[INFO] [stdout]    --> src/request.rs:187:5
[INFO] [stdout]     |
[INFO] [stdout] 187 |     type NameIter<'a> : Iterator<Item = &'a str>;
[INFO] [stdout]     |     ^^^^^^^^^^^^^^^^^^^^^^^^^^^^^^^^^^^^^^^^^^^^-
[INFO] [stdout]     |                                                 |
[INFO] [stdout]     |                                                 help: add the required where clause: `where Self: 'a`
[INFO] [stdout]     |
[INFO] [stdout]     = note: this bound is currently required to ensure that impls have maximum flexibility
[INFO] [stdout]     = note: we are soliciting feedback, see issue #87479 <https://github.com/rust-lang/rust/issues/87479> for more information
[INFO] [stdout] 
[INFO] [stdout] 
[INFO] [stdout] error: missing required bound on `ValueIter`
[INFO] [stdout]    --> src/request.rs:190:5
[INFO] [stdout]     |
[INFO] [stdout] 190 |     type ValueIter<'a> : Iterator<Item = &'a [u8]>;
[INFO] [stdout]     |     ^^^^^^^^^^^^^^^^^^^^^^^^^^^^^^^^^^^^^^^^^^^^^^-
[INFO] [stdout]     |                                                   |
[INFO] [stdout]     |                                                   help: add the required where clause: `where Self: 'a`
[INFO] [stdout]     |
[INFO] [stdout]     = note: this bound is currently required to ensure that impls have maximum flexibility
[INFO] [stdout]     = note: we are soliciting feedback, see issue #87479 <https://github.com/rust-lang/rust/issues/87479> for more information
[INFO] [stdout] 
[INFO] [stdout] 
[INFO] [stdout] error: aborting due to 5 previous errors; 1 warning emitted
[INFO] [stdout] 
[INFO] [stdout] 
[INFO] [stdout] Some errors have detailed explanations: E0554, E0557.
[INFO] [stdout] 
[INFO] [stdout] For more information about an error, try `rustc --explain E0554`.
[INFO] [stdout] 
[INFO] [stderr] error: could not compile `http-sign` due to 6 previous errors; 1 warning emitted
[INFO] [stderr] warning: build failed, waiting for other jobs to finish...
[INFO] running `Command { std: "docker" "inspect" "5c3e7fe771bbff557a623830cab47ab07c89a90d5dce53259ef6e6069d9c21dc", kill_on_drop: false }`
[INFO] running `Command { std: "docker" "rm" "-f" "5c3e7fe771bbff557a623830cab47ab07c89a90d5dce53259ef6e6069d9c21dc", kill_on_drop: false }`
[INFO] [stdout] 5c3e7fe771bbff557a623830cab47ab07c89a90d5dce53259ef6e6069d9c21dc
