[INFO] cloning repository https://github.com/Dhole/gb-rw-stm32f411-rs
[INFO] running `Command { std: "git" "-c" "credential.helper=" "-c" "credential.helper=/workspace/cargo-home/bin/git-credential-null" "clone" "--bare" "https://github.com/Dhole/gb-rw-stm32f411-rs" "/workspace/cache/git-repos/https%3A%2F%2Fgithub.com%2FDhole%2Fgb-rw-stm32f411-rs", kill_on_drop: false }`
[INFO] [stderr] Cloning into bare repository '/workspace/cache/git-repos/https%3A%2F%2Fgithub.com%2FDhole%2Fgb-rw-stm32f411-rs'...
[INFO] running `Command { std: "git" "rev-parse" "HEAD", kill_on_drop: false }`
[INFO] [stdout] 6c630fcc96cecf534071cc9af275efc05d0fab12
[INFO] testing Dhole/gb-rw-stm32f411-rs against beta-2023-04-20 for beta-1.70-1
[INFO] running `Command { std: "git" "clone" "/workspace/cache/git-repos/https%3A%2F%2Fgithub.com%2FDhole%2Fgb-rw-stm32f411-rs" "/workspace/builds/worker-7-tc2/source", kill_on_drop: false }`
[INFO] [stderr] Cloning into '/workspace/builds/worker-7-tc2/source'...
[INFO] [stderr] done.
[INFO] validating manifest of git repo https://github.com/Dhole/gb-rw-stm32f411-rs on toolchain beta-2023-04-20
[INFO] running `Command { std: CARGO_HOME="/workspace/cargo-home" RUSTUP_HOME="/workspace/rustup-home" "/workspace/cargo-home/bin/cargo" "+beta-2023-04-20" "metadata" "--manifest-path" "Cargo.toml" "--no-deps", kill_on_drop: false }`
[INFO] removed /workspace/builds/worker-7-tc2/source/.cargo/config
[INFO] started tweaking git repo https://github.com/Dhole/gb-rw-stm32f411-rs
[INFO] finished tweaking git repo https://github.com/Dhole/gb-rw-stm32f411-rs
[INFO] tweaked toml for git repo https://github.com/Dhole/gb-rw-stm32f411-rs written to /workspace/builds/worker-7-tc2/source/Cargo.toml
[INFO] crate git repo https://github.com/Dhole/gb-rw-stm32f411-rs already has a lockfile, it will not be regenerated
[INFO] running `Command { std: CARGO_HOME="/workspace/cargo-home" RUSTUP_HOME="/workspace/rustup-home" "/workspace/cargo-home/bin/cargo" "+beta-2023-04-20" "fetch" "--manifest-path" "Cargo.toml", kill_on_drop: false }`
[INFO] [stderr]     Updating crates.io index
[INFO] [stderr]  Downloading crates ...
[INFO] [stderr]   Downloaded paste v0.1.7
[INFO] [stderr]   Downloaded postcard-cobs v0.1.5-pre
[INFO] [stderr]   Downloaded stm32f4xx-hal v0.7.0
[INFO] [stderr]   Downloaded proc-macro-hack v0.5.14
[INFO] [stderr]   Downloaded paste-impl v0.1.7
[INFO] [stderr]   Downloaded postcard v0.4.3
[INFO] [stderr]   Downloaded heapless v0.5.3
[INFO] [stderr]   Downloaded stm32f4 v0.10.0
[INFO] [stderr]   Downloaded urpc v0.1.0-alpha.2
[INFO] running `Command { std: "docker" "create" "-v" "/var/lib/crater-agent-workspace/builds/worker-7-tc2/target:/opt/rustwide/target:rw,Z" "-v" "/var/lib/crater-agent-workspace/builds/worker-7-tc2/source:/opt/rustwide/workdir:ro,Z" "-v" "/var/lib/crater-agent-workspace/cargo-home:/opt/rustwide/cargo-home:ro,Z" "-v" "/var/lib/crater-agent-workspace/rustup-home:/opt/rustwide/rustup-home:ro,Z" "-e" "SOURCE_DIR=/opt/rustwide/workdir" "-e" "CARGO_TARGET_DIR=/opt/rustwide/target" "-e" "CARGO_HOME=/opt/rustwide/cargo-home" "-e" "RUSTUP_HOME=/opt/rustwide/rustup-home" "-w" "/opt/rustwide/workdir" "-m" "1610612736" "--user" "0:0" "--network" "none" "ghcr.io/rust-lang/crates-build-env/linux@sha256:5ff2268d62e97bff2cde7d5815dd6ed5b47097566f13b8d0ca110b04b60e07ed" "/opt/rustwide/cargo-home/bin/cargo" "+beta-2023-04-20" "metadata" "--no-deps" "--format-version=1", kill_on_drop: false }`
[INFO] [stdout] 9edcb390c033e29a277eeb411842cc869188ae0ae3e32d279addab72454f7257
[INFO] running `Command { std: "docker" "start" "-a" "9edcb390c033e29a277eeb411842cc869188ae0ae3e32d279addab72454f7257", kill_on_drop: false }`
[INFO] running `Command { std: "docker" "inspect" "9edcb390c033e29a277eeb411842cc869188ae0ae3e32d279addab72454f7257", kill_on_drop: false }`
[INFO] running `Command { std: "docker" "rm" "-f" "9edcb390c033e29a277eeb411842cc869188ae0ae3e32d279addab72454f7257", kill_on_drop: false }`
[INFO] [stdout] 9edcb390c033e29a277eeb411842cc869188ae0ae3e32d279addab72454f7257
[INFO] running `Command { std: "docker" "create" "-v" "/var/lib/crater-agent-workspace/builds/worker-7-tc2/target:/opt/rustwide/target:rw,Z" "-v" "/var/lib/crater-agent-workspace/builds/worker-7-tc2/source:/opt/rustwide/workdir:ro,Z" "-v" "/var/lib/crater-agent-workspace/cargo-home:/opt/rustwide/cargo-home:ro,Z" "-v" "/var/lib/crater-agent-workspace/rustup-home:/opt/rustwide/rustup-home:ro,Z" "-e" "SOURCE_DIR=/opt/rustwide/workdir" "-e" "CARGO_TARGET_DIR=/opt/rustwide/target" "-e" "CARGO_INCREMENTAL=0" "-e" "RUST_BACKTRACE=full" "-e" "RUSTFLAGS=--cap-lints=warn" "-e" "RUSTDOCFLAGS=--cap-lints=warn" "-e" "CARGO_HOME=/opt/rustwide/cargo-home" "-e" "RUSTUP_HOME=/opt/rustwide/rustup-home" "-w" "/opt/rustwide/workdir" "-m" "1610612736" "--user" "0:0" "--network" "none" "ghcr.io/rust-lang/crates-build-env/linux@sha256:5ff2268d62e97bff2cde7d5815dd6ed5b47097566f13b8d0ca110b04b60e07ed" "/opt/rustwide/cargo-home/bin/cargo" "+beta-2023-04-20" "build" "--frozen" "--message-format=json", kill_on_drop: false }`
[INFO] [stdout] bc6ad5c9983be489a0afa67cff5a553a8cb37e0ca37938f3b933b3e3f9caf179
[INFO] running `Command { std: "docker" "start" "-a" "bc6ad5c9983be489a0afa67cff5a553a8cb37e0ca37938f3b933b3e3f9caf179", kill_on_drop: false }`
[INFO] [stderr]    Compiling proc-macro2 v1.0.9
[INFO] [stderr]    Compiling unicode-xid v0.2.0
[INFO] [stderr]    Compiling typenum v1.11.2
[INFO] [stderr]    Compiling semver-parser v0.7.0
[INFO] [stderr]    Compiling syn v1.0.16
[INFO] [stderr]    Compiling stable_deref_trait v1.1.1
[INFO] [stderr]    Compiling cortex-m v0.6.2
[INFO] [stderr]    Compiling vcell v0.1.2
[INFO] [stderr]    Compiling byteorder v1.3.4
[INFO] [stderr]    Compiling serde v1.0.104
[INFO] [stderr]    Compiling cortex-m-rt v0.6.12
[INFO] [stderr]    Compiling heapless v0.5.3
[INFO] [stderr]    Compiling r0 v0.2.2
[INFO] [stderr]    Compiling proc-macro-hack v0.5.14
[INFO] [stderr]    Compiling cortex-m-semihosting v0.3.5
[INFO] [stderr]    Compiling stm32f4 v0.10.0
[INFO] [stderr]    Compiling void v1.0.2
[INFO] [stderr]    Compiling volatile-register v0.2.0
[INFO] [stderr]    Compiling nb v0.1.2
[INFO] [stderr]    Compiling semver v0.9.0
[INFO] [stderr]    Compiling postcard-cobs v0.1.5-pre
[INFO] [stderr]    Compiling rand_core v0.5.1
[INFO] [stderr]    Compiling embedded-hal v0.2.3
[INFO] [stderr]    Compiling rustc_version v0.2.3
[INFO] [stderr]    Compiling panic-halt v0.2.0
[INFO] [stderr]    Compiling bare-metal v0.2.5
[INFO] [stderr]    Compiling cast v0.2.3
[INFO] [stderr]    Compiling hash32 v0.1.1
[INFO] [stderr]    Compiling quote v1.0.3
[INFO] [stderr]    Compiling generic-array v0.12.3
[INFO] [stderr]    Compiling generic-array v0.13.2
[INFO] [stderr]    Compiling as-slice v0.1.3
[INFO] [stderr]    Compiling aligned v0.3.2
[INFO] [stderr]    Compiling panic-semihosting v0.5.3
[INFO] [stderr]    Compiling serde_derive v1.0.104
[INFO] [stderr]    Compiling cortex-m-rt-macros v0.1.8
[INFO] [stderr]    Compiling paste-impl v0.1.7
[INFO] [stderr]    Compiling paste v0.1.7
[INFO] [stderr]    Compiling postcard v0.4.3
[INFO] [stderr]    Compiling urpc v0.1.0-alpha.2
[INFO] [stderr]    Compiling stm32f4xx-hal v0.7.0
[INFO] [stderr]    Compiling gb-rw-firm v0.1.0 (/opt/rustwide/workdir)
[INFO] [stdout] error[E0554]: `#![feature]` may not be used on the beta release channel
[INFO] [stdout]  --> src/main.rs:1:1
[INFO] [stdout]   |
[INFO] [stdout] 1 | #![feature(trait_alias)]
[INFO] [stdout]   | ^^^^^^^^^^^^^^^^^^^^^^^^
[INFO] [stdout] 
[INFO] [stdout] 
[INFO] [stdout] error[E0554]: `#![feature]` may not be used on the beta release channel
[INFO] [stdout]  --> src/main.rs:3:1
[INFO] [stdout]   |
[INFO] [stdout] 3 | #![feature(asm)]
[INFO] [stdout]   | ^^^^^^^^^^^^^^^^
[INFO] [stdout] 
[INFO] [stdout] 
[INFO] [stdout] error[E0554]: `#![feature]` may not be used on the beta release channel
[INFO] [stdout]  --> src/main.rs:3:12
[INFO] [stdout]   |
[INFO] [stdout] 3 | #![feature(asm)]
[INFO] [stdout]   |            ^^^
[INFO] [stdout] 
[INFO] [stdout] 
[INFO] [stdout] warning: the feature `asm` has been stable since 1.59.0 and no longer requires an attribute to enable
[INFO] [stdout]  --> src/main.rs:3:12
[INFO] [stdout]   |
[INFO] [stdout] 3 | #![feature(asm)]
[INFO] [stdout]   |            ^^^
[INFO] [stdout]   |
[INFO] [stdout]   = note: `#[warn(stable_features)]` on by default
[INFO] [stdout] 
[INFO] [stdout] 
[INFO] [stdout] error: language item required, but not found: `eh_personality`
[INFO] [stdout]   |
[INFO] [stdout]   = note: this can occur when a binary crate with `#![no_std]` is compiled for a target where `eh_personality` is defined in the standard library
[INFO] [stdout]   = help: you may be able to compile for a target that doesn't need `eh_personality`, specify a target with `--target` or in `.cargo/config`
[INFO] [stdout] 
[INFO] [stdout] 
[INFO] [stdout] error: aborting due to 4 previous errors; 1 warning emitted
[INFO] [stdout] 
[INFO] [stdout] 
[INFO] [stdout] For more information about this error, try `rustc --explain E0554`.
[INFO] [stdout] 
[INFO] [stderr] error: could not compile `gb-rw-firm` (bin "gb-rw-firm") due to 5 previous errors; 1 warning emitted
[INFO] running `Command { std: "docker" "inspect" "bc6ad5c9983be489a0afa67cff5a553a8cb37e0ca37938f3b933b3e3f9caf179", kill_on_drop: false }`
[INFO] running `Command { std: "docker" "rm" "-f" "bc6ad5c9983be489a0afa67cff5a553a8cb37e0ca37938f3b933b3e3f9caf179", kill_on_drop: false }`
[INFO] [stdout] bc6ad5c9983be489a0afa67cff5a553a8cb37e0ca37938f3b933b3e3f9caf179
