[INFO] cloning repository https://github.com/Dcodefrenzy/sokoban
[INFO] running `Command { std: "git" "-c" "credential.helper=" "-c" "credential.helper=/workspace/cargo-home/bin/git-credential-null" "clone" "--bare" "https://github.com/Dcodefrenzy/sokoban" "/workspace/cache/git-repos/https%3A%2F%2Fgithub.com%2FDcodefrenzy%2Fsokoban", kill_on_drop: false }`
[INFO] [stderr] Cloning into bare repository '/workspace/cache/git-repos/https%3A%2F%2Fgithub.com%2FDcodefrenzy%2Fsokoban'...
[INFO] running `Command { std: "git" "rev-parse" "HEAD", kill_on_drop: false }`
[INFO] [stdout] d099b46474f510e3b04350e202b44c64f52ed401
[INFO] testing Dcodefrenzy/sokoban against 1.69.0 for beta-1.70-1
[INFO] running `Command { std: "git" "clone" "/workspace/cache/git-repos/https%3A%2F%2Fgithub.com%2FDcodefrenzy%2Fsokoban" "/workspace/builds/worker-5-tc1/source", kill_on_drop: false }`
[INFO] [stderr] Cloning into '/workspace/builds/worker-5-tc1/source'...
[INFO] [stderr] done.
[INFO] validating manifest of git repo https://github.com/Dcodefrenzy/sokoban on toolchain 1.69.0
[INFO] running `Command { std: CARGO_HOME="/workspace/cargo-home" RUSTUP_HOME="/workspace/rustup-home" "/workspace/cargo-home/bin/cargo" "+1.69.0" "metadata" "--manifest-path" "Cargo.toml" "--no-deps", kill_on_drop: false }`
[INFO] started tweaking git repo https://github.com/Dcodefrenzy/sokoban
[INFO] finished tweaking git repo https://github.com/Dcodefrenzy/sokoban
[INFO] tweaked toml for git repo https://github.com/Dcodefrenzy/sokoban written to /workspace/builds/worker-5-tc1/source/Cargo.toml
[INFO] crate git repo https://github.com/Dcodefrenzy/sokoban already has a lockfile, it will not be regenerated
[INFO] running `Command { std: CARGO_HOME="/workspace/cargo-home" RUSTUP_HOME="/workspace/rustup-home" "/workspace/cargo-home/bin/cargo" "+1.69.0" "fetch" "--manifest-path" "Cargo.toml", kill_on_drop: false }`
[INFO] [stderr]  Downloading crates ...
[INFO] [stderr]   Downloaded ab_glyph v0.2.13
[INFO] [stderr]   Downloaded wayland-egl v0.28.6
[INFO] [stderr]   Downloaded owned_ttf_parser v0.14.0
[INFO] [stderr]   Downloaded ttf-parser v0.14.0
[INFO] [stderr]   Downloaded twox-hash v1.6.2
[INFO] [stderr]   Downloaded glyph_brush v0.7.3
[INFO] [stderr]   Downloaded old_school_gfx_glutin_ext v0.27.0
[INFO] [stderr]   Downloaded ggez v0.7.0
[INFO] [stderr]   Downloaded skeptic v0.13.6
[INFO] [stderr]   Downloaded directories v3.0.2
[INFO] [stderr]   Downloaded mint v0.5.8
[INFO] [stderr]   Downloaded ordered-float v2.9.0
[INFO] running `Command { std: "docker" "create" "-v" "/var/lib/crater-agent-workspace/builds/worker-5-tc1/target:/opt/rustwide/target:rw,Z" "-v" "/var/lib/crater-agent-workspace/builds/worker-5-tc1/source:/opt/rustwide/workdir:ro,Z" "-v" "/var/lib/crater-agent-workspace/cargo-home:/opt/rustwide/cargo-home:ro,Z" "-v" "/var/lib/crater-agent-workspace/rustup-home:/opt/rustwide/rustup-home:ro,Z" "-e" "SOURCE_DIR=/opt/rustwide/workdir" "-e" "CARGO_TARGET_DIR=/opt/rustwide/target" "-e" "CARGO_HOME=/opt/rustwide/cargo-home" "-e" "RUSTUP_HOME=/opt/rustwide/rustup-home" "-w" "/opt/rustwide/workdir" "-m" "1610612736" "--user" "0:0" "--network" "none" "ghcr.io/rust-lang/crates-build-env/linux@sha256:5ff2268d62e97bff2cde7d5815dd6ed5b47097566f13b8d0ca110b04b60e07ed" "/opt/rustwide/cargo-home/bin/cargo" "+1.69.0" "metadata" "--no-deps" "--format-version=1", kill_on_drop: false }`
[INFO] [stdout] 4dae9347b33e527441c2c886d04f569f6d04f1f361e659da526205721e669296
[INFO] running `Command { std: "docker" "start" "-a" "4dae9347b33e527441c2c886d04f569f6d04f1f361e659da526205721e669296", kill_on_drop: false }`
[INFO] running `Command { std: "docker" "inspect" "4dae9347b33e527441c2c886d04f569f6d04f1f361e659da526205721e669296", kill_on_drop: false }`
[INFO] running `Command { std: "docker" "rm" "-f" "4dae9347b33e527441c2c886d04f569f6d04f1f361e659da526205721e669296", kill_on_drop: false }`
[INFO] [stdout] 4dae9347b33e527441c2c886d04f569f6d04f1f361e659da526205721e669296
[INFO] running `Command { std: "docker" "create" "-v" "/var/lib/crater-agent-workspace/builds/worker-5-tc1/target:/opt/rustwide/target:rw,Z" "-v" "/var/lib/crater-agent-workspace/builds/worker-5-tc1/source:/opt/rustwide/workdir:ro,Z" "-v" "/var/lib/crater-agent-workspace/cargo-home:/opt/rustwide/cargo-home:ro,Z" "-v" "/var/lib/crater-agent-workspace/rustup-home:/opt/rustwide/rustup-home:ro,Z" "-e" "SOURCE_DIR=/opt/rustwide/workdir" "-e" "CARGO_TARGET_DIR=/opt/rustwide/target" "-e" "CARGO_INCREMENTAL=0" "-e" "RUST_BACKTRACE=full" "-e" "RUSTFLAGS=--cap-lints=warn" "-e" "RUSTDOCFLAGS=--cap-lints=warn" "-e" "CARGO_HOME=/opt/rustwide/cargo-home" "-e" "RUSTUP_HOME=/opt/rustwide/rustup-home" "-w" "/opt/rustwide/workdir" "-m" "1610612736" "--user" "0:0" "--network" "none" "ghcr.io/rust-lang/crates-build-env/linux@sha256:5ff2268d62e97bff2cde7d5815dd6ed5b47097566f13b8d0ca110b04b60e07ed" "/opt/rustwide/cargo-home/bin/cargo" "+1.69.0" "build" "--frozen" "--message-format=json", kill_on_drop: false }`
[INFO] [stdout] e1f0453a6087769c6f9914d9bf4c6b49cce478d6fb2300d48a2d383863454f0c
[INFO] running `Command { std: "docker" "start" "-a" "e1f0453a6087769c6f9914d9bf4c6b49cce478d6fb2300d48a2d383863454f0c", kill_on_drop: false }`
[INFO] [stderr]    Compiling libc v0.2.112
[INFO] [stderr]    Compiling proc-macro2 v1.0.36
[INFO] [stderr]    Compiling pkg-config v0.3.24
[INFO] [stderr]    Compiling xml-rs v0.8.4
[INFO] [stderr]    Compiling syn v1.0.84
[INFO] [stderr]    Compiling memoffset v0.6.5
[INFO] [stderr]    Compiling scopeguard v1.1.0
[INFO] [stderr]    Compiling crossbeam-utils v0.8.5
[INFO] [stderr]    Compiling memchr v2.4.1
[INFO] [stderr]    Compiling smallvec v1.7.0
[INFO] [stderr]    Compiling crossbeam-epoch v0.9.5
[INFO] [stderr]    Compiling once_cell v1.9.0
[INFO] [stderr]    Compiling gl_generator v0.14.0
[INFO] [stderr]    Compiling crossbeam-channel v0.5.1
[INFO] [stderr]    Compiling quote v1.0.14
[INFO] [stderr]    Compiling crossbeam-deque v0.8.1
[INFO] [stderr]    Compiling wayland-scanner v0.28.6
[INFO] [stderr]    Compiling wayland-sys v0.28.6
[INFO] [stderr]    Compiling libloading v0.7.2
[INFO] [stderr]    Compiling serde_derive v1.0.133
[INFO] [stderr]    Compiling serde v1.0.133
[INFO] [stderr]    Compiling ab_glyph_rasterizer v0.1.5
[INFO] [stderr]    Compiling dlib v0.5.0
[INFO] [stderr]    Compiling rayon-core v1.9.1
[INFO] [stderr]    Compiling nom v7.1.0
[INFO] [stderr]    Compiling crossbeam-queue v0.3.2
[INFO] [stderr]    Compiling ppv-lite86 v0.2.16
[INFO] [stderr]    Compiling getrandom v0.2.3
[INFO] [stderr]    Compiling nix v0.20.0
[INFO] [stderr]    Compiling jobserver v0.1.24
[INFO] [stderr]    Compiling rand_core v0.6.3
[INFO] [stderr]    Compiling cc v1.0.72
[INFO] [stderr]    Compiling dirs-sys v0.3.6
[INFO] [stderr]    Compiling parking_lot_core v0.8.5
[INFO] [stderr]    Compiling rand_chacha v0.3.1
[INFO] [stderr]    Compiling num_cpus v1.13.1
[INFO] [stderr]    Compiling rayon v1.5.1
[INFO] [stderr]    Compiling arrayvec v0.5.2
[INFO] [stderr]    Compiling wayland-client v0.28.6
[INFO] [stderr]    Compiling ucd-trie v0.1.3
[INFO] [stderr]    Compiling wayland-protocols v0.28.6
[INFO] [stderr]    Compiling pest v2.1.3
[INFO] [stderr]    Compiling rand v0.8.4
[INFO] [stderr]    Compiling dirs v3.0.2
[INFO] [stderr]    Compiling x11-dl v2.19.1
[INFO] [stderr]    Compiling lock_api v0.4.5
[INFO] [stderr]    Compiling serde_json v1.0.74
[INFO] [stderr]    Compiling nix v0.18.0
[INFO] [stderr]    Compiling xcursor v0.3.4
[INFO] [stderr]    Compiling unicase v2.6.0
[INFO] [stderr]    Compiling parking_lot v0.11.2
[INFO] [stderr]    Compiling xdg v2.4.0
[INFO] [stderr]    Compiling semver-parser v0.10.2
[INFO] [stderr]    Compiling wayland-commons v0.28.6
[INFO] [stderr]    Compiling rusttype v0.9.2
[INFO] [stderr]    Compiling alsa-sys v0.3.1
[INFO] [stderr]    Compiling euclid v0.22.6
[INFO] [stderr]    Compiling error-chain v0.12.4
[INFO] [stderr]    Compiling ryu v1.0.9
[INFO] [stderr]    Compiling pulldown-cmark v0.8.0
[INFO] [stderr]    Compiling crc32fast v1.3.0
[INFO] [stderr]    Compiling itoa v1.0.1
[INFO] [stderr]    Compiling ttf-parser v0.14.0
[INFO] [stderr]    Compiling lyon_geom v0.17.6
[INFO] [stderr]    Compiling wayland-cursor v0.28.6
[INFO] [stderr]    Compiling calloop v0.6.5
[INFO] [stderr]    Compiling thiserror-impl v1.0.30
[INFO] [stderr]    Compiling raw-window-handle v0.4.2
[INFO] [stderr]    Compiling andrew v0.3.1
[INFO] [stderr]    Compiling owned_ttf_parser v0.14.0
[INFO] [stderr]    Compiling crossbeam v0.8.1
[INFO] [stderr]    Compiling bzip2-sys v0.1.11+1.0.8
[INFO] [stderr]    Compiling minimp3-sys v0.3.2
[INFO] [stderr]    Compiling mio v0.7.14
[INFO] [stderr]    Compiling memmap2 v0.1.0
[INFO] [stderr]    Compiling gfx_gl v0.6.1
[INFO] [stderr]    Compiling thiserror v1.0.30
[INFO] [stderr]    Compiling glutin_egl_sys v0.1.5
[INFO] [stderr]    Compiling glutin_glx_sys v0.1.7
[INFO] [stderr]    Compiling libudev-sys v0.1.4
[INFO] [stderr]    Compiling draw_state v0.8.0
[INFO] [stderr]    Compiling nom v5.1.2
[INFO] [stderr]    Compiling remove_dir_all v0.5.3
[INFO] [stderr]    Compiling winit v0.25.0
[INFO] [stderr]    Compiling tempfile v3.2.0
[INFO] [stderr]    Compiling gfx_core v0.9.2
[INFO] [stderr]    Compiling mio-misc v1.2.2
[INFO] [stderr]    Compiling ab_glyph v0.2.13
[INFO] [stderr]    Compiling raw-window-handle v0.3.4
[INFO] [stderr]    Compiling lyon_path v0.17.7
[INFO] [stderr]    Compiling shared_library v0.1.9
[INFO] [stderr]    Compiling glob v0.3.0
[INFO] [stderr]    Compiling bytecount v0.6.2
[INFO] [stderr]    Compiling cpal v0.13.4
[INFO] [stderr]    Compiling tinyvec v1.5.1
[INFO] [stderr]    Compiling osmesa-sys v0.1.2
[INFO] [stderr]    Compiling alsa v0.5.0
[INFO] [stderr]    Compiling ahash v0.7.6
[INFO] [stderr]    Compiling wayland-egl v0.28.6
[INFO] [stderr]    Compiling ogg v0.8.0
[INFO] [stderr]    Compiling slice-deque v0.3.0
[INFO] [stderr]    Compiling nix v0.23.1
[INFO] [stderr]    Compiling approx v0.5.0
[INFO] [stderr]    Compiling sid v0.6.1
[INFO] [stderr]    Compiling float_next_after v0.1.5
[INFO] [stderr]    Compiling rustc-hash v1.1.0
[INFO] [stderr]    Compiling vec_map v0.8.2
[INFO] [stderr]    Compiling jpeg-decoder v0.1.22
[INFO] [stderr]    Compiling uuid v0.8.2
[INFO] [stderr]    Compiling xi-unicode v0.3.0
[INFO] [stderr]    Compiling static_assertions v1.1.0
[INFO] [stderr]    Compiling glyph_brush_layout v0.2.3
[INFO] [stderr]    Compiling glyph_brush_draw_cache v0.1.5
[INFO] [stderr]    Compiling twox-hash v1.6.2
[INFO] [stderr]    Compiling tiff v0.6.1
[INFO] [stderr]    Compiling tynm v0.1.6
[INFO] [stderr]    Compiling lyon_tessellation v0.17.10
[INFO] [stderr]    Compiling lyon_algorithms v0.17.7
[INFO] [stderr]    Compiling semver v0.11.0
[INFO] [stderr]    Compiling cargo-platform v0.1.2
[INFO] [stderr]    Compiling gif v0.11.3
[INFO] [stderr]    Compiling lewton v0.10.2
[INFO] [stderr]    Compiling gfx_device_gl v0.16.2
[INFO] [stderr]    Compiling png v0.16.8
[INFO] [stderr]    Compiling cargo_metadata v0.12.3
[INFO] [stderr]    Compiling gilrs-core v0.3.2
[INFO] [stderr]    Compiling hashbrown v0.11.2
[INFO] [stderr]    Compiling ordered-float v2.9.0
[INFO] [stderr]    Compiling claxon v0.4.3
[INFO] [stderr]    Compiling mopa v0.2.2
[INFO] [stderr]    Compiling mint v0.5.8
[INFO] [stderr]    Compiling hound v3.4.0
[INFO] [stderr]    Compiling skeptic v0.13.6
[INFO] [stderr]    Compiling bytemuck v1.7.3
[INFO] [stderr]    Compiling atom v0.3.6
[INFO] [stderr]    Compiling gilrs v0.8.2
[INFO] [stderr]    Compiling hibitset v0.6.3
[INFO] [stderr]    Compiling image v0.23.14
[INFO] [stderr]    Compiling glam v0.20.2
[INFO] [stderr]    Compiling glyph_brush v0.7.3
[INFO] [stderr]    Compiling shred v0.12.0
[INFO] [stderr]    Compiling ggez v0.7.0
[INFO] [stderr]    Compiling lyon v0.17.10
[INFO] [stderr]    Compiling toml v0.5.8
[INFO] [stderr]    Compiling gfx v0.18.2
[INFO] [stderr]    Compiling smart-default v0.6.0
[INFO] [stderr]    Compiling specs-derive v0.4.1
[INFO] [stderr]    Compiling directories v3.0.2
[INFO] [stderr]    Compiling tuple_utils v0.3.0
[INFO] [stderr]    Compiling shrev v1.1.1
[INFO] [stderr]    Compiling itertools v0.9.0
[INFO] [stderr]    Compiling specs v0.17.0
[INFO] [stderr]    Compiling minimp3 v0.5.1
[INFO] [stderr]    Compiling bzip2 v0.4.3
[INFO] [stderr]    Compiling rodio v0.14.0
[INFO] [stderr]    Compiling zip v0.5.13
[INFO] [stderr]    Compiling smithay-client-toolkit v0.12.3
[INFO] [stderr]    Compiling glutin v0.27.0
[INFO] [stderr]    Compiling old_school_gfx_glutin_ext v0.27.0
[INFO] [stderr]    Compiling sokaban v0.1.0 (/opt/rustwide/workdir)
[INFO] [stdout] error[E0432]: unresolved import `crate::constants::TILE_WIDTH`
[INFO] [stdout]  --> src/systems/rendering_system.rs:3:5
[INFO] [stdout]   |
[INFO] [stdout] 3 | use crate::constants::TILE_WIDTH;
[INFO] [stdout]   |     ^^^^^^^^^^^^^^^^^^^^^^^^^^^^ no `TILE_WIDTH` in `constants`
[INFO] [stdout] 
[INFO] [stdout] 
[INFO] [stdout] error[E0432]: unresolved import `self::event_system::EventSystem`
[INFO] [stdout]  --> src/systems/mod.rs:6:9
[INFO] [stdout]   |
[INFO] [stdout] 6 | pub use self::event_system::EventSystem;
[INFO] [stdout]   |         ^^^^^^^^^^^^^^^^^^^^^^^^^^^^^^^ no `EventSystem` in `systems::event_system`
[INFO] [stdout] 
[INFO] [stdout] 
[INFO] [stdout] error[E0425]: cannot find value `MAP_HEIGHT` in this scope
[INFO] [stdout]   --> src/systems/input_system.rs:57:51
[INFO] [stdout]    |
[INFO] [stdout] 57 |                     KeyCode::Down => (position.y, MAP_HEIGHT, false),
[INFO] [stdout]    |                                                   ^^^^^^^^^^ not found in this scope
[INFO] [stdout] 
[INFO] [stdout] 
[INFO] [stdout] error[E0425]: cannot find value `MAP_WIDTH` in this scope
[INFO] [stdout]   --> src/systems/input_system.rs:59:52
[INFO] [stdout]    |
[INFO] [stdout] 59 |                     KeyCode::Right => (position.x, MAP_WIDTH, true),
[INFO] [stdout]    |                                                    ^^^^^^^^^ not found in this scope
[INFO] [stdout] 
[INFO] [stdout] 
[INFO] [stdout] warning: unused import: `crate::constants::*`
[INFO] [stdout]  --> src/systems/input_system.rs:2:5
[INFO] [stdout]   |
[INFO] [stdout] 2 | use crate::constants::*;
[INFO] [stdout]   |     ^^^^^^^^^^^^^^^^^^^
[INFO] [stdout]   |
[INFO] [stdout]   = note: `#[warn(unused_imports)]` on by default
[INFO] [stdout] 
[INFO] [stdout] 
[INFO] [stdout] error: aborting due to 4 previous errors; 1 warning emitted
[INFO] [stdout] 
[INFO] [stdout] 
[INFO] [stdout] Some errors have detailed explanations: E0425, E0432.
[INFO] [stdout] 
[INFO] [stdout] For more information about an error, try `rustc --explain E0425`.
[INFO] [stdout] 
[INFO] [stderr] error: could not compile `sokaban` due to 5 previous errors; 1 warning emitted
[INFO] running `Command { std: "docker" "inspect" "e1f0453a6087769c6f9914d9bf4c6b49cce478d6fb2300d48a2d383863454f0c", kill_on_drop: false }`
[INFO] running `Command { std: "docker" "rm" "-f" "e1f0453a6087769c6f9914d9bf4c6b49cce478d6fb2300d48a2d383863454f0c", kill_on_drop: false }`
[INFO] [stdout] e1f0453a6087769c6f9914d9bf4c6b49cce478d6fb2300d48a2d383863454f0c
