[INFO] cloning repository https://github.com/David-OConnor/dimensions
[INFO] running `Command { std: "git" "-c" "credential.helper=" "-c" "credential.helper=/workspace/cargo-home/bin/git-credential-null" "clone" "--bare" "https://github.com/David-OConnor/dimensions" "/workspace/cache/git-repos/https%3A%2F%2Fgithub.com%2FDavid-OConnor%2Fdimensions", kill_on_drop: false }`
[INFO] [stderr] Cloning into bare repository '/workspace/cache/git-repos/https%3A%2F%2Fgithub.com%2FDavid-OConnor%2Fdimensions'...
[INFO] running `Command { std: "git" "rev-parse" "HEAD", kill_on_drop: false }`
[INFO] [stdout] 901ad56974e492d87ba1a3fbf31ac6d0cf4b0927
[INFO] testing David-OConnor/dimensions against beta-2023-04-20 for beta-1.70-1
[INFO] running `Command { std: "git" "clone" "/workspace/cache/git-repos/https%3A%2F%2Fgithub.com%2FDavid-OConnor%2Fdimensions" "/workspace/builds/worker-4-tc2/source", kill_on_drop: false }`
[INFO] [stderr] Cloning into '/workspace/builds/worker-4-tc2/source'...
[INFO] [stderr] done.
[INFO] validating manifest of git repo https://github.com/David-OConnor/dimensions on toolchain beta-2023-04-20
[INFO] running `Command { std: CARGO_HOME="/workspace/cargo-home" RUSTUP_HOME="/workspace/rustup-home" "/workspace/cargo-home/bin/cargo" "+beta-2023-04-20" "metadata" "--manifest-path" "Cargo.toml" "--no-deps", kill_on_drop: false }`
[INFO] started tweaking git repo https://github.com/David-OConnor/dimensions
[INFO] finished tweaking git repo https://github.com/David-OConnor/dimensions
[INFO] tweaked toml for git repo https://github.com/David-OConnor/dimensions written to /workspace/builds/worker-4-tc2/source/Cargo.toml
[INFO] crate git repo https://github.com/David-OConnor/dimensions already has a lockfile, it will not be regenerated
[INFO] running `Command { std: CARGO_HOME="/workspace/cargo-home" RUSTUP_HOME="/workspace/rustup-home" "/workspace/cargo-home/bin/cargo" "+beta-2023-04-20" "fetch" "--manifest-path" "Cargo.toml", kill_on_drop: false }`
[INFO] [stderr]     Updating crates.io index
[INFO] [stderr]  Downloading crates ...
[INFO] [stderr]   Downloaded vk-sys v0.3.3
[INFO] [stderr]   Downloaded half v1.1.2
[INFO] [stderr]   Downloaded smallvec v0.6.3
[INFO] [stderr]   Downloaded wasm-bindgen-shared v0.2.15
[INFO] [stderr]   Downloaded vulkano-shader-derive v0.9.0
[INFO] [stderr]   Downloaded pkg-config v0.3.12
[INFO] [stderr]   Downloaded simdeez v0.4.2
[INFO] [stderr]   Downloaded digest v0.7.5
[INFO] [stderr]   Downloaded x11-dl v2.18.1
[INFO] [stderr]   Downloaded itertools v0.7.8
[INFO] [stderr]   Downloaded vulkano-shaders v0.9.0
[INFO] [stderr]   Downloaded winit v0.11.3
[INFO] [stderr]   Downloaded metal-rs v0.6.6
[INFO] [stderr]   Downloaded wasm-bindgen v0.2.15
[INFO] [stderr]   Downloaded vulkano v0.9.0
[INFO] [stderr]   Downloaded glsl-to-spirv v0.1.6
[INFO] [stderr]   Downloaded wasm-bindgen-backend v0.2.15
[INFO] [stderr]   Downloaded syn v0.14.5
[INFO] [stderr]   Downloaded wasm-bindgen-macro v0.2.15
[INFO] [stderr]   Downloaded wayland-window v0.13.3
[INFO] [stderr]   Downloaded simdnoise v2.3.6
[INFO] [stderr]   Downloaded cmake v0.1.31
[INFO] [stderr]   Downloaded arrayref v0.3.4
[INFO] [stderr]   Downloaded vulkano-win v0.9.0
[INFO] [stderr]   Downloaded quote v0.6.4
[INFO] [stderr]   Downloaded objc_exception v0.1.1
[INFO] [stderr]   Downloaded tempfile v3.0.3
[INFO] [stderr]   Downloaded lazy_static v1.0.2
[INFO] running `Command { std: "docker" "create" "-v" "/var/lib/crater-agent-workspace/builds/worker-4-tc2/target:/opt/rustwide/target:rw,Z" "-v" "/var/lib/crater-agent-workspace/builds/worker-4-tc2/source:/opt/rustwide/workdir:ro,Z" "-v" "/var/lib/crater-agent-workspace/cargo-home:/opt/rustwide/cargo-home:ro,Z" "-v" "/var/lib/crater-agent-workspace/rustup-home:/opt/rustwide/rustup-home:ro,Z" "-e" "SOURCE_DIR=/opt/rustwide/workdir" "-e" "CARGO_TARGET_DIR=/opt/rustwide/target" "-e" "CARGO_HOME=/opt/rustwide/cargo-home" "-e" "RUSTUP_HOME=/opt/rustwide/rustup-home" "-w" "/opt/rustwide/workdir" "-m" "1610612736" "--user" "0:0" "--network" "none" "ghcr.io/rust-lang/crates-build-env/linux@sha256:5ff2268d62e97bff2cde7d5815dd6ed5b47097566f13b8d0ca110b04b60e07ed" "/opt/rustwide/cargo-home/bin/cargo" "+beta-2023-04-20" "metadata" "--no-deps" "--format-version=1", kill_on_drop: false }`
[INFO] [stdout] cdd1dab15af7f6028ee573d4eab8f8bbfb2dbdfb4fe29649bf1546538bac0eef
[INFO] running `Command { std: "docker" "start" "-a" "cdd1dab15af7f6028ee573d4eab8f8bbfb2dbdfb4fe29649bf1546538bac0eef", kill_on_drop: false }`
[INFO] running `Command { std: "docker" "inspect" "cdd1dab15af7f6028ee573d4eab8f8bbfb2dbdfb4fe29649bf1546538bac0eef", kill_on_drop: false }`
[INFO] running `Command { std: "docker" "rm" "-f" "cdd1dab15af7f6028ee573d4eab8f8bbfb2dbdfb4fe29649bf1546538bac0eef", kill_on_drop: false }`
[INFO] [stdout] cdd1dab15af7f6028ee573d4eab8f8bbfb2dbdfb4fe29649bf1546538bac0eef
[INFO] running `Command { std: "docker" "create" "-v" "/var/lib/crater-agent-workspace/builds/worker-4-tc2/target:/opt/rustwide/target:rw,Z" "-v" "/var/lib/crater-agent-workspace/builds/worker-4-tc2/source:/opt/rustwide/workdir:ro,Z" "-v" "/var/lib/crater-agent-workspace/cargo-home:/opt/rustwide/cargo-home:ro,Z" "-v" "/var/lib/crater-agent-workspace/rustup-home:/opt/rustwide/rustup-home:ro,Z" "-e" "SOURCE_DIR=/opt/rustwide/workdir" "-e" "CARGO_TARGET_DIR=/opt/rustwide/target" "-e" "CARGO_INCREMENTAL=0" "-e" "RUST_BACKTRACE=full" "-e" "RUSTFLAGS=--cap-lints=warn" "-e" "RUSTDOCFLAGS=--cap-lints=warn" "-e" "CARGO_HOME=/opt/rustwide/cargo-home" "-e" "RUSTUP_HOME=/opt/rustwide/rustup-home" "-w" "/opt/rustwide/workdir" "-m" "1610612736" "--user" "0:0" "--network" "none" "ghcr.io/rust-lang/crates-build-env/linux@sha256:5ff2268d62e97bff2cde7d5815dd6ed5b47097566f13b8d0ca110b04b60e07ed" "/opt/rustwide/cargo-home/bin/cargo" "+beta-2023-04-20" "build" "--frozen" "--message-format=json", kill_on_drop: false }`
[INFO] [stdout] f66db1cc1c5c204310277717337964a389bc27ea58a813134ffe0cf2d01d5907
[INFO] running `Command { std: "docker" "start" "-a" "f66db1cc1c5c204310277717337964a389bc27ea58a813134ffe0cf2d01d5907", kill_on_drop: false }`
[INFO] [stderr]    Compiling num-traits v0.2.5
[INFO] [stderr]    Compiling cfg-if v0.1.4
[INFO] [stderr]    Compiling libc v0.2.42
[INFO] [stderr]    Compiling unicode-xid v0.1.0
[INFO] [stderr]    Compiling nodrop v0.1.12
[INFO] [stderr]    Compiling num-integer v0.1.39
[INFO] [stderr]    Compiling lazy_static v1.0.2
[INFO] [stderr]    Compiling memoffset v0.2.1
[INFO] [stderr]    Compiling serde v1.0.70
[INFO] [stderr]    Compiling scopeguard v0.3.3
[INFO] [stderr]    Compiling rayon-core v1.4.1
[INFO] [stderr]    Compiling either v1.5.0
[INFO] [stderr]    Compiling byteorder v1.2.3
[INFO] [stderr]    Compiling rayon v1.0.2
[INFO] [stderr]    Compiling num-iter v0.1.37
[INFO] [stderr]    Compiling adler32 v1.0.3
[INFO] [stderr]    Compiling crossbeam-utils v0.2.2
[INFO] [stderr]    Compiling arrayvec v0.4.7
[INFO] [stderr]    Compiling proc-macro2 v0.4.9
[INFO] [stderr]    Compiling wasm-bindgen-shared v0.2.15
[INFO] [stderr]    Compiling itoa v0.4.2
[INFO] [stderr]    Compiling dtoa v0.4.3
[INFO] [stderr]    Compiling inflate v0.3.4
[INFO] [stderr]    Compiling log v0.4.3
[INFO] [stderr]    Compiling lzw v0.10.0
[INFO] [stdout] error[E0554]: `#![feature]` may not be used on the beta release channel
[INFO] [stdout]   --> /opt/rustwide/cargo-home/registry/src/index.crates.io-6f17d22bba15001f/proc-macro2-0.4.9/src/lib.rs:47:42
[INFO] [stdout]    |
[INFO] [stdout] 47 | #![cfg_attr(feature = "nightly", feature(proc_macro_raw_ident, proc_macro_span))]
[INFO] [stdout]    |                                          ^^^^^^^^^^^^^^^^^^^^
[INFO] [stdout] 
[INFO] [stdout] 
[INFO] [stdout] error[E0554]: `#![feature]` may not be used on the beta release channel
[INFO] [stdout]   --> /opt/rustwide/cargo-home/registry/src/index.crates.io-6f17d22bba15001f/proc-macro2-0.4.9/src/lib.rs:47:64
[INFO] [stdout]    |
[INFO] [stdout] 47 | #![cfg_attr(feature = "nightly", feature(proc_macro_raw_ident, proc_macro_span))]
[INFO] [stdout]    |                                                                ^^^^^^^^^^^^^^^
[INFO] [stdout] 
[INFO] [stdout] 
[INFO] [stderr]    Compiling num_cpus v1.8.0
[INFO] [stderr]    Compiling deflate v0.7.18
[INFO] [stdout] error[E0658]: use of unstable library feature 'proc_macro_def_site'
[INFO] [stdout]    --> /opt/rustwide/cargo-home/registry/src/index.crates.io-6f17d22bba15001f/proc-macro2-0.4.9/src/unstable.rs:347:27
[INFO] [stdout]     |
[INFO] [stdout] 347 |             Span::Nightly(proc_macro::Span::def_site())
[INFO] [stdout]     |                           ^^^^^^^^^^^^^^^^^^^^^^^^^^
[INFO] [stdout]     |
[INFO] [stdout]     = note: see issue #54724 <https://github.com/rust-lang/rust/issues/54724> for more information
[INFO] [stdout] 
[INFO] [stdout] 
[INFO] [stderr]    Compiling crossbeam-epoch v0.3.1
[INFO] [stderr]    Compiling color_quant v1.0.1
[INFO] [stderr]    Compiling bitflags v1.0.3
[INFO] [stdout] error: aborting due to 3 previous errors
[INFO] [stdout] 
[INFO] [stdout] 
[INFO] [stdout] Some errors have detailed explanations: E0554, E0658.
[INFO] [stdout] 
[INFO] [stdout] For more information about an error, try `rustc --explain E0554`.
[INFO] [stdout] 
[INFO] [stderr] error: could not compile `proc-macro2` (lib) due to 4 previous errors
[INFO] [stderr] warning: build failed, waiting for other jobs to finish...
[INFO] running `Command { std: "docker" "inspect" "f66db1cc1c5c204310277717337964a389bc27ea58a813134ffe0cf2d01d5907", kill_on_drop: false }`
[INFO] running `Command { std: "docker" "rm" "-f" "f66db1cc1c5c204310277717337964a389bc27ea58a813134ffe0cf2d01d5907", kill_on_drop: false }`
[INFO] [stdout] f66db1cc1c5c204310277717337964a389bc27ea58a813134ffe0cf2d01d5907
