[INFO] cloning repository https://github.com/David-Durst/rustAetherling
[INFO] running `Command { std: "git" "-c" "credential.helper=" "-c" "credential.helper=/workspace/cargo-home/bin/git-credential-null" "clone" "--bare" "https://github.com/David-Durst/rustAetherling" "/workspace/cache/git-repos/https%3A%2F%2Fgithub.com%2FDavid-Durst%2FrustAetherling", kill_on_drop: false }`
[INFO] [stderr] Cloning into bare repository '/workspace/cache/git-repos/https%3A%2F%2Fgithub.com%2FDavid-Durst%2FrustAetherling'...
[INFO] running `Command { std: "git" "rev-parse" "HEAD", kill_on_drop: false }`
[INFO] [stdout] 793dc6ea981a500a320da93742a56e53a08c9835
[INFO] testing David-Durst/rustAetherling against beta-2023-04-20 for beta-1.70-1
[INFO] running `Command { std: "git" "clone" "/workspace/cache/git-repos/https%3A%2F%2Fgithub.com%2FDavid-Durst%2FrustAetherling" "/workspace/builds/worker-1-tc2/source", kill_on_drop: false }`
[INFO] [stderr] Cloning into '/workspace/builds/worker-1-tc2/source'...
[INFO] [stderr] done.
[INFO] validating manifest of git repo https://github.com/David-Durst/rustAetherling on toolchain beta-2023-04-20
[INFO] running `Command { std: CARGO_HOME="/workspace/cargo-home" RUSTUP_HOME="/workspace/rustup-home" "/workspace/cargo-home/bin/cargo" "+beta-2023-04-20" "metadata" "--manifest-path" "Cargo.toml" "--no-deps", kill_on_drop: false }`
[INFO] started tweaking git repo https://github.com/David-Durst/rustAetherling
[INFO] finished tweaking git repo https://github.com/David-Durst/rustAetherling
[INFO] tweaked toml for git repo https://github.com/David-Durst/rustAetherling written to /workspace/builds/worker-1-tc2/source/Cargo.toml
[INFO] crate git repo https://github.com/David-Durst/rustAetherling already has a lockfile, it will not be regenerated
[INFO] running `Command { std: CARGO_HOME="/workspace/cargo-home" RUSTUP_HOME="/workspace/rustup-home" "/workspace/cargo-home/bin/cargo" "+beta-2023-04-20" "fetch" "--manifest-path" "Cargo.toml", kill_on_drop: false }`
[INFO] [stderr]     Blocking waiting for file lock on package cache
[INFO] [stderr]  Downloading crates ...
[INFO] [stderr]   Downloaded multimap v0.8.0
[INFO] [stderr]   Downloaded petgraph v0.5.0
[INFO] [stderr]   Downloaded bstr v0.2.11
[INFO] [stderr]   Downloaded which v3.1.0
[INFO] running `Command { std: "docker" "create" "-v" "/var/lib/crater-agent-workspace/builds/worker-1-tc2/target:/opt/rustwide/target:rw,Z" "-v" "/var/lib/crater-agent-workspace/builds/worker-1-tc2/source:/opt/rustwide/workdir:ro,Z" "-v" "/var/lib/crater-agent-workspace/cargo-home:/opt/rustwide/cargo-home:ro,Z" "-v" "/var/lib/crater-agent-workspace/rustup-home:/opt/rustwide/rustup-home:ro,Z" "-e" "SOURCE_DIR=/opt/rustwide/workdir" "-e" "CARGO_TARGET_DIR=/opt/rustwide/target" "-e" "CARGO_HOME=/opt/rustwide/cargo-home" "-e" "RUSTUP_HOME=/opt/rustwide/rustup-home" "-w" "/opt/rustwide/workdir" "-m" "1610612736" "--user" "0:0" "--network" "none" "ghcr.io/rust-lang/crates-build-env/linux@sha256:5ff2268d62e97bff2cde7d5815dd6ed5b47097566f13b8d0ca110b04b60e07ed" "/opt/rustwide/cargo-home/bin/cargo" "+beta-2023-04-20" "metadata" "--no-deps" "--format-version=1", kill_on_drop: false }`
[INFO] [stdout] 778feb0bb1133b34a88e3ac48c99e7741b493b6729917b149c561c95cd175d9e
[INFO] running `Command { std: "docker" "start" "-a" "778feb0bb1133b34a88e3ac48c99e7741b493b6729917b149c561c95cd175d9e", kill_on_drop: false }`
[INFO] running `Command { std: "docker" "inspect" "778feb0bb1133b34a88e3ac48c99e7741b493b6729917b149c561c95cd175d9e", kill_on_drop: false }`
[INFO] running `Command { std: "docker" "rm" "-f" "778feb0bb1133b34a88e3ac48c99e7741b493b6729917b149c561c95cd175d9e", kill_on_drop: false }`
[INFO] [stdout] 778feb0bb1133b34a88e3ac48c99e7741b493b6729917b149c561c95cd175d9e
[INFO] running `Command { std: "docker" "create" "-v" "/var/lib/crater-agent-workspace/builds/worker-1-tc2/target:/opt/rustwide/target:rw,Z" "-v" "/var/lib/crater-agent-workspace/builds/worker-1-tc2/source:/opt/rustwide/workdir:ro,Z" "-v" "/var/lib/crater-agent-workspace/cargo-home:/opt/rustwide/cargo-home:ro,Z" "-v" "/var/lib/crater-agent-workspace/rustup-home:/opt/rustwide/rustup-home:ro,Z" "-e" "SOURCE_DIR=/opt/rustwide/workdir" "-e" "CARGO_TARGET_DIR=/opt/rustwide/target" "-e" "CARGO_INCREMENTAL=0" "-e" "RUST_BACKTRACE=full" "-e" "RUSTFLAGS=--cap-lints=warn" "-e" "RUSTDOCFLAGS=--cap-lints=warn" "-e" "CARGO_HOME=/opt/rustwide/cargo-home" "-e" "RUSTUP_HOME=/opt/rustwide/rustup-home" "-w" "/opt/rustwide/workdir" "-m" "1610612736" "--user" "0:0" "--network" "none" "ghcr.io/rust-lang/crates-build-env/linux@sha256:5ff2268d62e97bff2cde7d5815dd6ed5b47097566f13b8d0ca110b04b60e07ed" "/opt/rustwide/cargo-home/bin/cargo" "+beta-2023-04-20" "build" "--frozen" "--message-format=json", kill_on_drop: false }`
[INFO] [stdout] f98a6695bd9600c0c28569c808f90a3f0bda404e445fe2212c7e2f2d8dae3d7b
[INFO] running `Command { std: "docker" "start" "-a" "f98a6695bd9600c0c28569c808f90a3f0bda404e445fe2212c7e2f2d8dae3d7b", kill_on_drop: false }`
[INFO] [stderr]    Compiling libc v0.2.66
[INFO] [stderr]    Compiling proc-macro2 v1.0.8
[INFO] [stderr]    Compiling unicode-xid v0.2.0
[INFO] [stderr]    Compiling syn v1.0.14
[INFO] [stderr]    Compiling cfg-if v0.1.10
[INFO] [stderr]    Compiling getrandom v0.1.14
[INFO] [stderr]    Compiling anyhow v1.0.26
[INFO] [stderr]    Compiling autocfg v1.0.0
[INFO] [stderr]    Compiling either v1.5.3
[INFO] [stderr]    Compiling ppv-lite86 v0.2.6
[INFO] [stderr]    Compiling log v0.4.8
[INFO] [stderr]    Compiling byteorder v1.3.4
[INFO] [stderr]    Compiling bytes v0.5.4
[INFO] [stderr]    Compiling memchr v2.3.2
[INFO] [stderr]    Compiling fixedbitset v0.2.0
[INFO] [stderr]    Compiling unicode-segmentation v1.6.0
[INFO] [stderr]    Compiling remove_dir_all v0.5.2
[INFO] [stderr]    Compiling serde v1.0.104
[INFO] [stderr]    Compiling heck v0.3.1
[INFO] [stderr]    Compiling itertools v0.8.2
[INFO] [stdout] error: linking with `cc` failed: exit status: 1
[INFO] [stdout]   |
[INFO] [stdout]   = note: LC_ALL="C" PATH="/opt/rustwide/rustup-home/toolchains/beta-2023-04-20-x86_64-unknown-linux-gnu/lib/rustlib/x86_64-unknown-linux-gnu/bin:/opt/rustwide/cargo-home/bin:/usr/local/sbin:/usr/local/bin:/usr/sbin:/usr/bin:/sbin:/bin" VSLANG="1033" "cc" "-m64" "/tmp/rustcgLhzGn/symbols.o" "/opt/rustwide/target/debug/build/syn-317cee3673ff67bd/build_script_build-317cee3673ff67bd.build_script_build.13c85dc6-cgu.0.rcgu.o" "/opt/rustwide/target/debug/build/syn-317cee3673ff67bd/build_script_build-317cee3673ff67bd.build_script_build.13c85dc6-cgu.1.rcgu.o" "/opt/rustwide/target/debug/build/syn-317cee3673ff67bd/build_script_build-317cee3673ff67bd.build_script_build.13c85dc6-cgu.10.rcgu.o" "/opt/rustwide/target/debug/build/syn-317cee3673ff67bd/build_script_build-317cee3673ff67bd.build_script_build.13c85dc6-cgu.11.rcgu.o" "/opt/rustwide/target/debug/build/syn-317cee3673ff67bd/build_script_build-317cee3673ff67bd.build_script_build.13c85dc6-cgu.12.rcgu.o" "/opt/rustwide/target/debug/build/syn-317cee3673ff67bd/build_script_build-317cee3673ff67bd.build_script_build.13c85dc6-cgu.13.rcgu.o" "/opt/rustwide/target/debug/build/syn-317cee3673ff67bd/build_script_build-317cee3673ff67bd.build_script_build.13c85dc6-cgu.14.rcgu.o" "/opt/rustwide/target/debug/build/syn-317cee3673ff67bd/build_script_build-317cee3673ff67bd.build_script_build.13c85dc6-cgu.15.rcgu.o" "/opt/rustwide/target/debug/build/syn-317cee3673ff67bd/build_script_build-317cee3673ff67bd.build_script_build.13c85dc6-cgu.2.rcgu.o" "/opt/rustwide/target/debug/build/syn-317cee3673ff67bd/build_script_build-317cee3673ff67bd.build_script_build.13c85dc6-cgu.3.rcgu.o" "/opt/rustwide/target/debug/build/syn-317cee3673ff67bd/build_script_build-317cee3673ff67bd.build_script_build.13c85dc6-cgu.4.rcgu.o" "/opt/rustwide/target/debug/build/syn-317cee3673ff67bd/build_script_build-317cee3673ff67bd.build_script_build.13c85dc6-cgu.5.rcgu.o" "/opt/rustwide/target/debug/build/syn-317cee3673ff67bd/build_script_build-317cee3673ff67bd.build_script_build.13c85dc6-cgu.6.rcgu.o" "/opt/rustwide/target/debug/build/syn-317cee3673ff67bd/build_script_build-317cee3673ff67bd.build_script_build.13c85dc6-cgu.7.rcgu.o" "/opt/rustwide/target/debug/build/syn-317cee3673ff67bd/build_script_build-317cee3673ff67bd.build_script_build.13c85dc6-cgu.8.rcgu.o" "/opt/rustwide/target/debug/build/syn-317cee3673ff67bd/build_script_build-317cee3673ff67bd.build_script_build.13c85dc6-cgu.9.rcgu.o" "/opt/rustwide/target/debug/build/syn-317cee3673ff67bd/build_script_build-317cee3673ff67bd.4s2zkadwqcx7nqok.rcgu.o" "-Wl,--as-needed" "-L" "/opt/rustwide/target/debug/deps" "-L" "/opt/rustwide/rustup-home/toolchains/beta-2023-04-20-x86_64-unknown-linux-gnu/lib/rustlib/x86_64-unknown-linux-gnu/lib" "-Wl,-Bstatic" "/opt/rustwide/rustup-home/toolchains/beta-2023-04-20-x86_64-unknown-linux-gnu/lib/rustlib/x86_64-unknown-linux-gnu/lib/libstd-0e29cc23c5e02021.rlib" "/opt/rustwide/rustup-home/toolchains/beta-2023-04-20-x86_64-unknown-linux-gnu/lib/rustlib/x86_64-unknown-linux-gnu/lib/libpanic_unwind-d903621768a861d9.rlib" "/opt/rustwide/rustup-home/toolchains/beta-2023-04-20-x86_64-unknown-linux-gnu/lib/rustlib/x86_64-unknown-linux-gnu/lib/libobject-6d0225e655f31c13.rlib" "/opt/rustwide/rustup-home/toolchains/beta-2023-04-20-x86_64-unknown-linux-gnu/lib/rustlib/x86_64-unknown-linux-gnu/lib/libmemchr-9dbaf4eac7eaa079.rlib" "/opt/rustwide/rustup-home/toolchains/beta-2023-04-20-x86_64-unknown-linux-gnu/lib/rustlib/x86_64-unknown-linux-gnu/lib/libaddr2line-27f05b3d42a66dd0.rlib" "/opt/rustwide/rustup-home/toolchains/beta-2023-04-20-x86_64-unknown-linux-gnu/lib/rustlib/x86_64-unknown-linux-gnu/lib/libgimli-4d73f1030321c9a2.rlib" "/opt/rustwide/rustup-home/toolchains/beta-2023-04-20-x86_64-unknown-linux-gnu/lib/rustlib/x86_64-unknown-linux-gnu/lib/librustc_demangle-2846c9e58abd0acb.rlib" "/opt/rustwide/rustup-home/toolchains/beta-2023-04-20-x86_64-unknown-linux-gnu/lib/rustlib/x86_64-unknown-linux-gnu/lib/libstd_detect-a53d0f50415947be.rlib" "/opt/rustwide/rustup-home/toolchains/beta-2023-04-20-x86_64-unknown-linux-gnu/lib/rustlib/x86_64-unknown-linux-gnu/lib/libhashbrown-d48e4b6abc25b9dc.rlib" "/opt/rustwide/rustup-home/toolchains/beta-2023-04-20-x86_64-unknown-linux-gnu/lib/rustlib/x86_64-unknown-linux-gnu/lib/libminiz_oxide-2991859439ef1207.rlib" "/opt/rustwide/rustup-home/toolchains/beta-2023-04-20-x86_64-unknown-linux-gnu/lib/rustlib/x86_64-unknown-linux-gnu/lib/libadler-8a687517e4221bae.rlib" "/opt/rustwide/rustup-home/toolchains/beta-2023-04-20-x86_64-unknown-linux-gnu/lib/rustlib/x86_64-unknown-linux-gnu/lib/librustc_std_workspace_alloc-e07b554f6a67f5b3.rlib" "/opt/rustwide/rustup-home/toolchains/beta-2023-04-20-x86_64-unknown-linux-gnu/lib/rustlib/x86_64-unknown-linux-gnu/lib/libunwind-b68238b7c3c619dd.rlib" "/opt/rustwide/rustup-home/toolchains/beta-2023-04-20-x86_64-unknown-linux-gnu/lib/rustlib/x86_64-unknown-linux-gnu/lib/libcfg_if-d5e213e896c017e4.rlib" "/opt/rustwide/rustup-home/toolchains/beta-2023-04-20-x86_64-unknown-linux-gnu/lib/rustlib/x86_64-unknown-linux-gnu/lib/liblibc-0211a3b2e61d8689.rlib" "/opt/rustwide/rustup-home/toolchains/beta-2023-04-20-x86_64-unknown-linux-gnu/lib/rustlib/x86_64-unknown-linux-gnu/lib/liballoc-b371f055239ba51f.rlib" "/opt/rustwide/rustup-home/toolchains/beta-2023-04-20-x86_64-unknown-linux-gnu/lib/rustlib/x86_64-unknown-linux-gnu/lib/librustc_std_workspace_core-e60518d2760eb01e.rlib" "/opt/rustwide/rustup-home/toolchains/beta-2023-04-20-x86_64-unknown-linux-gnu/lib/rustlib/x86_64-unknown-linux-gnu/lib/libcore-1ad943f92a4b1081.rlib" "/opt/rustwide/rustup-home/toolchains/beta-2023-04-20-x86_64-unknown-linux-gnu/lib/rustlib/x86_64-unknown-linux-gnu/lib/libcompiler_builtins-f0d6e4d0fc1e80b4.rlib" "-Wl,-Bdynamic" "-lgcc_s" "-lutil" "-lrt" "-lpthread" "-lm" "-ldl" "-lc" "-Wl,--eh-frame-hdr" "-Wl,-z,noexecstack" "-L" "/opt/rustwide/rustup-home/toolchains/beta-2023-04-20-x86_64-unknown-linux-gnu/lib/rustlib/x86_64-unknown-linux-gnu/lib" "-o" "/opt/rustwide/target/debug/build/syn-317cee3673ff67bd/build_script_build-317cee3673ff67bd" "-Wl,--gc-sections" "-pie" "-Wl,-z,relro,-z,now" "-nodefaultlibs"
[INFO] [stdout]   = note: /usr/bin/ld: final link failed: No space left on device
[INFO] [stdout]           collect2: error: ld returned 1 exit status
[INFO] [stdout]           
[INFO] [stdout] 
[INFO] [stdout] 
[INFO] [stderr] thread 'rustc' panicked at 'assertion failed: pos.get() <= self.position()', compiler/rustc_metadata/src/rmeta/encoder.rs:433:9
[INFO] [stdout] error: aborting due to previous error
[INFO] [stdout] 
[INFO] [stdout] 
[INFO] [stderr] error: could not compile `syn` (build script) due to 2 previous errors
[INFO] [stderr] warning: build failed, waiting for other jobs to finish...
[INFO] [stdout] error: linking with `cc` failed: exit status: 1
[INFO] [stdout]   |
[INFO] [stdout]   = note: LC_ALL="C" PATH="/opt/rustwide/rustup-home/toolchains/beta-2023-04-20-x86_64-unknown-linux-gnu/lib/rustlib/x86_64-unknown-linux-gnu/bin:/opt/rustwide/cargo-home/bin:/usr/local/sbin:/usr/local/bin:/usr/sbin:/usr/bin:/sbin:/bin" VSLANG="1033" "cc" "-m64" "/tmp/rustccG0p23/symbols.o" "/opt/rustwide/target/debug/build/log-6a2e3d4659975662/build_script_build-6a2e3d4659975662.build_script_build.b6e92b32-cgu.0.rcgu.o" "/opt/rustwide/target/debug/build/log-6a2e3d4659975662/build_script_build-6a2e3d4659975662.build_script_build.b6e92b32-cgu.1.rcgu.o" "/opt/rustwide/target/debug/build/log-6a2e3d4659975662/build_script_build-6a2e3d4659975662.build_script_build.b6e92b32-cgu.10.rcgu.o" "/opt/rustwide/target/debug/build/log-6a2e3d4659975662/build_script_build-6a2e3d4659975662.build_script_build.b6e92b32-cgu.11.rcgu.o" "/opt/rustwide/target/debug/build/log-6a2e3d4659975662/build_script_build-6a2e3d4659975662.build_script_build.b6e92b32-cgu.12.rcgu.o" "/opt/rustwide/target/debug/build/log-6a2e3d4659975662/build_script_build-6a2e3d4659975662.build_script_build.b6e92b32-cgu.13.rcgu.o" "/opt/rustwide/target/debug/build/log-6a2e3d4659975662/build_script_build-6a2e3d4659975662.build_script_build.b6e92b32-cgu.14.rcgu.o" "/opt/rustwide/target/debug/build/log-6a2e3d4659975662/build_script_build-6a2e3d4659975662.build_script_build.b6e92b32-cgu.15.rcgu.o" "/opt/rustwide/target/debug/build/log-6a2e3d4659975662/build_script_build-6a2e3d4659975662.build_script_build.b6e92b32-cgu.2.rcgu.o" "/opt/rustwide/target/debug/build/log-6a2e3d4659975662/build_script_build-6a2e3d4659975662.build_script_build.b6e92b32-cgu.3.rcgu.o" "/opt/rustwide/target/debug/build/log-6a2e3d4659975662/build_script_build-6a2e3d4659975662.build_script_build.b6e92b32-cgu.4.rcgu.o" "/opt/rustwide/target/debug/build/log-6a2e3d4659975662/build_script_build-6a2e3d4659975662.build_script_build.b6e92b32-cgu.5.rcgu.o" "/opt/rustwide/target/debug/build/log-6a2e3d4659975662/build_script_build-6a2e3d4659975662.build_script_build.b6e92b32-cgu.6.rcgu.o" "/opt/rustwide/target/debug/build/log-6a2e3d4659975662/build_script_build-6a2e3d4659975662.build_script_build.b6e92b32-cgu.7.rcgu.o" "/opt/rustwide/target/debug/build/log-6a2e3d4659975662/build_script_build-6a2e3d4659975662.build_script_build.b6e92b32-cgu.8.rcgu.o" "/opt/rustwide/target/debug/build/log-6a2e3d4659975662/build_script_build-6a2e3d4659975662.build_script_build.b6e92b32-cgu.9.rcgu.o" "/opt/rustwide/target/debug/build/log-6a2e3d4659975662/build_script_build-6a2e3d4659975662.12xok5ed9e0g1gcq.rcgu.o" "-Wl,--as-needed" "-L" "/opt/rustwide/target/debug/deps" "-L" "/opt/rustwide/rustup-home/toolchains/beta-2023-04-20-x86_64-unknown-linux-gnu/lib/rustlib/x86_64-unknown-linux-gnu/lib" "-Wl,-Bstatic" "/opt/rustwide/rustup-home/toolchains/beta-2023-04-20-x86_64-unknown-linux-gnu/lib/rustlib/x86_64-unknown-linux-gnu/lib/libstd-0e29cc23c5e02021.rlib" "/opt/rustwide/rustup-home/toolchains/beta-2023-04-20-x86_64-unknown-linux-gnu/lib/rustlib/x86_64-unknown-linux-gnu/lib/libpanic_unwind-d903621768a861d9.rlib" "/opt/rustwide/rustup-home/toolchains/beta-2023-04-20-x86_64-unknown-linux-gnu/lib/rustlib/x86_64-unknown-linux-gnu/lib/libobject-6d0225e655f31c13.rlib" "/opt/rustwide/rustup-home/toolchains/beta-2023-04-20-x86_64-unknown-linux-gnu/lib/rustlib/x86_64-unknown-linux-gnu/lib/libmemchr-9dbaf4eac7eaa079.rlib" "/opt/rustwide/rustup-home/toolchains/beta-2023-04-20-x86_64-unknown-linux-gnu/lib/rustlib/x86_64-unknown-linux-gnu/lib/libaddr2line-27f05b3d42a66dd0.rlib" "/opt/rustwide/rustup-home/toolchains/beta-2023-04-20-x86_64-unknown-linux-gnu/lib/rustlib/x86_64-unknown-linux-gnu/lib/libgimli-4d73f1030321c9a2.rlib" "/opt/rustwide/rustup-home/toolchains/beta-2023-04-20-x86_64-unknown-linux-gnu/lib/rustlib/x86_64-unknown-linux-gnu/lib/librustc_demangle-2846c9e58abd0acb.rlib" "/opt/rustwide/rustup-home/toolchains/beta-2023-04-20-x86_64-unknown-linux-gnu/lib/rustlib/x86_64-unknown-linux-gnu/lib/libstd_detect-a53d0f50415947be.rlib" "/opt/rustwide/rustup-home/toolchains/beta-2023-04-20-x86_64-unknown-linux-gnu/lib/rustlib/x86_64-unknown-linux-gnu/lib/libhashbrown-d48e4b6abc25b9dc.rlib" "/opt/rustwide/rustup-home/toolchains/beta-2023-04-20-x86_64-unknown-linux-gnu/lib/rustlib/x86_64-unknown-linux-gnu/lib/libminiz_oxide-2991859439ef1207.rlib" "/opt/rustwide/rustup-home/toolchains/beta-2023-04-20-x86_64-unknown-linux-gnu/lib/rustlib/x86_64-unknown-linux-gnu/lib/libadler-8a687517e4221bae.rlib" "/opt/rustwide/rustup-home/toolchains/beta-2023-04-20-x86_64-unknown-linux-gnu/lib/rustlib/x86_64-unknown-linux-gnu/lib/librustc_std_workspace_alloc-e07b554f6a67f5b3.rlib" "/opt/rustwide/rustup-home/toolchains/beta-2023-04-20-x86_64-unknown-linux-gnu/lib/rustlib/x86_64-unknown-linux-gnu/lib/libunwind-b68238b7c3c619dd.rlib" "/opt/rustwide/rustup-home/toolchains/beta-2023-04-20-x86_64-unknown-linux-gnu/lib/rustlib/x86_64-unknown-linux-gnu/lib/libcfg_if-d5e213e896c017e4.rlib" "/opt/rustwide/rustup-home/toolchains/beta-2023-04-20-x86_64-unknown-linux-gnu/lib/rustlib/x86_64-unknown-linux-gnu/lib/liblibc-0211a3b2e61d8689.rlib" "/opt/rustwide/rustup-home/toolchains/beta-2023-04-20-x86_64-unknown-linux-gnu/lib/rustlib/x86_64-unknown-linux-gnu/lib/liballoc-b371f055239ba51f.rlib" "/opt/rustwide/rustup-home/toolchains/beta-2023-04-20-x86_64-unknown-linux-gnu/lib/rustlib/x86_64-unknown-linux-gnu/lib/librustc_std_workspace_core-e60518d2760eb01e.rlib" "/opt/rustwide/rustup-home/toolchains/beta-2023-04-20-x86_64-unknown-linux-gnu/lib/rustlib/x86_64-unknown-linux-gnu/lib/libcore-1ad943f92a4b1081.rlib" "/opt/rustwide/rustup-home/toolchains/beta-2023-04-20-x86_64-unknown-linux-gnu/lib/rustlib/x86_64-unknown-linux-gnu/lib/libcompiler_builtins-f0d6e4d0fc1e80b4.rlib" "-Wl,-Bdynamic" "-lgcc_s" "-lutil" "-lrt" "-lpthread" "-lm" "-ldl" "-lc" "-Wl,--eh-frame-hdr" "-Wl,-z,noexecstack" "-L" "/opt/rustwide/rustup-home/toolchains/beta-2023-04-20-x86_64-unknown-linux-gnu/lib/rustlib/x86_64-unknown-linux-gnu/lib" "-o" "/opt/rustwide/target/debug/build/log-6a2e3d4659975662/build_script_build-6a2e3d4659975662" "-Wl,--gc-sections" "-pie" "-Wl,-z,relro,-z,now" "-nodefaultlibs"
[INFO] [stdout]   = note: /usr/bin/ld: final link failed: No space left on device
[INFO] [stdout]           collect2: error: ld returned 1 exit status
[INFO] [stdout]           
[INFO] [stdout] 
[INFO] [stdout] 
[INFO] [stderr] error: could not compile `log` (build script) due to previous error
[INFO] [stderr] LLVM ERROR: IO failure on output stream: No space left on device
[INFO] [stderr] LLVM ERROR: IO failure on output stream: No space left on device
[INFO] [stderr] error: could not compile `anyhow` (build script)
[INFO] [stdout] error: linking with `cc` failed: exit status: 1
[INFO] [stdout]   |
[INFO] [stdout]   = note: LC_ALL="C" PATH="/opt/rustwide/rustup-home/toolchains/beta-2023-04-20-x86_64-unknown-linux-gnu/lib/rustlib/x86_64-unknown-linux-gnu/bin:/opt/rustwide/cargo-home/bin:/usr/local/sbin:/usr/local/bin:/usr/sbin:/usr/bin:/sbin:/bin" VSLANG="1033" "cc" "-m64" "/tmp/rustc5SbwaK/symbols.o" "/opt/rustwide/target/debug/build/proc-macro2-2b5d11e161065c0f/build_script_build-2b5d11e161065c0f.build_script_build.ebd8ab01-cgu.0.rcgu.o" "/opt/rustwide/target/debug/build/proc-macro2-2b5d11e161065c0f/build_script_build-2b5d11e161065c0f.build_script_build.ebd8ab01-cgu.1.rcgu.o" "/opt/rustwide/target/debug/build/proc-macro2-2b5d11e161065c0f/build_script_build-2b5d11e161065c0f.build_script_build.ebd8ab01-cgu.10.rcgu.o" "/opt/rustwide/target/debug/build/proc-macro2-2b5d11e161065c0f/build_script_build-2b5d11e161065c0f.build_script_build.ebd8ab01-cgu.11.rcgu.o" "/opt/rustwide/target/debug/build/proc-macro2-2b5d11e161065c0f/build_script_build-2b5d11e161065c0f.build_script_build.ebd8ab01-cgu.12.rcgu.o" "/opt/rustwide/target/debug/build/proc-macro2-2b5d11e161065c0f/build_script_build-2b5d11e161065c0f.build_script_build.ebd8ab01-cgu.13.rcgu.o" "/opt/rustwide/target/debug/build/proc-macro2-2b5d11e161065c0f/build_script_build-2b5d11e161065c0f.build_script_build.ebd8ab01-cgu.14.rcgu.o" "/opt/rustwide/target/debug/build/proc-macro2-2b5d11e161065c0f/build_script_build-2b5d11e161065c0f.build_script_build.ebd8ab01-cgu.15.rcgu.o" "/opt/rustwide/target/debug/build/proc-macro2-2b5d11e161065c0f/build_script_build-2b5d11e161065c0f.build_script_build.ebd8ab01-cgu.2.rcgu.o" "/opt/rustwide/target/debug/build/proc-macro2-2b5d11e161065c0f/build_script_build-2b5d11e161065c0f.build_script_build.ebd8ab01-cgu.3.rcgu.o" "/opt/rustwide/target/debug/build/proc-macro2-2b5d11e161065c0f/build_script_build-2b5d11e161065c0f.build_script_build.ebd8ab01-cgu.4.rcgu.o" "/opt/rustwide/target/debug/build/proc-macro2-2b5d11e161065c0f/build_script_build-2b5d11e161065c0f.build_script_build.ebd8ab01-cgu.5.rcgu.o" "/opt/rustwide/target/debug/build/proc-macro2-2b5d11e161065c0f/build_script_build-2b5d11e161065c0f.build_script_build.ebd8ab01-cgu.6.rcgu.o" "/opt/rustwide/target/debug/build/proc-macro2-2b5d11e161065c0f/build_script_build-2b5d11e161065c0f.build_script_build.ebd8ab01-cgu.7.rcgu.o" "/opt/rustwide/target/debug/build/proc-macro2-2b5d11e161065c0f/build_script_build-2b5d11e161065c0f.build_script_build.ebd8ab01-cgu.8.rcgu.o" "/opt/rustwide/target/debug/build/proc-macro2-2b5d11e161065c0f/build_script_build-2b5d11e161065c0f.build_script_build.ebd8ab01-cgu.9.rcgu.o" "/opt/rustwide/target/debug/build/proc-macro2-2b5d11e161065c0f/build_script_build-2b5d11e161065c0f.2rspkvlfhyifdiju.rcgu.o" "-Wl,--as-needed" "-L" "/opt/rustwide/target/debug/deps" "-L" "/opt/rustwide/rustup-home/toolchains/beta-2023-04-20-x86_64-unknown-linux-gnu/lib/rustlib/x86_64-unknown-linux-gnu/lib" "-Wl,-Bstatic" "/opt/rustwide/rustup-home/toolchains/beta-2023-04-20-x86_64-unknown-linux-gnu/lib/rustlib/x86_64-unknown-linux-gnu/lib/libstd-0e29cc23c5e02021.rlib" "/opt/rustwide/rustup-home/toolchains/beta-2023-04-20-x86_64-unknown-linux-gnu/lib/rustlib/x86_64-unknown-linux-gnu/lib/libpanic_unwind-d903621768a861d9.rlib" "/opt/rustwide/rustup-home/toolchains/beta-2023-04-20-x86_64-unknown-linux-gnu/lib/rustlib/x86_64-unknown-linux-gnu/lib/libobject-6d0225e655f31c13.rlib" "/opt/rustwide/rustup-home/toolchains/beta-2023-04-20-x86_64-unknown-linux-gnu/lib/rustlib/x86_64-unknown-linux-gnu/lib/libmemchr-9dbaf4eac7eaa079.rlib" "/opt/rustwide/rustup-home/toolchains/beta-2023-04-20-x86_64-unknown-linux-gnu/lib/rustlib/x86_64-unknown-linux-gnu/lib/libaddr2line-27f05b3d42a66dd0.rlib" "/opt/rustwide/rustup-home/toolchains/beta-2023-04-20-x86_64-unknown-linux-gnu/lib/rustlib/x86_64-unknown-linux-gnu/lib/libgimli-4d73f1030321c9a2.rlib" "/opt/rustwide/rustup-home/toolchains/beta-2023-04-20-x86_64-unknown-linux-gnu/lib/rustlib/x86_64-unknown-linux-gnu/lib/librustc_demangle-2846c9e58abd0acb.rlib" "/opt/rustwide/rustup-home/toolchains/beta-2023-04-20-x86_64-unknown-linux-gnu/lib/rustlib/x86_64-unknown-linux-gnu/lib/libstd_detect-a53d0f50415947be.rlib" "/opt/rustwide/rustup-home/toolchains/beta-2023-04-20-x86_64-unknown-linux-gnu/lib/rustlib/x86_64-unknown-linux-gnu/lib/libhashbrown-d48e4b6abc25b9dc.rlib" "/opt/rustwide/rustup-home/toolchains/beta-2023-04-20-x86_64-unknown-linux-gnu/lib/rustlib/x86_64-unknown-linux-gnu/lib/libminiz_oxide-2991859439ef1207.rlib" "/opt/rustwide/rustup-home/toolchains/beta-2023-04-20-x86_64-unknown-linux-gnu/lib/rustlib/x86_64-unknown-linux-gnu/lib/libadler-8a687517e4221bae.rlib" "/opt/rustwide/rustup-home/toolchains/beta-2023-04-20-x86_64-unknown-linux-gnu/lib/rustlib/x86_64-unknown-linux-gnu/lib/librustc_std_workspace_alloc-e07b554f6a67f5b3.rlib" "/opt/rustwide/rustup-home/toolchains/beta-2023-04-20-x86_64-unknown-linux-gnu/lib/rustlib/x86_64-unknown-linux-gnu/lib/libunwind-b68238b7c3c619dd.rlib" "/opt/rustwide/rustup-home/toolchains/beta-2023-04-20-x86_64-unknown-linux-gnu/lib/rustlib/x86_64-unknown-linux-gnu/lib/libcfg_if-d5e213e896c017e4.rlib" "/opt/rustwide/rustup-home/toolchains/beta-2023-04-20-x86_64-unknown-linux-gnu/lib/rustlib/x86_64-unknown-linux-gnu/lib/liblibc-0211a3b2e61d8689.rlib" "/opt/rustwide/rustup-home/toolchains/beta-2023-04-20-x86_64-unknown-linux-gnu/lib/rustlib/x86_64-unknown-linux-gnu/lib/liballoc-b371f055239ba51f.rlib" "/opt/rustwide/rustup-home/toolchains/beta-2023-04-20-x86_64-unknown-linux-gnu/lib/rustlib/x86_64-unknown-linux-gnu/lib/librustc_std_workspace_core-e60518d2760eb01e.rlib" "/opt/rustwide/rustup-home/toolchains/beta-2023-04-20-x86_64-unknown-linux-gnu/lib/rustlib/x86_64-unknown-linux-gnu/lib/libcore-1ad943f92a4b1081.rlib" "/opt/rustwide/rustup-home/toolchains/beta-2023-04-20-x86_64-unknown-linux-gnu/lib/rustlib/x86_64-unknown-linux-gnu/lib/libcompiler_builtins-f0d6e4d0fc1e80b4.rlib" "-Wl,-Bdynamic" "-lgcc_s" "-lutil" "-lrt" "-lpthread" "-lm" "-ldl" "-lc" "-Wl,--eh-frame-hdr" "-Wl,-z,noexecstack" "-L" "/opt/rustwide/rustup-home/toolchains/beta-2023-04-20-x86_64-unknown-linux-gnu/lib/rustlib/x86_64-unknown-linux-gnu/lib" "-o" "/opt/rustwide/target/debug/build/proc-macro2-2b5d11e161065c0f/build_script_build-2b5d11e161065c0f" "-Wl,--gc-sections" "-pie" "-Wl,-z,relro,-z,now" "-nodefaultlibs"
[INFO] [stdout]   = note: /usr/bin/ld: final link failed: No space left on device
[INFO] [stdout]           collect2: error: ld returned 1 exit status
[INFO] [stdout]           
[INFO] [stdout] 
[INFO] [stdout] 
[INFO] [stdout] error: aborting due to previous error
[INFO] [stdout] 
[INFO] [stdout] 
[INFO] [stderr] error: could not compile `serde` (build script)
[INFO] [stderr] error: could not compile `proc-macro2` (build script) due to 2 previous errors
[INFO] [stderr] LLVM ERROR: IO failure on output stream: No space left on device
[INFO] [stderr] LLVM ERROR: IO failure on output stream: No space left on device
[INFO] [stdout] error: couldn't create a temp dir: No space left on device (os error 28) at path "/opt/rustwide/target/debug/deps/rmetal5Slv1"
[INFO] [stdout] 
[INFO] [stdout] 
[INFO] [stderr] error: could not compile `ppv-lite86` (lib)
[INFO] [stdout] error: aborting due to previous error
[INFO] [stdout] 
[INFO] [stdout] 
[INFO] [stderr] error: could not compile `bytes` (lib) due to 2 previous errors
[INFO] [stdout] error: linking with `cc` failed: exit status: 1
[INFO] [stdout]   |
[INFO] [stdout]   = note: LC_ALL="C" PATH="/opt/rustwide/rustup-home/toolchains/beta-2023-04-20-x86_64-unknown-linux-gnu/lib/rustlib/x86_64-unknown-linux-gnu/bin:/opt/rustwide/cargo-home/bin:/usr/local/sbin:/usr/local/bin:/usr/sbin:/usr/bin:/sbin:/bin" VSLANG="1033" "cc" "-m64" "/tmp/rustcf3StVx/symbols.o" "/opt/rustwide/target/debug/build/memchr-def1bff8c33d783e/build_script_build-def1bff8c33d783e.build_script_build.1dbdc1c5-cgu.0.rcgu.o" "/opt/rustwide/target/debug/build/memchr-def1bff8c33d783e/build_script_build-def1bff8c33d783e.build_script_build.1dbdc1c5-cgu.1.rcgu.o" "/opt/rustwide/target/debug/build/memchr-def1bff8c33d783e/build_script_build-def1bff8c33d783e.build_script_build.1dbdc1c5-cgu.10.rcgu.o" "/opt/rustwide/target/debug/build/memchr-def1bff8c33d783e/build_script_build-def1bff8c33d783e.build_script_build.1dbdc1c5-cgu.11.rcgu.o" "/opt/rustwide/target/debug/build/memchr-def1bff8c33d783e/build_script_build-def1bff8c33d783e.build_script_build.1dbdc1c5-cgu.12.rcgu.o" "/opt/rustwide/target/debug/build/memchr-def1bff8c33d783e/build_script_build-def1bff8c33d783e.build_script_build.1dbdc1c5-cgu.13.rcgu.o" "/opt/rustwide/target/debug/build/memchr-def1bff8c33d783e/build_script_build-def1bff8c33d783e.build_script_build.1dbdc1c5-cgu.14.rcgu.o" "/opt/rustwide/target/debug/build/memchr-def1bff8c33d783e/build_script_build-def1bff8c33d783e.build_script_build.1dbdc1c5-cgu.15.rcgu.o" "/opt/rustwide/target/debug/build/memchr-def1bff8c33d783e/build_script_build-def1bff8c33d783e.build_script_build.1dbdc1c5-cgu.2.rcgu.o" "/opt/rustwide/target/debug/build/memchr-def1bff8c33d783e/build_script_build-def1bff8c33d783e.build_script_build.1dbdc1c5-cgu.3.rcgu.o" "/opt/rustwide/target/debug/build/memchr-def1bff8c33d783e/build_script_build-def1bff8c33d783e.build_script_build.1dbdc1c5-cgu.4.rcgu.o" "/opt/rustwide/target/debug/build/memchr-def1bff8c33d783e/build_script_build-def1bff8c33d783e.build_script_build.1dbdc1c5-cgu.5.rcgu.o" "/opt/rustwide/target/debug/build/memchr-def1bff8c33d783e/build_script_build-def1bff8c33d783e.build_script_build.1dbdc1c5-cgu.6.rcgu.o" "/opt/rustwide/target/debug/build/memchr-def1bff8c33d783e/build_script_build-def1bff8c33d783e.build_script_build.1dbdc1c5-cgu.7.rcgu.o" "/opt/rustwide/target/debug/build/memchr-def1bff8c33d783e/build_script_build-def1bff8c33d783e.build_script_build.1dbdc1c5-cgu.8.rcgu.o" "/opt/rustwide/target/debug/build/memchr-def1bff8c33d783e/build_script_build-def1bff8c33d783e.build_script_build.1dbdc1c5-cgu.9.rcgu.o" "/opt/rustwide/target/debug/build/memchr-def1bff8c33d783e/build_script_build-def1bff8c33d783e.1ix3wy68cpeiw5hq.rcgu.o" "-Wl,--as-needed" "-L" "/opt/rustwide/target/debug/deps" "-L" "/opt/rustwide/rustup-home/toolchains/beta-2023-04-20-x86_64-unknown-linux-gnu/lib/rustlib/x86_64-unknown-linux-gnu/lib" "-Wl,-Bstatic" "/opt/rustwide/rustup-home/toolchains/beta-2023-04-20-x86_64-unknown-linux-gnu/lib/rustlib/x86_64-unknown-linux-gnu/lib/libstd-0e29cc23c5e02021.rlib" "/opt/rustwide/rustup-home/toolchains/beta-2023-04-20-x86_64-unknown-linux-gnu/lib/rustlib/x86_64-unknown-linux-gnu/lib/libpanic_unwind-d903621768a861d9.rlib" "/opt/rustwide/rustup-home/toolchains/beta-2023-04-20-x86_64-unknown-linux-gnu/lib/rustlib/x86_64-unknown-linux-gnu/lib/libobject-6d0225e655f31c13.rlib" "/opt/rustwide/rustup-home/toolchains/beta-2023-04-20-x86_64-unknown-linux-gnu/lib/rustlib/x86_64-unknown-linux-gnu/lib/libmemchr-9dbaf4eac7eaa079.rlib" "/opt/rustwide/rustup-home/toolchains/beta-2023-04-20-x86_64-unknown-linux-gnu/lib/rustlib/x86_64-unknown-linux-gnu/lib/libaddr2line-27f05b3d42a66dd0.rlib" "/opt/rustwide/rustup-home/toolchains/beta-2023-04-20-x86_64-unknown-linux-gnu/lib/rustlib/x86_64-unknown-linux-gnu/lib/libgimli-4d73f1030321c9a2.rlib" "/opt/rustwide/rustup-home/toolchains/beta-2023-04-20-x86_64-unknown-linux-gnu/lib/rustlib/x86_64-unknown-linux-gnu/lib/librustc_demangle-2846c9e58abd0acb.rlib" "/opt/rustwide/rustup-home/toolchains/beta-2023-04-20-x86_64-unknown-linux-gnu/lib/rustlib/x86_64-unknown-linux-gnu/lib/libstd_detect-a53d0f50415947be.rlib" "/opt/rustwide/rustup-home/toolchains/beta-2023-04-20-x86_64-unknown-linux-gnu/lib/rustlib/x86_64-unknown-linux-gnu/lib/libhashbrown-d48e4b6abc25b9dc.rlib" "/opt/rustwide/rustup-home/toolchains/beta-2023-04-20-x86_64-unknown-linux-gnu/lib/rustlib/x86_64-unknown-linux-gnu/lib/libminiz_oxide-2991859439ef1207.rlib" "/opt/rustwide/rustup-home/toolchains/beta-2023-04-20-x86_64-unknown-linux-gnu/lib/rustlib/x86_64-unknown-linux-gnu/lib/libadler-8a687517e4221bae.rlib" "/opt/rustwide/rustup-home/toolchains/beta-2023-04-20-x86_64-unknown-linux-gnu/lib/rustlib/x86_64-unknown-linux-gnu/lib/librustc_std_workspace_alloc-e07b554f6a67f5b3.rlib" "/opt/rustwide/rustup-home/toolchains/beta-2023-04-20-x86_64-unknown-linux-gnu/lib/rustlib/x86_64-unknown-linux-gnu/lib/libunwind-b68238b7c3c619dd.rlib" "/opt/rustwide/rustup-home/toolchains/beta-2023-04-20-x86_64-unknown-linux-gnu/lib/rustlib/x86_64-unknown-linux-gnu/lib/libcfg_if-d5e213e896c017e4.rlib" "/opt/rustwide/rustup-home/toolchains/beta-2023-04-20-x86_64-unknown-linux-gnu/lib/rustlib/x86_64-unknown-linux-gnu/lib/liblibc-0211a3b2e61d8689.rlib" "/opt/rustwide/rustup-home/toolchains/beta-2023-04-20-x86_64-unknown-linux-gnu/lib/rustlib/x86_64-unknown-linux-gnu/lib/liballoc-b371f055239ba51f.rlib" "/opt/rustwide/rustup-home/toolchains/beta-2023-04-20-x86_64-unknown-linux-gnu/lib/rustlib/x86_64-unknown-linux-gnu/lib/librustc_std_workspace_core-e60518d2760eb01e.rlib" "/opt/rustwide/rustup-home/toolchains/beta-2023-04-20-x86_64-unknown-linux-gnu/lib/rustlib/x86_64-unknown-linux-gnu/lib/libcore-1ad943f92a4b1081.rlib" "/opt/rustwide/rustup-home/toolchains/beta-2023-04-20-x86_64-unknown-linux-gnu/lib/rustlib/x86_64-unknown-linux-gnu/lib/libcompiler_builtins-f0d6e4d0fc1e80b4.rlib" "-Wl,-Bdynamic" "-lgcc_s" "-lutil" "-lrt" "-lpthread" "-lm" "-ldl" "-lc" "-Wl,--eh-frame-hdr" "-Wl,-z,noexecstack" "-L" "/opt/rustwide/rustup-home/toolchains/beta-2023-04-20-x86_64-unknown-linux-gnu/lib/rustlib/x86_64-unknown-linux-gnu/lib" "-o" "/opt/rustwide/target/debug/build/memchr-def1bff8c33d783e/build_script_build-def1bff8c33d783e" "-Wl,--gc-sections" "-pie" "-Wl,-z,relro,-z,now" "-nodefaultlibs"
[INFO] [stdout]   = note: /usr/bin/ld: final link failed: No space left on device
[INFO] [stdout]           collect2: error: ld returned 1 exit status
[INFO] [stdout]           
[INFO] [stdout] 
[INFO] [stdout] 
[INFO] [stderr] error: could not compile `byteorder` (build script)
[INFO] [stdout] error: aborting due to previous error
[INFO] [stdout] 
[INFO] [stdout] 
[INFO] [stderr] error: could not compile `unicode-segmentation` (lib)
[INFO] [stdout] error: linking with `cc` failed: exit status: 1
[INFO] [stdout]   |
[INFO] [stdout]   = note: LC_ALL="C" PATH="/opt/rustwide/rustup-home/toolchains/beta-2023-04-20-x86_64-unknown-linux-gnu/lib/rustlib/x86_64-unknown-linux-gnu/bin:/opt/rustwide/cargo-home/bin:/usr/local/sbin:/usr/local/bin:/usr/sbin:/usr/bin:/sbin:/bin" VSLANG="1033" "cc" "-m64" "/tmp/rustcaBIn3a/symbols.o" "/opt/rustwide/target/debug/build/getrandom-ed2f5667a9065f88/build_script_build-ed2f5667a9065f88.build_script_build.f93034cc-cgu.0.rcgu.o" "/opt/rustwide/target/debug/build/getrandom-ed2f5667a9065f88/build_script_build-ed2f5667a9065f88.build_script_build.f93034cc-cgu.1.rcgu.o" "/opt/rustwide/target/debug/build/getrandom-ed2f5667a9065f88/build_script_build-ed2f5667a9065f88.build_script_build.f93034cc-cgu.10.rcgu.o" "/opt/rustwide/target/debug/build/getrandom-ed2f5667a9065f88/build_script_build-ed2f5667a9065f88.build_script_build.f93034cc-cgu.11.rcgu.o" "/opt/rustwide/target/debug/build/getrandom-ed2f5667a9065f88/build_script_build-ed2f5667a9065f88.build_script_build.f93034cc-cgu.12.rcgu.o" "/opt/rustwide/target/debug/build/getrandom-ed2f5667a9065f88/build_script_build-ed2f5667a9065f88.build_script_build.f93034cc-cgu.13.rcgu.o" "/opt/rustwide/target/debug/build/getrandom-ed2f5667a9065f88/build_script_build-ed2f5667a9065f88.build_script_build.f93034cc-cgu.14.rcgu.o" "/opt/rustwide/target/debug/build/getrandom-ed2f5667a9065f88/build_script_build-ed2f5667a9065f88.build_script_build.f93034cc-cgu.15.rcgu.o" "/opt/rustwide/target/debug/build/getrandom-ed2f5667a9065f88/build_script_build-ed2f5667a9065f88.build_script_build.f93034cc-cgu.2.rcgu.o" "/opt/rustwide/target/debug/build/getrandom-ed2f5667a9065f88/build_script_build-ed2f5667a9065f88.build_script_build.f93034cc-cgu.3.rcgu.o" "/opt/rustwide/target/debug/build/getrandom-ed2f5667a9065f88/build_script_build-ed2f5667a9065f88.build_script_build.f93034cc-cgu.4.rcgu.o" "/opt/rustwide/target/debug/build/getrandom-ed2f5667a9065f88/build_script_build-ed2f5667a9065f88.build_script_build.f93034cc-cgu.5.rcgu.o" "/opt/rustwide/target/debug/build/getrandom-ed2f5667a9065f88/build_script_build-ed2f5667a9065f88.build_script_build.f93034cc-cgu.6.rcgu.o" "/opt/rustwide/target/debug/build/getrandom-ed2f5667a9065f88/build_script_build-ed2f5667a9065f88.build_script_build.f93034cc-cgu.7.rcgu.o" "/opt/rustwide/target/debug/build/getrandom-ed2f5667a9065f88/build_script_build-ed2f5667a9065f88.build_script_build.f93034cc-cgu.8.rcgu.o" "/opt/rustwide/target/debug/build/getrandom-ed2f5667a9065f88/build_script_build-ed2f5667a9065f88.build_script_build.f93034cc-cgu.9.rcgu.o" "/opt/rustwide/target/debug/build/getrandom-ed2f5667a9065f88/build_script_build-ed2f5667a9065f88.4gpps4f1cho8l9d4.rcgu.o" "-Wl,--as-needed" "-L" "/opt/rustwide/target/debug/deps" "-L" "/opt/rustwide/rustup-home/toolchains/beta-2023-04-20-x86_64-unknown-linux-gnu/lib/rustlib/x86_64-unknown-linux-gnu/lib" "-Wl,-Bstatic" "/opt/rustwide/rustup-home/toolchains/beta-2023-04-20-x86_64-unknown-linux-gnu/lib/rustlib/x86_64-unknown-linux-gnu/lib/libstd-0e29cc23c5e02021.rlib" "/opt/rustwide/rustup-home/toolchains/beta-2023-04-20-x86_64-unknown-linux-gnu/lib/rustlib/x86_64-unknown-linux-gnu/lib/libpanic_unwind-d903621768a861d9.rlib" "/opt/rustwide/rustup-home/toolchains/beta-2023-04-20-x86_64-unknown-linux-gnu/lib/rustlib/x86_64-unknown-linux-gnu/lib/libobject-6d0225e655f31c13.rlib" "/opt/rustwide/rustup-home/toolchains/beta-2023-04-20-x86_64-unknown-linux-gnu/lib/rustlib/x86_64-unknown-linux-gnu/lib/libmemchr-9dbaf4eac7eaa079.rlib" "/opt/rustwide/rustup-home/toolchains/beta-2023-04-20-x86_64-unknown-linux-gnu/lib/rustlib/x86_64-unknown-linux-gnu/lib/libaddr2line-27f05b3d42a66dd0.rlib" "/opt/rustwide/rustup-home/toolchains/beta-2023-04-20-x86_64-unknown-linux-gnu/lib/rustlib/x86_64-unknown-linux-gnu/lib/libgimli-4d73f1030321c9a2.rlib" "/opt/rustwide/rustup-home/toolchains/beta-2023-04-20-x86_64-unknown-linux-gnu/lib/rustlib/x86_64-unknown-linux-gnu/lib/librustc_demangle-2846c9e58abd0acb.rlib" "/opt/rustwide/rustup-home/toolchains/beta-2023-04-20-x86_64-unknown-linux-gnu/lib/rustlib/x86_64-unknown-linux-gnu/lib/libstd_detect-a53d0f50415947be.rlib" "/opt/rustwide/rustup-home/toolchains/beta-2023-04-20-x86_64-unknown-linux-gnu/lib/rustlib/x86_64-unknown-linux-gnu/lib/libhashbrown-d48e4b6abc25b9dc.rlib" "/opt/rustwide/rustup-home/toolchains/beta-2023-04-20-x86_64-unknown-linux-gnu/lib/rustlib/x86_64-unknown-linux-gnu/lib/libminiz_oxide-2991859439ef1207.rlib" "/opt/rustwide/rustup-home/toolchains/beta-2023-04-20-x86_64-unknown-linux-gnu/lib/rustlib/x86_64-unknown-linux-gnu/lib/libadler-8a687517e4221bae.rlib" "/opt/rustwide/rustup-home/toolchains/beta-2023-04-20-x86_64-unknown-linux-gnu/lib/rustlib/x86_64-unknown-linux-gnu/lib/librustc_std_workspace_alloc-e07b554f6a67f5b3.rlib" "/opt/rustwide/rustup-home/toolchains/beta-2023-04-20-x86_64-unknown-linux-gnu/lib/rustlib/x86_64-unknown-linux-gnu/lib/libunwind-b68238b7c3c619dd.rlib" "/opt/rustwide/rustup-home/toolchains/beta-2023-04-20-x86_64-unknown-linux-gnu/lib/rustlib/x86_64-unknown-linux-gnu/lib/libcfg_if-d5e213e896c017e4.rlib" "/opt/rustwide/rustup-home/toolchains/beta-2023-04-20-x86_64-unknown-linux-gnu/lib/rustlib/x86_64-unknown-linux-gnu/lib/liblibc-0211a3b2e61d8689.rlib" "/opt/rustwide/rustup-home/toolchains/beta-2023-04-20-x86_64-unknown-linux-gnu/lib/rustlib/x86_64-unknown-linux-gnu/lib/liballoc-b371f055239ba51f.rlib" "/opt/rustwide/rustup-home/toolchains/beta-2023-04-20-x86_64-unknown-linux-gnu/lib/rustlib/x86_64-unknown-linux-gnu/lib/librustc_std_workspace_core-e60518d2760eb01e.rlib" "/opt/rustwide/rustup-home/toolchains/beta-2023-04-20-x86_64-unknown-linux-gnu/lib/rustlib/x86_64-unknown-linux-gnu/lib/libcore-1ad943f92a4b1081.rlib" "/opt/rustwide/rustup-home/toolchains/beta-2023-04-20-x86_64-unknown-linux-gnu/lib/rustlib/x86_64-unknown-linux-gnu/lib/libcompiler_builtins-f0d6e4d0fc1e80b4.rlib" "-Wl,-Bdynamic" "-lgcc_s" "-lutil" "-lrt" "-lpthread" "-lm" "-ldl" "-lc" "-Wl,--eh-frame-hdr" "-Wl,-z,noexecstack" "-L" "/opt/rustwide/rustup-home/toolchains/beta-2023-04-20-x86_64-unknown-linux-gnu/lib/rustlib/x86_64-unknown-linux-gnu/lib" "-o" "/opt/rustwide/target/debug/build/getrandom-ed2f5667a9065f88/build_script_build-ed2f5667a9065f88" "-Wl,--gc-sections" "-pie" "-Wl,-z,relro,-z,now" "-nodefaultlibs"
[INFO] [stdout]   = note: /usr/bin/ld: final link failed: No space left on device
[INFO] [stdout]           collect2: error: ld returned 1 exit status
[INFO] [stdout]           
[INFO] [stdout] 
[INFO] [stdout] 
[INFO] [stderr] error: could not compile `memchr` (build script) due to 2 previous errors
[INFO] [stdout] error: aborting due to previous error
[INFO] [stdout] 
[INFO] [stdout] 
[INFO] [stderr] LLVM ERROR: IO failure on output stream: No space left on device
[INFO] [stdout] error: linking with `cc` failed: exit status: 1
[INFO] [stdout]   |
[INFO] [stdout]   = note: LC_ALL="C" PATH="/opt/rustwide/rustup-home/toolchains/beta-2023-04-20-x86_64-unknown-linux-gnu/lib/rustlib/x86_64-unknown-linux-gnu/bin:/opt/rustwide/cargo-home/bin:/usr/local/sbin:/usr/local/bin:/usr/sbin:/usr/bin:/sbin:/bin" VSLANG="1033" "cc" "-m64" "/tmp/rustcUcgxPC/symbols.o" "/opt/rustwide/target/debug/build/libc-38a9f9d4bebb27e1/build_script_build-38a9f9d4bebb27e1.build_script_build.5186913a-cgu.0.rcgu.o" "/opt/rustwide/target/debug/build/libc-38a9f9d4bebb27e1/build_script_build-38a9f9d4bebb27e1.build_script_build.5186913a-cgu.1.rcgu.o" "/opt/rustwide/target/debug/build/libc-38a9f9d4bebb27e1/build_script_build-38a9f9d4bebb27e1.build_script_build.5186913a-cgu.10.rcgu.o" "/opt/rustwide/target/debug/build/libc-38a9f9d4bebb27e1/build_script_build-38a9f9d4bebb27e1.build_script_build.5186913a-cgu.11.rcgu.o" "/opt/rustwide/target/debug/build/libc-38a9f9d4bebb27e1/build_script_build-38a9f9d4bebb27e1.build_script_build.5186913a-cgu.12.rcgu.o" "/opt/rustwide/target/debug/build/libc-38a9f9d4bebb27e1/build_script_build-38a9f9d4bebb27e1.build_script_build.5186913a-cgu.13.rcgu.o" "/opt/rustwide/target/debug/build/libc-38a9f9d4bebb27e1/build_script_build-38a9f9d4bebb27e1.build_script_build.5186913a-cgu.14.rcgu.o" "/opt/rustwide/target/debug/build/libc-38a9f9d4bebb27e1/build_script_build-38a9f9d4bebb27e1.build_script_build.5186913a-cgu.15.rcgu.o" "/opt/rustwide/target/debug/build/libc-38a9f9d4bebb27e1/build_script_build-38a9f9d4bebb27e1.build_script_build.5186913a-cgu.2.rcgu.o" "/opt/rustwide/target/debug/build/libc-38a9f9d4bebb27e1/build_script_build-38a9f9d4bebb27e1.build_script_build.5186913a-cgu.3.rcgu.o" "/opt/rustwide/target/debug/build/libc-38a9f9d4bebb27e1/build_script_build-38a9f9d4bebb27e1.build_script_build.5186913a-cgu.4.rcgu.o" "/opt/rustwide/target/debug/build/libc-38a9f9d4bebb27e1/build_script_build-38a9f9d4bebb27e1.build_script_build.5186913a-cgu.5.rcgu.o" "/opt/rustwide/target/debug/build/libc-38a9f9d4bebb27e1/build_script_build-38a9f9d4bebb27e1.build_script_build.5186913a-cgu.6.rcgu.o" "/opt/rustwide/target/debug/build/libc-38a9f9d4bebb27e1/build_script_build-38a9f9d4bebb27e1.build_script_build.5186913a-cgu.7.rcgu.o" "/opt/rustwide/target/debug/build/libc-38a9f9d4bebb27e1/build_script_build-38a9f9d4bebb27e1.build_script_build.5186913a-cgu.8.rcgu.o" "/opt/rustwide/target/debug/build/libc-38a9f9d4bebb27e1/build_script_build-38a9f9d4bebb27e1.build_script_build.5186913a-cgu.9.rcgu.o" "/opt/rustwide/target/debug/build/libc-38a9f9d4bebb27e1/build_script_build-38a9f9d4bebb27e1.52yxrbfq26mt8ee7.rcgu.o" "-Wl,--as-needed" "-L" "/opt/rustwide/target/debug/deps" "-L" "/opt/rustwide/rustup-home/toolchains/beta-2023-04-20-x86_64-unknown-linux-gnu/lib/rustlib/x86_64-unknown-linux-gnu/lib" "-Wl,-Bstatic" "/opt/rustwide/rustup-home/toolchains/beta-2023-04-20-x86_64-unknown-linux-gnu/lib/rustlib/x86_64-unknown-linux-gnu/lib/libstd-0e29cc23c5e02021.rlib" "/opt/rustwide/rustup-home/toolchains/beta-2023-04-20-x86_64-unknown-linux-gnu/lib/rustlib/x86_64-unknown-linux-gnu/lib/libpanic_unwind-d903621768a861d9.rlib" "/opt/rustwide/rustup-home/toolchains/beta-2023-04-20-x86_64-unknown-linux-gnu/lib/rustlib/x86_64-unknown-linux-gnu/lib/libobject-6d0225e655f31c13.rlib" "/opt/rustwide/rustup-home/toolchains/beta-2023-04-20-x86_64-unknown-linux-gnu/lib/rustlib/x86_64-unknown-linux-gnu/lib/libmemchr-9dbaf4eac7eaa079.rlib" "/opt/rustwide/rustup-home/toolchains/beta-2023-04-20-x86_64-unknown-linux-gnu/lib/rustlib/x86_64-unknown-linux-gnu/lib/libaddr2line-27f05b3d42a66dd0.rlib" "/opt/rustwide/rustup-home/toolchains/beta-2023-04-20-x86_64-unknown-linux-gnu/lib/rustlib/x86_64-unknown-linux-gnu/lib/libgimli-4d73f1030321c9a2.rlib" "/opt/rustwide/rustup-home/toolchains/beta-2023-04-20-x86_64-unknown-linux-gnu/lib/rustlib/x86_64-unknown-linux-gnu/lib/librustc_demangle-2846c9e58abd0acb.rlib" "/opt/rustwide/rustup-home/toolchains/beta-2023-04-20-x86_64-unknown-linux-gnu/lib/rustlib/x86_64-unknown-linux-gnu/lib/libstd_detect-a53d0f50415947be.rlib" "/opt/rustwide/rustup-home/toolchains/beta-2023-04-20-x86_64-unknown-linux-gnu/lib/rustlib/x86_64-unknown-linux-gnu/lib/libhashbrown-d48e4b6abc25b9dc.rlib" "/opt/rustwide/rustup-home/toolchains/beta-2023-04-20-x86_64-unknown-linux-gnu/lib/rustlib/x86_64-unknown-linux-gnu/lib/libminiz_oxide-2991859439ef1207.rlib" "/opt/rustwide/rustup-home/toolchains/beta-2023-04-20-x86_64-unknown-linux-gnu/lib/rustlib/x86_64-unknown-linux-gnu/lib/libadler-8a687517e4221bae.rlib" "/opt/rustwide/rustup-home/toolchains/beta-2023-04-20-x86_64-unknown-linux-gnu/lib/rustlib/x86_64-unknown-linux-gnu/lib/librustc_std_workspace_alloc-e07b554f6a67f5b3.rlib" "/opt/rustwide/rustup-home/toolchains/beta-2023-04-20-x86_64-unknown-linux-gnu/lib/rustlib/x86_64-unknown-linux-gnu/lib/libunwind-b68238b7c3c619dd.rlib" "/opt/rustwide/rustup-home/toolchains/beta-2023-04-20-x86_64-unknown-linux-gnu/lib/rustlib/x86_64-unknown-linux-gnu/lib/libcfg_if-d5e213e896c017e4.rlib" "/opt/rustwide/rustup-home/toolchains/beta-2023-04-20-x86_64-unknown-linux-gnu/lib/rustlib/x86_64-unknown-linux-gnu/lib/liblibc-0211a3b2e61d8689.rlib" "/opt/rustwide/rustup-home/toolchains/beta-2023-04-20-x86_64-unknown-linux-gnu/lib/rustlib/x86_64-unknown-linux-gnu/lib/liballoc-b371f055239ba51f.rlib" "/opt/rustwide/rustup-home/toolchains/beta-2023-04-20-x86_64-unknown-linux-gnu/lib/rustlib/x86_64-unknown-linux-gnu/lib/librustc_std_workspace_core-e60518d2760eb01e.rlib" "/opt/rustwide/rustup-home/toolchains/beta-2023-04-20-x86_64-unknown-linux-gnu/lib/rustlib/x86_64-unknown-linux-gnu/lib/libcore-1ad943f92a4b1081.rlib" "/opt/rustwide/rustup-home/toolchains/beta-2023-04-20-x86_64-unknown-linux-gnu/lib/rustlib/x86_64-unknown-linux-gnu/lib/libcompiler_builtins-f0d6e4d0fc1e80b4.rlib" "-Wl,-Bdynamic" "-lgcc_s" "-lutil" "-lrt" "-lpthread" "-lm" "-ldl" "-lc" "-Wl,--eh-frame-hdr" "-Wl,-z,noexecstack" "-L" "/opt/rustwide/rustup-home/toolchains/beta-2023-04-20-x86_64-unknown-linux-gnu/lib/rustlib/x86_64-unknown-linux-gnu/lib" "-o" "/opt/rustwide/target/debug/build/libc-38a9f9d4bebb27e1/build_script_build-38a9f9d4bebb27e1" "-Wl,--gc-sections" "-pie" "-Wl,-z,relro,-z,now" "-nodefaultlibs"
[INFO] [stdout]   = note: /usr/bin/ld: final link failed: No space left on device
[INFO] [stdout]           collect2: error: ld returned 1 exit status
[INFO] [stdout]           
[INFO] [stdout] 
[INFO] [stdout] 
[INFO] [stderr] LLVM ERROR: IO failure on output stream: No space left on device
[INFO] [stdout] error: aborting due to previous error
[INFO] [stdout] 
[INFO] [stdout] 
[INFO] [stderr] error: could not compile `getrandom` (build script) due to 2 previous errors
[INFO] [stderr] error: could not compile `fixedbitset` (lib)
[INFO] [stderr] error: could not compile `autocfg` (lib)
[INFO] [stderr] error: could not compile `libc` (build script) due to 2 previous errors
[INFO] [stderr] LLVM ERROR: IO failure on output stream: No space left on device
[INFO] [stderr] error: could not compile `heck` (lib)
[INFO] [stdout] error: error writing dependencies to `/opt/rustwide/target/debug/deps/itertools-f7deb891680983b4.d`: No space left on device (os error 28)
[INFO] [stdout] 
[INFO] [stdout] 
[INFO] [stderr] error: could not compile `itertools` (lib) due to previous error
[INFO] running `Command { std: "docker" "inspect" "f98a6695bd9600c0c28569c808f90a3f0bda404e445fe2212c7e2f2d8dae3d7b", kill_on_drop: false }`
[INFO] running `Command { std: "docker" "rm" "-f" "f98a6695bd9600c0c28569c808f90a3f0bda404e445fe2212c7e2f2d8dae3d7b", kill_on_drop: false }`
[INFO] [stdout] f98a6695bd9600c0c28569c808f90a3f0bda404e445fe2212c7e2f2d8dae3d7b
