[INFO] cloning repository https://github.com/DarkKitsune/Fennec-Engine
[INFO] running `Command { std: "git" "-c" "credential.helper=" "-c" "credential.helper=/workspace/cargo-home/bin/git-credential-null" "clone" "--bare" "https://github.com/DarkKitsune/Fennec-Engine" "/workspace/cache/git-repos/https%3A%2F%2Fgithub.com%2FDarkKitsune%2FFennec-Engine", kill_on_drop: false }`
[INFO] [stderr] Cloning into bare repository '/workspace/cache/git-repos/https%3A%2F%2Fgithub.com%2FDarkKitsune%2FFennec-Engine'...
[INFO] running `Command { std: "git" "rev-parse" "HEAD", kill_on_drop: false }`
[INFO] [stdout] b0540d39c81fa98c5210d4fa757f8be8f0623823
[INFO] testing DarkKitsune/Fennec-Engine against beta-2023-04-20 for beta-1.70-1
[INFO] running `Command { std: "git" "clone" "/workspace/cache/git-repos/https%3A%2F%2Fgithub.com%2FDarkKitsune%2FFennec-Engine" "/workspace/builds/worker-5-tc2/source", kill_on_drop: false }`
[INFO] [stderr] Cloning into '/workspace/builds/worker-5-tc2/source'...
[INFO] [stderr] done.
[INFO] validating manifest of git repo https://github.com/DarkKitsune/Fennec-Engine on toolchain beta-2023-04-20
[INFO] running `Command { std: CARGO_HOME="/workspace/cargo-home" RUSTUP_HOME="/workspace/rustup-home" "/workspace/cargo-home/bin/cargo" "+beta-2023-04-20" "metadata" "--manifest-path" "Cargo.toml" "--no-deps", kill_on_drop: false }`
[INFO] started tweaking git repo https://github.com/DarkKitsune/Fennec-Engine
[INFO] finished tweaking git repo https://github.com/DarkKitsune/Fennec-Engine
[INFO] tweaked toml for git repo https://github.com/DarkKitsune/Fennec-Engine written to /workspace/builds/worker-5-tc2/source/Cargo.toml
[INFO] crate git repo https://github.com/DarkKitsune/Fennec-Engine already has a lockfile, it will not be regenerated
[INFO] running `Command { std: CARGO_HOME="/workspace/cargo-home" RUSTUP_HOME="/workspace/rustup-home" "/workspace/cargo-home/bin/cargo" "+beta-2023-04-20" "fetch" "--manifest-path" "Cargo.toml", kill_on_drop: false }`
[INFO] [stderr]     Updating crates.io index
[INFO] [stderr]  Downloading crates ...
[INFO] [stderr]   Downloaded winit v0.19.3
[INFO] [stderr]   Downloaded rgb v0.8.14
[INFO] [stderr]   Downloaded backtrace v0.3.37
[INFO] [stderr]   Downloaded rusttype v0.8.0
[INFO] [stderr]   Downloaded rlua v0.16.3
[INFO] [stderr]   Downloaded num-derive v0.1.44
[INFO] [stderr]   Downloaded spirv-reflect v0.2.1
[INFO] [stderr]   Downloaded version v3.0.0
[INFO] [stderr]   Downloaded downcast-rs v1.0.4
[INFO] [stderr]   Downloaded getrandom v0.1.12
[INFO] [stderr]   Downloaded spirv_headers v1.3.4
[INFO] [stderr]   Downloaded cocoa v0.18.4
[INFO] running `Command { std: "docker" "create" "-v" "/var/lib/crater-agent-workspace/builds/worker-5-tc2/target:/opt/rustwide/target:rw,Z" "-v" "/var/lib/crater-agent-workspace/builds/worker-5-tc2/source:/opt/rustwide/workdir:ro,Z" "-v" "/var/lib/crater-agent-workspace/cargo-home:/opt/rustwide/cargo-home:ro,Z" "-v" "/var/lib/crater-agent-workspace/rustup-home:/opt/rustwide/rustup-home:ro,Z" "-e" "SOURCE_DIR=/opt/rustwide/workdir" "-e" "CARGO_TARGET_DIR=/opt/rustwide/target" "-e" "CARGO_HOME=/opt/rustwide/cargo-home" "-e" "RUSTUP_HOME=/opt/rustwide/rustup-home" "-w" "/opt/rustwide/workdir" "-m" "1610612736" "--user" "0:0" "--network" "none" "ghcr.io/rust-lang/crates-build-env/linux@sha256:5ff2268d62e97bff2cde7d5815dd6ed5b47097566f13b8d0ca110b04b60e07ed" "/opt/rustwide/cargo-home/bin/cargo" "+beta-2023-04-20" "metadata" "--no-deps" "--format-version=1", kill_on_drop: false }`
[INFO] [stdout] c40ccded211ed605431722add02c3e65b82b9ba99ea0cd3805b5713f8300ee14
[INFO] running `Command { std: "docker" "start" "-a" "c40ccded211ed605431722add02c3e65b82b9ba99ea0cd3805b5713f8300ee14", kill_on_drop: false }`
[INFO] running `Command { std: "docker" "inspect" "c40ccded211ed605431722add02c3e65b82b9ba99ea0cd3805b5713f8300ee14", kill_on_drop: false }`
[INFO] running `Command { std: "docker" "rm" "-f" "c40ccded211ed605431722add02c3e65b82b9ba99ea0cd3805b5713f8300ee14", kill_on_drop: false }`
[INFO] [stdout] c40ccded211ed605431722add02c3e65b82b9ba99ea0cd3805b5713f8300ee14
[INFO] running `Command { std: "docker" "create" "-v" "/var/lib/crater-agent-workspace/builds/worker-5-tc2/target:/opt/rustwide/target:rw,Z" "-v" "/var/lib/crater-agent-workspace/builds/worker-5-tc2/source:/opt/rustwide/workdir:ro,Z" "-v" "/var/lib/crater-agent-workspace/cargo-home:/opt/rustwide/cargo-home:ro,Z" "-v" "/var/lib/crater-agent-workspace/rustup-home:/opt/rustwide/rustup-home:ro,Z" "-e" "SOURCE_DIR=/opt/rustwide/workdir" "-e" "CARGO_TARGET_DIR=/opt/rustwide/target" "-e" "CARGO_INCREMENTAL=0" "-e" "RUST_BACKTRACE=full" "-e" "RUSTFLAGS=--cap-lints=warn" "-e" "RUSTDOCFLAGS=--cap-lints=warn" "-e" "CARGO_HOME=/opt/rustwide/cargo-home" "-e" "RUSTUP_HOME=/opt/rustwide/rustup-home" "-w" "/opt/rustwide/workdir" "-m" "1610612736" "--user" "0:0" "--network" "none" "ghcr.io/rust-lang/crates-build-env/linux@sha256:5ff2268d62e97bff2cde7d5815dd6ed5b47097566f13b8d0ca110b04b60e07ed" "/opt/rustwide/cargo-home/bin/cargo" "+beta-2023-04-20" "build" "--frozen" "--message-format=json", kill_on_drop: false }`
[INFO] [stdout] 285308161cf1f2f1878d28146315c2a1998f88a55aeadde3676dace740c31c64
[INFO] running `Command { std: "docker" "start" "-a" "285308161cf1f2f1878d28146315c2a1998f88a55aeadde3676dace740c31c64", kill_on_drop: false }`
[INFO] [stderr]    Compiling libc v0.2.62
[INFO] [stderr]    Compiling cfg-if v0.1.9
[INFO] [stderr]    Compiling autocfg v0.1.6
[INFO] [stderr]    Compiling log v0.4.8
[INFO] [stderr]    Compiling lazy_static v1.4.0
[INFO] [stderr]    Compiling xml-rs v0.8.0
[INFO] [stderr]    Compiling bitflags v1.1.0
[INFO] [stderr]    Compiling byteorder v1.3.2
[INFO] [stderr]    Compiling arrayvec v0.4.11
[INFO] [stderr]    Compiling khronos_api v3.1.0
[INFO] [stderr]    Compiling scopeguard v1.0.0
[INFO] [stderr]    Compiling nix v0.14.1
[INFO] [stderr]    Compiling proc-macro2 v1.0.5
[INFO] [stderr]    Compiling unicode-xid v0.2.0
[INFO] [stderr]    Compiling quote v0.6.13
[INFO] [stderr]    Compiling memoffset v0.5.1
[INFO] [stderr]    Compiling syn v0.15.44
[INFO] [stderr]    Compiling crossbeam-utils v0.6.6
[INFO] [stderr]    Compiling void v1.0.2
[INFO] [stderr]    Compiling syn v1.0.5
[INFO] [stderr]    Compiling maybe-uninit v2.0.0
[INFO] [stderr]    Compiling pkg-config v0.3.15
[INFO] [stderr]    Compiling rustc-serialize v0.3.24
[INFO] [stderr]    Compiling num-traits v0.2.8
[INFO] [stderr]    Compiling num-integer v0.1.41
[INFO] [stderr]    Compiling num-iter v0.1.39
[INFO] [stderr]    Compiling parking_lot_core v0.6.2
[INFO] [stderr]    Compiling proc-macro2 v0.2.3
[INFO] [stderr]    Compiling wayland-scanner v0.21.13
[INFO] [stderr]    Compiling gl_generator v0.11.0
[INFO] [stderr]    Compiling stb_truetype v0.3.0
[INFO] [stderr]    Compiling crossbeam-epoch v0.7.2
[INFO] [stderr]    Compiling quote v1.0.2
[INFO] [stderr]    Compiling x11-dl v2.18.4
[INFO] [stderr]    Compiling same-file v1.0.5
[INFO] [stderr]    Compiling num_cpus v1.10.1
[INFO] [stderr]    Compiling jobserver v0.1.17
[INFO] [stderr]    Compiling rand v0.4.6
[INFO] [stderr]    Compiling rayon-core v1.6.0
[INFO] [stderr]    Compiling cc v1.0.45
[INFO] [stderr]    Compiling downcast-rs v1.0.4
[INFO] [stderr]    Compiling walkdir v2.2.9
[INFO] [stderr]    Compiling crossbeam-deque v0.7.1
[INFO] [stderr]    Compiling quote v0.4.2
[INFO] [stderr]    Compiling crossbeam-queue v0.1.2
[INFO] [stderr]    Compiling parking_lot v0.9.0
[INFO] [stderr]    Compiling xdg v2.2.0
[INFO] [stderr]    Compiling adler32 v1.0.4
[INFO] [stderr]    Compiling winapi v0.3.8
[INFO] [stderr]    Compiling crc32fast v1.2.0
[INFO] [stderr]    Compiling cgmath v0.16.1
[INFO] [stderr]    Compiling num-derive v0.2.5
[INFO] [stderr]    Compiling smallvec v0.6.10
[INFO] [stderr]    Compiling glutin_egl_sys v0.1.3
[INFO] [stderr]    Compiling approx v0.3.2
[INFO] [stderr]    Compiling ordered-float v1.0.2
[INFO] [stderr]    Compiling line_drawing v0.7.0
[INFO] [stderr]    Compiling num-complex v0.1.43
[INFO] [stderr]    Compiling num-traits v0.1.43
[INFO] [stderr]    Compiling num-bigint v0.1.44
[INFO] [stderr]    Compiling glutin_glx_sys v0.1.5
[INFO] [stderr]    Compiling rusttype v0.8.0
[INFO] [stderr]    Compiling syn v0.12.15
[INFO] [stderr]    Compiling shared_library v0.1.9
[INFO] [stderr]    Compiling libloading v0.5.2
[INFO] [stderr]    Compiling memmap v0.7.0
[INFO] [stderr]    Compiling wayland-client v0.21.13
[INFO] [stderr]    Compiling wayland-protocols v0.21.13
[INFO] [stderr]    Compiling rusttype v0.7.9
[INFO] [stderr]    Compiling num-rational v0.2.2
[INFO] [stderr]    Compiling andrew v0.2.1
[INFO] [stderr]    Compiling lock_api v0.3.1
[INFO] [stderr]    Compiling serde v1.0.101
[INFO] [stderr]    Compiling num-rational v0.1.42
[INFO] [stderr]    Compiling either v1.5.3
[INFO] [stderr]    Compiling lzw v0.10.0
[INFO] [stderr]    Compiling approx v0.1.1
[INFO] [stderr]    Compiling rayon v1.2.0
[INFO] [stderr]    Compiling num v0.1.42
[INFO] [stderr]    Compiling spirv-reflect v0.2.1
[INFO] [stderr]    Compiling rlua v0.16.3
[INFO] [stderr]    Compiling deflate v0.7.20
[INFO] [stderr]    Compiling inflate v0.4.5
[INFO] [stderr]    Compiling rgb v0.8.14
[INFO] [stderr]    Compiling percent-encoding v2.1.0
[INFO] [stderr]    Compiling color_quant v1.0.1
[INFO] [stderr]    Compiling gif v0.10.3
[INFO] [stderr]    Compiling png v0.15.0
[INFO] [stderr]    Compiling dlib v0.4.1
[INFO] [stderr]    Compiling osmesa-sys v0.1.2
[INFO] [stderr]    Compiling wayland-sys v0.21.13
[INFO] [stderr]    Compiling scoped_threadpool v0.1.9
[INFO] [stderr]    Compiling num-derive v0.1.44
[INFO] [stderr]    Compiling derivative v1.0.3
[INFO] [stderr]    Compiling wayland-commons v0.21.13
[INFO] [stderr]    Compiling jpeg-decoder v0.1.16
[INFO] [stderr]    Compiling winconsole v0.10.0
[INFO] [stderr]    Compiling ash v0.29.0
[INFO] [stderr]    Compiling colored v1.8.0
[INFO] [stderr]    Compiling version v3.0.0
[INFO] [stderr]    Compiling spirv_headers v1.3.4
[INFO] [stderr]    Compiling glsl-layout-derive v0.3.2
[INFO] [stderr]    Compiling serde_derive v1.0.101
[INFO] [stderr]    Compiling tiff v0.3.1
[INFO] [stderr]    Compiling image v0.22.3
[INFO] [stderr]    Compiling glsl-layout v0.3.2
[INFO] [stderr]    Compiling smithay-client-toolkit v0.4.6
[INFO] [stderr]    Compiling winit v0.19.3
[INFO] [stderr]    Compiling glutin v0.21.1
[INFO] [stderr]    Compiling fennec v0.1.0 (/opt/rustwide/workdir)
[INFO] [stdout] error[E0433]: failed to resolve: could not find `um` in `winapi`
[INFO] [stdout]   --> src/vm/graphicsengine/mod.rs:50:13
[INFO] [stdout]    |
[INFO] [stdout] 50 | use winapi::um::libloaderapi::GetModuleHandleW;
[INFO] [stdout]    |             ^^ could not find `um` in `winapi`
[INFO] [stdout] 
[INFO] [stdout] 
[INFO] [stdout] error[E0432]: unresolved import `glutin::os::windows`
[INFO] [stdout]   --> src/vm/graphicsengine/mod.rs:34:17
[INFO] [stdout]    |
[INFO] [stdout] 34 | use glutin::os::windows::WindowExt;
[INFO] [stdout]    |                 ^^^^^^^ could not find `windows` in `os`
[INFO] [stdout] 
[INFO] [stdout] 
[INFO] [stdout] warning: use of deprecated method `std::error::Error::description`: use the Display impl or to_string()
[INFO] [stdout]   --> src/error.rs:51:39
[INFO] [stdout]    |
[INFO] [stdout] 51 |                 let cause_desc = self.description();
[INFO] [stdout]    |                                       ^^^^^^^^^^^
[INFO] [stdout]    |
[INFO] [stdout]    = note: `#[warn(deprecated)]` on by default
[INFO] [stdout] 
[INFO] [stdout] 
[INFO] [stdout] warning: use of deprecated method `std::error::Error::description`: use the Display impl or to_string()
[INFO] [stdout]   --> src/error.rs:53:46
[INFO] [stdout]    |
[INFO] [stdout] 53 |                     write!(f, "{}: {}", self.description(), cause)?;
[INFO] [stdout]    |                                              ^^^^^^^^^^^
[INFO] [stdout] 
[INFO] [stdout] 
[INFO] [stdout] warning: use of deprecated method `std::error::Error::description`: use the Display impl or to_string()
[INFO] [stdout]   --> src/error.rs:55:42
[INFO] [stdout]    |
[INFO] [stdout] 55 |                     write!(f, "{}", self.description())?;
[INFO] [stdout]    |                                          ^^^^^^^^^^^
[INFO] [stdout] 
[INFO] [stdout] 
[INFO] [stdout] warning: use of deprecated method `std::error::Error::description`: use the Display impl or to_string()
[INFO] [stdout]   --> src/error.rs:59:38
[INFO] [stdout]    |
[INFO] [stdout] 59 |                 write!(f, "{}", self.description())?;
[INFO] [stdout]    |                                      ^^^^^^^^^^^
[INFO] [stdout] 
[INFO] [stdout] 
[INFO] [stdout] error[E0599]: no method named `get_hwnd` found for reference `&glutin::Window` in the current scope
[INFO] [stdout]    --> src/vm/graphicsengine/mod.rs:583:32
[INFO] [stdout]     |
[INFO] [stdout] 583 |     let hwnd = window.window().get_hwnd();
[INFO] [stdout]     |                                ^^^^^^^^ method not found in `&Window`
[INFO] [stdout] 
[INFO] [stdout] 
[INFO] [stdout] error: aborting due to 3 previous errors; 4 warnings emitted
[INFO] [stdout] 
[INFO] [stdout] 
[INFO] [stdout] Some errors have detailed explanations: E0432, E0433, E0599.
[INFO] [stdout] 
[INFO] [stdout] For more information about an error, try `rustc --explain E0432`.
[INFO] [stdout] 
[INFO] [stderr] error: could not compile `fennec` (bin "fennec") due to 4 previous errors; 4 warnings emitted
[INFO] running `Command { std: "docker" "inspect" "285308161cf1f2f1878d28146315c2a1998f88a55aeadde3676dace740c31c64", kill_on_drop: false }`
[INFO] running `Command { std: "docker" "rm" "-f" "285308161cf1f2f1878d28146315c2a1998f88a55aeadde3676dace740c31c64", kill_on_drop: false }`
[INFO] [stdout] 285308161cf1f2f1878d28146315c2a1998f88a55aeadde3676dace740c31c64
