[INFO] cloning repository https://github.com/DMClVG/bevy_empty_game
[INFO] running `Command { std: "git" "-c" "credential.helper=" "-c" "credential.helper=/workspace/cargo-home/bin/git-credential-null" "clone" "--bare" "https://github.com/DMClVG/bevy_empty_game" "/workspace/cache/git-repos/https%3A%2F%2Fgithub.com%2FDMClVG%2Fbevy_empty_game", kill_on_drop: false }`
[INFO] [stderr] Cloning into bare repository '/workspace/cache/git-repos/https%3A%2F%2Fgithub.com%2FDMClVG%2Fbevy_empty_game'...
[INFO] running `Command { std: "git" "rev-parse" "HEAD", kill_on_drop: false }`
[INFO] [stdout] 5c08ab8a8b5ad3c0d1464aa4ca6625f9b2da7392
[INFO] testing DMClVG/bevy_empty_game against beta-2023-04-20 for beta-1.70-1
[INFO] running `Command { std: "git" "clone" "/workspace/cache/git-repos/https%3A%2F%2Fgithub.com%2FDMClVG%2Fbevy_empty_game" "/workspace/builds/worker-0-tc2/source", kill_on_drop: false }`
[INFO] [stderr] Cloning into '/workspace/builds/worker-0-tc2/source'...
[INFO] [stderr] done.
[INFO] validating manifest of git repo https://github.com/DMClVG/bevy_empty_game on toolchain beta-2023-04-20
[INFO] running `Command { std: CARGO_HOME="/workspace/cargo-home" RUSTUP_HOME="/workspace/rustup-home" "/workspace/cargo-home/bin/cargo" "+beta-2023-04-20" "metadata" "--manifest-path" "Cargo.toml" "--no-deps", kill_on_drop: false }`
[INFO] removed /workspace/builds/worker-0-tc2/source/.cargo/config.toml
[INFO] started tweaking git repo https://github.com/DMClVG/bevy_empty_game
[INFO] finished tweaking git repo https://github.com/DMClVG/bevy_empty_game
[INFO] tweaked toml for git repo https://github.com/DMClVG/bevy_empty_game written to /workspace/builds/worker-0-tc2/source/Cargo.toml
[INFO] crate git repo https://github.com/DMClVG/bevy_empty_game already has a lockfile, it will not be regenerated
[INFO] running `Command { std: CARGO_HOME="/workspace/cargo-home" RUSTUP_HOME="/workspace/rustup-home" "/workspace/cargo-home/bin/cargo" "+beta-2023-04-20" "fetch" "--manifest-path" "Cargo.toml", kill_on_drop: false }`
[INFO] [stderr]     Updating crates.io index
[INFO] [stderr]  Downloading crates ...
[INFO] [stderr]   Downloaded bevy_reflect v0.7.0
[INFO] [stderr]   Downloaded cargo-manifest v0.2.6
[INFO] [stderr]   Downloaded bevy_derive v0.7.0
[INFO] [stderr]   Downloaded bevy-crevice-derive v0.7.0
[INFO] [stderr]   Downloaded bevy_math v0.7.0
[INFO] [stderr]   Downloaded bevy_app v0.7.0
[INFO] [stderr]   Downloaded bevy_macro_utils v0.7.0
[INFO] [stderr]   Downloaded bevy_diagnostic v0.7.0
[INFO] [stderr]   Downloaded bevy_log v0.7.0
[INFO] [stderr]   Downloaded glam v0.20.5
[INFO] [stderr]   Downloaded bevy_dylib v0.7.0
[INFO] [stderr]   Downloaded bevy_animation v0.7.0
[INFO] [stderr]   Downloaded bevy_scene v0.7.0
[INFO] [stderr]   Downloaded bevy_transform v0.7.0
[INFO] [stderr]   Downloaded bevy_utils v0.7.0
[INFO] [stderr]   Downloaded bevy_window v0.7.0
[INFO] [stderr]   Downloaded bevy_winit v0.7.0
[INFO] [stderr]   Downloaded bevy_audio v0.7.0
[INFO] [stderr]   Downloaded gilrs-core v0.3.2
[INFO] [stderr]   Downloaded ron v0.7.0
[INFO] [stderr]   Downloaded bevy_pbr v0.7.0
[INFO] [stderr]   Downloaded gilrs v0.8.2
[INFO] [stderr]   Downloaded bevy_render v0.7.0
[INFO] [stderr]   Downloaded bevy_ecs v0.7.0
[INFO] [stderr]   Downloaded bevy_crevice v0.7.0
[INFO] [stderr]   Downloaded hexasphere v7.0.0
[INFO] [stderr]   Downloaded async-task v4.2.0
[INFO] [stderr]   Downloaded erased-serde v0.3.20
[INFO] [stderr]   Downloaded bevy_asset v0.7.0
[INFO] [stderr]   Downloaded bevy_sprite v0.7.0
[INFO] [stderr]   Downloaded bevy_hierarchy v0.7.0
[INFO] [stderr]   Downloaded bevy_ui v0.7.0
[INFO] [stderr]   Downloaded bevy_tasks v0.7.0
[INFO] [stderr]   Downloaded bevy_gltf v0.7.0
[INFO] [stderr]   Downloaded bevy v0.7.0
[INFO] [stderr]   Downloaded base-x v0.2.10
[INFO] [stderr]   Downloaded bevy_gilrs v0.7.0
[INFO] [stderr]   Downloaded bevy_core_pipeline v0.7.0
[INFO] [stderr]   Downloaded filetime v0.2.16
[INFO] [stderr]   Downloaded kqueue v1.0.5
[INFO] [stderr]   Downloaded bevy_core v0.7.0
[INFO] [stderr]   Downloaded bevy_text v0.7.0
[INFO] [stderr]   Downloaded bevy_input v0.7.0
[INFO] [stderr]   Downloaded bevy_ecs_macros v0.7.0
[INFO] [stderr]   Downloaded bevy_reflect_derive v0.7.0
[INFO] [stderr]   Downloaded bevy_internal v0.7.0
[INFO] running `Command { std: "docker" "create" "-v" "/var/lib/crater-agent-workspace/builds/worker-0-tc2/target:/opt/rustwide/target:rw,Z" "-v" "/var/lib/crater-agent-workspace/builds/worker-0-tc2/source:/opt/rustwide/workdir:ro,Z" "-v" "/var/lib/crater-agent-workspace/cargo-home:/opt/rustwide/cargo-home:ro,Z" "-v" "/var/lib/crater-agent-workspace/rustup-home:/opt/rustwide/rustup-home:ro,Z" "-e" "SOURCE_DIR=/opt/rustwide/workdir" "-e" "CARGO_TARGET_DIR=/opt/rustwide/target" "-e" "CARGO_HOME=/opt/rustwide/cargo-home" "-e" "RUSTUP_HOME=/opt/rustwide/rustup-home" "-w" "/opt/rustwide/workdir" "-m" "1610612736" "--user" "0:0" "--network" "none" "ghcr.io/rust-lang/crates-build-env/linux@sha256:5ff2268d62e97bff2cde7d5815dd6ed5b47097566f13b8d0ca110b04b60e07ed" "/opt/rustwide/cargo-home/bin/cargo" "+beta-2023-04-20" "metadata" "--no-deps" "--format-version=1", kill_on_drop: false }`
[INFO] [stdout] ffe795d4d7a70f186f55a2be14cac83db40dc5814512a154b42338fb830c9b8f
[INFO] running `Command { std: "docker" "start" "-a" "ffe795d4d7a70f186f55a2be14cac83db40dc5814512a154b42338fb830c9b8f", kill_on_drop: false }`
[INFO] running `Command { std: "docker" "inspect" "ffe795d4d7a70f186f55a2be14cac83db40dc5814512a154b42338fb830c9b8f", kill_on_drop: false }`
[INFO] running `Command { std: "docker" "rm" "-f" "ffe795d4d7a70f186f55a2be14cac83db40dc5814512a154b42338fb830c9b8f", kill_on_drop: false }`
[INFO] [stdout] ffe795d4d7a70f186f55a2be14cac83db40dc5814512a154b42338fb830c9b8f
[INFO] running `Command { std: "docker" "create" "-v" "/var/lib/crater-agent-workspace/builds/worker-0-tc2/target:/opt/rustwide/target:rw,Z" "-v" "/var/lib/crater-agent-workspace/builds/worker-0-tc2/source:/opt/rustwide/workdir:ro,Z" "-v" "/var/lib/crater-agent-workspace/cargo-home:/opt/rustwide/cargo-home:ro,Z" "-v" "/var/lib/crater-agent-workspace/rustup-home:/opt/rustwide/rustup-home:ro,Z" "-e" "SOURCE_DIR=/opt/rustwide/workdir" "-e" "CARGO_TARGET_DIR=/opt/rustwide/target" "-e" "CARGO_INCREMENTAL=0" "-e" "RUST_BACKTRACE=full" "-e" "RUSTFLAGS=--cap-lints=warn" "-e" "RUSTDOCFLAGS=--cap-lints=warn" "-e" "CARGO_HOME=/opt/rustwide/cargo-home" "-e" "RUSTUP_HOME=/opt/rustwide/rustup-home" "-w" "/opt/rustwide/workdir" "-m" "1610612736" "--user" "0:0" "--network" "none" "ghcr.io/rust-lang/crates-build-env/linux@sha256:5ff2268d62e97bff2cde7d5815dd6ed5b47097566f13b8d0ca110b04b60e07ed" "/opt/rustwide/cargo-home/bin/cargo" "+beta-2023-04-20" "build" "--frozen" "--message-format=json", kill_on_drop: false }`
[INFO] [stdout] 2b65df0d5cad516f7499cb1006088ebcb7f792f9d3b6f1f09579353dc5be8ca7
[INFO] running `Command { std: "docker" "start" "-a" "2b65df0d5cad516f7499cb1006088ebcb7f792f9d3b6f1f09579353dc5be8ca7", kill_on_drop: false }`
[INFO] [stderr]    Compiling autocfg v1.1.0
[INFO] [stderr]    Compiling unicode-xid v0.2.2
[INFO] [stderr]    Compiling proc-macro2 v1.0.37
[INFO] [stderr]    Compiling syn v1.0.91
[INFO] [stderr]    Compiling cfg-if v1.0.0
[INFO] [stderr]    Compiling libc v0.2.124
[INFO] [stderr]    Compiling serde_derive v1.0.136
[INFO] [stderr]    Compiling serde v1.0.136
[INFO] [stderr]    Compiling once_cell v1.10.0
[INFO] [stderr]    Compiling lazy_static v1.4.0
[INFO] [stderr]    Compiling version_check v0.9.4
[INFO] [stderr]    Compiling bitflags v1.3.2
[INFO] [stderr]    Compiling hashbrown v0.11.2
[INFO] [stderr]    Compiling byteorder v1.4.3
[INFO] [stderr]    Compiling parking_lot_core v0.8.5
[INFO] [stderr]    Compiling instant v0.1.12
[INFO] [stderr]    Compiling scopeguard v1.1.0
[INFO] [stderr]    Compiling memchr v2.4.1
[INFO] [stderr]    Compiling pin-project-lite v0.2.8
[INFO] [stderr]    Compiling log v0.4.16
[INFO] [stderr]    Compiling tracing-core v0.1.26
[INFO] [stderr]    Compiling futures-core v0.3.21
[INFO] [stderr]    Compiling mint v0.5.9
[INFO] [stderr]    Compiling fixedbitset v0.4.1
[INFO] [stderr]    Compiling cache-padded v1.2.0
[INFO] [stderr]    Compiling erased-serde v0.3.20
[INFO] [stderr]    Compiling concurrent-queue v1.2.2
[INFO] [stderr]    Compiling fxhash v0.2.1
[INFO] [stderr]    Compiling parking v2.0.0
[INFO] [stderr]    Compiling waker-fn v1.1.0
[INFO] [stderr]    Compiling fastrand v1.7.0
[INFO] [stderr]    Compiling futures-io v0.3.21
[INFO] [stderr]    Compiling event-listener v2.5.2
[INFO] [stderr]    Compiling downcast-rs v1.2.0
[INFO] [stderr]    Compiling async-task v4.2.0
[INFO] [stderr]    Compiling slab v0.4.6
[INFO] [stderr]    Compiling async-channel v1.6.1
[INFO] [stderr]    Compiling pkg-config v0.3.25
[INFO] [stderr]    Compiling futures-lite v1.12.0
[INFO] [stderr]    Compiling regex-syntax v0.6.25
[INFO] [stderr]    Compiling aho-corasick v0.7.18
[INFO] [stderr]    Compiling ahash v0.7.6
[INFO] [stderr]    Compiling quote v1.0.18
[INFO] [stderr]    Compiling indexmap v1.8.1
[INFO] [stderr]    Compiling lock_api v0.4.7
[INFO] [stderr]    Compiling num-traits v0.2.14
[INFO] [stderr]    Compiling getrandom v0.2.6
[INFO] [stderr]    Compiling crossbeam-utils v0.8.8
[INFO] [stderr] LLVM ERROR: IO failure on output stream: No space left on device
[INFO] [stdout] error: couldn't create a temp dir: No space left on device (os error 28) at path "/opt/rustwide/target/debug/build/crossbeam-utils-9fccfc405cd480c1/rmeta8l279T"
[INFO] [stdout] 
[INFO] [stdout] 
[INFO] [stderr] thread 'rustc' panicked at 'assertion failed: pos.get() <= self.position()', compiler/rustc_metadata/src/rmeta/encoder.rs:433:9
[INFO] [stdout] error: couldn't create a temp dir: No space left on device (os error 28) at path "/opt/rustwide/target/debug/deps/rmetatssFUy"
[INFO] [stdout] 
[INFO] [stdout] 
[INFO] [stderr] error: could not compile `tracing-core` (lib)
[INFO] [stdout] error: error writing dependencies to `/opt/rustwide/target/debug/deps/syn-14f0b26eeb92789e.d`: No space left on device (os error 28)
[INFO] [stdout] 
[INFO] [stdout] 
[INFO] [stderr] warning: build failed, waiting for other jobs to finish...
[INFO] [stderr] error: could not compile `crossbeam-utils` (build script) due to previous error
[INFO] [stderr] thread 'rustc' panicked at 'assertion failed: pos.get() <= self.position()', compiler/rustc_metadata/src/rmeta/encoder.rs:433:9
[INFO] [stderr] thread 'rustc' panicked at 'assertion failed: pos.get() <= self.position()', compiler/rustc_metadata/src/rmeta/encoder.rs:433:9
[INFO] [stderr] error: could not compile `lock_api` (lib) due to previous error
[INFO] [stderr] LLVM ERROR: IO failure on output stream: No space left on device
[INFO] [stderr] error: could not compile `libc` (lib)
[INFO] [stderr] error: could not compile `aho-corasick` (lib)
[INFO] [stderr] error: could not compile `futures-lite` (lib)
[INFO] [stderr] error: failed to write `/opt/rustwide/target/debug/build/indexmap-9ee48aab5312ec5c/output`
[INFO] [stderr] 
[INFO] [stderr] Caused by:
[INFO] [stderr]   No space left on device (os error 28)
[INFO] [stderr] error: could not compile `libc` (lib)
[INFO] [stderr] LLVM ERROR: IO failure on output stream: No space left on device
[INFO] [stderr] error: could not compile `syn` (lib) due to previous error
[INFO] [stderr] error: could not compile `memchr` (lib)
[INFO] [stderr] error: failed to write `/opt/rustwide/target/debug/build/num-traits-365d3a1f40697dd9/output`
[INFO] [stderr] 
[INFO] [stderr] Caused by:
[INFO] [stderr]   No space left on device (os error 28)
[INFO] [stderr] LLVM ERROR: IO failure on output stream: No space left on device
[INFO] [stderr] error: could not compile `quote` (lib)
[INFO] [stderr] LLVM ERROR: IO failure on output stream: No space left on device
[INFO] [stdout] error: couldn't create a temp dir: No space left on device (os error 28) at path "/opt/rustwide/target/debug/deps/rmetaUb0Fm4"
[INFO] [stdout] 
[INFO] [stdout] 
[INFO] [stderr] error: could not compile `pkg-config` (lib)
[INFO] [stdout] error: couldn't create a temp dir: No space left on device (os error 28) at path "/opt/rustwide/target/debug/deps/rmetafInzTw"
[INFO] [stdout] 
[INFO] [stdout] 
[INFO] [stderr] LLVM ERROR: IO failure on output stream: No space left on device
[INFO] [stderr] error: could not compile `proc-macro2` (lib)
[INFO] [stderr] error: could not compile `regex-syntax` (lib) due to previous error
[INFO] [stderr] error: could not compile `serde` (lib) due to previous error
[INFO] running `Command { std: "docker" "inspect" "2b65df0d5cad516f7499cb1006088ebcb7f792f9d3b6f1f09579353dc5be8ca7", kill_on_drop: false }`
[INFO] running `Command { std: "docker" "rm" "-f" "2b65df0d5cad516f7499cb1006088ebcb7f792f9d3b6f1f09579353dc5be8ca7", kill_on_drop: false }`
[INFO] [stdout] 2b65df0d5cad516f7499cb1006088ebcb7f792f9d3b6f1f09579353dc5be8ca7
