[INFO] cloning repository https://github.com/DGolubets/keymapper
[INFO] running `Command { std: "git" "-c" "credential.helper=" "-c" "credential.helper=/workspace/cargo-home/bin/git-credential-null" "clone" "--bare" "https://github.com/DGolubets/keymapper" "/workspace/cache/git-repos/https%3A%2F%2Fgithub.com%2FDGolubets%2Fkeymapper", kill_on_drop: false }`
[INFO] [stderr] Cloning into bare repository '/workspace/cache/git-repos/https%3A%2F%2Fgithub.com%2FDGolubets%2Fkeymapper'...
[INFO] running `Command { std: "git" "rev-parse" "HEAD", kill_on_drop: false }`
[INFO] [stdout] f451e4a2cc77f1235b2179e1810a5022ae2c7091
[INFO] testing DGolubets/keymapper against beta-2023-04-20 for beta-1.70-1
[INFO] running `Command { std: "git" "clone" "/workspace/cache/git-repos/https%3A%2F%2Fgithub.com%2FDGolubets%2Fkeymapper" "/workspace/builds/worker-2-tc2/source", kill_on_drop: false }`
[INFO] [stderr] Cloning into '/workspace/builds/worker-2-tc2/source'...
[INFO] [stderr] done.
[INFO] validating manifest of git repo https://github.com/DGolubets/keymapper on toolchain beta-2023-04-20
[INFO] running `Command { std: CARGO_HOME="/workspace/cargo-home" RUSTUP_HOME="/workspace/rustup-home" "/workspace/cargo-home/bin/cargo" "+beta-2023-04-20" "metadata" "--manifest-path" "Cargo.toml" "--no-deps", kill_on_drop: false }`
[INFO] started tweaking git repo https://github.com/DGolubets/keymapper
[INFO] finished tweaking git repo https://github.com/DGolubets/keymapper
[INFO] tweaked toml for git repo https://github.com/DGolubets/keymapper written to /workspace/builds/worker-2-tc2/source/Cargo.toml
[INFO] crate git repo https://github.com/DGolubets/keymapper already has a lockfile, it will not be regenerated
[INFO] running `Command { std: CARGO_HOME="/workspace/cargo-home" RUSTUP_HOME="/workspace/rustup-home" "/workspace/cargo-home/bin/cargo" "+beta-2023-04-20" "fetch" "--manifest-path" "Cargo.toml", kill_on_drop: false }`
[INFO] [stderr]  Downloading crates ...
[INFO] [stderr]   Downloaded serde_yaml v0.8.11
[INFO] [stderr]   Downloaded config v0.13.1
[INFO] running `Command { std: "docker" "create" "-v" "/var/lib/crater-agent-workspace/builds/worker-2-tc2/target:/opt/rustwide/target:rw,Z" "-v" "/var/lib/crater-agent-workspace/builds/worker-2-tc2/source:/opt/rustwide/workdir:ro,Z" "-v" "/var/lib/crater-agent-workspace/cargo-home:/opt/rustwide/cargo-home:ro,Z" "-v" "/var/lib/crater-agent-workspace/rustup-home:/opt/rustwide/rustup-home:ro,Z" "-e" "SOURCE_DIR=/opt/rustwide/workdir" "-e" "CARGO_TARGET_DIR=/opt/rustwide/target" "-e" "CARGO_HOME=/opt/rustwide/cargo-home" "-e" "RUSTUP_HOME=/opt/rustwide/rustup-home" "-w" "/opt/rustwide/workdir" "-m" "1610612736" "--user" "0:0" "--network" "none" "ghcr.io/rust-lang/crates-build-env/linux@sha256:5ff2268d62e97bff2cde7d5815dd6ed5b47097566f13b8d0ca110b04b60e07ed" "/opt/rustwide/cargo-home/bin/cargo" "+beta-2023-04-20" "metadata" "--no-deps" "--format-version=1", kill_on_drop: false }`
[INFO] [stdout] e0a04d15e7c904ce6367cfc4d2cc2b3a1de905d0c9fbf760fe2c6e4c467dcefd
[INFO] running `Command { std: "docker" "start" "-a" "e0a04d15e7c904ce6367cfc4d2cc2b3a1de905d0c9fbf760fe2c6e4c467dcefd", kill_on_drop: false }`
[INFO] running `Command { std: "docker" "inspect" "e0a04d15e7c904ce6367cfc4d2cc2b3a1de905d0c9fbf760fe2c6e4c467dcefd", kill_on_drop: false }`
[INFO] running `Command { std: "docker" "rm" "-f" "e0a04d15e7c904ce6367cfc4d2cc2b3a1de905d0c9fbf760fe2c6e4c467dcefd", kill_on_drop: false }`
[INFO] [stdout] e0a04d15e7c904ce6367cfc4d2cc2b3a1de905d0c9fbf760fe2c6e4c467dcefd
[INFO] running `Command { std: "docker" "create" "-v" "/var/lib/crater-agent-workspace/builds/worker-2-tc2/target:/opt/rustwide/target:rw,Z" "-v" "/var/lib/crater-agent-workspace/builds/worker-2-tc2/source:/opt/rustwide/workdir:ro,Z" "-v" "/var/lib/crater-agent-workspace/cargo-home:/opt/rustwide/cargo-home:ro,Z" "-v" "/var/lib/crater-agent-workspace/rustup-home:/opt/rustwide/rustup-home:ro,Z" "-e" "SOURCE_DIR=/opt/rustwide/workdir" "-e" "CARGO_TARGET_DIR=/opt/rustwide/target" "-e" "CARGO_INCREMENTAL=0" "-e" "RUST_BACKTRACE=full" "-e" "RUSTFLAGS=--cap-lints=warn" "-e" "RUSTDOCFLAGS=--cap-lints=warn" "-e" "CARGO_HOME=/opt/rustwide/cargo-home" "-e" "RUSTUP_HOME=/opt/rustwide/rustup-home" "-w" "/opt/rustwide/workdir" "-m" "1610612736" "--user" "0:0" "--network" "none" "ghcr.io/rust-lang/crates-build-env/linux@sha256:5ff2268d62e97bff2cde7d5815dd6ed5b47097566f13b8d0ca110b04b60e07ed" "/opt/rustwide/cargo-home/bin/cargo" "+beta-2023-04-20" "build" "--frozen" "--message-format=json", kill_on_drop: false }`
[INFO] [stdout] f36b4df880a2bbf97b6dd3a1f2e693111ff02bfd0a28aeb0710a401e07d148d0
[INFO] running `Command { std: "docker" "start" "-a" "f36b4df880a2bbf97b6dd3a1f2e693111ff02bfd0a28aeb0710a401e07d148d0", kill_on_drop: false }`
[INFO] [stderr]    Compiling proc-macro2 v1.0.40
[INFO] [stderr]    Compiling unicode-ident v1.0.1
[INFO] [stderr]    Compiling syn v1.0.98
[INFO] [stderr]    Compiling libc v0.2.126
[INFO] [stderr]    Compiling serde v1.0.103
[INFO] [stderr]    Compiling autocfg v0.1.7
[INFO] [stderr]    Compiling cfg-if v1.0.0
[INFO] [stderr]    Compiling memchr v2.5.0
[INFO] [stderr]    Compiling version_check v0.9.4
[INFO] [stderr]    Compiling once_cell v1.13.0
[INFO] [stderr]    Compiling autocfg v1.1.0
[INFO] [stderr]    Compiling ucd-trie v0.1.4
[INFO] [stderr]    Compiling proc-macro-nested v0.1.3
[INFO] [stderr]    Compiling log v0.4.8
[INFO] [stderr]    Compiling maplit v1.0.2
[INFO] [stderr]    Compiling parking_lot_core v0.9.3
[INFO] [stderr]    Compiling ryu v1.0.2
[INFO] [stderr]    Compiling futures-sink v0.3.1
[INFO] [stderr]    Compiling linked-hash-map v0.5.2
[INFO] [stderr]    Compiling smallvec v1.9.0
[INFO] [stderr]    Compiling cfg-if v0.1.10
[INFO] [stderr]    Compiling futures-core v0.3.1
[INFO] [stderr]    Compiling bitflags v1.2.1
[INFO] [stderr]    Compiling ahash v0.7.6
[INFO] [stderr]    Compiling pest v2.1.3
[INFO] [stderr]    Compiling num-traits v0.2.10
[INFO] [stderr]    Compiling num-integer v0.1.41
[INFO] [stderr]    Compiling scopeguard v1.1.0
[INFO] [stderr]    Compiling yaml-rust v0.4.3
[INFO] [stderr]    Compiling futures-channel v0.3.1
[INFO] [stderr]    Compiling async-trait v0.1.56
[INFO] [stderr]    Compiling lock_api v0.4.7
[INFO] [stderr]    Compiling futures-task v0.3.1
[INFO] [stderr]    Compiling futures-io v0.3.1
[INFO] [stderr]    Compiling anyhow v1.0.58
[INFO] [stderr]    Compiling itoa v0.4.4
[INFO] [stderr]    Compiling traitobject v0.1.0
[INFO] [stderr]    Compiling slab v0.4.2
[INFO] [stderr]    Compiling pin-utils v0.1.0-alpha.4
[INFO] [stderr]    Compiling winapi-build v0.1.1
[INFO] [stderr]    Compiling dlv-list v0.3.0
[INFO] [stderr]    Compiling minimal-lexical v0.2.1
[INFO] [stderr]    Compiling arc-swap v0.4.4
[INFO] [stderr]    Compiling getrandom v0.2.7
[INFO] [stderr]    Compiling time v0.1.42
[INFO] [stderr]    Compiling unsafe-any v0.4.2
[INFO] [stderr]    Compiling pest_meta v2.1.3
[INFO] [stderr]    Compiling dtoa v0.4.4
[INFO] [stderr]    Compiling user32-sys v0.2.0
[INFO] [stderr]    Compiling quote v1.0.2
[INFO] [stderr]    Compiling parking_lot v0.12.1
[INFO] [stderr]    Compiling winapi v0.3.9
[INFO] [stderr]    Compiling base64 v0.13.0
[INFO] [stderr]    Compiling signal-hook-registry v1.2.0
[INFO] [stderr]    Compiling nom v7.1.1
[INFO] [stderr]    Compiling typemap v0.3.3
[INFO] [stderr]    Compiling num_cpus v1.11.1
[INFO] [stderr]    Compiling thread-id v4.0.0
[INFO] [stderr]    Compiling socket2 v0.4.4
[INFO] [stderr]    Compiling log-mdc v0.1.0
[INFO] [stderr]    Compiling fnv v1.0.6
[INFO] [stderr]    Compiling bytes v1.1.0
[INFO] [stderr]    Compiling pathdiff v0.2.1
[INFO] [stderr]    Compiling hashbrown v0.12.1
[INFO] [stderr]    Compiling lazy_static v1.4.0
[INFO] [stderr]    Compiling humantime v2.1.0
[INFO] [stderr]    Compiling keymapper v0.0.1 (/opt/rustwide/workdir)
[INFO] [stderr]    Compiling arc-swap v1.5.0
[INFO] [stderr]    Compiling pin-project-lite v0.2.9
[INFO] [stderr]    Compiling winapi v0.2.8
[INFO] [stderr]    Compiling RustyXML v0.3.0
[INFO] [stderr]    Compiling ordered-float v2.10.0
[INFO] [stderr]    Compiling chrono v0.4.10
[INFO] [stderr]    Compiling ordered-multimap v0.4.3
[INFO] [stderr]    Compiling rust-ini v0.18.0
[INFO] [stderr]    Compiling pest_generator v2.1.3
[INFO] [stderr]    Compiling serde_derive v1.0.103
[INFO] [stderr]    Compiling proc-macro-hack v0.5.11
[INFO] [stderr]    Compiling thiserror-impl v1.0.31
[INFO] [stderr]    Compiling derivative v2.2.0
[INFO] [stderr]    Compiling tokio-macros v1.8.0
[INFO] [stderr]    Compiling pest_derive v2.1.0
[INFO] [stderr]    Compiling futures-macro v0.3.1
[INFO] [stderr]    Compiling thiserror v1.0.31
[INFO] [stderr]    Compiling futures-util v0.3.1
[INFO] [stderr]    Compiling futures-executor v0.3.1
[INFO] [stderr]    Compiling futures v0.3.1
[INFO] [stderr]    Compiling serde_json v1.0.44
[INFO] [stderr]    Compiling toml v0.5.5
[INFO] [stderr]    Compiling serde_yaml v0.8.11
[INFO] [stderr]    Compiling ron v0.7.1
[INFO] [stderr]    Compiling json5 v0.4.1
[INFO] [stderr]    Compiling serde-value v0.7.0
[INFO] [stderr]    Compiling mio v0.8.4
[INFO] [stderr]    Compiling tokio v1.19.2
[INFO] [stderr]    Compiling config v0.13.1
[INFO] [stderr]    Compiling log4rs v1.1.1
[INFO] [stdout] error[E0433]: failed to resolve: could not find `shared` in `winapi`
[INFO] [stdout]  --> src/windows/hook.rs:6:13
[INFO] [stdout]   |
[INFO] [stdout] 6 | use winapi::shared::minwindef::HIWORD;
[INFO] [stdout]   |             ^^^^^^ could not find `shared` in `winapi`
[INFO] [stdout] 
[INFO] [stdout] 
[INFO] [stdout] error[E0433]: failed to resolve: could not find `shared` in `winapi`
[INFO] [stdout]  --> src/windows/hook.rs:7:13
[INFO] [stdout]   |
[INFO] [stdout] 7 | use winapi::shared::windef::*;
[INFO] [stdout]   |             ^^^^^^ could not find `shared` in `winapi`
[INFO] [stdout] 
[INFO] [stdout] 
[INFO] [stdout] error[E0433]: failed to resolve: could not find `um` in `winapi`
[INFO] [stdout]  --> src/windows/hook.rs:8:13
[INFO] [stdout]   |
[INFO] [stdout] 8 | use winapi::um::winuser::*;
[INFO] [stdout]   |             ^^ could not find `um` in `winapi`
[INFO] [stdout] 
[INFO] [stdout] 
[INFO] [stdout] error[E0433]: failed to resolve: could not find `um` in `winapi`
[INFO] [stdout]  --> src/windows/input.rs:3:13
[INFO] [stdout]   |
[INFO] [stdout] 3 | use winapi::um::winuser::*;
[INFO] [stdout]   |             ^^ could not find `um` in `winapi`
[INFO] [stdout] 
[INFO] [stdout] 
[INFO] [stdout] error[E0433]: failed to resolve: could not find `um` in `winapi`
[INFO] [stdout]  --> src/windows/message.rs:4:13
[INFO] [stdout]   |
[INFO] [stdout] 4 | use winapi::um::winuser::*;
[INFO] [stdout]   |             ^^ could not find `um` in `winapi`
[INFO] [stdout] 
[INFO] [stdout] 
[INFO] [stdout] error[E0433]: failed to resolve: could not find `windows` in `os`
[INFO] [stdout]  --> src/windows/window.rs:3:14
[INFO] [stdout]   |
[INFO] [stdout] 3 | use std::os::windows::ffi::OsStrExt;
[INFO] [stdout]   |              ^^^^^^^ could not find `windows` in `os`
[INFO] [stdout] 
[INFO] [stdout] 
[INFO] [stdout] error[E0433]: failed to resolve: could not find `shared` in `winapi`
[INFO] [stdout]  --> src/windows/window.rs:6:13
[INFO] [stdout]   |
[INFO] [stdout] 6 | use winapi::shared::windef::*;
[INFO] [stdout]   |             ^^^^^^ could not find `shared` in `winapi`
[INFO] [stdout] 
[INFO] [stdout] 
[INFO] [stdout] error[E0433]: failed to resolve: could not find `um` in `winapi`
[INFO] [stdout]  --> src/windows/window.rs:7:13
[INFO] [stdout]   |
[INFO] [stdout] 7 | use winapi::um::winuser::*;
[INFO] [stdout]   |             ^^ could not find `um` in `winapi`
[INFO] [stdout] 
[INFO] [stdout] 
[INFO] [stdout] error[E0425]: cannot find value `WH_KEYBOARD_LL` in this scope
[INFO] [stdout]   --> src/windows/hook.rs:43:35
[INFO] [stdout]    |
[INFO] [stdout] 43 |                 SetWindowsHookExW(WH_KEYBOARD_LL, Some(keyboard_hook_proc), ptr::null_mut(), 0)
[INFO] [stdout]    |                                   ^^^^^^^^^^^^^^ not found in this scope
[INFO] [stdout] 
[INFO] [stdout] 
[INFO] [stdout] error[E0412]: cannot find type `KBDLLHOOKSTRUCT` in this scope
[INFO] [stdout]   --> src/windows/hook.rs:47:58
[INFO] [stdout]    |
[INFO] [stdout] 47 |                 let kbhs = unsafe { &*(l_param as *const KBDLLHOOKSTRUCT) };
[INFO] [stdout]    |                                                          ^^^^^^^^^^^^^^^ not found in this scope
[INFO] [stdout] 
[INFO] [stdout] 
[INFO] [stdout] error[E0425]: cannot find value `WH_MOUSE_LL` in this scope
[INFO] [stdout]   --> src/windows/hook.rs:72:35
[INFO] [stdout]    |
[INFO] [stdout] 72 |                 SetWindowsHookExW(WH_MOUSE_LL, Some(mouse_hook_proc), ptr::null_mut(), 0)
[INFO] [stdout]    |                                   ^^^^^^^^^^^ not found in this scope
[INFO] [stdout] 
[INFO] [stdout] 
[INFO] [stdout] error[E0412]: cannot find type `MSLLHOOKSTRUCT` in this scope
[INFO] [stdout]   --> src/windows/hook.rs:76:58
[INFO] [stdout]    |
[INFO] [stdout] 76 |                 let mshs = unsafe { &*(l_param as *const MSLLHOOKSTRUCT) };
[INFO] [stdout]    |                                                          ^^^^^^^^^^^^^^ not found in this scope
[INFO] [stdout] 
[INFO] [stdout] 
[INFO] [stdout] error[E0412]: cannot find type `HHOOK` in this scope
[INFO] [stdout]    --> src/windows/hook.rs:104:13
[INFO] [stdout]     |
[INFO] [stdout] 104 |     handle: HHOOK,
[INFO] [stdout]     |             ^^^^^ not found in this scope
[INFO] [stdout] 
[INFO] [stdout] 
[INFO] [stdout] error[E0425]: cannot find value `LLKHF_ALTDOWN` in this scope
[INFO] [stdout]    --> src/windows/hook.rs:139:22
[INFO] [stdout]     |
[INFO] [stdout] 139 |         self.flags & LLKHF_ALTDOWN > 0
[INFO] [stdout]     |                      ^^^^^^^^^^^^^ not found in this scope
[INFO] [stdout] 
[INFO] [stdout] 
[INFO] [stdout] error[E0425]: cannot find value `LLKHF_UP` in this scope
[INFO] [stdout]    --> src/windows/hook.rs:143:22
[INFO] [stdout]     |
[INFO] [stdout] 143 |         self.flags & LLKHF_UP > 0
[INFO] [stdout]     |                      ^^^^^^^^ not found in this scope
[INFO] [stdout] 
[INFO] [stdout] 
[INFO] [stdout] error[E0422]: cannot find struct, variant or union type `INPUT` in this scope
[INFO] [stdout]  --> src/windows/input.rs:7:25
[INFO] [stdout]   |
[INFO] [stdout] 7 |         let mut input = INPUT {
[INFO] [stdout]   |                         ^^^^^ not found in this scope
[INFO] [stdout] 
[INFO] [stdout] 
[INFO] [stdout] error[E0425]: cannot find value `INPUT_KEYBOARD` in this scope
[INFO] [stdout]  --> src/windows/input.rs:8:20
[INFO] [stdout]   |
[INFO] [stdout] 8 |             type_: INPUT_KEYBOARD,
[INFO] [stdout]   |                    ^^^^^^^^^^^^^^ not found in this scope
[INFO] [stdout] 
[INFO] [stdout] 
[INFO] [stdout] error[E0422]: cannot find struct, variant or union type `KEYBDINPUT` in this scope
[INFO] [stdout]   --> src/windows/input.rs:11:29
[INFO] [stdout]    |
[INFO] [stdout] 11 |         *input.u.ki_mut() = KEYBDINPUT {
[INFO] [stdout]    |                             ^^^^^^^^^^ not found in this scope
[INFO] [stdout] 
[INFO] [stdout] 
[INFO] [stdout] error[E0425]: cannot find value `KEYEVENTF_KEYUP` in this scope
[INFO] [stdout]   --> src/windows/input.rs:13:30
[INFO] [stdout]    |
[INFO] [stdout] 13 |             dwFlags: if up { KEYEVENTF_KEYUP } else { 0 },
[INFO] [stdout]    |                              ^^^^^^^^^^^^^^^ not found in this scope
[INFO] [stdout] 
[INFO] [stdout] 
[INFO] [stdout] error[E0412]: cannot find type `INPUT` in this scope
[INFO] [stdout]   --> src/windows/input.rs:19:49
[INFO] [stdout]    |
[INFO] [stdout] 19 |         SendInput(1, &mut input, mem::size_of::<INPUT>() as i32);
[INFO] [stdout]    |                                                 ^^^^^ not found in this scope
[INFO] [stdout]    |
[INFO] [stdout] help: you might be missing a type parameter
[INFO] [stdout]    |
[INFO] [stdout] 5  | pub fn send_input_key<INPUT>(virtual_key: i32, up: bool) {
[INFO] [stdout]    |                      +++++++
[INFO] [stdout] 
[INFO] [stdout] 
[INFO] [stdout] error[E0412]: cannot find type `MSG` in this scope
[INFO] [stdout]  --> src/windows/message.rs:8:22
[INFO] [stdout]   |
[INFO] [stdout] 8 |         let mut msg: MSG = mem::zeroed();
[INFO] [stdout]   |                      ^^^ not found in this scope
[INFO] [stdout] 
[INFO] [stdout] 
[INFO] [stdout] error[E0412]: cannot find type `HWND` in this scope
[INFO] [stdout]   --> src/windows/window.rs:10:13
[INFO] [stdout]    |
[INFO] [stdout] 10 |     handle: HWND,
[INFO] [stdout]    |             ^^^^ not found in this scope
[INFO] [stdout] 
[INFO] [stdout] 
[INFO] [stdout] error[E0425]: cannot find value `SM_CXSCREEN` in this scope
[INFO] [stdout]   --> src/windows/window.rs:58:38
[INFO] [stdout]    |
[INFO] [stdout] 58 |             let w = GetSystemMetrics(SM_CXSCREEN);
[INFO] [stdout]    |                                      ^^^^^^^^^^^ not found in this scope
[INFO] [stdout] 
[INFO] [stdout] 
[INFO] [stdout] error[E0425]: cannot find value `SM_CYSCREEN` in this scope
[INFO] [stdout]   --> src/windows/window.rs:59:38
[INFO] [stdout]    |
[INFO] [stdout] 59 |             let h = GetSystemMetrics(SM_CYSCREEN);
[INFO] [stdout]    |                                      ^^^^^^^^^^^ not found in this scope
[INFO] [stdout] 
[INFO] [stdout] 
[INFO] [stdout] error[E0425]: cannot find value `GWL_EXSTYLE` in this scope
[INFO] [stdout]   --> src/windows/window.rs:61:44
[INFO] [stdout]    |
[INFO] [stdout] 61 |             if GetWindowLongW(self.handle, GWL_EXSTYLE) as u32 & WS_EX_TOPMOST > 0 {
[INFO] [stdout]    |                                            ^^^^^^^^^^^ not found in this scope
[INFO] [stdout] 
[INFO] [stdout] 
[INFO] [stdout] error[E0425]: cannot find value `WS_EX_TOPMOST` in this scope
[INFO] [stdout]   --> src/windows/window.rs:61:66
[INFO] [stdout]    |
[INFO] [stdout] 61 |             if GetWindowLongW(self.handle, GWL_EXSTYLE) as u32 & WS_EX_TOPMOST > 0 {
[INFO] [stdout]    |                                                                  ^^^^^^^^^^^^^ not found in this scope
[INFO] [stdout] 
[INFO] [stdout] 
[INFO] [stdout] error[E0412]: cannot find type `RECT` in this scope
[INFO] [stdout]   --> src/windows/window.rs:62:31
[INFO] [stdout]    |
[INFO] [stdout] 62 |                 let mut rect: RECT = mem::zeroed();
[INFO] [stdout]    |                               ^^^^ not found in this scope
[INFO] [stdout] 
[INFO] [stdout] 
[INFO] [stdout] warning: use of deprecated method `std::error::Error::description`: use the Display impl or to_string()
[INFO] [stdout]   --> src/errors.rs:38:47
[INFO] [stdout]    |
[INFO] [stdout] 38 |             AppError::IoError(ref err) => err.description(),
[INFO] [stdout]    |                                               ^^^^^^^^^^^
[INFO] [stdout]    |
[INFO] [stdout]    = note: `#[warn(deprecated)]` on by default
[INFO] [stdout] 
[INFO] [stdout] 
[INFO] [stdout] error[E0425]: cannot find function, tuple struct or tuple variant `SetWindowsHookExW` in this scope
[INFO] [stdout]   --> src/windows/hook.rs:43:17
[INFO] [stdout]    |
[INFO] [stdout] 43 |                 SetWindowsHookExW(WH_KEYBOARD_LL, Some(keyboard_hook_proc), ptr::null_mut(), 0)
[INFO] [stdout]    |                 ^^^^^^^^^^^^^^^^^ not found in this scope
[INFO] [stdout] 
[INFO] [stdout] 
[INFO] [stdout] error[E0425]: cannot find function, tuple struct or tuple variant `SetWindowsHookExW` in this scope
[INFO] [stdout]   --> src/windows/hook.rs:72:17
[INFO] [stdout]    |
[INFO] [stdout] 72 |                 SetWindowsHookExW(WH_MOUSE_LL, Some(mouse_hook_proc), ptr::null_mut(), 0)
[INFO] [stdout]    |                 ^^^^^^^^^^^^^^^^^ not found in this scope
[INFO] [stdout] 
[INFO] [stdout] 
[INFO] [stdout] error[E0425]: cannot find function, tuple struct or tuple variant `UnhookWindowsHookEx` in this scope
[INFO] [stdout]    --> src/windows/hook.rs:112:13
[INFO] [stdout]     |
[INFO] [stdout] 112 |             UnhookWindowsHookEx(self.handle);
[INFO] [stdout]     |             ^^^^^^^^^^^^^^^^^^^ not found in this scope
[INFO] [stdout] 
[INFO] [stdout] 
[INFO] [stdout] error[E0425]: cannot find function, tuple struct or tuple variant `CallNextHookEx` in this scope
[INFO] [stdout]    --> src/windows/hook.rs:195:5
[INFO] [stdout]     |
[INFO] [stdout] 195 |     CallNextHookEx(ptr::null_mut(), n_code, w_param, l_param)
[INFO] [stdout]     |     ^^^^^^^^^^^^^^ not found in this scope
[INFO] [stdout] 
[INFO] [stdout] 
[INFO] [stdout] error[E0425]: cannot find function, tuple struct or tuple variant `SendInput` in this scope
[INFO] [stdout]   --> src/windows/input.rs:19:9
[INFO] [stdout]    |
[INFO] [stdout] 19 |         SendInput(1, &mut input, mem::size_of::<INPUT>() as i32);
[INFO] [stdout]    |         ^^^^^^^^^ not found in this scope
[INFO] [stdout] 
[INFO] [stdout] 
[INFO] [stdout] error[E0425]: cannot find function, tuple struct or tuple variant `GetMessageW` in this scope
[INFO] [stdout]  --> src/windows/message.rs:9:15
[INFO] [stdout]   |
[INFO] [stdout] 9 |         while GetMessageW(&mut msg, ptr::null_mut(), 0, 0) > 0 {
[INFO] [stdout]   |               ^^^^^^^^^^^ not found in this scope
[INFO] [stdout] 
[INFO] [stdout] 
[INFO] [stdout] error[E0425]: cannot find function, tuple struct or tuple variant `DispatchMessageW` in this scope
[INFO] [stdout]   --> src/windows/message.rs:10:13
[INFO] [stdout]    |
[INFO] [stdout] 10 |             DispatchMessageW(&msg);
[INFO] [stdout]    |             ^^^^^^^^^^^^^^^^ not found in this scope
[INFO] [stdout] 
[INFO] [stdout] 
[INFO] [stdout] error[E0425]: cannot find function, tuple struct or tuple variant `PostQuitMessage` in this scope
[INFO] [stdout]   --> src/windows/message.rs:17:14
[INFO] [stdout]    |
[INFO] [stdout] 17 |     unsafe { PostQuitMessage(0) };
[INFO] [stdout]    |              ^^^^^^^^^^^^^^^ not found in this scope
[INFO] [stdout] 
[INFO] [stdout] 
[INFO] [stdout] error[E0599]: no method named `encode_wide` found for reference `&OsStr` in the current scope
[INFO] [stdout]   --> src/windows/window.rs:19:14
[INFO] [stdout]    |
[INFO] [stdout] 17 |           let title = OsString::from(name)
[INFO] [stdout]    |  _____________________-
[INFO] [stdout] 18 | |             .as_os_str()
[INFO] [stdout] 19 | |             .encode_wide()
[INFO] [stdout]    | |             -^^^^^^^^^^^ method not found in `&OsStr`
[INFO] [stdout]    | |_____________|
[INFO] [stdout]    | 
[INFO] [stdout] 
[INFO] [stdout] 
[INFO] [stdout] error[E0425]: cannot find function, tuple struct or tuple variant `FindWindowExW` in this scope
[INFO] [stdout]   --> src/windows/window.rs:27:26
[INFO] [stdout]    |
[INFO] [stdout] 27 |                 unsafe { FindWindowExW(ptr::null_mut(), handle, ptr::null_mut(), title.as_ptr()) };
[INFO] [stdout]    |                          ^^^^^^^^^^^^^ not found in this scope
[INFO] [stdout] 
[INFO] [stdout] 
[INFO] [stdout] error[E0425]: cannot find function, tuple struct or tuple variant `GetForegroundWindow` in this scope
[INFO] [stdout]   --> src/windows/window.rs:39:31
[INFO] [stdout]    |
[INFO] [stdout] 39 |         let handle = unsafe { GetForegroundWindow() };
[INFO] [stdout]    |                               ^^^^^^^^^^^^^^^^^^^ not found in this scope
[INFO] [stdout] 
[INFO] [stdout] 
[INFO] [stdout] error[E0425]: cannot find function, tuple struct or tuple variant `IsWindow` in this scope
[INFO] [stdout]   --> src/windows/window.rs:49:18
[INFO] [stdout]    |
[INFO] [stdout] 49 |         unsafe { IsWindow(self.handle) > 0 }
[INFO] [stdout]    |                  ^^^^^^^^ not found in this scope
[INFO] [stdout] 
[INFO] [stdout] 
[INFO] [stdout] error[E0425]: cannot find function, tuple struct or tuple variant `GetForegroundWindow` in this scope
[INFO] [stdout]   --> src/windows/window.rs:53:18
[INFO] [stdout]    |
[INFO] [stdout] 53 |         unsafe { GetForegroundWindow() == self.handle }
[INFO] [stdout]    |                  ^^^^^^^^^^^^^^^^^^^ not found in this scope
[INFO] [stdout] 
[INFO] [stdout] 
[INFO] [stdout] error[E0425]: cannot find function, tuple struct or tuple variant `GetSystemMetrics` in this scope
[INFO] [stdout]   --> src/windows/window.rs:58:21
[INFO] [stdout]    |
[INFO] [stdout] 58 |             let w = GetSystemMetrics(SM_CXSCREEN);
[INFO] [stdout]    |                     ^^^^^^^^^^^^^^^^ not found in this scope
[INFO] [stdout] 
[INFO] [stdout] 
[INFO] [stdout] error[E0425]: cannot find function, tuple struct or tuple variant `GetSystemMetrics` in this scope
[INFO] [stdout]   --> src/windows/window.rs:59:21
[INFO] [stdout]    |
[INFO] [stdout] 59 |             let h = GetSystemMetrics(SM_CYSCREEN);
[INFO] [stdout]    |                     ^^^^^^^^^^^^^^^^ not found in this scope
[INFO] [stdout] 
[INFO] [stdout] 
[INFO] [stdout] error[E0425]: cannot find function, tuple struct or tuple variant `GetWindowLongW` in this scope
[INFO] [stdout]   --> src/windows/window.rs:61:16
[INFO] [stdout]    |
[INFO] [stdout] 61 |             if GetWindowLongW(self.handle, GWL_EXSTYLE) as u32 & WS_EX_TOPMOST > 0 {
[INFO] [stdout]    |                ^^^^^^^^^^^^^^ not found in this scope
[INFO] [stdout] 
[INFO] [stdout] 
[INFO] [stdout] error[E0425]: cannot find function, tuple struct or tuple variant `GetWindowRect` in this scope
[INFO] [stdout]   --> src/windows/window.rs:63:17
[INFO] [stdout]    |
[INFO] [stdout] 63 |                 GetWindowRect(self.handle, &mut rect);
[INFO] [stdout]    |                 ^^^^^^^^^^^^^ not found in this scope
[INFO] [stdout] 
[INFO] [stdout] 
[INFO] [stdout] error: aborting due to 44 previous errors; 1 warning emitted
[INFO] [stdout] 
[INFO] [stdout] 
[INFO] [stdout] Some errors have detailed explanations: E0412, E0422, E0425, E0433, E0599.
[INFO] [stdout] 
[INFO] [stdout] For more information about an error, try `rustc --explain E0412`.
[INFO] [stdout] 
[INFO] [stderr] error: could not compile `keymapper` (bin "keymapper") due to 45 previous errors; 1 warning emitted
[INFO] running `Command { std: "docker" "inspect" "f36b4df880a2bbf97b6dd3a1f2e693111ff02bfd0a28aeb0710a401e07d148d0", kill_on_drop: false }`
[INFO] running `Command { std: "docker" "rm" "-f" "f36b4df880a2bbf97b6dd3a1f2e693111ff02bfd0a28aeb0710a401e07d148d0", kill_on_drop: false }`
[INFO] [stdout] f36b4df880a2bbf97b6dd3a1f2e693111ff02bfd0a28aeb0710a401e07d148d0
