[INFO] cloning repository https://github.com/CurryPseudo/white-land
[INFO] running `Command { std: "git" "-c" "credential.helper=" "-c" "credential.helper=/workspace/cargo-home/bin/git-credential-null" "clone" "--bare" "https://github.com/CurryPseudo/white-land" "/workspace/cache/git-repos/https%3A%2F%2Fgithub.com%2FCurryPseudo%2Fwhite-land", kill_on_drop: false }`
[INFO] [stderr] Cloning into bare repository '/workspace/cache/git-repos/https%3A%2F%2Fgithub.com%2FCurryPseudo%2Fwhite-land'...
[INFO] running `Command { std: "git" "rev-parse" "HEAD", kill_on_drop: false }`
[INFO] [stdout] c930f2992e4579310bc44199724ad46265294d4a
[INFO] testing CurryPseudo/white-land against beta-2023-04-20 for beta-1.70-1
[INFO] running `Command { std: "git" "clone" "/workspace/cache/git-repos/https%3A%2F%2Fgithub.com%2FCurryPseudo%2Fwhite-land" "/workspace/builds/worker-7-tc2/source", kill_on_drop: false }`
[INFO] [stderr] Cloning into '/workspace/builds/worker-7-tc2/source'...
[INFO] [stderr] done.
[INFO] validating manifest of git repo https://github.com/CurryPseudo/white-land on toolchain beta-2023-04-20
[INFO] running `Command { std: CARGO_HOME="/workspace/cargo-home" RUSTUP_HOME="/workspace/rustup-home" "/workspace/cargo-home/bin/cargo" "+beta-2023-04-20" "metadata" "--manifest-path" "Cargo.toml" "--no-deps", kill_on_drop: false }`
[INFO] removed /workspace/builds/worker-7-tc2/source/.cargo/config.toml
[INFO] started tweaking git repo https://github.com/CurryPseudo/white-land
[INFO] finished tweaking git repo https://github.com/CurryPseudo/white-land
[INFO] tweaked toml for git repo https://github.com/CurryPseudo/white-land written to /workspace/builds/worker-7-tc2/source/Cargo.toml
[INFO] crate git repo https://github.com/CurryPseudo/white-land already has a lockfile, it will not be regenerated
[INFO] running `Command { std: CARGO_HOME="/workspace/cargo-home" RUSTUP_HOME="/workspace/rustup-home" "/workspace/cargo-home/bin/cargo" "+beta-2023-04-20" "fetch" "--manifest-path" "Cargo.toml", kill_on_drop: false }`
[INFO] [stderr]     Updating crates.io index
[INFO] [stderr]  Downloading crates ...
[INFO] [stderr]   Downloaded spirv-types v0.4.0-alpha.12
[INFO] [stderr]   Downloaded spirv-std v0.4.0-alpha.8
[INFO] [stderr]   Downloaded erased-serde v0.3.16
[INFO] [stderr]   Downloaded instant v0.1.11
[INFO] [stderr]   Downloaded spirv-std-macros v0.4.0-alpha.12
[INFO] [stderr]   Downloaded bevy_math v0.5.0
[INFO] [stderr]   Downloaded bevy_reflect v0.5.0
[INFO] [stderr]   Downloaded glam v0.13.1
[INFO] [stderr]   Downloaded bevy_pbr v0.5.0
[INFO] [stderr]   Downloaded bevy_utils v0.5.0
[INFO] [stderr]   Downloaded bevy_transform v0.5.0
[INFO] [stderr]   Downloaded gpu-descriptor v0.1.1
[INFO] [stderr]   Downloaded bevy_derive v0.5.0
[INFO] [stderr]   Downloaded bevy_core v0.5.0
[INFO] [stderr]   Downloaded gfx-backend-gl v0.7.1
[INFO] [stderr]   Downloaded bevy_dylib v0.5.0
[INFO] [stderr]   Downloaded bevy_audio v0.5.0
[INFO] [stderr]   Downloaded bevy_asset v0.5.1
[INFO] [stderr]   Downloaded gfx-backend-empty v0.7.0
[INFO] [stderr]   Downloaded wgpu v0.7.1
[INFO] [stderr]   Downloaded bevy_dynamic_plugin v0.5.0
[INFO] [stderr]   Downloaded nohash v0.2.0
[INFO] [stderr]   Downloaded rectangle-pack v0.3.0
[INFO] [stderr]   Downloaded bevy_ecs v0.5.0
[INFO] [stderr]   Downloaded alsa v0.5.0
[INFO] [stderr]   Downloaded glow v0.7.2
[INFO] [stderr]   Downloaded glam v0.15.2
[INFO] [stderr]   Downloaded combine v4.6.1
[INFO] [stderr]   Downloaded bevy v0.5.0
[INFO] [stderr]   Downloaded wgpu-core v0.7.1
[INFO] [stderr]   Downloaded cpal v0.13.4
[INFO] [stderr]   Downloaded gilrs v0.8.1
[INFO] [stderr]   Downloaded gfx-backend-dx11 v0.7.0
[INFO] [stderr]   Downloaded bevy_sprite v0.5.0
[INFO] [stderr]   Downloaded bevy_text v0.5.0
[INFO] [stderr]   Downloaded bevy_render v0.5.0
[INFO] [stderr]   Downloaded slotmap v0.4.3
[INFO] [stderr]   Downloaded clang-sys v1.2.2
[INFO] [stderr]   Downloaded bevy_scene v0.5.0
[INFO] [stderr]   Downloaded owned_ttf_parser v0.12.1
[INFO] [stderr]   Downloaded ab_glyph v0.2.11
[INFO] [stderr]   Downloaded bevy_ui v0.5.0
[INFO] [stderr]   Downloaded fsevent-sys v4.0.0
[INFO] [stderr]   Downloaded shaderc v0.7.3
[INFO] [stderr]   Downloaded khronos-egl v3.0.2
[INFO] [stderr]   Downloaded wgpu-types v0.7.0
[INFO] [stderr]   Downloaded bevy_log v0.5.0
[INFO] [stderr]   Downloaded bevy_ecs_macros v0.5.0
[INFO] [stderr]   Downloaded gilrs-core v0.3.1
[INFO] [stderr]   Downloaded inotify v0.9.5
[INFO] [stderr]   Downloaded hexasphere v3.4.0
[INFO] [stderr]   Downloaded bevy_winit v0.5.0
[INFO] [stderr]   Downloaded bevy_reflect_derive v0.5.0
[INFO] [stderr]   Downloaded tracing-wasm v0.2.0
[INFO] [stderr]   Downloaded bevy_app v0.5.0
[INFO] [stderr]   Downloaded bevy_window v0.5.0
[INFO] [stderr]   Downloaded bevy_internal v0.5.0
[INFO] [stderr]   Downloaded bevy_gilrs v0.5.0
[INFO] [stderr]   Downloaded bevy_gltf v0.5.0
[INFO] [stderr]   Downloaded bevy_diagnostic v0.5.0
[INFO] [stderr]   Downloaded notify v5.0.0-pre.10
[INFO] [stderr]   Downloaded ron v0.6.5
[INFO] [stderr]   Downloaded gfx-backend-dx12 v0.7.1
[INFO] [stderr]   Downloaded gpu-alloc v0.3.2
[INFO] [stderr]   Downloaded bevy_wgpu v0.5.0
[INFO] [stderr]   Downloaded bevy_input v0.5.0
[INFO] [stderr]   Downloaded bevy_tasks v0.5.0
[INFO] [stderr]   Downloaded shaderc-sys v0.7.3
[INFO] [stderr]   Downloaded benimator v0.3.1
[INFO] [stderr]   Downloaded rodio v0.13.1
[INFO] running `Command { std: "docker" "create" "-v" "/var/lib/crater-agent-workspace/builds/worker-7-tc2/target:/opt/rustwide/target:rw,Z" "-v" "/var/lib/crater-agent-workspace/builds/worker-7-tc2/source:/opt/rustwide/workdir:ro,Z" "-v" "/var/lib/crater-agent-workspace/cargo-home:/opt/rustwide/cargo-home:ro,Z" "-v" "/var/lib/crater-agent-workspace/rustup-home:/opt/rustwide/rustup-home:ro,Z" "-e" "SOURCE_DIR=/opt/rustwide/workdir" "-e" "CARGO_TARGET_DIR=/opt/rustwide/target" "-e" "CARGO_HOME=/opt/rustwide/cargo-home" "-e" "RUSTUP_HOME=/opt/rustwide/rustup-home" "-w" "/opt/rustwide/workdir" "-m" "1610612736" "--user" "0:0" "--network" "none" "ghcr.io/rust-lang/crates-build-env/linux@sha256:5ff2268d62e97bff2cde7d5815dd6ed5b47097566f13b8d0ca110b04b60e07ed" "/opt/rustwide/cargo-home/bin/cargo" "+beta-2023-04-20" "metadata" "--no-deps" "--format-version=1", kill_on_drop: false }`
[INFO] [stdout] f605c1d6d56a1f7ed60346d12e0db4793bfa5a3c3f8f11376d61f95ba7ffd4c5
[INFO] running `Command { std: "docker" "start" "-a" "f605c1d6d56a1f7ed60346d12e0db4793bfa5a3c3f8f11376d61f95ba7ffd4c5", kill_on_drop: false }`
[INFO] running `Command { std: "docker" "inspect" "f605c1d6d56a1f7ed60346d12e0db4793bfa5a3c3f8f11376d61f95ba7ffd4c5", kill_on_drop: false }`
[INFO] running `Command { std: "docker" "rm" "-f" "f605c1d6d56a1f7ed60346d12e0db4793bfa5a3c3f8f11376d61f95ba7ffd4c5", kill_on_drop: false }`
[INFO] [stdout] f605c1d6d56a1f7ed60346d12e0db4793bfa5a3c3f8f11376d61f95ba7ffd4c5
[INFO] running `Command { std: "docker" "create" "-v" "/var/lib/crater-agent-workspace/builds/worker-7-tc2/target:/opt/rustwide/target:rw,Z" "-v" "/var/lib/crater-agent-workspace/builds/worker-7-tc2/source:/opt/rustwide/workdir:ro,Z" "-v" "/var/lib/crater-agent-workspace/cargo-home:/opt/rustwide/cargo-home:ro,Z" "-v" "/var/lib/crater-agent-workspace/rustup-home:/opt/rustwide/rustup-home:ro,Z" "-e" "SOURCE_DIR=/opt/rustwide/workdir" "-e" "CARGO_TARGET_DIR=/opt/rustwide/target" "-e" "CARGO_INCREMENTAL=0" "-e" "RUST_BACKTRACE=full" "-e" "RUSTFLAGS=--cap-lints=warn" "-e" "RUSTDOCFLAGS=--cap-lints=warn" "-e" "CARGO_HOME=/opt/rustwide/cargo-home" "-e" "RUSTUP_HOME=/opt/rustwide/rustup-home" "-w" "/opt/rustwide/workdir" "-m" "1610612736" "--user" "0:0" "--network" "none" "ghcr.io/rust-lang/crates-build-env/linux@sha256:5ff2268d62e97bff2cde7d5815dd6ed5b47097566f13b8d0ca110b04b60e07ed" "/opt/rustwide/cargo-home/bin/cargo" "+beta-2023-04-20" "build" "--frozen" "--message-format=json", kill_on_drop: false }`
[INFO] [stdout] d90d520cc7010932d5f413e2d90596c7c642d733e0bbec4e11608b9eb54adcba
[INFO] running `Command { std: "docker" "start" "-a" "d90d520cc7010932d5f413e2d90596c7c642d733e0bbec4e11608b9eb54adcba", kill_on_drop: false }`
[INFO] [stderr]    Compiling libc v0.2.103
[INFO] [stderr]    Compiling cfg-if v1.0.0
[INFO] [stderr]    Compiling proc-macro2 v1.0.29
[INFO] [stderr]    Compiling unicode-xid v0.2.2
[INFO] [stderr]    Compiling syn v1.0.65
[INFO] [stderr]    Compiling serde_derive v1.0.130
[INFO] [stderr]    Compiling serde v1.0.130
[INFO] [stderr]    Compiling autocfg v1.0.1
[INFO] [stderr]    Compiling bitflags v1.3.2
[INFO] [stderr]    Compiling lazy_static v1.4.0
[INFO] [stderr]    Compiling libm v0.2.1
[INFO] [stderr]    Compiling byteorder v1.4.3
[INFO] [stderr]    Compiling instant v0.1.11
[INFO] [stderr]    Compiling log v0.4.14
[INFO] [stderr]    Compiling pin-project-lite v0.2.7
[INFO] [stderr]    Compiling parking_lot_core v0.8.5
[INFO] [stderr]    Compiling tracing-core v0.1.21
[INFO] [stderr]    Compiling scopeguard v1.1.0
[INFO] [stderr]    Compiling lock_api v0.4.5
[INFO] [stderr]    Compiling fxhash v0.2.1
[INFO] [stderr]    Compiling memchr v2.4.1
[INFO] [stderr]    Compiling quote v1.0.10
[INFO] [stderr]    Compiling once_cell v1.8.0
[INFO] [stderr]    Compiling num-traits v0.2.14
[INFO] [stderr]    Compiling getrandom v0.2.3
[INFO] [stderr]    Compiling futures-core v0.3.17
[INFO] [stderr]    Compiling version_check v0.9.3
[INFO] [stderr]    Compiling slab v0.4.4
[INFO] [stderr]    Compiling erased-serde v0.3.16
[INFO] [stderr]    Compiling cache-padded v1.1.1
[INFO] [stderr]    Compiling concurrent-queue v1.2.2
[INFO] [stderr]    Compiling jobserver v0.1.24
[INFO] [stderr]    Compiling waker-fn v1.1.0
[INFO] [stderr]    Compiling futures-io v0.3.17
[INFO] [stderr]    Compiling parking v2.0.0
[INFO] [stderr]    Compiling fastrand v1.5.0
[INFO] [stderr]    Compiling futures-lite v1.12.0
[INFO] [stderr]    Compiling cc v1.0.71
[INFO] [stderr]    Compiling rand_core v0.6.3
[INFO] [stderr]    Compiling ahash v0.7.4
[INFO] [stderr]    Compiling async-task v4.0.3
[INFO] [stderr]    Compiling downcast-rs v1.2.0
[INFO] [stderr]    Compiling event-listener v2.5.1
[INFO] [stderr]    Compiling ppv-lite86 v0.2.10
[INFO] [stderr]    Compiling async-channel v1.6.1
[INFO] [stderr]    Compiling num_cpus v1.13.0
[INFO] [stderr]    Compiling num-integer v0.1.44
[INFO] [stderr]    Compiling fixedbitset v0.4.0
[INFO] [stderr]    Compiling async-executor v1.4.1
[INFO] [stderr]    Compiling rand_chacha v0.3.1
[INFO] [stderr]    Compiling Inflector v0.11.4
[INFO] [stderr]    Compiling rand v0.8.4
[INFO] [stderr]    Compiling bevy_tasks v0.5.0
[INFO] [stderr]    Compiling ryu v1.0.5
[INFO] [stderr]    Compiling pkg-config v0.3.20
[INFO] [stderr]    Compiling serde_json v1.0.68
[INFO] [stderr]    Compiling itoa v0.4.8
[INFO] [stderr]    Compiling regex-syntax v0.6.25
[INFO] [stderr]    Compiling spirv_headers v1.5.0
[INFO] [stderr]    Compiling aho-corasick v0.7.18
[INFO] [stderr]    Compiling chrono v0.4.19
[INFO] [stderr]    Compiling thread_local v1.1.3
[INFO] [stderr]    Compiling tracing-log v0.1.2
[INFO] [stderr]    Compiling sharded-slab v0.1.3
[INFO] [stderr]    Compiling crossbeam-utils v0.8.5
[INFO] [stderr]    Compiling regex-automata v0.1.10
[INFO] [stderr]    Compiling regex v1.5.4
[INFO] [stderr]    Compiling ansi_term v0.12.1
[INFO] [stderr]    Compiling matchers v0.0.1
[INFO] [stderr]    Compiling crc32fast v1.2.1
[INFO] [stderr]    Compiling inotify-sys v0.1.5
[INFO] [stderr]    Compiling anyhow v1.0.44
[INFO] [stderr]    Compiling same-file v1.0.6
[INFO] [stderr]    Compiling adler32 v1.2.0
[INFO] [stderr]    Compiling walkdir v2.3.2
[INFO] [stderr]    Compiling inotify v0.9.5
[INFO] [stderr]    Compiling crossbeam-channel v0.5.1
[INFO] [stderr]    Compiling mio v0.7.13
[INFO] [stderr]    Compiling filetime v0.2.15
[INFO] [stderr]    Compiling num-rational v0.3.2
[INFO] [stderr]    Compiling indexmap v1.7.0
[INFO] [stderr]    Compiling num-iter v0.1.42
[INFO] [stderr]    Compiling base64 v0.13.0
[INFO] [stderr]    Compiling notify v5.0.0-pre.10
[INFO] [stderr]    Compiling deflate v0.8.6
[INFO] [stderr]    Compiling miniz_oxide v0.3.7
[INFO] [stderr]    Compiling hashbrown v0.11.2
[INFO] [stderr]    Compiling png v0.16.8
[INFO] [stderr]    Compiling spirv-reflect v0.2.3
[INFO] [stderr]    Compiling raw-window-handle v0.3.3
[INFO] [stderr]    Compiling bit-vec v0.6.3
[INFO] [stderr]    Compiling scoped_threadpool v0.1.9
[INFO] [stderr]    Compiling bevy-glsl-to-spirv v0.2.1
[INFO] [stderr]    Compiling fixedbitset v0.2.0
[INFO] [stderr]    Compiling color_quant v1.1.0
[INFO] [stderr]    Compiling bytemuck v1.7.2
[INFO] [stderr]    Compiling image v0.23.14
[INFO] [stderr]    Compiling petgraph v0.5.1
[INFO] [stderr]    Compiling bit-set v0.5.2
[INFO] [stderr]    Compiling glam v0.15.2
[INFO] [stderr]    Compiling hex v0.4.3
[INFO] [stderr]    Compiling spirv_cross v0.23.1
[INFO] [stderr]    Compiling nix v0.20.0
[INFO] [stderr]    Compiling libloading v0.6.7
[INFO] [stderr]    Compiling alsa-sys v0.3.1
[INFO] [stderr]    Compiling khronos-egl v3.0.2
[INFO] [stderr]    Compiling cfg-if v0.1.10
[INFO] [stderr]    Compiling net2 v0.2.37
[INFO] [stderr]    Compiling hexasphere v3.4.0
[INFO] [stderr]    Compiling minimp3-sys v0.3.2
[INFO] [stderr]    Compiling x11-dl v2.19.1
[INFO] [stderr]    Compiling libudev-sys v0.1.4
[INFO] [stderr]    Compiling euclid v0.22.6
[INFO] [stderr]    Compiling iovec v0.1.4
[INFO] [stderr]    Compiling ttf-parser v0.12.3
[INFO] [stderr]    Compiling arrayvec v0.5.2
[INFO] [stderr]    Compiling svg_fmt v0.4.1
[INFO] [stderr]    Compiling cfg_aliases v0.1.1
[INFO] [stderr]    Compiling ahash v0.4.7
[INFO] [stderr]    Compiling wgpu-core v0.7.1
[INFO] [stderr]    Compiling hashbrown v0.9.1
[INFO] [stderr]    Compiling owned_ttf_parser v0.12.1
[INFO] [stderr]    Compiling guillotiere v0.6.2
[INFO] [stderr]    Compiling mio v0.6.23
[INFO] [stderr]    Compiling ash v0.31.0
[INFO] [stderr]    Compiling gpu-descriptor-types v0.1.1
[INFO] [stderr]    Compiling thiserror-impl v1.0.30
[INFO] [stderr]    Compiling tracing-attributes v0.1.18
[INFO] [stderr]    Compiling gpu-alloc-types v0.2.0
[INFO] [stderr]    Compiling inplace_it v0.3.3
[INFO] [stderr]    Compiling glow v0.7.2
[INFO] [stderr]    Compiling inflections v1.1.1
[INFO] [stderr]    Compiling cpal v0.13.4
[INFO] [stderr]    Compiling libm v0.1.4
[INFO] [stderr]    Compiling ab_glyph_rasterizer v0.1.4
[INFO] [stderr]    Compiling rectangle-pack v0.3.0
[INFO] [stderr]    Compiling lazycell v1.3.0
[INFO] [stderr]    Compiling mio-extras v2.0.6
[INFO] [stderr]    Compiling ab_glyph v0.2.11
[INFO] [stderr]    Compiling gltf-derive v0.15.2
[INFO] [stderr]    Compiling alsa v0.5.0
[INFO] [stderr]    Compiling approx v0.5.0
[INFO] [stderr]    Compiling slice-deque v0.3.0
[INFO] [stderr]    Compiling wgpu-types v0.7.0
[INFO] [stderr]    Compiling xi-unicode v0.3.0
[INFO] [stderr]    Compiling percent-encoding v2.1.0
[INFO] [stderr]    Compiling vec_map v0.8.2
[INFO] [stderr]    Compiling copyless v0.1.5
[INFO] [stderr]    Compiling glyph_brush_layout v0.2.3
[INFO] [stderr]    Compiling fnv v1.0.7
[INFO] [stderr]    Compiling miniz_oxide v0.4.4
[INFO] [stderr]    Compiling libloading v0.7.1
[INFO] [stderr]    Compiling stretch v0.3.2
[INFO] [stderr]    Compiling adler v1.0.2
[INFO] [stderr]    Compiling thiserror v1.0.30
[INFO] [stderr]    Compiling naga v0.3.2
[INFO] [stderr]    Compiling tracing v0.1.29
[INFO] [stderr]    Compiling gpu-alloc v0.3.2
[INFO] [stderr]    Compiling gpu-descriptor v0.1.1
[INFO] [stderr]    Compiling minimp3 v0.5.1
[INFO] [stderr]    Compiling flate2 v1.0.22
[INFO] [stderr]    Compiling gfx-hal v0.7.0
[INFO] [stderr]    Compiling nohash v0.2.0
[INFO] [stderr]    Compiling asefile v0.3.0 (https://github.com/B-Reif/asefile?branch=main#4bb33e13)
[INFO] [stderr]    Compiling gfx-backend-empty v0.7.0
[INFO] [stderr] error: could not compile `naga` (lib)
[INFO] [stderr] 
[INFO] [stderr] Caused by:
[INFO] [stderr]   process didn't exit successfully: `rustc --crate-name naga --edition=2018 /opt/rustwide/cargo-home/registry/src/index.crates.io-6f17d22bba15001f/naga-0.3.2/src/lib.rs --error-format=json --json=diagnostic-rendered-ansi,artifacts,future-incompat --crate-type lib --emit=dep-info,metadata,link -C opt-level=3 -C embed-bitcode=no -C debuginfo=2 -C debug-assertions=on --cfg 'feature="default"' --cfg 'feature="glsl-out"' --cfg 'feature="msl-out"' --cfg 'feature="petgraph"' --cfg 'feature="spirv"' --cfg 'feature="spv-in"' --cfg 'feature="spv-out"' --cfg 'feature="wgsl-in"' -C metadata=f2472efc1347aab8 -C extra-filename=-f2472efc1347aab8 --out-dir /opt/rustwide/target/debug/deps -L dependency=/opt/rustwide/target/debug/deps --extern bit_set=/opt/rustwide/target/debug/deps/libbit_set-04ae6dcb105e6884.rmeta --extern bitflags=/opt/rustwide/target/debug/deps/libbitflags-6c3836501474ac45.rmeta --extern fxhash=/opt/rustwide/target/debug/deps/libfxhash-b0e7318a6b98374f.rmeta --extern log=/opt/rustwide/target/debug/deps/liblog-7fca808e9b13d400.rmeta --extern num_traits=/opt/rustwide/target/debug/deps/libnum_traits-ca0a7ba42544c2af.rmeta --extern petgraph=/opt/rustwide/target/debug/deps/libpetgraph-a306e50bb2919c68.rmeta --extern spirv=/opt/rustwide/target/debug/deps/libspirv_headers-5bb19547e3f192ae.rmeta --extern thiserror=/opt/rustwide/target/debug/deps/libthiserror-0219208bc440155a.rmeta --cap-lints allow --cap-lints=warn` (signal: 9, SIGKILL: kill)
[INFO] [stderr] warning: build failed, waiting for other jobs to finish...
[INFO] [stderr] The following warnings were emitted during compilation:
[INFO] [stderr] 
[INFO] [stderr] warning: src/wrapper.cpp:2: warning: ignoring '#pragma warning ' [-Wunknown-pragmas]
[INFO] [stderr] warning:     2 | #pragma warning(disable : 4996 4101)
[INFO] [stderr] warning:       | 
[INFO] [stderr] warning: c++: fatal error: Killed signal terminated program cc1plus
[INFO] [stderr] warning: compilation terminated.
[INFO] [stderr] warning: c++: fatal error: Killed signal terminated program cc1plus
[INFO] [stderr] warning: compilation terminated.
[INFO] [stderr] 
[INFO] [stderr] error: failed to run custom build command for `spirv_cross v0.23.1`
[INFO] [stderr] note: To improve backtraces for build dependencies, set the CARGO_PROFILE_DEV_BUILD_OVERRIDE_DEBUG=true environment variable to enable debug information generation.
[INFO] [stderr] 
[INFO] [stderr] Caused by:
[INFO] [stderr]   process didn't exit successfully: `/opt/rustwide/target/debug/build/spirv_cross-d7d7e1a4ae1b57b9/build-script-build` (exit status: 1)
[INFO] [stderr]   --- stdout
[INFO] [stderr]   OPT_LEVEL = Some("3")
[INFO] [stderr]   TARGET = Some("x86_64-unknown-linux-gnu")
[INFO] [stderr]   HOST = Some("x86_64-unknown-linux-gnu")
[INFO] [stderr]   CXX_x86_64-unknown-linux-gnu = None
[INFO] [stderr]   CXX_x86_64_unknown_linux_gnu = None
[INFO] [stderr]   HOST_CXX = None
[INFO] [stderr]   CXX = None
[INFO] [stderr]   CXXFLAGS_x86_64-unknown-linux-gnu = None
[INFO] [stderr]   CXXFLAGS_x86_64_unknown_linux_gnu = None
[INFO] [stderr]   HOST_CXXFLAGS = None
[INFO] [stderr]   CXXFLAGS = None
[INFO] [stderr]   CRATE_CC_NO_DEFAULTS = None
[INFO] [stderr]   DEBUG = Some("true")
[INFO] [stderr]   CARGO_CFG_TARGET_FEATURE = Some("fxsr,sse,sse2")
[INFO] [stderr]   CXX_x86_64-unknown-linux-gnu = None
[INFO] [stderr]   CXX_x86_64_unknown_linux_gnu = None
[INFO] [stderr]   HOST_CXX = None
[INFO] [stderr]   CXX = None
[INFO] [stderr]   CXXFLAGS_x86_64-unknown-linux-gnu = None
[INFO] [stderr]   CXXFLAGS_x86_64_unknown_linux_gnu = None
[INFO] [stderr]   HOST_CXXFLAGS = None
[INFO] [stderr]   CXXFLAGS = None
[INFO] [stderr]   CRATE_CC_NO_DEFAULTS = None
[INFO] [stderr]   CARGO_CFG_TARGET_FEATURE = Some("fxsr,sse,sse2")
[INFO] [stderr]   running: "c++" "-O3" "-ffunction-sections" "-fdata-sections" "-fPIC" "-g" "-fno-omit-frame-pointer" "-m64" "-Wall" "-Wextra" "-DSPIRV_CROSS_EXCEPTIONS_TO_ASSERTIONS" "-DSPIRV_CROSS_WRAPPER_NO_EXCEPTIONS" "-DSPIRV_CROSS_WRAPPER_GLSL" "-DSPIRV_CROSS_WRAPPER_HLSL" "-DSPIRV_CROSS_WRAPPER_MSL" "-std=c++14" "-o" "/opt/rustwide/target/debug/build/spirv_cross-4e89b4db6e5ed6c0/out/src/wrapper.o" "-c" "src/wrapper.cpp"
[INFO] [stderr]   cargo:warning=src/wrapper.cpp:2: warning: ignoring '#pragma warning ' [-Wunknown-pragmas]
[INFO] [stderr]   cargo:warning=    2 | #pragma warning(disable : 4996 4101)
[INFO] [stderr]   cargo:warning=      | 
[INFO] [stderr]   running: "c++" "-O3" "-ffunction-sections" "-fdata-sections" "-fPIC" "-g" "-fno-omit-frame-pointer" "-m64" "-Wall" "-Wextra" "-DSPIRV_CROSS_EXCEPTIONS_TO_ASSERTIONS" "-DSPIRV_CROSS_WRAPPER_NO_EXCEPTIONS" "-DSPIRV_CROSS_WRAPPER_GLSL" "-DSPIRV_CROSS_WRAPPER_HLSL" "-DSPIRV_CROSS_WRAPPER_MSL" "-std=c++14" "-o" "/opt/rustwide/target/debug/build/spirv_cross-4e89b4db6e5ed6c0/out/src/vendor/SPIRV-Cross/spirv_cfg.o" "-c" "src/vendor/SPIRV-Cross/spirv_cfg.cpp"
[INFO] [stderr]   exit status: 0
[INFO] [stderr]   running: "c++" "-O3" "-ffunction-sections" "-fdata-sections" "-fPIC" "-g" "-fno-omit-frame-pointer" "-m64" "-Wall" "-Wextra" "-DSPIRV_CROSS_EXCEPTIONS_TO_ASSERTIONS" "-DSPIRV_CROSS_WRAPPER_NO_EXCEPTIONS" "-DSPIRV_CROSS_WRAPPER_GLSL" "-DSPIRV_CROSS_WRAPPER_HLSL" "-DSPIRV_CROSS_WRAPPER_MSL" "-std=c++14" "-o" "/opt/rustwide/target/debug/build/spirv_cross-4e89b4db6e5ed6c0/out/src/vendor/SPIRV-Cross/spirv_cross.o" "-c" "src/vendor/SPIRV-Cross/spirv_cross.cpp"
[INFO] [stderr]   running: "c++" "-O3" "-ffunction-sections" "-fdata-sections" "-fPIC" "-g" "-fno-omit-frame-pointer" "-m64" "-Wall" "-Wextra" "-DSPIRV_CROSS_EXCEPTIONS_TO_ASSERTIONS" "-DSPIRV_CROSS_WRAPPER_NO_EXCEPTIONS" "-DSPIRV_CROSS_WRAPPER_GLSL" "-DSPIRV_CROSS_WRAPPER_HLSL" "-DSPIRV_CROSS_WRAPPER_MSL" "-std=c++14" "-o" "/opt/rustwide/target/debug/build/spirv_cross-4e89b4db6e5ed6c0/out/src/vendor/SPIRV-Cross/spirv_cross_parsed_ir.o" "-c" "src/vendor/SPIRV-Cross/spirv_cross_parsed_ir.cpp"
[INFO] [stderr]   running: "c++" "-O3" "-ffunction-sections" "-fdata-sections" "-fPIC" "-g" "-fno-omit-frame-pointer" "-m64" "-Wall" "-Wextra" "-DSPIRV_CROSS_EXCEPTIONS_TO_ASSERTIONS" "-DSPIRV_CROSS_WRAPPER_NO_EXCEPTIONS" "-DSPIRV_CROSS_WRAPPER_GLSL" "-DSPIRV_CROSS_WRAPPER_HLSL" "-DSPIRV_CROSS_WRAPPER_MSL" "-std=c++14" "-o" "/opt/rustwide/target/debug/build/spirv_cross-4e89b4db6e5ed6c0/out/src/vendor/SPIRV-Cross/spirv_parser.o" "-c" "src/vendor/SPIRV-Cross/spirv_parser.cpp"
[INFO] [stderr]   running: "c++" "-O3" "-ffunction-sections" "-fdata-sections" "-fPIC" "-g" "-fno-omit-frame-pointer" "-m64" "-Wall" "-Wextra" "-DSPIRV_CROSS_EXCEPTIONS_TO_ASSERTIONS" "-DSPIRV_CROSS_WRAPPER_NO_EXCEPTIONS" "-DSPIRV_CROSS_WRAPPER_GLSL" "-DSPIRV_CROSS_WRAPPER_HLSL" "-DSPIRV_CROSS_WRAPPER_MSL" "-std=c++14" "-o" "/opt/rustwide/target/debug/build/spirv_cross-4e89b4db6e5ed6c0/out/src/vendor/SPIRV-Cross/spirv_cross_util.o" "-c" "src/vendor/SPIRV-Cross/spirv_cross_util.cpp"
[INFO] [stderr]   exit status: 0
[INFO] [stderr]   running: "c++" "-O3" "-ffunction-sections" "-fdata-sections" "-fPIC" "-g" "-fno-omit-frame-pointer" "-m64" "-Wall" "-Wextra" "-DSPIRV_CROSS_EXCEPTIONS_TO_ASSERTIONS" "-DSPIRV_CROSS_WRAPPER_NO_EXCEPTIONS" "-DSPIRV_CROSS_WRAPPER_GLSL" "-DSPIRV_CROSS_WRAPPER_HLSL" "-DSPIRV_CROSS_WRAPPER_MSL" "-std=c++14" "-o" "/opt/rustwide/target/debug/build/spirv_cross-4e89b4db6e5ed6c0/out/src/vendor/SPIRV-Cross/spirv_glsl.o" "-c" "src/vendor/SPIRV-Cross/spirv_glsl.cpp"
[INFO] [stderr]   running: "c++" "-O3" "-ffunction-sections" "-fdata-sections" "-fPIC" "-g" "-fno-omit-frame-pointer" "-m64" "-Wall" "-Wextra" "-DSPIRV_CROSS_EXCEPTIONS_TO_ASSERTIONS" "-DSPIRV_CROSS_WRAPPER_NO_EXCEPTIONS" "-DSPIRV_CROSS_WRAPPER_GLSL" "-DSPIRV_CROSS_WRAPPER_HLSL" "-DSPIRV_CROSS_WRAPPER_MSL" "-std=c++14" "-o" "/opt/rustwide/target/debug/build/spirv_cross-4e89b4db6e5ed6c0/out/src/vendor/SPIRV-Cross/spirv_hlsl.o" "-c" "src/vendor/SPIRV-Cross/spirv_hlsl.cpp"
[INFO] [stderr]   exit status: 0
[INFO] [stderr]   running: "c++" "-O3" "-ffunction-sections" "-fdata-sections" "-fPIC" "-g" "-fno-omit-frame-pointer" "-m64" "-Wall" "-Wextra" "-DSPIRV_CROSS_EXCEPTIONS_TO_ASSERTIONS" "-DSPIRV_CROSS_WRAPPER_NO_EXCEPTIONS" "-DSPIRV_CROSS_WRAPPER_GLSL" "-DSPIRV_CROSS_WRAPPER_HLSL" "-DSPIRV_CROSS_WRAPPER_MSL" "-std=c++14" "-o" "/opt/rustwide/target/debug/build/spirv_cross-4e89b4db6e5ed6c0/out/src/vendor/SPIRV-Cross/spirv_msl.o" "-c" "src/vendor/SPIRV-Cross/spirv_msl.cpp"
[INFO] [stderr]   cargo:warning=c++: fatal error: Killed signal terminated program cc1plus
[INFO] [stderr]   cargo:warning=compilation terminated.
[INFO] [stderr]   exit status: 1
[INFO] [stderr]   exit status: 0
[INFO] [stderr]   exit status: 0
[INFO] [stderr]   cargo:warning=c++: fatal error: Killed signal terminated program cc1plus
[INFO] [stderr]   cargo:warning=compilation terminated.
[INFO] [stderr]   exit status: 1
[INFO] [stderr]   exit status: 0
[INFO] [stderr]   exit status: 0
[INFO] [stderr] 
[INFO] [stderr]   --- stderr
[INFO] [stderr] 
[INFO] [stderr] 
[INFO] [stderr]   error occurred: Command "c++" "-O3" "-ffunction-sections" "-fdata-sections" "-fPIC" "-g" "-fno-omit-frame-pointer" "-m64" "-Wall" "-Wextra" "-DSPIRV_CROSS_EXCEPTIONS_TO_ASSERTIONS" "-DSPIRV_CROSS_WRAPPER_NO_EXCEPTIONS" "-DSPIRV_CROSS_WRAPPER_GLSL" "-DSPIRV_CROSS_WRAPPER_HLSL" "-DSPIRV_CROSS_WRAPPER_MSL" "-std=c++14" "-o" "/opt/rustwide/target/debug/build/spirv_cross-4e89b4db6e5ed6c0/out/src/vendor/SPIRV-Cross/spirv_cross.o" "-c" "src/vendor/SPIRV-Cross/spirv_cross.cpp" with args "c++" did not execute successfully (status code exit status: 1).
[INFO] [stderr] 
[INFO] [stderr] 
[INFO] running `Command { std: "docker" "inspect" "d90d520cc7010932d5f413e2d90596c7c642d733e0bbec4e11608b9eb54adcba", kill_on_drop: false }`
[INFO] running `Command { std: "docker" "rm" "-f" "d90d520cc7010932d5f413e2d90596c7c642d733e0bbec4e11608b9eb54adcba", kill_on_drop: false }`
[INFO] [stdout] d90d520cc7010932d5f413e2d90596c7c642d733e0bbec4e11608b9eb54adcba
