[INFO] cloning repository https://github.com/Cryptopragmatist/solanablog
[INFO] running `Command { std: "git" "-c" "credential.helper=" "-c" "credential.helper=/workspace/cargo-home/bin/git-credential-null" "clone" "--bare" "https://github.com/Cryptopragmatist/solanablog" "/workspace/cache/git-repos/https%3A%2F%2Fgithub.com%2FCryptopragmatist%2Fsolanablog", kill_on_drop: false }`
[INFO] [stderr] Cloning into bare repository '/workspace/cache/git-repos/https%3A%2F%2Fgithub.com%2FCryptopragmatist%2Fsolanablog'...
[INFO] running `Command { std: "git" "rev-parse" "HEAD", kill_on_drop: false }`
[INFO] [stdout] 6949cf320a52b40b6d9ef0454e69524348f2058b
[INFO] testing Cryptopragmatist/solanablog against 1.69.0 for beta-1.70-1
[INFO] running `Command { std: "git" "clone" "/workspace/cache/git-repos/https%3A%2F%2Fgithub.com%2FCryptopragmatist%2Fsolanablog" "/workspace/builds/worker-5-tc1/source", kill_on_drop: false }`
[INFO] [stderr] Cloning into '/workspace/builds/worker-5-tc1/source'...
[INFO] [stderr] done.
[INFO] validating manifest of git repo https://github.com/Cryptopragmatist/solanablog on toolchain 1.69.0
[INFO] running `Command { std: CARGO_HOME="/workspace/cargo-home" RUSTUP_HOME="/workspace/rustup-home" "/workspace/cargo-home/bin/cargo" "+1.69.0" "metadata" "--manifest-path" "Cargo.toml" "--no-deps", kill_on_drop: false }`
[INFO] started tweaking git repo https://github.com/Cryptopragmatist/solanablog
[INFO] finished tweaking git repo https://github.com/Cryptopragmatist/solanablog
[INFO] tweaked toml for git repo https://github.com/Cryptopragmatist/solanablog written to /workspace/builds/worker-5-tc1/source/Cargo.toml
[INFO] crate git repo https://github.com/Cryptopragmatist/solanablog already has a lockfile, it will not be regenerated
[INFO] running `Command { std: CARGO_HOME="/workspace/cargo-home" RUSTUP_HOME="/workspace/rustup-home" "/workspace/cargo-home/bin/cargo" "+1.69.0" "fetch" "--manifest-path" "Cargo.toml", kill_on_drop: false }`
[INFO] [stderr]  Downloading crates ...
[INFO] [stderr]   Downloaded solana-sdk-macro v1.8.2
[INFO] [stderr]   Downloaded solana-logger v1.8.2
[INFO] [stderr]   Downloaded libsecp256k1 v0.5.0
[INFO] [stderr]   Downloaded solana-frozen-abi v1.8.2
[INFO] [stderr]   Downloaded borsh-schema-derive-internal v0.9.1
[INFO] [stderr]   Downloaded borsh-derive-internal v0.9.1
[INFO] [stderr]   Downloaded borsh-derive v0.9.1
[INFO] [stderr]   Downloaded solana-frozen-abi-macro v1.8.2
[INFO] [stderr]   Downloaded borsh v0.9.1
[INFO] [stderr]   Downloaded solana-program v1.8.2
[INFO] [stderr]   Downloaded anchor-derive-accounts v0.18.0
[INFO] [stderr]   Downloaded anchor-lang v0.18.0
[INFO] [stderr]   Downloaded anchor-attribute-account v0.18.0
[INFO] [stderr]   Downloaded anchor-attribute-program v0.18.0
[INFO] [stderr]   Downloaded anchor-attribute-state v0.18.0
[INFO] [stderr]   Downloaded anchor-attribute-interface v0.18.0
[INFO] [stderr]   Downloaded anchor-syn v0.18.0
[INFO] [stderr]   Downloaded anchor-attribute-error v0.18.0
[INFO] [stderr]   Downloaded anchor-attribute-access-control v0.18.0
[INFO] [stderr]   Downloaded anchor-attribute-event v0.18.0
[INFO] running `Command { std: "docker" "create" "-v" "/var/lib/crater-agent-workspace/builds/worker-5-tc1/target:/opt/rustwide/target:rw,Z" "-v" "/var/lib/crater-agent-workspace/builds/worker-5-tc1/source:/opt/rustwide/workdir:ro,Z" "-v" "/var/lib/crater-agent-workspace/cargo-home:/opt/rustwide/cargo-home:ro,Z" "-v" "/var/lib/crater-agent-workspace/rustup-home:/opt/rustwide/rustup-home:ro,Z" "-e" "SOURCE_DIR=/opt/rustwide/workdir" "-e" "CARGO_TARGET_DIR=/opt/rustwide/target" "-e" "CARGO_HOME=/opt/rustwide/cargo-home" "-e" "RUSTUP_HOME=/opt/rustwide/rustup-home" "-w" "/opt/rustwide/workdir" "-m" "1610612736" "--user" "0:0" "--network" "none" "ghcr.io/rust-lang/crates-build-env/linux@sha256:5ff2268d62e97bff2cde7d5815dd6ed5b47097566f13b8d0ca110b04b60e07ed" "/opt/rustwide/cargo-home/bin/cargo" "+1.69.0" "metadata" "--no-deps" "--format-version=1", kill_on_drop: false }`
[INFO] [stdout] 1887d65f1099b405b34862d081db580fe657de7012861103bb4e756020bd62a6
[INFO] running `Command { std: "docker" "start" "-a" "1887d65f1099b405b34862d081db580fe657de7012861103bb4e756020bd62a6", kill_on_drop: false }`
[INFO] running `Command { std: "docker" "inspect" "1887d65f1099b405b34862d081db580fe657de7012861103bb4e756020bd62a6", kill_on_drop: false }`
[INFO] running `Command { std: "docker" "rm" "-f" "1887d65f1099b405b34862d081db580fe657de7012861103bb4e756020bd62a6", kill_on_drop: false }`
[INFO] [stdout] 1887d65f1099b405b34862d081db580fe657de7012861103bb4e756020bd62a6
[INFO] running `Command { std: "docker" "create" "-v" "/var/lib/crater-agent-workspace/builds/worker-5-tc1/target:/opt/rustwide/target:rw,Z" "-v" "/var/lib/crater-agent-workspace/builds/worker-5-tc1/source:/opt/rustwide/workdir:ro,Z" "-v" "/var/lib/crater-agent-workspace/cargo-home:/opt/rustwide/cargo-home:ro,Z" "-v" "/var/lib/crater-agent-workspace/rustup-home:/opt/rustwide/rustup-home:ro,Z" "-e" "SOURCE_DIR=/opt/rustwide/workdir" "-e" "CARGO_TARGET_DIR=/opt/rustwide/target" "-e" "CARGO_INCREMENTAL=0" "-e" "RUST_BACKTRACE=full" "-e" "RUSTFLAGS=--cap-lints=warn" "-e" "RUSTDOCFLAGS=--cap-lints=warn" "-e" "CARGO_HOME=/opt/rustwide/cargo-home" "-e" "RUSTUP_HOME=/opt/rustwide/rustup-home" "-w" "/opt/rustwide/workdir" "-m" "1610612736" "--user" "0:0" "--network" "none" "ghcr.io/rust-lang/crates-build-env/linux@sha256:5ff2268d62e97bff2cde7d5815dd6ed5b47097566f13b8d0ca110b04b60e07ed" "/opt/rustwide/cargo-home/bin/cargo" "+1.69.0" "build" "--frozen" "--message-format=json", kill_on_drop: false }`
[INFO] [stdout] 2d1e85f62b41a892cbd05a12acc39efacf9a25377a41ceeffabb40de59436ccf
[INFO] running `Command { std: "docker" "start" "-a" "2d1e85f62b41a892cbd05a12acc39efacf9a25377a41ceeffabb40de59436ccf", kill_on_drop: false }`
[INFO] [stderr]    Compiling proc-macro2 v1.0.32
[INFO] [stderr]    Compiling unicode-xid v0.2.2
[INFO] [stderr]    Compiling syn v1.0.81
[INFO] [stderr]    Compiling serde_derive v1.0.130
[INFO] [stderr]    Compiling serde v1.0.130
[INFO] [stderr]    Compiling version_check v0.9.3
[INFO] [stderr]    Compiling typenum v1.14.0
[INFO] [stderr]    Compiling cfg-if v1.0.0
[INFO] [stderr]    Compiling block-padding v0.2.1
[INFO] [stderr]    Compiling libc v0.2.106
[INFO] [stderr]    Compiling opaque-debug v0.3.0
[INFO] [stderr]    Compiling cpufeatures v0.2.1
[INFO] [stderr]    Compiling bs58 v0.3.1
[INFO] [stderr]    Compiling ryu v1.0.5
[INFO] [stderr]    Compiling subtle v2.4.1
[INFO] [stderr]    Compiling semver-parser v0.7.0
[INFO] [stderr]    Compiling serde_json v1.0.68
[INFO] [stderr]    Compiling anyhow v1.0.45
[INFO] [stderr]    Compiling itoa v0.4.8
[INFO] [stderr]    Compiling unicode-segmentation v1.8.0
[INFO] [stderr]    Compiling yansi v0.5.0
[INFO] [stderr]    Compiling semver v0.9.0
[INFO] [stderr]    Compiling memchr v2.4.1
[INFO] [stderr]    Compiling crunchy v0.2.2
[INFO] [stderr]    Compiling generic-array v0.14.4
[INFO] [stderr]    Compiling proc-macro2-diagnostics v0.9.1
[INFO] [stderr]    Compiling getrandom v0.1.16
[INFO] [stderr]    Compiling rustc_version v0.2.3
[INFO] [stderr]    Compiling log v0.4.14
[INFO] [stderr]    Compiling regex-syntax v0.6.25
[INFO] [stderr]    Compiling heck v0.3.3
[INFO] [stderr]    Compiling rustversion v1.0.5
[INFO] [stderr]    Compiling feature-probe v0.1.1
[INFO] [stderr]    Compiling autocfg v1.0.1
[INFO] [stderr]    Compiling solana-frozen-abi-macro v1.8.2
[INFO] [stderr]    Compiling humantime v2.1.0
[INFO] [stderr]    Compiling cc v1.0.71
[INFO] [stderr]    Compiling ppv-lite86 v0.2.15
[INFO] [stderr]    Compiling termcolor v1.1.2
[INFO] [stderr]    Compiling solana-frozen-abi v1.8.2
[INFO] [stderr]    Compiling bv v0.11.1
[INFO] [stderr]    Compiling quote v1.0.10
[INFO] [stderr]    Compiling ahash v0.4.7
[INFO] [stderr]    Compiling aho-corasick v0.7.18
[INFO] [stderr]    Compiling lazy_static v1.4.0
[INFO] [stderr]    Compiling num-traits v0.2.14
[INFO] [stderr]    Compiling arrayref v0.3.6
[INFO] [stderr]    Compiling solana-program v1.8.2
[INFO] [stderr]    Compiling either v1.6.1
[INFO] [stderr]    Compiling atty v0.2.14
[INFO] [stderr]    Compiling memmap2 v0.1.0
[INFO] [stderr]    Compiling hashbrown v0.9.1
[INFO] [stderr]    Compiling keccak v0.1.0
[INFO] [stderr]    Compiling byteorder v1.4.3
[INFO] [stderr]    Compiling zeroize v1.4.2
[INFO] [stderr]    Compiling base64 v0.12.3
[INFO] [stderr]    Compiling rand_core v0.5.1
[INFO] [stderr]    Compiling generic-array v0.12.4
[INFO] [stderr]    Compiling cfg-if v0.1.10
[INFO] [stderr]    Compiling constant_time_eq v0.1.5
[INFO] [stderr]    Compiling arrayvec v0.5.2
[INFO] [stderr]    Compiling itertools v0.9.0
[INFO] [stderr]    Compiling hex v0.4.3
[INFO] [stderr]    Compiling base64 v0.13.0
[INFO] [stderr]    Compiling bs58 v0.4.0
[INFO] [stderr]    Compiling rand_chacha v0.2.2
[INFO] [stderr]    Compiling digest v0.8.1
[INFO] [stderr]    Compiling blake3 v0.3.8
[INFO] [stderr]    Compiling rand v0.7.3
[INFO] [stderr]    Compiling curve25519-dalek v2.1.3
[INFO] [stderr]    Compiling regex v1.5.4
[INFO] [stderr]    Compiling env_logger v0.8.4
[INFO] [stderr]    Compiling solana-logger v1.8.2
[INFO] [stderr]    Compiling borsh-derive-internal v0.9.1
[INFO] [stderr]    Compiling borsh-schema-derive-internal v0.9.1
[INFO] [stderr]    Compiling thiserror-impl v1.0.30
[INFO] [stderr]    Compiling bytemuck_derive v1.0.1
[INFO] [stderr]    Compiling num-derive v0.3.3
[INFO] [stderr]    Compiling solana-sdk-macro v1.8.2
[INFO] [stderr]    Compiling bytemuck v1.7.2
[INFO] [stderr]    Compiling thiserror v1.0.30
[INFO] [stderr]    Compiling toml v0.5.8
[INFO] [stderr]    Compiling bincode v1.3.3
[INFO] [stderr]    Compiling serde_bytes v0.11.5
[INFO] [stderr]    Compiling digest v0.9.0
[INFO] [stderr]    Compiling block-buffer v0.9.0
[INFO] [stderr]    Compiling crypto-mac v0.8.0
[INFO] [stderr]    Compiling sha2 v0.9.8
[INFO] [stderr]    Compiling libsecp256k1-core v0.2.2
[INFO] [stderr]    Compiling hmac v0.8.1
[INFO] [stderr]    Compiling sha3 v0.9.1
[INFO] [stderr]    Compiling proc-macro-crate v0.1.5
[INFO] [stderr]    Compiling hmac-drbg v0.3.0
[INFO] [stderr]    Compiling borsh-derive v0.9.1
[INFO] [stderr]    Compiling anchor-syn v0.18.0
[INFO] [stderr]    Compiling libsecp256k1-gen-ecmult v0.2.1
[INFO] [stderr]    Compiling libsecp256k1-gen-genmult v0.2.1
[INFO] [stderr]    Compiling borsh v0.9.1
[INFO] [stderr]    Compiling libsecp256k1 v0.5.0
[INFO] [stderr]    Compiling anchor-attribute-access-control v0.18.0
[INFO] [stderr]    Compiling anchor-attribute-error v0.18.0
[INFO] [stderr]    Compiling anchor-derive-accounts v0.18.0
[INFO] [stderr]    Compiling anchor-attribute-account v0.18.0
[INFO] [stderr]    Compiling anchor-attribute-program v0.18.0
[INFO] [stderr]    Compiling anchor-attribute-event v0.18.0
[INFO] [stderr]    Compiling anchor-attribute-state v0.18.0
[INFO] [stderr]    Compiling anchor-attribute-interface v0.18.0
[INFO] [stderr]    Compiling anchor-lang v0.18.0
[INFO] [stderr]    Compiling blog_tutorial v0.1.0 (/opt/rustwide/workdir/programs/blog_tutorial)
[INFO] [stdout] error[E0425]: cannot find value `blog` in this scope
[INFO] [stdout]   --> programs/blog_tutorial/src/lib.rs:11:9
[INFO] [stdout]    |
[INFO] [stdout] 11 |         blog.acc.authority = *ctx.accounts.authority.key;
[INFO] [stdout]    |         ^^^^ not found in this scope
[INFO] [stdout] 
[INFO] [stdout] 
[INFO] [stdout] error[E0609]: no field `account` on type `anchor_lang::Context<'_, '_, '_, '_, Initialize<'_>>`
[INFO] [stdout]   --> programs/blog_tutorial/src/lib.rs:10:31
[INFO] [stdout]    |
[INFO] [stdout] 10 |       let blog_acc = &mut ctx.account.blog_account;
[INFO] [stdout]    |                               ^^^^^^^ help: a field with a similar name exists: `accounts`
[INFO] [stdout] 
[INFO] [stdout] 
[INFO] [stdout] error[E0609]: no field `account` on type `anchor_lang::Context<'_, '_, '_, '_, MakePost<'_>>`
[INFO] [stdout]   --> programs/blog_tutorial/src/lib.rs:23:33
[INFO] [stdout]    |
[INFO] [stdout] 23 |         let blog_acc = &mut ctx.account.blog_account;
[INFO] [stdout]    |                                 ^^^^^^^ help: a field with a similar name exists: `accounts`
[INFO] [stdout] 
[INFO] [stdout] 
[INFO] [stdout] error: aborting due to 3 previous errors
[INFO] [stdout] 
[INFO] [stdout] 
[INFO] [stdout] Some errors have detailed explanations: E0425, E0609.
[INFO] [stdout] 
[INFO] [stdout] For more information about an error, try `rustc --explain E0425`.
[INFO] [stdout] 
[INFO] [stderr] error: could not compile `blog_tutorial` due to 4 previous errors
[INFO] running `Command { std: "docker" "inspect" "2d1e85f62b41a892cbd05a12acc39efacf9a25377a41ceeffabb40de59436ccf", kill_on_drop: false }`
[INFO] running `Command { std: "docker" "rm" "-f" "2d1e85f62b41a892cbd05a12acc39efacf9a25377a41ceeffabb40de59436ccf", kill_on_drop: false }`
[INFO] [stdout] 2d1e85f62b41a892cbd05a12acc39efacf9a25377a41ceeffabb40de59436ccf
