[INFO] cloning repository https://github.com/CosmicSyntax/async-api
[INFO] running `Command { std: "git" "-c" "credential.helper=" "-c" "credential.helper=/workspace/cargo-home/bin/git-credential-null" "clone" "--bare" "https://github.com/CosmicSyntax/async-api" "/workspace/cache/git-repos/https%3A%2F%2Fgithub.com%2FCosmicSyntax%2Fasync-api", kill_on_drop: false }`
[INFO] [stderr] Cloning into bare repository '/workspace/cache/git-repos/https%3A%2F%2Fgithub.com%2FCosmicSyntax%2Fasync-api'...
[INFO] running `Command { std: "git" "rev-parse" "HEAD", kill_on_drop: false }`
[INFO] [stdout] 754079afe271c2e388a656506778c0e52d69f71a
[INFO] testing CosmicSyntax/async-api against beta-2023-04-20 for beta-1.70-1
[INFO] running `Command { std: "git" "clone" "/workspace/cache/git-repos/https%3A%2F%2Fgithub.com%2FCosmicSyntax%2Fasync-api" "/workspace/builds/worker-6-tc2/source", kill_on_drop: false }`
[INFO] [stderr] Cloning into '/workspace/builds/worker-6-tc2/source'...
[INFO] [stderr] done.
[INFO] validating manifest of git repo https://github.com/CosmicSyntax/async-api on toolchain beta-2023-04-20
[INFO] running `Command { std: CARGO_HOME="/workspace/cargo-home" RUSTUP_HOME="/workspace/rustup-home" "/workspace/cargo-home/bin/cargo" "+beta-2023-04-20" "metadata" "--manifest-path" "Cargo.toml" "--no-deps", kill_on_drop: false }`
[INFO] started tweaking git repo https://github.com/CosmicSyntax/async-api
[INFO] finished tweaking git repo https://github.com/CosmicSyntax/async-api
[INFO] tweaked toml for git repo https://github.com/CosmicSyntax/async-api written to /workspace/builds/worker-6-tc2/source/Cargo.toml
[INFO] crate git repo https://github.com/CosmicSyntax/async-api already has a lockfile, it will not be regenerated
[INFO] running `Command { std: CARGO_HOME="/workspace/cargo-home" RUSTUP_HOME="/workspace/rustup-home" "/workspace/cargo-home/bin/cargo" "+beta-2023-04-20" "fetch" "--manifest-path" "Cargo.toml", kill_on_drop: false }`
[INFO] [stderr]     Updating crates.io index
[INFO] [stderr]  Downloading crates ...
[INFO] [stderr]   Downloaded sql-builder v3.1.1
[INFO] [stderr]   Downloaded cxxbridge-flags v1.0.87
[INFO] [stderr]   Downloaded cxxbridge-macro v1.0.87
[INFO] [stderr]   Downloaded futures-intrusive v0.4.2
[INFO] [stderr]   Downloaded actix-tls v3.0.3
[INFO] [stderr]   Downloaded actix-web-httpauth v0.8.0
[INFO] [stderr]   Downloaded argon2 v0.4.1
[INFO] [stderr]   Downloaded cxx v1.0.87
[INFO] [stderr]   Downloaded zstd v0.12.2+zstd.1.5.2
[INFO] [stderr]   Downloaded cxx-build v1.0.87
[INFO] [stderr]   Downloaded sqlformat v0.2.1
[INFO] [stderr]   Downloaded whoami v1.3.0
[INFO] [stderr]   Downloaded async-trait v0.1.63
[INFO] running `Command { std: "docker" "create" "-v" "/var/lib/crater-agent-workspace/builds/worker-6-tc2/target:/opt/rustwide/target:rw,Z" "-v" "/var/lib/crater-agent-workspace/builds/worker-6-tc2/source:/opt/rustwide/workdir:ro,Z" "-v" "/var/lib/crater-agent-workspace/cargo-home:/opt/rustwide/cargo-home:ro,Z" "-v" "/var/lib/crater-agent-workspace/rustup-home:/opt/rustwide/rustup-home:ro,Z" "-e" "SOURCE_DIR=/opt/rustwide/workdir" "-e" "CARGO_TARGET_DIR=/opt/rustwide/target" "-e" "CARGO_HOME=/opt/rustwide/cargo-home" "-e" "RUSTUP_HOME=/opt/rustwide/rustup-home" "-w" "/opt/rustwide/workdir" "-m" "1610612736" "--user" "0:0" "--network" "none" "ghcr.io/rust-lang/crates-build-env/linux@sha256:5ff2268d62e97bff2cde7d5815dd6ed5b47097566f13b8d0ca110b04b60e07ed" "/opt/rustwide/cargo-home/bin/cargo" "+beta-2023-04-20" "metadata" "--no-deps" "--format-version=1", kill_on_drop: false }`
[INFO] [stdout] d3b3f2a11096324a69af62ed46d5494ce8b239b8ef0b07c4813ae057fd8e976e
[INFO] running `Command { std: "docker" "start" "-a" "d3b3f2a11096324a69af62ed46d5494ce8b239b8ef0b07c4813ae057fd8e976e", kill_on_drop: false }`
[INFO] running `Command { std: "docker" "inspect" "d3b3f2a11096324a69af62ed46d5494ce8b239b8ef0b07c4813ae057fd8e976e", kill_on_drop: false }`
[INFO] running `Command { std: "docker" "rm" "-f" "d3b3f2a11096324a69af62ed46d5494ce8b239b8ef0b07c4813ae057fd8e976e", kill_on_drop: false }`
[INFO] [stdout] d3b3f2a11096324a69af62ed46d5494ce8b239b8ef0b07c4813ae057fd8e976e
[INFO] running `Command { std: "docker" "create" "-v" "/var/lib/crater-agent-workspace/builds/worker-6-tc2/target:/opt/rustwide/target:rw,Z" "-v" "/var/lib/crater-agent-workspace/builds/worker-6-tc2/source:/opt/rustwide/workdir:ro,Z" "-v" "/var/lib/crater-agent-workspace/cargo-home:/opt/rustwide/cargo-home:ro,Z" "-v" "/var/lib/crater-agent-workspace/rustup-home:/opt/rustwide/rustup-home:ro,Z" "-e" "SOURCE_DIR=/opt/rustwide/workdir" "-e" "CARGO_TARGET_DIR=/opt/rustwide/target" "-e" "CARGO_INCREMENTAL=0" "-e" "RUST_BACKTRACE=full" "-e" "RUSTFLAGS=--cap-lints=warn" "-e" "RUSTDOCFLAGS=--cap-lints=warn" "-e" "CARGO_HOME=/opt/rustwide/cargo-home" "-e" "RUSTUP_HOME=/opt/rustwide/rustup-home" "-w" "/opt/rustwide/workdir" "-m" "1610612736" "--user" "0:0" "--network" "none" "ghcr.io/rust-lang/crates-build-env/linux@sha256:5ff2268d62e97bff2cde7d5815dd6ed5b47097566f13b8d0ca110b04b60e07ed" "/opt/rustwide/cargo-home/bin/cargo" "+beta-2023-04-20" "build" "--frozen" "--message-format=json", kill_on_drop: false }`
[INFO] [stdout] 2db0ad3049a3bfefc4e9faf199db667986c41ccfd800935c7d7a56ec9ee0a9de
[INFO] running `Command { std: "docker" "start" "-a" "2db0ad3049a3bfefc4e9faf199db667986c41ccfd800935c7d7a56ec9ee0a9de", kill_on_drop: false }`
[INFO] [stderr]    Compiling libc v0.2.139
[INFO] [stderr]    Compiling proc-macro2 v1.0.50
[INFO] [stderr]    Compiling syn v1.0.107
[INFO] [stderr]    Compiling once_cell v1.17.0
[INFO] [stderr]    Compiling bytes v1.3.0
[INFO] [stderr]    Compiling futures-core v0.3.25
[INFO] [stderr]    Compiling smallvec v1.10.0
[INFO] [stderr]    Compiling spin v0.5.2
[INFO] [stderr]    Compiling untrusted v0.7.1
[INFO] [stderr]    Compiling subtle v2.4.1
[INFO] [stderr]    Compiling parking_lot_core v0.9.6
[INFO] [stderr]    Compiling tokio v1.24.2
[INFO] [stderr]    Compiling digest v0.10.6
[INFO] [stderr]    Compiling futures-sink v0.3.25
[INFO] [stderr]    Compiling serde v1.0.152
[INFO] [stderr]    Compiling rustls v0.20.8
[INFO] [stderr]    Compiling tinyvec_macros v0.1.0
[INFO] [stderr]    Compiling log v0.4.17
[INFO] [stderr]    Compiling slab v0.4.7
[INFO] [stderr]    Compiling tinyvec v1.6.0
[INFO] [stderr]    Compiling futures-task v0.3.25
[INFO] [stderr]    Compiling futures-channel v0.3.25
[INFO] [stderr]    Compiling quote v1.0.23
[INFO] [stderr]    Compiling jobserver v0.1.25
[INFO] [stderr]    Compiling getrandom v0.2.8
[INFO] [stderr]    Compiling num_cpus v1.15.0
[INFO] [stderr]    Compiling socket2 v0.4.7
[INFO] [stderr]    Compiling cc v1.0.78
[INFO] [stderr]    Compiling mio v0.8.5
[INFO] [stderr]    Compiling signal-hook-registry v1.4.0
[INFO] [stderr]    Compiling parking_lot v0.12.1
[INFO] [stderr]    Compiling rand_core v0.6.4
[INFO] [stderr]    Compiling unicode-normalization v0.1.22
[INFO] [stderr]    Compiling tracing-core v0.1.30
[INFO] [stderr]    Compiling ahash v0.7.6
[INFO] [stderr]    Compiling futures-util v0.3.25
[INFO] [stderr]    Compiling rand_chacha v0.3.1
[INFO] [stderr]    Compiling futures-io v0.3.25
[INFO] [stderr]    Compiling rand v0.8.5
[INFO] [stderr]    Compiling hmac v0.12.1
[INFO] [stderr]    Compiling base64 v0.13.1
[INFO] [stderr]    Compiling ring v0.16.20
[INFO] [stderr]    Compiling hashbrown v0.12.3
[INFO] [stderr]    Compiling serde_json v1.0.91
[INFO] [stderr]    Compiling zstd-sys v2.0.5+zstd.1.5.2
[INFO] [stderr]    Compiling stringprep v0.1.2
[INFO] [stderr]    Compiling idna v0.3.0
[INFO] [stderr]    Compiling sha2 v0.10.6
[INFO] [stderr]    Compiling num-integer v0.1.45
[INFO] [stderr]    Compiling indexmap v1.9.2
[INFO] [stderr]    Compiling num-traits v0.2.15
[INFO] [stderr]    Compiling base64 v0.21.0
[INFO] [stderr]    Compiling http v0.2.8
[INFO] [stderr]    Compiling local-waker v0.1.3
[INFO] [stderr]    Compiling time-core v0.1.0
[INFO] [stderr]    Compiling crossbeam-utils v0.8.14
[INFO] [stderr]    Compiling time-macros v0.2.6
[INFO] [stderr]    Compiling parking_lot_core v0.8.6
[INFO] [stderr]    Compiling md-5 v0.10.5
[INFO] [stderr]    Compiling bytestring v1.2.0
[INFO] [stderr]    Compiling webpki v0.22.0
[INFO] [stderr]    Compiling sct v0.7.0
[INFO] [stderr]    Compiling zstd-safe v6.0.2+zstd.1.5.2
[INFO] [stderr]    Compiling crossbeam-queue v0.3.8
[INFO] [stderr]    Compiling byteorder v1.4.3
[INFO] [stderr]    Compiling alloc-no-stdlib v2.0.4
[INFO] [stderr]    Compiling minimal-lexical v0.2.1
[INFO] [stderr]    Compiling alloc-stdlib v0.2.2
[INFO] [stderr]    Compiling webpki-roots v0.22.6
[INFO] [stderr]    Compiling nom v7.1.3
[INFO] [stderr]    Compiling time v0.3.17
[INFO] [stderr]    Compiling parking_lot v0.11.2
[INFO] [stderr]    Compiling actix-utils v3.0.1
[INFO] [stderr]    Compiling actix-service v2.0.2
[INFO] [stderr]    Compiling sha1 v0.10.5
[INFO] [stderr]    Compiling dirs-sys v0.3.7
[INFO] [stderr]    Compiling tokio-macros v1.8.2
[INFO] [stderr]    Compiling serde_derive v1.0.152
[INFO] [stderr]    Compiling futures-macro v0.3.25
[INFO] [stderr]    Compiling tracing-attributes v0.1.23
[INFO] [stderr]    Compiling thiserror-impl v1.0.38
[INFO] [stderr]    Compiling tracing v0.1.37
[INFO] [stderr]    Compiling unicode_categories v0.1.1
[INFO] [stderr]    Compiling httparse v1.8.0
[INFO] [stderr]    Compiling thiserror v1.0.38
[INFO] [stderr]    Compiling crc-catalog v2.2.0
[INFO] [stderr]    Compiling encoding_rs v0.8.31
[INFO] [stderr]    Compiling crc v3.0.0
[INFO] [stderr]    Compiling tokio-rustls v0.23.4
[INFO] [stderr]    Compiling dirs v4.0.0
[INFO] [stderr]    Compiling futures-intrusive v0.4.2
[INFO] [stderr]    Compiling brotli-decompressor v2.3.4
[INFO] [stderr]    Compiling rustls-pemfile v1.0.2
[INFO] [stderr]    Compiling url v2.3.1
[INFO] [stderr]    Compiling hashlink v0.8.1
[INFO] [stderr]    Compiling hkdf v0.12.3
[INFO] [stderr]    Compiling openssl-sys v0.9.80
[INFO] [stderr]    Compiling cookie v0.16.2
[INFO] [stderr]    Compiling num-bigint v0.4.3
[INFO] [stderr]    Compiling event-listener v2.5.3
[INFO] [stderr]    Compiling async-trait v0.1.63
[INFO] [stderr]    Compiling dotenvy v0.15.6
[INFO] [stderr]    Compiling convert_case v0.4.0
[INFO] [stderr]    Compiling fallible-iterator v0.2.0
[INFO] [stderr]    Compiling siphasher v0.3.10
[INFO] [stderr]    Compiling whoami v1.3.0
[INFO] [stderr]    Compiling phf_shared v0.11.1
[INFO] [stderr]    Compiling tokio-util v0.7.4
[INFO] [stderr]    Compiling actix-rt v2.8.0
[INFO] [stderr]    Compiling derive_more v0.99.17
[INFO] [stderr]    Compiling postgres-protocol v0.6.4
[INFO] [stderr]    Compiling brotli v3.3.4
[INFO] [stderr]    Compiling actix-codec v0.5.0
[INFO] [stderr]    Compiling h2 v0.3.15
[INFO] [stderr]    Compiling actix-tls v3.0.3
[INFO] [stderr]    Compiling local-channel v0.1.3
[INFO] [stderr]    Compiling flate2 v1.0.25
[INFO] [stderr]    Compiling chrono v0.4.23
[INFO] [stderr]    Compiling sqlx-rt v0.6.2
[INFO] [stderr]    Compiling either v1.8.1
[INFO] [stderr]    Compiling itertools v0.10.5
[INFO] [stderr]    Compiling actix-router v0.5.1
[INFO] [stderr]    Compiling sqlformat v0.2.1
[INFO] [stderr]    Compiling tokio-stream v0.1.11
[INFO] [stderr]    Compiling atoi v1.0.0
[INFO] [stderr]    Compiling time v0.1.45
[INFO] [stderr]    Compiling uuid v1.2.2
[INFO] [stderr]    Compiling language-tags v0.3.2
[INFO] [stderr]    Compiling httpdate v1.0.2
[INFO] [stderr]    Compiling anyhow v1.0.68
[INFO] [stderr]    Compiling mime v0.3.16
[INFO] [stderr]    Compiling unicode-segmentation v1.10.0
[INFO] [stderr]    Compiling bitflags v1.3.2
[INFO] [stderr]    Compiling sqlx-core v0.6.2
[INFO] [stderr]    Compiling heck v0.4.0
[INFO] [stderr]    Compiling actix-web-codegen v4.1.0
[INFO] [stderr]    Compiling serde_urlencoded v0.7.1
[INFO] [stderr]    Compiling postgres-types v0.2.4
[INFO] [stderr]    Compiling actix-server v2.2.0
[INFO] [stderr]    Compiling phf v0.11.1
[INFO] [stderr]    Compiling futures-executor v0.3.25
[INFO] [stderr]    Compiling actix-macros v0.2.3
[INFO] [stderr]    Compiling base64ct v1.5.3
[INFO] [stderr]    Compiling openssl v0.10.45
[INFO] [stderr]    Compiling overload v0.1.1
[INFO] [stderr]    Compiling nu-ansi-term v0.46.0
[INFO] [stderr]    Compiling tokio-postgres v0.7.7
[INFO] [stderr]    Compiling password-hash v0.4.2
[INFO] [stderr]    Compiling futures v0.3.25
[INFO] [stderr]    Compiling simple_asn1 v0.6.2
[INFO] [stderr]    Compiling tracing-log v0.1.3
[INFO] [stderr]    Compiling openssl-macros v0.1.0
[INFO] [stderr]    Compiling pem v1.1.1
[INFO] [stderr]    Compiling blake2 v0.10.6
[INFO] [stderr]    Compiling thread_local v1.1.4
[INFO] [stderr]    Compiling linked-hash-map v0.5.6
[INFO] [stderr]    Compiling api v0.1.0 (/opt/rustwide/workdir)
[INFO] [stderr]    Compiling tracing-subscriber v0.3.16
[INFO] [stderr]    Compiling yaml-rust v0.4.5
[INFO] [stderr]    Compiling argon2 v0.4.1
[INFO] [stderr]    Compiling jsonwebtoken v8.2.0
[INFO] [stderr]    Compiling tokio-postgres-rustls v0.9.0
[INFO] [stderr]    Compiling sql-builder v3.1.1
[INFO] [stderr]    Compiling asm v0.1.0 (/opt/rustwide/workdir/asm)
[INFO] [stderr]    Compiling sqlx-macros v0.6.2
[INFO] [stderr]    Compiling zstd v0.12.2+zstd.1.5.2
[INFO] [stderr]    Compiling actix-http v3.3.0
[INFO] [stderr]    Compiling sqlx v0.6.2
[INFO] [stderr]    Compiling actix-web v4.3.0
[INFO] [stderr]    Compiling actix-web-httpauth v0.8.0
[INFO] [stdout] error: error communicating with database: Cannot assign requested address (os error 99)
[INFO] [stdout]   --> src/models/registration.rs:23:19
[INFO] [stdout]    |
[INFO] [stdout] 23 |           let row = sqlx::query!(
[INFO] [stdout]    |  ___________________^
[INFO] [stdout] 24 | |             "
[INFO] [stdout] 25 | |                 SELECT id FROM information WHERE username = $1;
[INFO] [stdout] 26 | |             ",
[INFO] [stdout] 27 | |             self.username,
[INFO] [stdout] 28 | |         );
[INFO] [stdout]    | |_________^
[INFO] [stdout]    |
[INFO] [stdout]    = note: this error originates in the macro `$crate::sqlx_macros::expand_query` which comes from the expansion of the macro `sqlx::query` (in Nightly builds, run with -Z macro-backtrace for more info)
[INFO] [stdout] 
[INFO] [stdout] 
[INFO] [stdout] error: error communicating with database: Cannot assign requested address (os error 99)
[INFO] [stdout]   --> src/models/registration.rs:42:19
[INFO] [stdout]    |
[INFO] [stdout] 42 |           let row = sqlx::query!(
[INFO] [stdout]    |  ___________________^
[INFO] [stdout] 43 | |             "
[INFO] [stdout] 44 | |                 INSERT INTO customers(uuid)
[INFO] [stdout] 45 | |                 VALUES ($1) RETURNING id, uuid;
[INFO] [stdout] 46 | |             ",
[INFO] [stdout] 47 | |             uuid::Uuid::new_v4(),
[INFO] [stdout] 48 | |         );
[INFO] [stdout]    | |_________^
[INFO] [stdout]    |
[INFO] [stdout]    = note: this error originates in the macro `$crate::sqlx_macros::expand_query` which comes from the expansion of the macro `sqlx::query` (in Nightly builds, run with -Z macro-backtrace for more info)
[INFO] [stdout] 
[INFO] [stdout] 
[INFO] [stdout] error: error communicating with database: Cannot assign requested address (os error 99)
[INFO] [stdout]   --> src/models/registration.rs:66:19
[INFO] [stdout]    |
[INFO] [stdout] 66 |           let row = sqlx::query!(
[INFO] [stdout]    |  ___________________^
[INFO] [stdout] 67 | |             "
[INFO] [stdout] 68 | |                 INSERT INTO information(id, username, pw)
[INFO] [stdout] 69 | |                 VALUES ($1, $2, $3);
[INFO] [stdout] ...  |
[INFO] [stdout] 73 | |             pw_result.as_bytes(),
[INFO] [stdout] 74 | |         );
[INFO] [stdout]    | |_________^
[INFO] [stdout]    |
[INFO] [stdout]    = note: this error originates in the macro `$crate::sqlx_macros::expand_query` which comes from the expansion of the macro `sqlx::query` (in Nightly builds, run with -Z macro-backtrace for more info)
[INFO] [stdout] 
[INFO] [stdout] 
[INFO] [stdout] error: error communicating with database: Cannot assign requested address (os error 99)
[INFO] [stdout]   --> src/models/registration.rs:81:19
[INFO] [stdout]    |
[INFO] [stdout] 81 |           let row = sqlx::query!(
[INFO] [stdout]    |  ___________________^
[INFO] [stdout] 82 | |             "
[INFO] [stdout] 83 | |                 SELECT * FROM information WHERE username = $1
[INFO] [stdout] 84 | |             ",
[INFO] [stdout] 85 | |             self.username,
[INFO] [stdout] 86 | |         );
[INFO] [stdout]    | |_________^
[INFO] [stdout]    |
[INFO] [stdout]    = note: this error originates in the macro `$crate::sqlx_macros::expand_query` which comes from the expansion of the macro `sqlx::query` (in Nightly builds, run with -Z macro-backtrace for more info)
[INFO] [stdout] 
[INFO] [stdout] 
[INFO] [stdout] error: aborting due to 4 previous errors
[INFO] [stdout] 
[INFO] [stdout] 
[INFO] [stderr] error: could not compile `api` (lib) due to 5 previous errors
[INFO] [stderr] warning: build failed, waiting for other jobs to finish...
[INFO] running `Command { std: "docker" "inspect" "2db0ad3049a3bfefc4e9faf199db667986c41ccfd800935c7d7a56ec9ee0a9de", kill_on_drop: false }`
[INFO] running `Command { std: "docker" "rm" "-f" "2db0ad3049a3bfefc4e9faf199db667986c41ccfd800935c7d7a56ec9ee0a9de", kill_on_drop: false }`
[INFO] [stdout] 2db0ad3049a3bfefc4e9faf199db667986c41ccfd800935c7d7a56ec9ee0a9de
