[INFO] cloning repository https://github.com/CosmicBagel/qa-autopilot
[INFO] running `Command { std: "git" "-c" "credential.helper=" "-c" "credential.helper=/workspace/cargo-home/bin/git-credential-null" "clone" "--bare" "https://github.com/CosmicBagel/qa-autopilot" "/workspace/cache/git-repos/https%3A%2F%2Fgithub.com%2FCosmicBagel%2Fqa-autopilot", kill_on_drop: false }`
[INFO] [stderr] Cloning into bare repository '/workspace/cache/git-repos/https%3A%2F%2Fgithub.com%2FCosmicBagel%2Fqa-autopilot'...
[INFO] running `Command { std: "git" "rev-parse" "HEAD", kill_on_drop: false }`
[INFO] [stdout] abb3e024806057f5986edc38cf6cb004c7f1c987
[INFO] testing CosmicBagel/qa-autopilot against 1.69.0 for beta-1.70-1
[INFO] running `Command { std: "git" "clone" "/workspace/cache/git-repos/https%3A%2F%2Fgithub.com%2FCosmicBagel%2Fqa-autopilot" "/workspace/builds/worker-7-tc1/source", kill_on_drop: false }`
[INFO] [stderr] Cloning into '/workspace/builds/worker-7-tc1/source'...
[INFO] [stderr] done.
[INFO] validating manifest of git repo https://github.com/CosmicBagel/qa-autopilot on toolchain 1.69.0
[INFO] running `Command { std: CARGO_HOME="/workspace/cargo-home" RUSTUP_HOME="/workspace/rustup-home" "/workspace/cargo-home/bin/cargo" "+1.69.0" "metadata" "--manifest-path" "Cargo.toml" "--no-deps", kill_on_drop: false }`
[INFO] started tweaking git repo https://github.com/CosmicBagel/qa-autopilot
[INFO] finished tweaking git repo https://github.com/CosmicBagel/qa-autopilot
[INFO] tweaked toml for git repo https://github.com/CosmicBagel/qa-autopilot written to /workspace/builds/worker-7-tc1/source/Cargo.toml
[INFO] crate git repo https://github.com/CosmicBagel/qa-autopilot already has a lockfile, it will not be regenerated
[INFO] running `Command { std: CARGO_HOME="/workspace/cargo-home" RUSTUP_HOME="/workspace/rustup-home" "/workspace/cargo-home/bin/cargo" "+1.69.0" "fetch" "--manifest-path" "Cargo.toml", kill_on_drop: false }`
[INFO] running `Command { std: "docker" "create" "-v" "/var/lib/crater-agent-workspace/builds/worker-7-tc1/target:/opt/rustwide/target:rw,Z" "-v" "/var/lib/crater-agent-workspace/builds/worker-7-tc1/source:/opt/rustwide/workdir:ro,Z" "-v" "/var/lib/crater-agent-workspace/cargo-home:/opt/rustwide/cargo-home:ro,Z" "-v" "/var/lib/crater-agent-workspace/rustup-home:/opt/rustwide/rustup-home:ro,Z" "-e" "SOURCE_DIR=/opt/rustwide/workdir" "-e" "CARGO_TARGET_DIR=/opt/rustwide/target" "-e" "CARGO_HOME=/opt/rustwide/cargo-home" "-e" "RUSTUP_HOME=/opt/rustwide/rustup-home" "-w" "/opt/rustwide/workdir" "-m" "1610612736" "--user" "0:0" "--network" "none" "ghcr.io/rust-lang/crates-build-env/linux@sha256:5ff2268d62e97bff2cde7d5815dd6ed5b47097566f13b8d0ca110b04b60e07ed" "/opt/rustwide/cargo-home/bin/cargo" "+1.69.0" "metadata" "--no-deps" "--format-version=1", kill_on_drop: false }`
[INFO] [stdout] 5e8b14a6e721ba9a8be2c95a079f0476f48880f482924fb3565332e5ed3b32e9
[INFO] running `Command { std: "docker" "start" "-a" "5e8b14a6e721ba9a8be2c95a079f0476f48880f482924fb3565332e5ed3b32e9", kill_on_drop: false }`
[INFO] running `Command { std: "docker" "inspect" "5e8b14a6e721ba9a8be2c95a079f0476f48880f482924fb3565332e5ed3b32e9", kill_on_drop: false }`
[INFO] running `Command { std: "docker" "rm" "-f" "5e8b14a6e721ba9a8be2c95a079f0476f48880f482924fb3565332e5ed3b32e9", kill_on_drop: false }`
[INFO] [stdout] 5e8b14a6e721ba9a8be2c95a079f0476f48880f482924fb3565332e5ed3b32e9
[INFO] running `Command { std: "docker" "create" "-v" "/var/lib/crater-agent-workspace/builds/worker-7-tc1/target:/opt/rustwide/target:rw,Z" "-v" "/var/lib/crater-agent-workspace/builds/worker-7-tc1/source:/opt/rustwide/workdir:ro,Z" "-v" "/var/lib/crater-agent-workspace/cargo-home:/opt/rustwide/cargo-home:ro,Z" "-v" "/var/lib/crater-agent-workspace/rustup-home:/opt/rustwide/rustup-home:ro,Z" "-e" "SOURCE_DIR=/opt/rustwide/workdir" "-e" "CARGO_TARGET_DIR=/opt/rustwide/target" "-e" "CARGO_INCREMENTAL=0" "-e" "RUST_BACKTRACE=full" "-e" "RUSTFLAGS=--cap-lints=warn" "-e" "RUSTDOCFLAGS=--cap-lints=warn" "-e" "CARGO_HOME=/opt/rustwide/cargo-home" "-e" "RUSTUP_HOME=/opt/rustwide/rustup-home" "-w" "/opt/rustwide/workdir" "-m" "1610612736" "--user" "0:0" "--network" "none" "ghcr.io/rust-lang/crates-build-env/linux@sha256:5ff2268d62e97bff2cde7d5815dd6ed5b47097566f13b8d0ca110b04b60e07ed" "/opt/rustwide/cargo-home/bin/cargo" "+1.69.0" "build" "--frozen" "--message-format=json", kill_on_drop: false }`
[INFO] [stdout] bc44717345d7d33cdb61fb0a60d77858c983516e1971dd149442cc82920eda4f
[INFO] running `Command { std: "docker" "start" "-a" "bc44717345d7d33cdb61fb0a60d77858c983516e1971dd149442cc82920eda4f", kill_on_drop: false }`
[INFO] [stderr]    Compiling winapi-build v0.1.1
[INFO] [stderr]    Compiling winapi v0.2.8
[INFO] [stderr]    Compiling user32-sys v0.2.0
[INFO] [stderr]    Compiling qa-autopilot v0.1.0 (/opt/rustwide/workdir)
[INFO] [stdout] error[E0432]: unresolved import `winapi::winnt`
[INFO] [stdout]  --> src/main.rs:7:13
[INFO] [stdout]   |
[INFO] [stdout] 7 | use winapi::winnt::LPCSTR;
[INFO] [stdout]   |             ^^^^^ could not find `winnt` in `winapi`
[INFO] [stdout] 
[INFO] [stdout] 
[INFO] [stdout] error[E0432]: unresolved import `winapi::windef`
[INFO] [stdout]  --> src/main.rs:8:13
[INFO] [stdout]   |
[INFO] [stdout] 8 | use winapi::windef::HWND;
[INFO] [stdout]   |             ^^^^^^ could not find `windef` in `winapi`
[INFO] [stdout] 
[INFO] [stdout] 
[INFO] [stdout] error[E0432]: unresolved import `winapi::winuser`
[INFO] [stdout]  --> src/main.rs:9:13
[INFO] [stdout]   |
[INFO] [stdout] 9 | use winapi::winuser::INPUT;
[INFO] [stdout]   |             ^^^^^^^ could not find `winuser` in `winapi`
[INFO] [stdout] 
[INFO] [stdout] 
[INFO] [stdout] error[E0432]: unresolved import `winapi::winuser`
[INFO] [stdout]   --> src/main.rs:10:13
[INFO] [stdout]    |
[INFO] [stdout] 10 | use winapi::winuser::INPUT_KEYBOARD;
[INFO] [stdout]    |             ^^^^^^^ could not find `winuser` in `winapi`
[INFO] [stdout] 
[INFO] [stdout] 
[INFO] [stdout] error[E0432]: unresolved import `winapi::c_int`
[INFO] [stdout]   --> src/main.rs:11:5
[INFO] [stdout]    |
[INFO] [stdout] 11 | use winapi::c_int;
[INFO] [stdout]    |     ^^^^^^^^^^^^^ no `c_int` in the root
[INFO] [stdout]    |
[INFO] [stdout] help: consider importing one of these items instead
[INFO] [stdout]    |
[INFO] [stdout] 11 | use std::ffi::c_int;
[INFO] [stdout]    |     ~~~~~~~~~~~~~~~
[INFO] [stdout] 11 | use std::os::raw::c_int;
[INFO] [stdout]    |     ~~~~~~~~~~~~~~~~~~~
[INFO] [stdout] 
[INFO] [stdout] 
[INFO] [stdout] error[E0432]: unresolved import `winapi::winuser`
[INFO] [stdout]   --> src/main.rs:12:13
[INFO] [stdout]    |
[INFO] [stdout] 12 | use winapi::winuser::LPINPUT;
[INFO] [stdout]    |             ^^^^^^^ could not find `winuser` in `winapi`
[INFO] [stdout] 
[INFO] [stdout] 
[INFO] [stdout] error[E0425]: cannot find function, tuple struct or tuple variant `FindWindowA` in crate `user32`
[INFO] [stdout]   --> src/main.rs:19:21
[INFO] [stdout]    |
[INFO] [stdout] 19 |             user32::FindWindowA( null_mut(),
[INFO] [stdout]    |                     ^^^^^^^^^^^ not found in `user32`
[INFO] [stdout] 
[INFO] [stdout] 
[INFO] [stdout] error[E0425]: cannot find function, tuple struct or tuple variant `SetForegroundWindow` in crate `user32`
[INFO] [stdout]   --> src/main.rs:23:17
[INFO] [stdout]    |
[INFO] [stdout] 23 |         user32::SetForegroundWindow(hwnd_window_result);
[INFO] [stdout]    |                 ^^^^^^^^^^^^^^^^^^^ not found in `user32`
[INFO] [stdout] 
[INFO] [stdout] 
[INFO] [stdout] error[E0425]: cannot find function, tuple struct or tuple variant `SendInput` in crate `user32`
[INFO] [stdout]   --> src/main.rs:39:17
[INFO] [stdout]    |
[INFO] [stdout] 39 |         user32::SendInput(1, &mut ip as LPINPUT, size_of::<INPUT>() as c_int);
[INFO] [stdout]    |                 ^^^^^^^^^ not found in `user32`
[INFO] [stdout] 
[INFO] [stdout] 
[INFO] [stdout] error: aborting due to 9 previous errors
[INFO] [stdout] 
[INFO] [stdout] 
[INFO] [stdout] Some errors have detailed explanations: E0425, E0432.
[INFO] [stdout] 
[INFO] [stdout] For more information about an error, try `rustc --explain E0425`.
[INFO] [stdout] 
[INFO] [stderr] error: could not compile `qa-autopilot` due to 10 previous errors
[INFO] running `Command { std: "docker" "inspect" "bc44717345d7d33cdb61fb0a60d77858c983516e1971dd149442cc82920eda4f", kill_on_drop: false }`
[INFO] running `Command { std: "docker" "rm" "-f" "bc44717345d7d33cdb61fb0a60d77858c983516e1971dd149442cc82920eda4f", kill_on_drop: false }`
[INFO] [stdout] bc44717345d7d33cdb61fb0a60d77858c983516e1971dd149442cc82920eda4f
