[INFO] cloning repository https://github.com/CleverCloud/node-pulsar-rust-backed
[INFO] running `Command { std: "git" "-c" "credential.helper=" "-c" "credential.helper=/workspace/cargo-home/bin/git-credential-null" "clone" "--bare" "https://github.com/CleverCloud/node-pulsar-rust-backed" "/workspace/cache/git-repos/https%3A%2F%2Fgithub.com%2FCleverCloud%2Fnode-pulsar-rust-backed", kill_on_drop: false }`
[INFO] [stderr] Cloning into bare repository '/workspace/cache/git-repos/https%3A%2F%2Fgithub.com%2FCleverCloud%2Fnode-pulsar-rust-backed'...
[INFO] running `Command { std: "git" "rev-parse" "HEAD", kill_on_drop: false }`
[INFO] [stdout] 08f0c67a341d16e5eb1b7054cc63bbc704bb302d
[INFO] testing CleverCloud/node-pulsar-rust-backed against beta-2023-04-20 for beta-1.70-1
[INFO] running `Command { std: "git" "clone" "/workspace/cache/git-repos/https%3A%2F%2Fgithub.com%2FCleverCloud%2Fnode-pulsar-rust-backed" "/workspace/builds/worker-1-tc2/source", kill_on_drop: false }`
[INFO] [stderr] Cloning into '/workspace/builds/worker-1-tc2/source'...
[INFO] [stderr] done.
[INFO] validating manifest of git repo https://github.com/CleverCloud/node-pulsar-rust-backed on toolchain beta-2023-04-20
[INFO] running `Command { std: CARGO_HOME="/workspace/cargo-home" RUSTUP_HOME="/workspace/rustup-home" "/workspace/cargo-home/bin/cargo" "+beta-2023-04-20" "metadata" "--manifest-path" "Cargo.toml" "--no-deps", kill_on_drop: false }`
[INFO] removed /workspace/builds/worker-1-tc2/source/.cargo/config.toml
[INFO] started tweaking git repo https://github.com/CleverCloud/node-pulsar-rust-backed
[INFO] finished tweaking git repo https://github.com/CleverCloud/node-pulsar-rust-backed
[INFO] tweaked toml for git repo https://github.com/CleverCloud/node-pulsar-rust-backed written to /workspace/builds/worker-1-tc2/source/Cargo.toml
[INFO] crate git repo https://github.com/CleverCloud/node-pulsar-rust-backed already has a lockfile, it will not be regenerated
[INFO] running `Command { std: CARGO_HOME="/workspace/cargo-home" RUSTUP_HOME="/workspace/rustup-home" "/workspace/cargo-home/bin/cargo" "+beta-2023-04-20" "fetch" "--manifest-path" "Cargo.toml", kill_on_drop: false }`
[INFO] [stderr]     Updating crates.io index
[INFO] [stderr]     Blocking waiting for file lock on package cache
[INFO] [stderr]  Downloading crates ...
[INFO] [stderr]   Downloaded napi-sys v2.2.2
[INFO] [stderr]   Downloaded napi v2.10.3
[INFO] [stderr]   Downloaded napi-derive-backend v1.0.40
[INFO] [stderr]   Downloaded napi-derive v2.9.3
[INFO] [stderr]   Downloaded oauth2 v4.3.0
[INFO] [stderr]   Downloaded pulsar v5.0.0
[INFO] [stderr]   Downloaded openidconnect v2.4.0
[INFO] [stderr]   Downloaded napi-build v1.2.1
[INFO] running `Command { std: "docker" "create" "-v" "/var/lib/crater-agent-workspace/builds/worker-1-tc2/target:/opt/rustwide/target:rw,Z" "-v" "/var/lib/crater-agent-workspace/builds/worker-1-tc2/source:/opt/rustwide/workdir:ro,Z" "-v" "/var/lib/crater-agent-workspace/cargo-home:/opt/rustwide/cargo-home:ro,Z" "-v" "/var/lib/crater-agent-workspace/rustup-home:/opt/rustwide/rustup-home:ro,Z" "-e" "SOURCE_DIR=/opt/rustwide/workdir" "-e" "CARGO_TARGET_DIR=/opt/rustwide/target" "-e" "CARGO_HOME=/opt/rustwide/cargo-home" "-e" "RUSTUP_HOME=/opt/rustwide/rustup-home" "-w" "/opt/rustwide/workdir" "-m" "1610612736" "--user" "0:0" "--network" "none" "ghcr.io/rust-lang/crates-build-env/linux@sha256:5ff2268d62e97bff2cde7d5815dd6ed5b47097566f13b8d0ca110b04b60e07ed" "/opt/rustwide/cargo-home/bin/cargo" "+beta-2023-04-20" "metadata" "--no-deps" "--format-version=1", kill_on_drop: false }`
[INFO] [stdout] 8477ceae04b620550b1b3e5c67459440c47e7a6393f7a6ae1302bafc1d16c853
[INFO] running `Command { std: "docker" "start" "-a" "8477ceae04b620550b1b3e5c67459440c47e7a6393f7a6ae1302bafc1d16c853", kill_on_drop: false }`
[INFO] running `Command { std: "docker" "inspect" "8477ceae04b620550b1b3e5c67459440c47e7a6393f7a6ae1302bafc1d16c853", kill_on_drop: false }`
[INFO] running `Command { std: "docker" "rm" "-f" "8477ceae04b620550b1b3e5c67459440c47e7a6393f7a6ae1302bafc1d16c853", kill_on_drop: false }`
[INFO] [stdout] 8477ceae04b620550b1b3e5c67459440c47e7a6393f7a6ae1302bafc1d16c853
[INFO] running `Command { std: "docker" "create" "-v" "/var/lib/crater-agent-workspace/builds/worker-1-tc2/target:/opt/rustwide/target:rw,Z" "-v" "/var/lib/crater-agent-workspace/builds/worker-1-tc2/source:/opt/rustwide/workdir:ro,Z" "-v" "/var/lib/crater-agent-workspace/cargo-home:/opt/rustwide/cargo-home:ro,Z" "-v" "/var/lib/crater-agent-workspace/rustup-home:/opt/rustwide/rustup-home:ro,Z" "-e" "SOURCE_DIR=/opt/rustwide/workdir" "-e" "CARGO_TARGET_DIR=/opt/rustwide/target" "-e" "CARGO_INCREMENTAL=0" "-e" "RUST_BACKTRACE=full" "-e" "RUSTFLAGS=--cap-lints=warn" "-e" "RUSTDOCFLAGS=--cap-lints=warn" "-e" "CARGO_HOME=/opt/rustwide/cargo-home" "-e" "RUSTUP_HOME=/opt/rustwide/rustup-home" "-w" "/opt/rustwide/workdir" "-m" "1610612736" "--user" "0:0" "--network" "none" "ghcr.io/rust-lang/crates-build-env/linux@sha256:5ff2268d62e97bff2cde7d5815dd6ed5b47097566f13b8d0ca110b04b60e07ed" "/opt/rustwide/cargo-home/bin/cargo" "+beta-2023-04-20" "build" "--frozen" "--message-format=json", kill_on_drop: false }`
[INFO] [stdout] 49c1bafdbd02c657427ab1b5748ee2ea9fd7957c6ff11541a4e5ed160e33fd0b
[INFO] running `Command { std: "docker" "start" "-a" "49c1bafdbd02c657427ab1b5748ee2ea9fd7957c6ff11541a4e5ed160e33fd0b", kill_on_drop: false }`
[INFO] [stderr]    Compiling libc v0.2.139
[INFO] [stderr]    Compiling autocfg v1.1.0
[INFO] [stderr]    Compiling proc-macro2 v1.0.49
[INFO] [stderr]    Compiling unicode-ident v1.0.6
[INFO] [stderr]    Compiling quote v1.0.23
[INFO] [stderr]    Compiling syn v1.0.107
[INFO] [stderr]    Compiling cfg-if v1.0.0
[INFO] [stderr]    Compiling memchr v2.5.0
[INFO] [stderr]    Compiling version_check v0.9.4
[INFO] [stderr]    Compiling pin-project-lite v0.2.9
[INFO] [stderr]    Compiling log v0.4.17
[INFO] [stderr]    Compiling once_cell v1.16.0
[INFO] [stderr]    Compiling futures-core v0.3.25
[INFO] [stderr]    Compiling futures-io v0.3.25
[INFO] [stderr]    Compiling bytes v1.3.0
[INFO] [stderr]    Compiling serde_derive v1.0.152
[INFO] [stderr]    Compiling parking_lot_core v0.9.5
[INFO] [stderr]    Compiling futures-sink v0.3.25
[INFO] [stderr]    Compiling scopeguard v1.1.0
[INFO] [stderr]    Compiling futures-task v0.3.25
[INFO] [stderr]    Compiling serde v1.0.152
[INFO] [stderr]    Compiling futures-channel v0.3.25
[INFO] [stderr]    Compiling smallvec v1.10.0
[INFO] [stderr]    Compiling hashbrown v0.12.3
[INFO] [stderr]    Compiling value-bag v1.0.0-alpha.9
[INFO] [stderr]    Compiling pin-utils v0.1.0
[INFO] [stderr]    Compiling fastrand v1.8.0
[INFO] [stderr]    Compiling futures-util v0.3.25
[INFO] [stderr]    Compiling itoa v1.0.5
[INFO] [stderr]    Compiling spin v0.5.2
[INFO] [stderr]    Compiling slab v0.4.7
[INFO] [stderr]    Compiling lock_api v0.4.9
[INFO] [stderr]    Compiling tokio v1.23.0
[INFO] [stderr]    Compiling untrusted v0.7.1
[INFO] [stderr]    Compiling crossbeam-utils v0.8.14
[INFO] [stderr]    Compiling num-traits v0.2.15
[INFO] [stderr]    Compiling typenum v1.16.0
[INFO] [stderr]    Compiling anyhow v1.0.68
[INFO] [stderr]    Compiling pkg-config v0.3.26
[INFO] [stderr]    Compiling either v1.8.0
[INFO] [stderr]    Compiling indexmap v1.9.2
[INFO] [stderr]    Compiling generic-array v0.14.6
[INFO] [stderr]    Compiling tracing-core v0.1.30
[INFO] [stderr]    Compiling waker-fn v1.1.0
[INFO] [stderr]    Compiling parking v2.0.0
[INFO] [stderr]    Compiling event-listener v2.5.3
[INFO] [stderr]    Compiling fnv v1.0.7
[INFO] [stderr]    Compiling tinyvec_macros v0.1.0
[INFO] [stderr]    Compiling jobserver v0.1.25
[INFO] [stderr]    Compiling socket2 v0.4.7
[INFO] [stderr]    Compiling signal-hook-registry v1.4.0
[INFO] [stderr]    Compiling num_cpus v1.15.0
[INFO] [stderr]    Compiling tracing v0.1.37
[INFO] [stderr]    Compiling http v0.2.8
[INFO] [stderr]    Compiling tinyvec v1.6.0
[INFO] [stderr]    Compiling cc v1.0.78
[INFO] [stderr]    Compiling futures-lite v1.12.0
[INFO] [stderr]    Compiling parking_lot v0.12.1
[INFO] [stderr]    Compiling concurrent-queue v2.0.0
[INFO] [stderr]    Compiling itertools v0.10.5
[INFO] [stderr]    Compiling aho-corasick v0.7.20
[INFO] [stderr]    Compiling httparse v1.8.0
[INFO] [stderr]    Compiling rustls v0.20.7
[INFO] [stderr]    Compiling percent-encoding v2.2.0
[INFO] [stderr]    Compiling regex-syntax v0.6.28
[INFO] [stderr]    Compiling openssl-src v111.24.0+1.1.1s
[INFO] [stderr]    Compiling form_urlencoded v1.1.0
[INFO] [stderr]    Compiling getrandom v0.2.8
[INFO] [stderr]    Compiling num-integer v0.1.45
[INFO] [stderr]    Compiling unicode-normalization v0.1.22
[INFO] [stderr]    Compiling async-lock v2.6.0
[INFO] [stderr]    Compiling polling v2.5.2
[INFO] [stderr]    Compiling ryu v1.0.12
[INFO] [stderr]    Compiling try-lock v0.2.3
[INFO] [stderr]    Compiling unicode-bidi v0.3.8
[INFO] [stderr]    Compiling rand_core v0.6.4
[INFO] [stderr]    Compiling http-body v0.4.5
[INFO] [stderr]    Compiling async-io v1.12.0
[INFO] [stderr]    Compiling foreign-types-shared v0.1.1
[INFO] [stderr]    Compiling httpdate v1.0.2
[INFO] [stderr]    Compiling ring v0.16.20
[INFO] [stderr]    Compiling openssl-sys v0.9.80
[INFO] [stderr]    Compiling zstd-sys v2.0.4+zstd.1.5.2
[INFO] [stderr]    Compiling bitflags v1.3.2
[INFO] [stderr]    Compiling idna v0.3.0
[INFO] [stderr]    Compiling thiserror v1.0.38
[INFO] [stderr]    Compiling encoding_rs v0.8.31
[INFO] [stderr]    Compiling base64 v0.13.1
[INFO] [stderr]    Compiling prettyplease v0.1.22
[INFO] [stderr]    Compiling ppv-lite86 v0.2.17
[INFO] [stderr]    Compiling openssl v0.10.45
[INFO] [stderr]    Compiling serde_json v1.0.91
[INFO] [stderr]    Compiling tower-service v0.3.2
[INFO] [stderr]    Compiling block-buffer v0.10.3
[INFO] [stderr]    Compiling crypto-common v0.1.6
[INFO] [stderr]    Compiling rand_chacha v0.3.1
[INFO] [stderr]    Compiling foreign-types v0.3.2
[INFO] [stderr]    Compiling fixedbitset v0.4.2
[INFO] [stderr]    Compiling signal-hook v0.3.14
[INFO] [stderr]    Compiling async-task v4.3.0
[INFO] [stderr]    Compiling native-tls v0.2.11
[INFO] [stderr]    Compiling remove_dir_all v0.5.3
[INFO] [stderr]    Compiling rand v0.8.5
[INFO] [stderr]    Compiling tempfile v3.3.0
[INFO] [stderr]    Compiling digest v0.10.6
[INFO] [stderr]    Compiling rustls-pemfile v1.0.1
[INFO] [stderr]    Compiling regex v1.7.0
[INFO] [stderr]    Compiling petgraph v0.6.2
[INFO] [stderr]    Compiling lz4-sys v1.9.4
[INFO] [stderr]    Compiling async-channel v1.8.0
[INFO] [stderr]    Compiling time v0.1.45
[INFO] [stderr]    Compiling which v4.3.0
[INFO] [stderr]    Compiling num-bigint v0.4.3
[INFO] [stderr]    Compiling async-process v1.6.0
[INFO] [stderr]    Compiling mime v0.3.16
[INFO] [stderr]    Compiling ipnet v2.7.0
[INFO] [stderr]    Compiling iana-time-zone v0.1.53
[INFO] [stderr]    Compiling atomic-waker v1.0.0
[INFO] [stderr]    Compiling zstd-safe v5.0.2+zstd.1.5.2
[INFO] [stderr]    Compiling openssl-probe v0.1.5
[INFO] [stderr]    Compiling cpufeatures v0.2.5
[INFO] [stderr]    Compiling crc32fast v1.3.2
[INFO] [stderr]    Compiling multimap v0.8.3
[INFO] [stderr]    Compiling lazy_static v1.4.0
[INFO] [stderr]    Compiling heck v0.4.0
[INFO] [stderr]    Compiling sha2 v0.10.6
[INFO] [stderr]    Compiling blocking v1.3.0
[INFO] [stderr]    Compiling async-executor v1.5.0
[INFO] [stderr]    Compiling ordered-float v2.10.0
[INFO] [stderr]    Compiling async-trait v0.1.60
[INFO] [stderr]    Compiling snap v1.1.0
[INFO] [stderr]    Compiling unicode-segmentation v1.10.0
[INFO] [stderr]    Compiling adler v1.0.2
[INFO] [stderr]    Compiling convert_case v0.6.0
[INFO] [stderr]    Compiling miniz_oxide v0.6.2
[INFO] [stderr]    Compiling crc-catalog v2.1.0
[INFO] [stderr]    Compiling minimal-lexical v0.2.1
[INFO] [stderr]    Compiling napi-build v1.2.1
[INFO] [stderr]    Compiling crc v3.0.0
[INFO] [stderr]    Compiling napi-derive-backend v1.0.40
[INFO] [stderr]    Compiling nom v7.1.1
[INFO] [stderr]    Compiling uuid v1.2.2
[INFO] [stderr]    Compiling pem v1.1.0
[INFO] [stderr]    Compiling pulsar-node-rust-client v0.0.0 (/opt/rustwide/workdir)
[INFO] [stderr]    Compiling flate2 v1.0.25
[INFO] [stderr]    Compiling atty v0.2.14
[INFO] [stderr]    Compiling thread_local v1.1.4
[INFO] [stderr]    Compiling napi-sys v2.2.2
[INFO] [stderr]    Compiling termcolor v1.1.3
[INFO] [stderr]    Compiling webpki v0.22.0
[INFO] [stderr]    Compiling sct v0.7.0
[INFO] [stderr]    Compiling humantime v2.1.0
[INFO] [stderr]    Compiling bit-vec v0.6.3
[INFO] [stderr]    Compiling webpki-roots v0.22.6
[INFO] [stderr]    Compiling futures-timer v3.0.2
[INFO] [stderr]    Compiling data-url v0.2.0
[INFO] [stderr]    Compiling ctor v0.1.26
[INFO] [stderr]    Compiling tokio-macros v1.8.2
[INFO] [stderr]    Compiling futures-macro v0.3.25
[INFO] [stderr]    Compiling prost-derive v0.11.5
[INFO] [stderr]    Compiling thiserror-impl v1.0.38
[INFO] [stderr]    Compiling openssl-macros v0.1.0
[INFO] [stderr]    Compiling async-attributes v1.1.2
[INFO] [stderr]    Compiling napi-derive v2.9.3
[INFO] [stderr]    Compiling mio v0.8.5
[INFO] [stderr]    Compiling want v0.3.0
[INFO] [stderr]    Compiling kv-log-macro v1.0.7
[INFO] [stderr]    Compiling env_logger v0.9.3
[INFO] [stderr]    Compiling prost v0.11.5
[INFO] [stderr]    Compiling async-global-executor v2.3.1
[INFO] [stderr]    Compiling zstd v0.11.2+zstd.1.5.2
[INFO] [stderr]    Compiling prost-types v0.11.5
[INFO] [stderr]    Compiling async-std v1.12.0
[INFO] [stderr]    Compiling prost-build v0.11.5
[INFO] [stderr]    Compiling futures-executor v0.3.25
[INFO] [stderr]    Compiling asynchronous-codec v0.6.1
[INFO] [stderr]    Compiling futures v0.3.25
[INFO] [stderr]    Compiling lz4 v1.24.0
[INFO] [stderr]    Compiling pulsar v5.0.0
[INFO] [stderr]    Compiling tokio-util v0.7.4
[INFO] [stderr]    Compiling tokio-rustls v0.23.4
[INFO] [stderr]    Compiling url v2.3.1
[INFO] [stderr]    Compiling serde_urlencoded v0.7.1
[INFO] [stderr]    Compiling chrono v0.4.23
[INFO] [stderr]    Compiling h2 v0.3.15
[INFO] [stderr]    Compiling serde_path_to_error v0.1.9
[INFO] [stderr]    Compiling serde-value v0.7.0
[INFO] [stderr]    Compiling napi v2.10.3
[INFO] [stderr]    Compiling hyper v0.14.23
[INFO] [stderr]    Compiling hyper-rustls v0.23.2
[INFO] [stderr]    Compiling reqwest v0.11.13
[INFO] [stderr]    Compiling oauth2 v4.3.0
[INFO] [stderr]    Compiling openidconnect v2.4.0
[INFO] [stderr]    Compiling async-native-tls v0.4.0
[INFO] [stderr]    Compiling tokio-native-tls v0.3.0
[INFO] [stdout] warning: unused import: `CallContext`
[INFO] [stdout]   --> src/lib.rs:10:131
[INFO] [stdout]    |
[INFO] [stdout] 10 | ...ntext, ThreadsafeFunction, ThreadsafeFunctionCallMode}, Env, CallContext};
[INFO] [stdout]    |                                                                 ^^^^^^^^^^^
[INFO] [stdout]    |
[INFO] [stdout]    = note: `#[warn(unused_imports)]` on by default
[INFO] [stdout] 
[INFO] [stdout] 
[INFO] [stdout] error[E0061]: this method takes 0 arguments but 2 arguments were supplied
[INFO] [stdout]    --> src/lib.rs:253:15
[INFO] [stdout]     |
[INFO] [stdout] 253 |       ctx.env.create_object(ctx.value, None).map(|v| vec![v])
[INFO] [stdout]     |               ^^^^^^^^^^^^^ ---------  ---- unexpected argument of type `Option<_>`
[INFO] [stdout]     |                             |
[INFO] [stdout]     |                             unexpected argument of type `JsPulsarMessage`
[INFO] [stdout]     |
[INFO] [stdout] note: method defined here
[INFO] [stdout]    --> /opt/rustwide/cargo-home/registry/src/index.crates.io-6f17d22bba15001f/napi-2.10.3/src/env.rs:222:10
[INFO] [stdout]     |
[INFO] [stdout] 222 |   pub fn create_object(&self) -> Result<JsObject> {
[INFO] [stdout]     |          ^^^^^^^^^^^^^
[INFO] [stdout] help: remove the extra arguments
[INFO] [stdout]     |
[INFO] [stdout] 253 -       ctx.env.create_object(ctx.value, None).map(|v| vec![v])
[INFO] [stdout] 253 +       ctx.env.create_object().map(|v| vec![v])
[INFO] [stdout]     |
[INFO] [stdout] 
[INFO] [stdout] 
[INFO] [stdout] error[E0308]: mismatched types
[INFO] [stdout]    --> src/lib.rs:294:90
[INFO] [stdout]     |
[INFO] [stdout] 294 |                     ThreadsafeFunction::<External<Arc<JsPulsarMessage>>>::call(&tsfn, Ok(jsm), ThreadsafeFunctionCallMode::Blocking);
[INFO] [stdout]     |                                                                                       -- ^^^ expected `External<Arc<JsPulsarMessage>>`, found `JsPulsarMessage`
[INFO] [stdout]     |                                                                                       |
[INFO] [stdout]     |                                                                                       arguments to this enum variant are incorrect
[INFO] [stdout]     |
[INFO] [stdout]     = note: expected struct `napi::bindgen_prelude::External<Arc<JsPulsarMessage>>`
[INFO] [stdout]                found struct `JsPulsarMessage`
[INFO] [stdout] help: the type constructed contains `JsPulsarMessage` due to the type of the argument passed
[INFO] [stdout]    --> src/lib.rs:294:87
[INFO] [stdout]     |
[INFO] [stdout] 294 |                     ThreadsafeFunction::<External<Arc<JsPulsarMessage>>>::call(&tsfn, Ok(jsm), ThreadsafeFunctionCallMode::Blocking);
[INFO] [stdout]     |                                                                                       ^^^---^
[INFO] [stdout]     |                                                                                          |
[INFO] [stdout]     |                                                                                          this argument influences the type of `Ok`
[INFO] [stdout] note: tuple variant defined here
[INFO] [stdout]    --> /rustc/1b7dd2252b99671ce5d1cb9664c5f8636329436d/library/core/src/result.rs:507:5
[INFO] [stdout] 
[INFO] [stdout] 
[INFO] [stdout] error[E0308]: mismatched types
[INFO] [stdout]    --> src/lib.rs:294:80
[INFO] [stdout]     |
[INFO] [stdout] 294 |                     ThreadsafeFunction::<External<Arc<JsPulsarMessage>>>::call(&tsfn, Ok(jsm), ThreadsafeFunctionCallMode::Blocking);
[INFO] [stdout]     |                     ---------------------------------------------------------- ^^^^^ expected `&ThreadsafeFunction<External<...>>`, found `&ThreadsafeFunction<..., ...>`
[INFO] [stdout]     |                     |
[INFO] [stdout]     |                     arguments to this function are incorrect
[INFO] [stdout]     |
[INFO] [stdout]     = note: expected reference `&ThreadsafeFunction<napi::bindgen_prelude::External<Arc<JsPulsarMessage>>>`
[INFO] [stdout]                found reference `&ThreadsafeFunction<JsPulsarMessage, _>`
[INFO] [stdout] note: method defined here
[INFO] [stdout]    --> /opt/rustwide/cargo-home/registry/src/index.crates.io-6f17d22bba15001f/napi-2.10.3/src/threadsafe_function.rs:292:10
[INFO] [stdout]     |
[INFO] [stdout] 292 |   pub fn call(&self, value: Result<T>, mode: ThreadsafeFunctionCallMode) -> Status {
[INFO] [stdout]     |          ^^^^
[INFO] [stdout] 
[INFO] [stdout] 
[INFO] [stdout] error: aborting due to 3 previous errors; 1 warning emitted
[INFO] [stdout] 
[INFO] [stdout] 
[INFO] [stdout] Some errors have detailed explanations: E0061, E0308.
[INFO] [stdout] 
[INFO] [stdout] For more information about an error, try `rustc --explain E0061`.
[INFO] [stdout] 
[INFO] [stderr] error: could not compile `pulsar-node-rust-client` (lib) due to 4 previous errors; 1 warning emitted
[INFO] running `Command { std: "docker" "inspect" "49c1bafdbd02c657427ab1b5748ee2ea9fd7957c6ff11541a4e5ed160e33fd0b", kill_on_drop: false }`
[INFO] running `Command { std: "docker" "rm" "-f" "49c1bafdbd02c657427ab1b5748ee2ea9fd7957c6ff11541a4e5ed160e33fd0b", kill_on_drop: false }`
[INFO] [stdout] 49c1bafdbd02c657427ab1b5748ee2ea9fd7957c6ff11541a4e5ed160e33fd0b
