[INFO] cloning repository https://github.com/CircuitCoder/slowrsa
[INFO] running `Command { std: "git" "-c" "credential.helper=" "-c" "credential.helper=/workspace/cargo-home/bin/git-credential-null" "clone" "--bare" "https://github.com/CircuitCoder/slowrsa" "/workspace/cache/git-repos/https%3A%2F%2Fgithub.com%2FCircuitCoder%2Fslowrsa", kill_on_drop: false }`
[INFO] [stderr] Cloning into bare repository '/workspace/cache/git-repos/https%3A%2F%2Fgithub.com%2FCircuitCoder%2Fslowrsa'...
[INFO] running `Command { std: "git" "rev-parse" "HEAD", kill_on_drop: false }`
[INFO] [stdout] 9f0258a66b9df99771704767551e9e8506997c11
[INFO] testing CircuitCoder/slowrsa against beta-2023-04-20 for beta-1.70-1
[INFO] running `Command { std: "git" "clone" "/workspace/cache/git-repos/https%3A%2F%2Fgithub.com%2FCircuitCoder%2Fslowrsa" "/workspace/builds/worker-1-tc2/source", kill_on_drop: false }`
[INFO] [stderr] Cloning into '/workspace/builds/worker-1-tc2/source'...
[INFO] [stderr] done.
[INFO] validating manifest of git repo https://github.com/CircuitCoder/slowrsa on toolchain beta-2023-04-20
[INFO] running `Command { std: CARGO_HOME="/workspace/cargo-home" RUSTUP_HOME="/workspace/rustup-home" "/workspace/cargo-home/bin/cargo" "+beta-2023-04-20" "metadata" "--manifest-path" "Cargo.toml" "--no-deps", kill_on_drop: false }`
[INFO] started tweaking git repo https://github.com/CircuitCoder/slowrsa
[INFO] finished tweaking git repo https://github.com/CircuitCoder/slowrsa
[INFO] tweaked toml for git repo https://github.com/CircuitCoder/slowrsa written to /workspace/builds/worker-1-tc2/source/Cargo.toml
[INFO] crate git repo https://github.com/CircuitCoder/slowrsa already has a lockfile, it will not be regenerated
[INFO] running `Command { std: CARGO_HOME="/workspace/cargo-home" RUSTUP_HOME="/workspace/rustup-home" "/workspace/cargo-home/bin/cargo" "+beta-2023-04-20" "fetch" "--manifest-path" "Cargo.toml", kill_on_drop: false }`
[INFO] [stderr]     Updating crates.io index
[INFO] [stderr]  Downloading crates ...
[INFO] [stderr]   Downloaded hamming v0.1.3
[INFO] [stderr]   Downloaded paw-attributes v1.0.0
[INFO] [stderr]   Downloaded rustc-cfg v0.2.0
[INFO] [stderr]   Downloaded ieee754 v0.2.6
[INFO] [stderr]   Downloaded syn v0.15.38
[INFO] [stderr]   Downloaded ramp v0.5.1
[INFO] running `Command { std: "docker" "create" "-v" "/var/lib/crater-agent-workspace/builds/worker-1-tc2/target:/opt/rustwide/target:rw,Z" "-v" "/var/lib/crater-agent-workspace/builds/worker-1-tc2/source:/opt/rustwide/workdir:ro,Z" "-v" "/var/lib/crater-agent-workspace/cargo-home:/opt/rustwide/cargo-home:ro,Z" "-v" "/var/lib/crater-agent-workspace/rustup-home:/opt/rustwide/rustup-home:ro,Z" "-e" "SOURCE_DIR=/opt/rustwide/workdir" "-e" "CARGO_TARGET_DIR=/opt/rustwide/target" "-e" "CARGO_HOME=/opt/rustwide/cargo-home" "-e" "RUSTUP_HOME=/opt/rustwide/rustup-home" "-w" "/opt/rustwide/workdir" "-m" "1610612736" "--user" "0:0" "--network" "none" "ghcr.io/rust-lang/crates-build-env/linux@sha256:5ff2268d62e97bff2cde7d5815dd6ed5b47097566f13b8d0ca110b04b60e07ed" "/opt/rustwide/cargo-home/bin/cargo" "+beta-2023-04-20" "metadata" "--no-deps" "--format-version=1", kill_on_drop: false }`
[INFO] [stdout] 2a0a9b3864f23fe89fab3c6e98e60215da58046fe86f7fe9e739c4ec7f6cc4cf
[INFO] running `Command { std: "docker" "start" "-a" "2a0a9b3864f23fe89fab3c6e98e60215da58046fe86f7fe9e739c4ec7f6cc4cf", kill_on_drop: false }`
[INFO] running `Command { std: "docker" "inspect" "2a0a9b3864f23fe89fab3c6e98e60215da58046fe86f7fe9e739c4ec7f6cc4cf", kill_on_drop: false }`
[INFO] running `Command { std: "docker" "rm" "-f" "2a0a9b3864f23fe89fab3c6e98e60215da58046fe86f7fe9e739c4ec7f6cc4cf", kill_on_drop: false }`
[INFO] [stdout] 2a0a9b3864f23fe89fab3c6e98e60215da58046fe86f7fe9e739c4ec7f6cc4cf
[INFO] running `Command { std: "docker" "create" "-v" "/var/lib/crater-agent-workspace/builds/worker-1-tc2/target:/opt/rustwide/target:rw,Z" "-v" "/var/lib/crater-agent-workspace/builds/worker-1-tc2/source:/opt/rustwide/workdir:ro,Z" "-v" "/var/lib/crater-agent-workspace/cargo-home:/opt/rustwide/cargo-home:ro,Z" "-v" "/var/lib/crater-agent-workspace/rustup-home:/opt/rustwide/rustup-home:ro,Z" "-e" "SOURCE_DIR=/opt/rustwide/workdir" "-e" "CARGO_TARGET_DIR=/opt/rustwide/target" "-e" "CARGO_INCREMENTAL=0" "-e" "RUST_BACKTRACE=full" "-e" "RUSTFLAGS=--cap-lints=warn" "-e" "RUSTDOCFLAGS=--cap-lints=warn" "-e" "CARGO_HOME=/opt/rustwide/cargo-home" "-e" "RUSTUP_HOME=/opt/rustwide/rustup-home" "-w" "/opt/rustwide/workdir" "-m" "1610612736" "--user" "0:0" "--network" "none" "ghcr.io/rust-lang/crates-build-env/linux@sha256:5ff2268d62e97bff2cde7d5815dd6ed5b47097566f13b8d0ca110b04b60e07ed" "/opt/rustwide/cargo-home/bin/cargo" "+beta-2023-04-20" "build" "--frozen" "--message-format=json", kill_on_drop: false }`
[INFO] [stdout] c0713c3ceb3fc717631987fc2ed8dcaed2c7b4056151a687736952c7a44e45c6
[INFO] running `Command { std: "docker" "start" "-a" "c0713c3ceb3fc717631987fc2ed8dcaed2c7b4056151a687736952c7a44e45c6", kill_on_drop: false }`
[INFO] [stderr]    Compiling autocfg v0.1.4
[INFO] [stderr]    Compiling libc v0.2.58
[INFO] [stderr]    Compiling proc-macro2 v0.4.30
[INFO] [stderr]    Compiling syn v0.15.38
[INFO] [stderr]    Compiling rustc-serialize v0.3.24
[INFO] [stderr]    Compiling bitflags v1.1.0
[INFO] [stderr]    Compiling rustc-cfg v0.2.0
[INFO] [stderr]    Compiling cc v1.0.37
[INFO] [stderr]    Compiling unicode-segmentation v1.3.0
[INFO] [stderr]    Compiling unicode-width v0.1.5
[INFO] [stderr]    Compiling vec_map v0.8.1
[INFO] [stderr]    Compiling num-bigint v0.2.2
[INFO] [stderr]    Compiling ansi_term v0.11.0
[INFO] [stderr]    Compiling rand_jitter v0.1.4
[INFO] [stderr]    Compiling ieee754 v0.2.6
[INFO] [stderr]    Compiling hamming v0.1.3
[INFO] [stderr]    Compiling textwrap v0.11.0
[INFO] [stderr]    Compiling paw-raw v1.0.0
[INFO] [stderr]    Compiling heck v0.3.1
[INFO] [stderr]    Compiling num-traits v0.2.8
[INFO] [stderr]    Compiling num-integer v0.1.41
[INFO] [stderr]    Compiling rand_pcg v0.1.2
[INFO] [stderr]    Compiling rand_chacha v0.1.1
[INFO] [stderr]    Compiling rand v0.6.5
[INFO] [stderr]    Compiling quote v0.6.12
[INFO] [stderr]    Compiling rand v0.4.6
[INFO] [stderr]    Compiling atty v0.2.11
[INFO] [stderr]    Compiling rand_os v0.1.3
[INFO] [stderr]    Compiling rand v0.5.6
[INFO] [stderr]    Compiling clap v2.33.0
[INFO] [stderr]    Compiling num-traits v0.1.43
[INFO] [stderr]    Compiling num-bigint v0.1.44
[INFO] [stderr]    Compiling ramp v0.5.1
[INFO] [stdout] error[E0432]: unresolved import `std::alloc::Alloc`
[INFO] [stdout]   --> /opt/rustwide/cargo-home/registry/src/index.crates.io-6f17d22bba15001f/ramp-0.5.1/src/mem.rs:18:24
[INFO] [stdout]    |
[INFO] [stdout] 18 | use std::alloc::{self, Alloc};
[INFO] [stdout]    |                        ^^^^^
[INFO] [stdout]    |                        |
[INFO] [stdout]    |                        no `Alloc` in `alloc`
[INFO] [stdout]    |                        help: a similar name exists in the module: `alloc`
[INFO] [stdout] 
[INFO] [stdout] 
[INFO] [stdout] error: cannot find macro `asm` in this scope
[INFO] [stdout]    --> /opt/rustwide/cargo-home/registry/src/index.crates.io-6f17d22bba15001f/ramp-0.5.1/src/ll/limb.rs:442:17
[INFO] [stdout]     |
[INFO] [stdout] 442 |                 asm!("mulq $3"
[INFO] [stdout]     |                 ^^^
[INFO] [stdout]     |
[INFO] [stdout]     = help: consider importing this macro:
[INFO] [stdout]             std::arch::asm
[INFO] [stdout] 
[INFO] [stdout] 
[INFO] [stdout] error: cannot find macro `asm` in this scope
[INFO] [stdout]    --> /opt/rustwide/cargo-home/registry/src/index.crates.io-6f17d22bba15001f/ramp-0.5.1/src/ll/limb.rs:526:17
[INFO] [stdout]     |
[INFO] [stdout] 526 |                 asm!("addq $4, $0
[INFO] [stdout]     |                 ^^^
[INFO] [stdout]     |
[INFO] [stdout]     = help: consider importing this macro:
[INFO] [stdout]             std::arch::asm
[INFO] [stdout] 
[INFO] [stdout] 
[INFO] [stdout] error: cannot find macro `asm` in this scope
[INFO] [stdout]    --> /opt/rustwide/cargo-home/registry/src/index.crates.io-6f17d22bba15001f/ramp-0.5.1/src/ll/limb.rs:586:17
[INFO] [stdout]     |
[INFO] [stdout] 586 |                 asm!("subq $4, $0
[INFO] [stdout]     |                 ^^^
[INFO] [stdout]     |
[INFO] [stdout]     = help: consider importing this macro:
[INFO] [stdout]             std::arch::asm
[INFO] [stdout] 
[INFO] [stdout] 
[INFO] [stdout] error: cannot find macro `asm` in this scope
[INFO] [stdout]    --> /opt/rustwide/cargo-home/registry/src/index.crates.io-6f17d22bba15001f/ramp-0.5.1/src/ll/limb.rs:653:17
[INFO] [stdout]     |
[INFO] [stdout] 653 |                 asm!("divq $4"
[INFO] [stdout]     |                 ^^^
[INFO] [stdout]     |
[INFO] [stdout]     = help: consider importing this macro:
[INFO] [stdout]             std::arch::asm
[INFO] [stdout] 
[INFO] [stdout] 
[INFO] [stdout] error[E0407]: method `replace_one` is not a member of trait `std::iter::Step`
[INFO] [stdout]     --> /opt/rustwide/cargo-home/registry/src/index.crates.io-6f17d22bba15001f/ramp-0.5.1/src/int.rs:3667:5
[INFO] [stdout]      |
[INFO] [stdout] 3667 | /     fn replace_one(&mut self) -> Self {
[INFO] [stdout] 3668 | |         mem::replace(self, Self::one())
[INFO] [stdout] 3669 | |     }
[INFO] [stdout]      | |_____^ not a member of trait `std::iter::Step`
[INFO] [stdout] 
[INFO] [stdout] 
[INFO] [stdout] error[E0407]: method `replace_zero` is not a member of trait `std::iter::Step`
[INFO] [stdout]     --> /opt/rustwide/cargo-home/registry/src/index.crates.io-6f17d22bba15001f/ramp-0.5.1/src/int.rs:3671:5
[INFO] [stdout]      |
[INFO] [stdout] 3671 | /     fn replace_zero(&mut self) -> Self {
[INFO] [stdout] 3672 | |         mem::replace(self, Self::zero())
[INFO] [stdout] 3673 | |     }
[INFO] [stdout]      | |_____^ not a member of trait `std::iter::Step`
[INFO] [stdout] 
[INFO] [stdout] 
[INFO] [stdout] error[E0407]: method `add_one` is not a member of trait `std::iter::Step`
[INFO] [stdout]     --> /opt/rustwide/cargo-home/registry/src/index.crates.io-6f17d22bba15001f/ramp-0.5.1/src/int.rs:3675:5
[INFO] [stdout]      |
[INFO] [stdout] 3675 | /     fn add_one(&self) -> Self {
[INFO] [stdout] 3676 | |         self + 1
[INFO] [stdout] 3677 | |     }
[INFO] [stdout]      | |_____^ not a member of trait `std::iter::Step`
[INFO] [stdout] 
[INFO] [stdout] 
[INFO] [stdout] error[E0407]: method `sub_one` is not a member of trait `std::iter::Step`
[INFO] [stdout]     --> /opt/rustwide/cargo-home/registry/src/index.crates.io-6f17d22bba15001f/ramp-0.5.1/src/int.rs:3679:5
[INFO] [stdout]      |
[INFO] [stdout] 3679 | /     fn sub_one(&self) -> Self {
[INFO] [stdout] 3680 | |         self - 1
[INFO] [stdout] 3681 | |     }
[INFO] [stdout]      | |_____^ not a member of trait `std::iter::Step`
[INFO] [stdout] 
[INFO] [stdout] 
[INFO] [stdout] error[E0407]: method `add_usize` is not a member of trait `std::iter::Step`
[INFO] [stdout]     --> /opt/rustwide/cargo-home/registry/src/index.crates.io-6f17d22bba15001f/ramp-0.5.1/src/int.rs:3683:5
[INFO] [stdout]      |
[INFO] [stdout] 3683 | /     fn add_usize(&self, n: usize) -> Option<Self> {
[INFO] [stdout] 3684 | |         Some(self + Int::from(n))
[INFO] [stdout] 3685 | |     }
[INFO] [stdout]      | |_____^ not a member of trait `std::iter::Step`
[INFO] [stdout] 
[INFO] [stdout] 
[INFO] [stdout] error[E0603]: module `raw_vec` is private
[INFO] [stdout]   --> /opt/rustwide/cargo-home/registry/src/index.crates.io-6f17d22bba15001f/ramp-0.5.1/src/int.rs:43:12
[INFO] [stdout]    |
[INFO] [stdout] 43 | use alloc::raw_vec::RawVec;
[INFO] [stdout]    |            ^^^^^^^ private module
[INFO] [stdout]    |
[INFO] [stdout] note: the module `raw_vec` is defined here
[INFO] [stdout]   --> /rustc/1b7dd2252b99671ce5d1cb9664c5f8636329436d/library/alloc/src/lib.rs:225:1
[INFO] [stdout] 
[INFO] [stdout] 
[INFO] [stdout] error[E0554]: `#![feature]` may not be used on the beta release channel
[INFO] [stdout]   --> /opt/rustwide/cargo-home/registry/src/index.crates.io-6f17d22bba15001f/ramp-0.5.1/src/lib.rs:18:12
[INFO] [stdout]    |
[INFO] [stdout] 18 | #![feature(core_intrinsics, asm, allocator_api)]
[INFO] [stdout]    |            ^^^^^^^^^^^^^^^
[INFO] [stdout] 
[INFO] [stdout] 
[INFO] [stdout] error[E0554]: `#![feature]` may not be used on the beta release channel
[INFO] [stdout]   --> /opt/rustwide/cargo-home/registry/src/index.crates.io-6f17d22bba15001f/ramp-0.5.1/src/lib.rs:18:29
[INFO] [stdout]    |
[INFO] [stdout] 18 | #![feature(core_intrinsics, asm, allocator_api)]
[INFO] [stdout]    |                             ^^^
[INFO] [stdout] 
[INFO] [stdout] 
[INFO] [stdout] error[E0554]: `#![feature]` may not be used on the beta release channel
[INFO] [stdout]   --> /opt/rustwide/cargo-home/registry/src/index.crates.io-6f17d22bba15001f/ramp-0.5.1/src/lib.rs:18:34
[INFO] [stdout]    |
[INFO] [stdout] 18 | #![feature(core_intrinsics, asm, allocator_api)]
[INFO] [stdout]    |                                  ^^^^^^^^^^^^^
[INFO] [stdout] 
[INFO] [stdout] 
[INFO] [stdout] error[E0554]: `#![feature]` may not be used on the beta release channel
[INFO] [stdout]   --> /opt/rustwide/cargo-home/registry/src/index.crates.io-6f17d22bba15001f/ramp-0.5.1/src/lib.rs:19:12
[INFO] [stdout]    |
[INFO] [stdout] 19 | #![feature(step_trait, ptr_internals, alloc, raw_vec_internals)]
[INFO] [stdout]    |            ^^^^^^^^^^
[INFO] [stdout] 
[INFO] [stdout] 
[INFO] [stdout] error[E0554]: `#![feature]` may not be used on the beta release channel
[INFO] [stdout]   --> /opt/rustwide/cargo-home/registry/src/index.crates.io-6f17d22bba15001f/ramp-0.5.1/src/lib.rs:19:24
[INFO] [stdout]    |
[INFO] [stdout] 19 | #![feature(step_trait, ptr_internals, alloc, raw_vec_internals)]
[INFO] [stdout]    |                        ^^^^^^^^^^^^^
[INFO] [stdout] 
[INFO] [stdout] 
[INFO] [stdout] error[E0554]: `#![feature]` may not be used on the beta release channel
[INFO] [stdout]   --> /opt/rustwide/cargo-home/registry/src/index.crates.io-6f17d22bba15001f/ramp-0.5.1/src/lib.rs:19:39
[INFO] [stdout]    |
[INFO] [stdout] 19 | #![feature(step_trait, ptr_internals, alloc, raw_vec_internals)]
[INFO] [stdout]    |                                       ^^^^^
[INFO] [stdout] 
[INFO] [stdout] 
[INFO] [stdout] error[E0554]: `#![feature]` may not be used on the beta release channel
[INFO] [stdout]   --> /opt/rustwide/cargo-home/registry/src/index.crates.io-6f17d22bba15001f/ramp-0.5.1/src/lib.rs:19:46
[INFO] [stdout]    |
[INFO] [stdout] 19 | #![feature(step_trait, ptr_internals, alloc, raw_vec_internals)]
[INFO] [stdout]    |                                              ^^^^^^^^^^^^^^^^^
[INFO] [stdout] 
[INFO] [stdout] 
[INFO] [stdout] error[E0046]: not all trait items implemented, missing: `forward_checked`, `backward_checked`
[INFO] [stdout]     --> /opt/rustwide/cargo-home/registry/src/index.crates.io-6f17d22bba15001f/ramp-0.5.1/src/int.rs:3655:1
[INFO] [stdout]      |
[INFO] [stdout] 3655 | impl std::iter::Step for Int {
[INFO] [stdout]      | ^^^^^^^^^^^^^^^^^^^^^^^^^^^^ missing `forward_checked`, `backward_checked` in implementation
[INFO] [stdout]      |
[INFO] [stdout]      = help: implement the missing item: `fn forward_checked(_: Self, _: usize) -> Option<Self> { todo!() }`
[INFO] [stdout]      = help: implement the missing item: `fn backward_checked(_: Self, _: usize) -> Option<Self> { todo!() }`
[INFO] [stdout] 
[INFO] [stdout] 
[INFO] [stdout] error[E0599]: no method named `alloc` found for struct `std::alloc::Global` in the current scope
[INFO] [stdout]   --> /opt/rustwide/cargo-home/registry/src/index.crates.io-6f17d22bba15001f/ramp-0.5.1/src/mem.rs:47:35
[INFO] [stdout]    |
[INFO] [stdout] 47 |     let ret = match alloc::Global.alloc(layout.clone()) {
[INFO] [stdout]    |                                   ^^^^^ method not found in `Global`
[INFO] [stdout] 
[INFO] [stdout] 
[INFO] [stdout] error[E0599]: no method named `dealloc` found for struct `std::alloc::Global` in the current scope
[INFO] [stdout]   --> /opt/rustwide/cargo-home/registry/src/index.crates.io-6f17d22bba15001f/ramp-0.5.1/src/mem.rs:64:19
[INFO] [stdout]    |
[INFO] [stdout] 64 |     alloc::Global.dealloc(ptr, layout);
[INFO] [stdout]    |                   ^^^^^^^ method not found in `Global`
[INFO] [stdout] 
[INFO] [stdout] 
[INFO] [stdout] error[E0618]: expected function, found `F`
[INFO] [stdout]    --> /opt/rustwide/cargo-home/registry/src/index.crates.io-6f17d22bba15001f/ramp-0.5.1/src/int.rs:159:13
[INFO] [stdout]     |
[INFO] [stdout] 152 |     fn with_raw_vec<F: FnOnce(&mut RawVec<Limb>)>(&mut self, f: F) {
[INFO] [stdout]     |                                                              - `f` has type `F`
[INFO] [stdout] ...
[INFO] [stdout] 159 |             f(&mut vec);
[INFO] [stdout]     |             ^----------
[INFO] [stdout]     |             |
[INFO] [stdout]     |             call expression requires function
[INFO] [stdout] 
[INFO] [stdout] 
[INFO] [stdout] error[E0282]: type annotations needed
[INFO] [stdout]    --> /opt/rustwide/cargo-home/registry/src/index.crates.io-6f17d22bba15001f/ramp-0.5.1/src/int.rs:186:31
[INFO] [stdout]     |
[INFO] [stdout] 186 |             ret.with_raw_vec(|v| v.reserve_exact(0, cap as usize))
[INFO] [stdout]     |                               ^  - type must be known at this point
[INFO] [stdout]     |
[INFO] [stdout] help: consider giving this closure parameter an explicit type
[INFO] [stdout]     |
[INFO] [stdout] 186 |             ret.with_raw_vec(|v: /* Type */| v.reserve_exact(0, cap as usize))
[INFO] [stdout]     |                                ++++++++++++
[INFO] [stdout] 
[INFO] [stdout] 
[INFO] [stdout] error[E0282]: type annotations needed
[INFO] [stdout]    --> /opt/rustwide/cargo-home/registry/src/index.crates.io-6f17d22bba15001f/ramp-0.5.1/src/int.rs:274:28
[INFO] [stdout]     |
[INFO] [stdout] 274 |         self.with_raw_vec(|v| {
[INFO] [stdout]     |                            ^
[INFO] [stdout] 275 |             v.shrink_to_fit(size);
[INFO] [stdout]     |             - type must be known at this point
[INFO] [stdout]     |
[INFO] [stdout] help: consider giving this closure parameter an explicit type
[INFO] [stdout]     |
[INFO] [stdout] 274 |         self.with_raw_vec(|v: /* Type */| {
[INFO] [stdout]     |                             ++++++++++++
[INFO] [stdout] 
[INFO] [stdout] 
[INFO] [stdout] error[E0282]: type annotations needed
[INFO] [stdout]    --> /opt/rustwide/cargo-home/registry/src/index.crates.io-6f17d22bba15001f/ramp-0.5.1/src/int.rs:761:32
[INFO] [stdout]     |
[INFO] [stdout] 761 |             self.with_raw_vec(|v| {
[INFO] [stdout]     |                                ^
[INFO] [stdout] 762 |                 v.reserve_exact(old_cap, cap as usize - old_cap)
[INFO] [stdout]     |                 - type must be known at this point
[INFO] [stdout]     |
[INFO] [stdout] help: consider giving this closure parameter an explicit type
[INFO] [stdout]     |
[INFO] [stdout] 761 |             self.with_raw_vec(|v: /* Type */| {
[INFO] [stdout]     |                                 ++++++++++++
[INFO] [stdout] 
[INFO] [stdout] 
[INFO] [stdout] error[E0599]: no function or associated item named `empty` found for struct `Unique` in the current scope
[INFO] [stdout]     --> /opt/rustwide/cargo-home/registry/src/index.crates.io-6f17d22bba15001f/ramp-0.5.1/src/int.rs:3582:26
[INFO] [stdout]      |
[INFO] [stdout] 3582 |             ptr: Unique::empty(),
[INFO] [stdout]      |                          ^^^^^ function or associated item not found in `Unique<_>`
[INFO] [stdout] 
[INFO] [stdout] 
[INFO] [stdout] error: aborting due to 26 previous errors
[INFO] [stdout] 
[INFO] [stdout] 
[INFO] [stdout] Some errors have detailed explanations: E0046, E0282, E0407, E0432, E0554, E0599, E0603, E0618.
[INFO] [stdout] 
[INFO] [stdout] For more information about an error, try `rustc --explain E0046`.
[INFO] [stdout] 
[INFO] [stderr] error: could not compile `ramp` (lib) due to 27 previous errors
[INFO] [stderr] warning: build failed, waiting for other jobs to finish...
[INFO] running `Command { std: "docker" "inspect" "c0713c3ceb3fc717631987fc2ed8dcaed2c7b4056151a687736952c7a44e45c6", kill_on_drop: false }`
[INFO] running `Command { std: "docker" "rm" "-f" "c0713c3ceb3fc717631987fc2ed8dcaed2c7b4056151a687736952c7a44e45c6", kill_on_drop: false }`
[INFO] [stdout] c0713c3ceb3fc717631987fc2ed8dcaed2c7b4056151a687736952c7a44e45c6
