[INFO] cloning repository https://github.com/Ciantic/webviewbuilder_win-rs
[INFO] running `Command { std: "git" "-c" "credential.helper=" "-c" "credential.helper=/workspace/cargo-home/bin/git-credential-null" "clone" "--bare" "https://github.com/Ciantic/webviewbuilder_win-rs" "/workspace/cache/git-repos/https%3A%2F%2Fgithub.com%2FCiantic%2Fwebviewbuilder_win-rs", kill_on_drop: false }`
[INFO] [stderr] Cloning into bare repository '/workspace/cache/git-repos/https%3A%2F%2Fgithub.com%2FCiantic%2Fwebviewbuilder_win-rs'...
[INFO] running `Command { std: "git" "rev-parse" "HEAD", kill_on_drop: false }`
[INFO] [stdout] fcf9fe67906afd604eebb392afefa26ef5c4fe32
[INFO] testing Ciantic/webviewbuilder_win-rs against beta-2023-04-20 for beta-1.70-1
[INFO] running `Command { std: "git" "clone" "/workspace/cache/git-repos/https%3A%2F%2Fgithub.com%2FCiantic%2Fwebviewbuilder_win-rs" "/workspace/builds/worker-6-tc2/source", kill_on_drop: false }`
[INFO] [stderr] Cloning into '/workspace/builds/worker-6-tc2/source'...
[INFO] [stderr] done.
[INFO] validating manifest of git repo https://github.com/Ciantic/webviewbuilder_win-rs on toolchain beta-2023-04-20
[INFO] running `Command { std: CARGO_HOME="/workspace/cargo-home" RUSTUP_HOME="/workspace/rustup-home" "/workspace/cargo-home/bin/cargo" "+beta-2023-04-20" "metadata" "--manifest-path" "Cargo.toml" "--no-deps", kill_on_drop: false }`
[INFO] started tweaking git repo https://github.com/Ciantic/webviewbuilder_win-rs
[INFO] finished tweaking git repo https://github.com/Ciantic/webviewbuilder_win-rs
[INFO] tweaked toml for git repo https://github.com/Ciantic/webviewbuilder_win-rs written to /workspace/builds/worker-6-tc2/source/Cargo.toml
[INFO] crate git repo https://github.com/Ciantic/webviewbuilder_win-rs already has a lockfile, it will not be regenerated
[INFO] running `Command { std: CARGO_HOME="/workspace/cargo-home" RUSTUP_HOME="/workspace/rustup-home" "/workspace/cargo-home/bin/cargo" "+beta-2023-04-20" "fetch" "--manifest-path" "Cargo.toml", kill_on_drop: false }`
[INFO] [stderr]     Updating crates.io index
[INFO] [stderr]  Downloading crates ...
[INFO] [stderr]   Downloaded com v0.2.0
[INFO] [stderr]   Downloaded com_macros_support v0.2.0
[INFO] [stderr]   Downloaded com_macros v0.2.0
[INFO] running `Command { std: "docker" "create" "-v" "/var/lib/crater-agent-workspace/builds/worker-6-tc2/target:/opt/rustwide/target:rw,Z" "-v" "/var/lib/crater-agent-workspace/builds/worker-6-tc2/source:/opt/rustwide/workdir:ro,Z" "-v" "/var/lib/crater-agent-workspace/cargo-home:/opt/rustwide/cargo-home:ro,Z" "-v" "/var/lib/crater-agent-workspace/rustup-home:/opt/rustwide/rustup-home:ro,Z" "-e" "SOURCE_DIR=/opt/rustwide/workdir" "-e" "CARGO_TARGET_DIR=/opt/rustwide/target" "-e" "CARGO_HOME=/opt/rustwide/cargo-home" "-e" "RUSTUP_HOME=/opt/rustwide/rustup-home" "-w" "/opt/rustwide/workdir" "-m" "1610612736" "--user" "0:0" "--network" "none" "ghcr.io/rust-lang/crates-build-env/linux@sha256:5ff2268d62e97bff2cde7d5815dd6ed5b47097566f13b8d0ca110b04b60e07ed" "/opt/rustwide/cargo-home/bin/cargo" "+beta-2023-04-20" "metadata" "--no-deps" "--format-version=1", kill_on_drop: false }`
[INFO] [stdout] 2e1827ae5c2ef4ff07cecbf0cc2faddf0df5d7e2a569445b45f8f7a6f815e95f
[INFO] running `Command { std: "docker" "start" "-a" "2e1827ae5c2ef4ff07cecbf0cc2faddf0df5d7e2a569445b45f8f7a6f815e95f", kill_on_drop: false }`
[INFO] running `Command { std: "docker" "inspect" "2e1827ae5c2ef4ff07cecbf0cc2faddf0df5d7e2a569445b45f8f7a6f815e95f", kill_on_drop: false }`
[INFO] running `Command { std: "docker" "rm" "-f" "2e1827ae5c2ef4ff07cecbf0cc2faddf0df5d7e2a569445b45f8f7a6f815e95f", kill_on_drop: false }`
[INFO] [stdout] 2e1827ae5c2ef4ff07cecbf0cc2faddf0df5d7e2a569445b45f8f7a6f815e95f
[INFO] running `Command { std: "docker" "create" "-v" "/var/lib/crater-agent-workspace/builds/worker-6-tc2/target:/opt/rustwide/target:rw,Z" "-v" "/var/lib/crater-agent-workspace/builds/worker-6-tc2/source:/opt/rustwide/workdir:ro,Z" "-v" "/var/lib/crater-agent-workspace/cargo-home:/opt/rustwide/cargo-home:ro,Z" "-v" "/var/lib/crater-agent-workspace/rustup-home:/opt/rustwide/rustup-home:ro,Z" "-e" "SOURCE_DIR=/opt/rustwide/workdir" "-e" "CARGO_TARGET_DIR=/opt/rustwide/target" "-e" "CARGO_INCREMENTAL=0" "-e" "RUST_BACKTRACE=full" "-e" "RUSTFLAGS=--cap-lints=warn" "-e" "RUSTDOCFLAGS=--cap-lints=warn" "-e" "CARGO_HOME=/opt/rustwide/cargo-home" "-e" "RUSTUP_HOME=/opt/rustwide/rustup-home" "-w" "/opt/rustwide/workdir" "-m" "1610612736" "--user" "0:0" "--network" "none" "ghcr.io/rust-lang/crates-build-env/linux@sha256:5ff2268d62e97bff2cde7d5815dd6ed5b47097566f13b8d0ca110b04b60e07ed" "/opt/rustwide/cargo-home/bin/cargo" "+beta-2023-04-20" "build" "--frozen" "--message-format=json", kill_on_drop: false }`
[INFO] [stdout] 7f57ef92a6443c9703cce2feed51bef2fb17f826c1db1dd4513af2e30fc0ba7a
[INFO] running `Command { std: "docker" "start" "-a" "7f57ef92a6443c9703cce2feed51bef2fb17f826c1db1dd4513af2e30fc0ba7a", kill_on_drop: false }`
[INFO] [stderr]    Compiling libc v0.2.94
[INFO] [stderr]    Compiling proc-macro2 v1.0.27
[INFO] [stderr]    Compiling pkg-config v0.3.19
[INFO] [stderr]    Compiling xml-rs v0.8.3
[INFO] [stderr]    Compiling maybe-uninit v2.0.0
[INFO] [stderr]    Compiling syn v1.0.72
[INFO] [stderr]    Compiling libloading v0.7.0
[INFO] [stderr]    Compiling smallvec v1.6.1
[INFO] [stderr]    Compiling memchr v2.4.0
[INFO] [stderr]    Compiling scopeguard v1.1.0
[INFO] [stderr]    Compiling crossbeam-utils v0.7.2
[INFO] [stderr]    Compiling memoffset v0.5.6
[INFO] [stderr]    Compiling once_cell v1.7.2
[INFO] [stderr]    Compiling getrandom v0.1.16
[INFO] [stderr]    Compiling nom v6.1.2
[INFO] [stderr]    Compiling crossbeam-epoch v0.8.2
[INFO] [stderr]    Compiling scoped-tls v1.0.0
[INFO] [stderr]    Compiling dlib v0.5.0
[INFO] [stderr]    Compiling ttf-parser v0.6.2
[INFO] [stderr]    Compiling downcast-rs v1.2.0
[INFO] [stderr]    Compiling serde_derive v1.0.126
[INFO] [stderr]    Compiling ppv-lite86 v0.2.10
[INFO] [stderr]    Compiling same-file v1.0.6
[INFO] [stderr]    Compiling winapi v0.3.9
[INFO] [stderr]    Compiling ab_glyph_rasterizer v0.1.4
[INFO] [stderr]    Compiling instant v0.1.9
[INFO] [stderr]    Compiling libloading v0.6.7
[INFO] [stderr]    Compiling walkdir v2.3.2
[INFO] [stderr]    Compiling webview2-sys v0.1.0 (https://github.com/sopium/webview2#751bc324)
[INFO] [stderr]    Compiling serde v1.0.126
[INFO] [stderr]    Compiling wayland-sys v0.28.5
[INFO] [stderr]    Compiling x11-dl v2.18.5
[INFO] [stderr]    Compiling xdg v2.2.0
[INFO] [stderr]    Compiling dlib v0.4.2
[INFO] [stderr]    Compiling lock_api v0.4.4
[INFO] [stderr]    Compiling quote v1.0.9
[INFO] [stderr]    Compiling serde_json v1.0.64
[INFO] [stderr]    Compiling winit v0.25.0
[INFO] [stderr]    Compiling itoa v0.4.7
[INFO] [stderr]    Compiling widestring v0.4.3
[INFO] [stderr]    Compiling wayland-scanner v0.28.5
[INFO] [stderr]    Compiling crossbeam-queue v0.2.3
[INFO] [stderr]    Compiling crossbeam-channel v0.4.4
[INFO] [stderr]    Compiling crossbeam-deque v0.7.3
[INFO] [stderr]    Compiling owned_ttf_parser v0.6.0
[INFO] [stderr]    Compiling rusttype v0.9.2
[INFO] [stderr]    Compiling nix v0.20.0
[INFO] [stderr]    Compiling nix v0.18.0
[INFO] [stderr]    Compiling parking_lot_core v0.8.3
[INFO] [stderr]    Compiling memmap2 v0.1.0
[INFO] [stderr]    Compiling mio v0.7.11
[INFO] [stderr]    Compiling raw-window-handle v0.3.3
[INFO] [stderr]    Compiling rand_core v0.5.1
[INFO] [stderr]    Compiling crossbeam v0.7.3
[INFO] [stderr]    Compiling andrew v0.3.1
[INFO] [stderr]    Compiling parking_lot v0.11.1
[INFO] [stderr]    Compiling rand_chacha v0.2.2
[INFO] [stderr]    Compiling rand v0.7.3
[INFO] [stderr]    Compiling wayland-client v0.28.5
[INFO] [stderr]    Compiling wayland-protocols v0.28.5
[INFO] [stderr]    Compiling xcursor v0.3.3
[INFO] [stderr]    Compiling mio-misc v1.0.0
[INFO] [stderr]    Compiling calloop v0.6.5
[INFO] [stderr]    Compiling wayland-commons v0.28.5
[INFO] [stderr]    Compiling com_macros_support v0.2.0
[INFO] [stderr]    Compiling com_macros v0.2.0
[INFO] [stderr]    Compiling com v0.2.0
[INFO] [stderr]    Compiling wayland-cursor v0.28.5
[INFO] [stderr]    Compiling webview2 v0.1.0 (https://github.com/sopium/webview2#751bc324)
[INFO] [stderr]    Compiling smithay-client-toolkit v0.12.3
[INFO] [stderr]    Compiling webviewbuilder_win v0.1.0 (/opt/rustwide/workdir)
[INFO] [stdout] error[E0433]: failed to resolve: could not find `shared` in `winapi`
[INFO] [stdout]   --> src/lib.rs:12:5
[INFO] [stdout]    |
[INFO] [stdout] 12 |     shared::windef::{HWND, RECT},
[INFO] [stdout]    |     ^^^^^^ could not find `shared` in `winapi`
[INFO] [stdout] 
[INFO] [stdout] 
[INFO] [stdout] error[E0433]: failed to resolve: could not find `um` in `winapi`
[INFO] [stdout]   --> src/lib.rs:13:5
[INFO] [stdout]    |
[INFO] [stdout] 13 |     um::winuser::{GetClientRect, SetForegroundWindow},
[INFO] [stdout]    |     ^^ could not find `um` in `winapi`
[INFO] [stdout] 
[INFO] [stdout] 
[INFO] [stdout] error[E0432]: unresolved import `webview2::Settings`
[INFO] [stdout]   --> src/lib.rs:10:5
[INFO] [stdout]    |
[INFO] [stdout] 10 | use webview2::Settings;
[INFO] [stdout]    |     ^^^^^^^^^^^^^^^^^^ no `Settings` in the root
[INFO] [stdout] 
[INFO] [stdout] 
[INFO] [stdout] error[E0432]: unresolved import `winit::platform::windows`
[INFO] [stdout]   --> src/lib.rs:16:22
[INFO] [stdout]    |
[INFO] [stdout] 16 | use winit::platform::windows::WindowExtWindows;
[INFO] [stdout]    |                      ^^^^^^^ could not find `windows` in `platform`
[INFO] [stdout] 
[INFO] [stdout] 
[INFO] [stdout] error[E0433]: failed to resolve: could not find `EnvironmentBuilder` in `webview2`
[INFO] [stdout]    --> src/lib.rs:206:19
[INFO] [stdout]     |
[INFO] [stdout] 206 |         webview2::EnvironmentBuilder::new().build(move |env| {
[INFO] [stdout]     |                   ^^^^^^^^^^^^^^^^^^ could not find `EnvironmentBuilder` in `webview2`
[INFO] [stdout] 
[INFO] [stdout] 
[INFO] [stdout] error[E0412]: cannot find type `Error` in crate `webview2`
[INFO] [stdout]   --> src/lib.rs:42:29
[INFO] [stdout]    |
[INFO] [stdout] 42 |     WebView2Error(webview2::Error),
[INFO] [stdout]    |                             ^^^^^ not found in `webview2`
[INFO] [stdout]    |
[INFO] [stdout] help: consider importing one of these items
[INFO] [stdout]    |
[INFO] [stdout] 6  + use core::error::Error;
[INFO] [stdout]    |
[INFO] [stdout] 6  + use core::fmt::Error;
[INFO] [stdout]    |
[INFO] [stdout] 6  + use serde::__private::doc::Error;
[INFO] [stdout]    |
[INFO] [stdout] 6  + use serde::__private::fmt::Error;
[INFO] [stdout]    |
[INFO] [stdout]      and 7 other candidates
[INFO] [stdout] help: if you import `Error`, refer to it directly
[INFO] [stdout]    |
[INFO] [stdout] 42 -     WebView2Error(webview2::Error),
[INFO] [stdout] 42 +     WebView2Error(Error),
[INFO] [stdout]    |
[INFO] [stdout] 
[INFO] [stdout] 
[INFO] [stdout] error[E0412]: cannot find type `Error` in crate `webview2`
[INFO] [stdout]   --> src/lib.rs:46:21
[INFO] [stdout]    |
[INFO] [stdout] 46 | impl From<webview2::Error> for Error {
[INFO] [stdout]    |                     ^^^^^ not found in `webview2`
[INFO] [stdout]    |
[INFO] [stdout] help: consider importing one of these items
[INFO] [stdout]    |
[INFO] [stdout] 6  + use core::error::Error;
[INFO] [stdout]    |
[INFO] [stdout] 6  + use core::fmt::Error;
[INFO] [stdout]    |
[INFO] [stdout] 6  + use serde::__private::doc::Error;
[INFO] [stdout]    |
[INFO] [stdout] 6  + use serde::__private::fmt::Error;
[INFO] [stdout]    |
[INFO] [stdout]      and 7 other candidates
[INFO] [stdout] help: if you import `Error`, refer to it directly
[INFO] [stdout]    |
[INFO] [stdout] 46 - impl From<webview2::Error> for Error {
[INFO] [stdout] 46 + impl From<Error> for Error {
[INFO] [stdout]    |
[INFO] [stdout] 
[INFO] [stdout] 
[INFO] [stdout] error[E0412]: cannot find type `Error` in crate `webview2`
[INFO] [stdout]   --> src/lib.rs:47:27
[INFO] [stdout]    |
[INFO] [stdout] 47 |     fn from(er: webview2::Error) -> Self {
[INFO] [stdout]    |                           ^^^^^ not found in `webview2`
[INFO] [stdout]    |
[INFO] [stdout] help: consider importing one of these items
[INFO] [stdout]    |
[INFO] [stdout] 6  + use core::error::Error;
[INFO] [stdout]    |
[INFO] [stdout] 6  + use core::fmt::Error;
[INFO] [stdout]    |
[INFO] [stdout] 6  + use serde::__private::doc::Error;
[INFO] [stdout]    |
[INFO] [stdout] 6  + use serde::__private::fmt::Error;
[INFO] [stdout]    |
[INFO] [stdout]      and 7 other candidates
[INFO] [stdout] help: if you import `Error`, refer to it directly
[INFO] [stdout]    |
[INFO] [stdout] 47 -     fn from(er: webview2::Error) -> Self {
[INFO] [stdout] 47 +     fn from(er: Error) -> Self {
[INFO] [stdout]    |
[INFO] [stdout] 
[INFO] [stdout] 
[INFO] [stdout] error[E0412]: cannot find type `Error` in crate `webview2`
[INFO] [stdout]   --> src/lib.rs:82:63
[INFO] [stdout]    |
[INFO] [stdout] 82 |     settings_fn: Option<fn(&Settings) -> Result<(), webview2::Error>>,
[INFO] [stdout]    |                                                               ^^^^^ not found in `webview2`
[INFO] [stdout]    |
[INFO] [stdout] help: consider importing one of these items
[INFO] [stdout]    |
[INFO] [stdout] 6  + use core::error::Error;
[INFO] [stdout]    |
[INFO] [stdout] 6  + use core::fmt::Error;
[INFO] [stdout]    |
[INFO] [stdout] 6  + use serde::__private::doc::Error;
[INFO] [stdout]    |
[INFO] [stdout] 6  + use serde::__private::fmt::Error;
[INFO] [stdout]    |
[INFO] [stdout]      and 7 other candidates
[INFO] [stdout] help: if you import `Error`, refer to it directly
[INFO] [stdout]    |
[INFO] [stdout] 82 -     settings_fn: Option<fn(&Settings) -> Result<(), webview2::Error>>,
[INFO] [stdout] 82 +     settings_fn: Option<fn(&Settings) -> Result<(), Error>>,
[INFO] [stdout]    |
[INFO] [stdout] 
[INFO] [stdout] 
[INFO] [stdout] error[E0412]: cannot find type `WebView` in crate `webview2`
[INFO] [stdout]   --> src/lib.rs:85:38
[INFO] [stdout]    |
[INFO] [stdout] 85 |     webview_fn: Option<fn(&webview2::WebView) -> Result<(), webview2::Error>>,
[INFO] [stdout]    |                                      ^^^^^^^ not found in `webview2`
[INFO] [stdout] 
[INFO] [stdout] 
[INFO] [stdout] error[E0412]: cannot find type `Error` in crate `webview2`
[INFO] [stdout]   --> src/lib.rs:85:71
[INFO] [stdout]    |
[INFO] [stdout] 85 |     webview_fn: Option<fn(&webview2::WebView) -> Result<(), webview2::Error>>,
[INFO] [stdout]    |                                                                       ^^^^^ not found in `webview2`
[INFO] [stdout]    |
[INFO] [stdout] help: consider importing one of these items
[INFO] [stdout]    |
[INFO] [stdout] 6  + use core::error::Error;
[INFO] [stdout]    |
[INFO] [stdout] 6  + use core::fmt::Error;
[INFO] [stdout]    |
[INFO] [stdout] 6  + use serde::__private::doc::Error;
[INFO] [stdout]    |
[INFO] [stdout] 6  + use serde::__private::fmt::Error;
[INFO] [stdout]    |
[INFO] [stdout]      and 7 other candidates
[INFO] [stdout] help: if you import `Error`, refer to it directly
[INFO] [stdout]    |
[INFO] [stdout] 85 -     webview_fn: Option<fn(&webview2::WebView) -> Result<(), webview2::Error>>,
[INFO] [stdout] 85 +     webview_fn: Option<fn(&webview2::WebView) -> Result<(), Error>>,
[INFO] [stdout]    |
[INFO] [stdout] 
[INFO] [stdout] 
[INFO] [stdout] error[E0412]: cannot find type `Error` in crate `webview2`
[INFO] [stdout]    --> src/lib.rs:150:65
[INFO] [stdout]     |
[INFO] [stdout] 150 |         settings_closure: fn(&Settings) -> Result<(), webview2::Error>,
[INFO] [stdout]     |                                                                 ^^^^^ not found in `webview2`
[INFO] [stdout]     |
[INFO] [stdout] help: consider importing one of these items
[INFO] [stdout]     |
[INFO] [stdout] 6   + use core::error::Error;
[INFO] [stdout]     |
[INFO] [stdout] 6   + use core::fmt::Error;
[INFO] [stdout]     |
[INFO] [stdout] 6   + use serde::__private::doc::Error;
[INFO] [stdout]     |
[INFO] [stdout] 6   + use serde::__private::fmt::Error;
[INFO] [stdout]     |
[INFO] [stdout]       and 7 other candidates
[INFO] [stdout] help: if you import `Error`, refer to it directly
[INFO] [stdout]     |
[INFO] [stdout] 150 -         settings_closure: fn(&Settings) -> Result<(), webview2::Error>,
[INFO] [stdout] 150 +         settings_closure: fn(&Settings) -> Result<(), Error>,
[INFO] [stdout]     |
[INFO] [stdout] 
[INFO] [stdout] 
[INFO] [stdout] error[E0412]: cannot find type `WebView` in crate `webview2`
[INFO] [stdout]    --> src/lib.rs:165:40
[INFO] [stdout]     |
[INFO] [stdout] 165 |         webview_closure: fn(&webview2::WebView) -> Result<(), webview2::Error>,
[INFO] [stdout]     |                                        ^^^^^^^ not found in `webview2`
[INFO] [stdout] 
[INFO] [stdout] 
[INFO] [stdout] error[E0412]: cannot find type `Error` in crate `webview2`
[INFO] [stdout]    --> src/lib.rs:165:73
[INFO] [stdout]     |
[INFO] [stdout] 165 |         webview_closure: fn(&webview2::WebView) -> Result<(), webview2::Error>,
[INFO] [stdout]     |                                                                         ^^^^^ not found in `webview2`
[INFO] [stdout]     |
[INFO] [stdout] help: consider importing one of these items
[INFO] [stdout]     |
[INFO] [stdout] 6   + use core::error::Error;
[INFO] [stdout]     |
[INFO] [stdout] 6   + use core::fmt::Error;
[INFO] [stdout]     |
[INFO] [stdout] 6   + use serde::__private::doc::Error;
[INFO] [stdout]     |
[INFO] [stdout] 6   + use serde::__private::fmt::Error;
[INFO] [stdout]     |
[INFO] [stdout]       and 7 other candidates
[INFO] [stdout] help: if you import `Error`, refer to it directly
[INFO] [stdout]     |
[INFO] [stdout] 165 -         webview_closure: fn(&webview2::WebView) -> Result<(), webview2::Error>,
[INFO] [stdout] 165 +         webview_closure: fn(&webview2::WebView) -> Result<(), Error>,
[INFO] [stdout]     |
[INFO] [stdout] 
[INFO] [stdout] 
[INFO] [stdout] error[E0412]: cannot find type `Controller` in crate `webview2`
[INFO] [stdout]    --> src/lib.rs:320:45
[INFO] [stdout]     |
[INFO] [stdout] 320 |     controller: Rc<RefCell<Option<webview2::Controller>>>,
[INFO] [stdout]     |                                             ^^^^^^^^^^ not found in `webview2`
[INFO] [stdout] 
[INFO] [stdout] 
[INFO] [stdout] error[E0412]: cannot find type `WebView` in crate `webview2`
[INFO] [stdout]    --> src/lib.rs:345:62
[INFO] [stdout]     |
[INFO] [stdout] 345 |     pub fn webview_with(&self, mut cb: impl FnMut(&webview2::WebView)) -> Result<(), Error> {
[INFO] [stdout]     |                                                              ^^^^^^^ not found in `webview2`
[INFO] [stdout] 
[INFO] [stdout] 
[INFO] [stdout] error[E0412]: cannot find type `WebView` in crate `webview2`
[INFO] [stdout]    --> src/lib.rs:436:58
[INFO] [stdout]     |
[INFO] [stdout] 436 |     pub fn webview_with(&self, cb: impl FnMut(&webview2::WebView)) -> Result<(), Error> {
[INFO] [stdout]     |                                                          ^^^^^^^ not found in `webview2`
[INFO] [stdout] 
[INFO] [stdout] 
[INFO] [stdout] error[E0599]: no method named `hwnd` found for struct `winit::window::Window` in the current scope
[INFO] [stdout]    --> src/lib.rs:192:34
[INFO] [stdout]     |
[INFO] [stdout] 192 |         let parent_hwnd = window.hwnd() as u32;
[INFO] [stdout]     |                                  ^^^^ method not found in `Window`
[INFO] [stdout] 
[INFO] [stdout] 
[INFO] [stdout] error[E0618]: expected function, found `impl FnMut(&webview2::WebView)`
[INFO] [stdout]    --> src/lib.rs:349:13
[INFO] [stdout]     |
[INFO] [stdout] 345 |     pub fn webview_with(&self, mut cb: impl FnMut(&webview2::WebView)) -> Result<(), Error> {
[INFO] [stdout]     |                                ------ `cb` has type `impl FnMut(&webview2::WebView)`
[INFO] [stdout] ...
[INFO] [stdout] 349 |             cb(&mut webview);
[INFO] [stdout]     |             ^^--------------
[INFO] [stdout]     |             |
[INFO] [stdout]     |             call expression requires function
[INFO] [stdout] 
[INFO] [stdout] 
[INFO] [stdout] error[E0599]: no method named `hwnd` found for struct `Rc<winit::window::Window>` in the current scope
[INFO] [stdout]    --> src/lib.rs:456:62
[INFO] [stdout]     |
[INFO] [stdout] 456 |                 unsafe { SetForegroundWindow(instance.window.hwnd() as HWND) };
[INFO] [stdout]     |                                                              ^^^^ method not found in `Rc<Window>`
[INFO] [stdout] 
[INFO] [stdout] 
[INFO] [stdout] error: aborting due to 20 previous errors
[INFO] [stdout] 
[INFO] [stdout] 
[INFO] [stdout] Some errors have detailed explanations: E0412, E0432, E0433, E0599, E0618.
[INFO] [stdout] 
[INFO] [stdout] For more information about an error, try `rustc --explain E0412`.
[INFO] [stdout] 
[INFO] [stderr] error: could not compile `webviewbuilder_win` (lib) due to 21 previous errors
[INFO] [stderr] warning: build failed, waiting for other jobs to finish...
[INFO] running `Command { std: "docker" "inspect" "7f57ef92a6443c9703cce2feed51bef2fb17f826c1db1dd4513af2e30fc0ba7a", kill_on_drop: false }`
[INFO] running `Command { std: "docker" "rm" "-f" "7f57ef92a6443c9703cce2feed51bef2fb17f826c1db1dd4513af2e30fc0ba7a", kill_on_drop: false }`
[INFO] [stdout] 7f57ef92a6443c9703cce2feed51bef2fb17f826c1db1dd4513af2e30fc0ba7a
