[INFO] cloning repository https://github.com/Celti/zero-rs
[INFO] running `Command { std: "git" "-c" "credential.helper=" "-c" "credential.helper=/workspace/cargo-home/bin/git-credential-null" "clone" "--bare" "https://github.com/Celti/zero-rs" "/workspace/cache/git-repos/https%3A%2F%2Fgithub.com%2FCelti%2Fzero-rs", kill_on_drop: false }`
[INFO] [stderr] Cloning into bare repository '/workspace/cache/git-repos/https%3A%2F%2Fgithub.com%2FCelti%2Fzero-rs'...
[INFO] running `Command { std: "git" "rev-parse" "HEAD", kill_on_drop: false }`
[INFO] [stdout] bc2d872c008c8c6fea0859179ed86837ff12b868
[INFO] testing Celti/zero-rs against beta-2023-04-20 for beta-1.70-1
[INFO] running `Command { std: "git" "clone" "/workspace/cache/git-repos/https%3A%2F%2Fgithub.com%2FCelti%2Fzero-rs" "/workspace/builds/worker-3-tc2/source", kill_on_drop: false }`
[INFO] [stderr] Cloning into '/workspace/builds/worker-3-tc2/source'...
[INFO] [stderr] done.
[INFO] validating manifest of git repo https://github.com/Celti/zero-rs on toolchain beta-2023-04-20
[INFO] running `Command { std: CARGO_HOME="/workspace/cargo-home" RUSTUP_HOME="/workspace/rustup-home" "/workspace/cargo-home/bin/cargo" "+beta-2023-04-20" "metadata" "--manifest-path" "Cargo.toml" "--no-deps", kill_on_drop: false }`
[INFO] started tweaking git repo https://github.com/Celti/zero-rs
[INFO] finished tweaking git repo https://github.com/Celti/zero-rs
[INFO] tweaked toml for git repo https://github.com/Celti/zero-rs written to /workspace/builds/worker-3-tc2/source/Cargo.toml
[INFO] crate git repo https://github.com/Celti/zero-rs already has a lockfile, it will not be regenerated
[INFO] running `Command { std: CARGO_HOME="/workspace/cargo-home" RUSTUP_HOME="/workspace/rustup-home" "/workspace/cargo-home/bin/cargo" "+beta-2023-04-20" "fetch" "--manifest-path" "Cargo.toml", kill_on_drop: false }`
[INFO] [stderr]     Updating crates.io index
[INFO] [stderr]  Downloading crates ...
[INFO] [stderr]   Downloaded pretty_env_logger v0.2.4
[INFO] [stderr]   Downloaded url v1.7.1
[INFO] [stderr]   Downloaded sha-1 v0.7.0
[INFO] [stderr]   Downloaded utf8-ranges v1.0.1
[INFO] [stderr]   Downloaded aho-corasick v0.6.8
[INFO] [stderr]   Downloaded ucd-util v0.1.1
[INFO] [stderr]   Downloaded digest v0.7.6
[INFO] [stderr]   Downloaded byte-tools v0.2.0
[INFO] [stderr]   Downloaded block-buffer v0.3.3
[INFO] [stderr]   Downloaded typenum v1.10.0
[INFO] [stderr]   Downloaded tungstenite v0.6.0
[INFO] [stderr]   Downloaded byteorder v1.2.6
[INFO] [stderr]   Downloaded tokio-io v0.1.9
[INFO] [stderr]   Downloaded tokio-uds v0.2.2
[INFO] [stderr]   Downloaded warp v0.1.4
[INFO] [stderr]   Downloaded serde_json v1.0.31
[INFO] [stderr]   Downloaded indexmap v1.0.1
[INFO] [stderr]   Downloaded mustache v0.8.2
[INFO] [stderr]   Downloaded proc-macro2 v0.4.19
[INFO] [stderr]   Downloaded data-encoding v2.1.1
[INFO] [stderr]   Downloaded antidote v1.0.0
[INFO] [stderr]   Downloaded synstructure v0.9.0
[INFO] [stderr]   Downloaded string v0.1.1
[INFO] [stderr]   Downloaded humantime v1.1.1
[INFO] [stderr]   Downloaded log-panics v2.0.0
[INFO] [stderr]   Downloaded hyper v0.10.13
[INFO] [stderr]   Downloaded regex v1.0.5
[INFO] [stderr]   Downloaded cc v1.0.25
[INFO] [stderr]   Downloaded hyper v0.12.11
[INFO] [stderr]   Downloaded mach v0.2.2
[INFO] [stderr]   Downloaded regex-syntax v0.6.2
[INFO] [stderr]   Downloaded http v0.1.13
[INFO] [stderr]   Downloaded tokio-tcp v0.1.2
[INFO] [stderr]   Downloaded tokio-reactor v0.1.6
[INFO] [stderr]   Downloaded unicase v2.1.0
[INFO] [stderr]   Downloaded crossbeam-utils v0.5.0
[INFO] [stderr]   Downloaded ring v0.13.2
[INFO] [stderr]   Downloaded groupable v0.2.0
[INFO] [stderr]   Downloaded base64 v0.6.0
[INFO] [stderr]   Downloaded ascii v0.8.7
[INFO] [stderr]   Downloaded chunked_transfer v0.3.1
[INFO] [stderr]   Downloaded memchr v2.1.0
[INFO] [stderr]   Downloaded crossbeam-epoch v0.5.2
[INFO] [stderr]   Downloaded tokio-timer v0.2.7
[INFO] [stderr]   Downloaded lazycell v1.2.0
[INFO] [stderr]   Downloaded tokio-current-thread v0.1.3
[INFO] [stderr]   Downloaded tokio-udp v0.1.2
[INFO] [stderr]   Downloaded magic-sys v0.2.0
[INFO] [stderr]   Downloaded slice-deque v0.1.13
[INFO] [stderr]   Downloaded tokio v0.1.11
[INFO] [stderr]   Downloaded cfg-if v0.1.5
[INFO] [stderr]   Downloaded log v0.4.5
[INFO] [stderr]   Downloaded generic-array v0.9.0
[INFO] [stderr]   Downloaded multipart v0.15.3
[INFO] [stderr]   Downloaded mime v0.3.9
[INFO] [stderr]   Downloaded scheduled-thread-pool v0.2.0
[INFO] [stderr]   Downloaded r2d2 v0.8.2
[INFO] [stderr]   Downloaded failure_derive v0.1.2
[INFO] [stderr]   Downloaded ryu v0.2.6
[INFO] [stderr]   Downloaded utf-8 v0.7.4
[INFO] [stderr]   Downloaded quote v0.6.8
[INFO] [stderr]   Downloaded failure v0.1.2
[INFO] [stderr]   Downloaded magic v0.12.2
[INFO] [stderr]   Downloaded buf_redux v0.7.1
[INFO] [stderr]   Downloaded safemem v0.2.0
[INFO] [stderr]   Downloaded nickel v0.10.1
[INFO] [stderr]   Downloaded tiny_http v0.6.0
[INFO] [stderr]   Downloaded h2 v0.1.12
[INFO] [stderr]   Downloaded serde v1.0.79
[INFO] [stderr]   Downloaded serde_urlencoded v0.5.3
[INFO] [stderr]   Downloaded tokio-fs v0.1.3
[INFO] [stderr]   Downloaded crossbeam-deque v0.6.1
[INFO] [stderr]   Downloaded tokio-threadpool v0.1.7
[INFO] [stderr]   Downloaded lock_api v0.1.4
[INFO] [stderr]   Downloaded smallvec v0.6.5
[INFO] [stderr]   Downloaded tokio-executor v0.1.5
[INFO] [stderr]   Downloaded futures v0.1.24
[INFO] [stderr]   Downloaded bytes v0.4.10
[INFO] running `Command { std: "docker" "create" "-v" "/var/lib/crater-agent-workspace/builds/worker-3-tc2/target:/opt/rustwide/target:rw,Z" "-v" "/var/lib/crater-agent-workspace/builds/worker-3-tc2/source:/opt/rustwide/workdir:ro,Z" "-v" "/var/lib/crater-agent-workspace/cargo-home:/opt/rustwide/cargo-home:ro,Z" "-v" "/var/lib/crater-agent-workspace/rustup-home:/opt/rustwide/rustup-home:ro,Z" "-e" "SOURCE_DIR=/opt/rustwide/workdir" "-e" "CARGO_TARGET_DIR=/opt/rustwide/target" "-e" "CARGO_HOME=/opt/rustwide/cargo-home" "-e" "RUSTUP_HOME=/opt/rustwide/rustup-home" "-w" "/opt/rustwide/workdir" "-m" "1610612736" "--user" "0:0" "--network" "none" "ghcr.io/rust-lang/crates-build-env/linux@sha256:5ff2268d62e97bff2cde7d5815dd6ed5b47097566f13b8d0ca110b04b60e07ed" "/opt/rustwide/cargo-home/bin/cargo" "+beta-2023-04-20" "metadata" "--no-deps" "--format-version=1", kill_on_drop: false }`
[INFO] [stdout] b67bb0299273f8f321b30aab5381face13369b1a96caa7907b0629aaed282206
[INFO] running `Command { std: "docker" "start" "-a" "b67bb0299273f8f321b30aab5381face13369b1a96caa7907b0629aaed282206", kill_on_drop: false }`
[INFO] running `Command { std: "docker" "inspect" "b67bb0299273f8f321b30aab5381face13369b1a96caa7907b0629aaed282206", kill_on_drop: false }`
[INFO] running `Command { std: "docker" "rm" "-f" "b67bb0299273f8f321b30aab5381face13369b1a96caa7907b0629aaed282206", kill_on_drop: false }`
[INFO] [stdout] b67bb0299273f8f321b30aab5381face13369b1a96caa7907b0629aaed282206
[INFO] running `Command { std: "docker" "create" "-v" "/var/lib/crater-agent-workspace/builds/worker-3-tc2/target:/opt/rustwide/target:rw,Z" "-v" "/var/lib/crater-agent-workspace/builds/worker-3-tc2/source:/opt/rustwide/workdir:ro,Z" "-v" "/var/lib/crater-agent-workspace/cargo-home:/opt/rustwide/cargo-home:ro,Z" "-v" "/var/lib/crater-agent-workspace/rustup-home:/opt/rustwide/rustup-home:ro,Z" "-e" "SOURCE_DIR=/opt/rustwide/workdir" "-e" "CARGO_TARGET_DIR=/opt/rustwide/target" "-e" "CARGO_INCREMENTAL=0" "-e" "RUST_BACKTRACE=full" "-e" "RUSTFLAGS=--cap-lints=warn" "-e" "RUSTDOCFLAGS=--cap-lints=warn" "-e" "CARGO_HOME=/opt/rustwide/cargo-home" "-e" "RUSTUP_HOME=/opt/rustwide/rustup-home" "-w" "/opt/rustwide/workdir" "-m" "1610612736" "--user" "0:0" "--network" "none" "ghcr.io/rust-lang/crates-build-env/linux@sha256:5ff2268d62e97bff2cde7d5815dd6ed5b47097566f13b8d0ca110b04b60e07ed" "/opt/rustwide/cargo-home/bin/cargo" "+beta-2023-04-20" "build" "--frozen" "--message-format=json", kill_on_drop: false }`
[INFO] [stdout] 9fd35c456fa0e8d39e1cf44aa541404808eba3cf63d2246b693a105d6dd7db5d
[INFO] running `Command { std: "docker" "start" "-a" "9fd35c456fa0e8d39e1cf44aa541404808eba3cf63d2246b693a105d6dd7db5d", kill_on_drop: false }`
[INFO] [stderr]    Compiling libc v0.2.43
[INFO] [stderr]    Compiling cfg-if v0.1.5
[INFO] [stderr]    Compiling byteorder v1.2.6
[INFO] [stderr]    Compiling futures v0.1.24
[INFO] [stderr]    Compiling semver-parser v0.7.0
[INFO] [stderr]    Compiling siphasher v0.2.3
[INFO] [stderr]    Compiling crossbeam-utils v0.5.0
[INFO] [stderr]    Compiling slab v0.4.1
[INFO] [stderr]    Compiling stable_deref_trait v1.1.1
[INFO] [stderr]    Compiling unicode-normalization v0.1.7
[INFO] [stderr]    Compiling lazy_static v1.1.0
[INFO] [stderr]    Compiling unicase v1.4.2
[INFO] [stderr]    Compiling memchr v2.1.0
[INFO] [stderr]    Compiling unicode-bidi v0.3.4
[INFO] [stderr]    Compiling unreachable v1.0.0
[INFO] [stderr]    Compiling lazycell v1.2.0
[INFO] [stderr]    Compiling log v0.4.5
[INFO] [stderr]    Compiling owning_ref v0.3.3
[INFO] [stderr]    Compiling smallvec v0.6.5
[INFO] [stderr]    Compiling httparse v1.3.3
[INFO] [stderr]    Compiling cc v1.0.25
[INFO] [stderr]    Compiling semver v0.9.0
[INFO] [stderr]    Compiling ucd-util v0.1.1
[INFO] [stderr]    Compiling lock_api v0.1.4
[INFO] [stderr]    Compiling encoding_index_tests v0.1.4
[INFO] [stderr]    Compiling proc-macro2 v0.4.19
[INFO] [stderr]    Compiling arrayvec v0.4.7
[INFO] [stderr]    Compiling log v0.3.9
[INFO] [stderr]    Compiling traitobject v0.1.0
[INFO] [stderr]    Compiling rustc_version v0.2.3
[INFO] [stderr]    Compiling rand v0.5.5
[INFO] [stderr]    Compiling iovec v0.1.2
[INFO] [stderr]    Compiling num_cpus v1.8.0
[INFO] [stderr]    Compiling net2 v0.2.33
[INFO] [stderr]    Compiling phf_shared v0.7.23
[INFO] [stderr]    Compiling time v0.1.40
[INFO] [stderr]    Compiling bytes v0.4.10
[INFO] [stderr]    Compiling thread_local v0.3.6
[INFO] [stderr]    Compiling num-traits v0.2.6
[INFO] [stderr]    Compiling typenum v1.10.0
[INFO] [stderr]    Compiling parking_lot_core v0.3.1
[INFO] [stderr]    Compiling utf8-ranges v1.0.1
[INFO] [stderr]    Compiling crossbeam-epoch v0.5.2
[INFO] [stderr]    Compiling mio v0.6.16
[INFO] [stderr]    Compiling aho-corasick v0.6.8
[INFO] [stderr]    Compiling num-integer v0.1.39
[INFO] [stderr]    Compiling itoa v0.4.3
[INFO] [stderr]    Compiling safemem v0.2.0
[INFO] [stderr]    Compiling tokio-executor v0.1.5
[INFO] [stderr]    Compiling tokio-io v0.1.9
[INFO] [stderr]    Compiling idna v0.1.5
[INFO] [stderr]    Compiling crossbeam-deque v0.6.1
[INFO] [stderr]    Compiling backtrace-sys v0.1.24
[INFO] [stderr]    Compiling phf v0.7.23
[INFO] [stderr]    Compiling mime v0.2.6
[INFO] [stderr]    Compiling unsafe-any v0.4.2
[INFO] [stderr]    Compiling unicase v2.1.0
[INFO] [stderr]    Compiling phf_generator v0.7.23
[INFO] [stderr]    Compiling serde v1.0.79
[INFO] [stderr]    Compiling quote v0.6.8
[INFO] [stderr]    Compiling phf_codegen v0.7.23
[INFO] [stderr]    Compiling regex v1.0.5
[INFO] [stderr]    Compiling parking_lot v0.6.4
[INFO] [stderr]    Compiling syn v0.14.9
[INFO] [stderr]    Compiling mio-uds v0.6.7
[INFO] [stderr]    Compiling tokio-codec v0.1.1
[INFO] [stderr]    Compiling url v1.7.1
[INFO] [stderr]    Compiling generic-array v0.9.0
[INFO] [stderr]    Compiling tokio-reactor v0.1.6
[INFO] [stderr]    Compiling typemap v0.3.3
[INFO] [stderr]    Compiling tokio-threadpool v0.1.7
[INFO] [stderr]    Compiling base64 v0.6.0
[INFO] [stderr]    Compiling regex-syntax v0.6.2
[INFO] [stderr]    Compiling proc-macro2 v0.3.8
[INFO] [stderr]    Compiling ryu v0.2.6
[INFO] [stderr]    Compiling mime_guess v1.8.6
[INFO] [stderr]    Compiling typeable v0.1.2
[INFO] [stderr]    Compiling failure_derive v0.1.2
[INFO] [stderr]    Compiling arrayref v0.3.5
[INFO] [stderr]    Compiling language-tags v0.2.2
[INFO] [stderr]    Compiling byte-tools v0.2.0
[INFO] [stderr]    Compiling safemem v0.3.0
[INFO] [stderr]    Compiling quick-error v1.2.2
[INFO] [stderr]    Compiling regex v0.2.11
[INFO] [stderr]    Compiling block-buffer v0.3.3
[INFO] [stderr]    Compiling quote v0.5.2
[INFO] [stderr]    Compiling hyper v0.10.13
[INFO] [stderr]    Compiling tokio-fs v0.1.3
[INFO] [stderr]    Compiling chrono v0.4.6
[INFO] [stderr]    Compiling tokio-udp v0.1.2
[INFO] [stderr]    Compiling tokio-uds v0.2.2
[INFO] [stderr]    Compiling tokio-tcp v0.1.2
[INFO] [stderr]    Compiling http v0.1.13
[INFO] [stderr]    Compiling mime_guess v2.0.0-alpha.6
[INFO] [stderr]    Compiling digest v0.7.6
[INFO] [stderr]    Compiling plugin v0.2.6
[INFO] [stderr]    Compiling tokio-current-thread v0.1.3
[INFO] [stderr]    Compiling tokio-timer v0.2.7
[INFO] [stderr]    Compiling regex-syntax v0.5.6
[INFO] [stderr]    Compiling encoding-index-japanese v1.20141219.5
[INFO] [stderr]    Compiling encoding-index-singlebyte v1.20141219.5
[INFO] [stderr]    Compiling encoding-index-simpchinese v1.20141219.5
[INFO] [stderr]    Compiling encoding-index-korean v1.20141219.5
[INFO] [stderr]    Compiling encoding-index-tradchinese v1.20141219.5
[INFO] [stderr]    Compiling synstructure v0.9.0
[INFO] [stderr]    Compiling magic-sys v0.2.0
[INFO] [stderr]    Compiling rustc-demangle v0.1.9
[INFO] [stderr]    Compiling pq-sys v0.4.6
[INFO] [stderr]    Compiling string v0.1.1
[INFO] [stderr]    Compiling indexmap v1.0.1
[INFO] [stderr]    Compiling antidote v1.0.0
[INFO] [stderr]    Compiling try-lock v0.2.2
[INFO] [stderr]    Compiling rustc-serialize v0.3.24
[INFO] [stderr]    Compiling modifier v0.1.0
[INFO] [stderr]    Compiling fake-simd v0.1.2
[INFO] [stderr]    Compiling scheduled-thread-pool v0.2.0
[INFO] [stderr]    Compiling sha-1 v0.7.0
[INFO] [stderr]    Compiling want v0.0.6
[INFO] [stderr]    Compiling backtrace v0.3.9
[INFO] [stderr]    Compiling encoding v0.2.33
[INFO] [stderr]    Compiling tokio v0.1.11
[INFO] [stderr]    Compiling h2 v0.1.12
[INFO] [stderr]    Compiling mime v0.3.9
[INFO] [stderr]    Compiling syn v0.13.11
[INFO] [stderr]    Compiling humantime v1.1.1
[INFO] [stderr]    Compiling base64 v0.9.3
[INFO] [stderr]    Compiling ring v0.13.2
[INFO] [stderr]    Compiling futures-cpupool v0.1.8
[INFO] [stderr]    Compiling input_buffer v0.2.0
[INFO] [stderr]    Compiling slice-deque v0.1.13
[INFO] [stderr]    Compiling atty v0.2.11
[INFO] [stderr]    Compiling rand v0.4.3
[INFO] [stderr]    Compiling mustache v0.8.2
[INFO] [stderr]    Compiling groupable v0.2.0
[INFO] [stderr]    Compiling termcolor v1.0.4
[INFO] [stderr]    Compiling bitflags v1.0.4
[INFO] [stderr]    Compiling dtoa v0.4.3
[INFO] [stderr]    Compiling utf-8 v0.7.4
[INFO] [stderr]    Compiling chunked_transfer v0.3.1
[INFO] [stderr]    Compiling ascii v0.8.7
[INFO] [stderr]    Compiling failure v0.1.2
[INFO] [stderr]    Compiling tungstenite v0.6.0
[INFO] [stderr]    Compiling env_logger v0.5.13
[INFO] [stderr]    Compiling nickel v0.10.1
[INFO] [stderr]    Compiling buf_redux v0.7.1
[INFO] [stderr]    Compiling tiny_http v0.6.0
[INFO] [stderr]    Compiling serde_urlencoded v0.5.3
[INFO] [stderr]    Compiling serde_json v1.0.31
[INFO] [stderr]    Compiling tempdir v0.3.7
[INFO] [stderr]    Compiling hyper v0.12.11
[INFO] [stderr]    Compiling iron v0.6.0
[INFO] [stderr]    Compiling r2d2 v0.8.2
[INFO] [stderr]    Compiling twoway v0.1.8
[INFO] [stderr]    Compiling uuid v0.6.5
[INFO] [stderr]    Compiling untrusted v0.6.2
[INFO] [stderr]    Compiling bitflags v0.7.0
[INFO] [stderr]    Compiling ansi_term v0.11.0
[INFO] [stderr]    Compiling scoped-tls v0.1.2
[INFO] [stderr]    Compiling urlencoding v1.0.0
[INFO] [stderr]    Compiling magic v0.12.2
[INFO] [stderr]    Compiling multipart v0.15.3
[INFO] [stderr]    Compiling dotenv v0.13.0
[INFO] [stderr]    Compiling log-panics v2.0.0
[INFO] [stderr]    Compiling pretty_env_logger v0.2.4
[INFO] [stderr]    Compiling data-encoding v2.1.1
[INFO] [stderr]    Compiling diesel_derives v1.3.0
[INFO] [stderr]    Compiling warp v0.1.4
[INFO] [stderr]    Compiling diesel v1.3.3
[INFO] [stderr]    Compiling zero v0.1.0 (/opt/rustwide/workdir)
[INFO] [stdout] error[E0554]: `#![feature]` may not be used on the beta release channel
[INFO] [stdout]  --> src/main.rs:1:1
[INFO] [stdout]   |
[INFO] [stdout] 1 | #![feature(int_to_from_bytes)]
[INFO] [stdout]   | ^^^^^^^^^^^^^^^^^^^^^^^^^^^^^^
[INFO] [stdout] 
[INFO] [stdout] 
[INFO] [stdout] error[E0554]: `#![feature]` may not be used on the beta release channel
[INFO] [stdout]  --> src/main.rs:2:1
[INFO] [stdout]   |
[INFO] [stdout] 2 | #![feature(tool_lints)]
[INFO] [stdout]   | ^^^^^^^^^^^^^^^^^^^^^^^ help: remove the attribute
[INFO] [stdout]   |
[INFO] [stdout]   = help: the feature `tool_lints` has been stable since `1.31.0` and no longer requires an attribute to enable
[INFO] [stdout] 
[INFO] [stdout] 
[INFO] [stdout] warning: the feature `tool_lints` has been stable since 1.31.0 and no longer requires an attribute to enable
[INFO] [stdout]  --> src/main.rs:2:12
[INFO] [stdout]   |
[INFO] [stdout] 2 | #![feature(tool_lints)]
[INFO] [stdout]   |            ^^^^^^^^^^
[INFO] [stdout]   |
[INFO] [stdout]   = note: `#[warn(stable_features)]` on by default
[INFO] [stdout] 
[INFO] [stdout] 
[INFO] [stdout] error[E0554]: `#![feature]` may not be used on the beta release channel
[INFO] [stdout]  --> src/main.rs:1:12
[INFO] [stdout]   |
[INFO] [stdout] 1 | #![feature(int_to_from_bytes)]
[INFO] [stdout]   |            ^^^^^^^^^^^^^^^^^
[INFO] [stdout] 
[INFO] [stdout] 
[INFO] [stdout] warning: the feature `int_to_from_bytes` has been stable since 1.32.0 and no longer requires an attribute to enable
[INFO] [stdout]  --> src/main.rs:1:12
[INFO] [stdout]   |
[INFO] [stdout] 1 | #![feature(int_to_from_bytes)]
[INFO] [stdout]   |            ^^^^^^^^^^^^^^^^^
[INFO] [stdout] 
[INFO] [stdout] 
[INFO] [stdout] warning: use of deprecated method `core::str::<impl str>::trim_left_matches`: superseded by `trim_start_matches`
[INFO] [stdout]    --> src/model.rs:166:57
[INFO] [stdout]     |
[INFO] [stdout] 166 |                 self.filename = String::from(self.label.trim_left_matches('~'));
[INFO] [stdout]     |                                                         ^^^^^^^^^^^^^^^^^
[INFO] [stdout]     |
[INFO] [stdout]     = note: `#[warn(deprecated)]` on by default
[INFO] [stdout] help: replace the use of the deprecated method
[INFO] [stdout]     |
[INFO] [stdout] 166 |                 self.filename = String::from(self.label.trim_start_matches('~'));
[INFO] [stdout]     |                                                         ~~~~~~~~~~~~~~~~~~
[INFO] [stdout] 
[INFO] [stdout] 
[INFO] [stdout] error: aborting due to 3 previous errors; 3 warnings emitted
[INFO] [stdout] 
[INFO] [stdout] 
[INFO] [stdout] For more information about this error, try `rustc --explain E0554`.
[INFO] [stdout] 
[INFO] [stderr] error: could not compile `zero` (bin "zero") due to 4 previous errors; 162 warnings emitted
[INFO] running `Command { std: "docker" "inspect" "9fd35c456fa0e8d39e1cf44aa541404808eba3cf63d2246b693a105d6dd7db5d", kill_on_drop: false }`
[INFO] running `Command { std: "docker" "rm" "-f" "9fd35c456fa0e8d39e1cf44aa541404808eba3cf63d2246b693a105d6dd7db5d", kill_on_drop: false }`
[INFO] [stdout] 9fd35c456fa0e8d39e1cf44aa541404808eba3cf63d2246b693a105d6dd7db5d
