[INFO] cloning repository https://github.com/BlockscapeNetwork/hackatom_v
[INFO] running `Command { std: "git" "-c" "credential.helper=" "-c" "credential.helper=/workspace/cargo-home/bin/git-credential-null" "clone" "--bare" "https://github.com/BlockscapeNetwork/hackatom_v" "/workspace/cache/git-repos/https%3A%2F%2Fgithub.com%2FBlockscapeNetwork%2Fhackatom_v", kill_on_drop: false }`
[INFO] [stderr] Cloning into bare repository '/workspace/cache/git-repos/https%3A%2F%2Fgithub.com%2FBlockscapeNetwork%2Fhackatom_v'...
[INFO] running `Command { std: "git" "rev-parse" "HEAD", kill_on_drop: false }`
[INFO] [stdout] 4d5f5439fc2975f9619899a0f680627a1078edec
[INFO] testing BlockscapeNetwork/hackatom_v against 1.69.0 for beta-1.70-1
[INFO] running `Command { std: "git" "clone" "/workspace/cache/git-repos/https%3A%2F%2Fgithub.com%2FBlockscapeNetwork%2Fhackatom_v" "/workspace/builds/worker-4-tc1/source", kill_on_drop: false }`
[INFO] [stderr] Cloning into '/workspace/builds/worker-4-tc1/source'...
[INFO] [stderr] done.
[INFO] validating manifest of git repo https://github.com/BlockscapeNetwork/hackatom_v on toolchain 1.69.0
[INFO] running `Command { std: CARGO_HOME="/workspace/cargo-home" RUSTUP_HOME="/workspace/rustup-home" "/workspace/cargo-home/bin/cargo" "+1.69.0" "metadata" "--manifest-path" "Cargo.toml" "--no-deps", kill_on_drop: false }`
[INFO] started tweaking git repo https://github.com/BlockscapeNetwork/hackatom_v
[INFO] finished tweaking git repo https://github.com/BlockscapeNetwork/hackatom_v
[INFO] tweaked toml for git repo https://github.com/BlockscapeNetwork/hackatom_v written to /workspace/builds/worker-4-tc1/source/Cargo.toml
[INFO] crate git repo https://github.com/BlockscapeNetwork/hackatom_v already has a lockfile, it will not be regenerated
[INFO] running `Command { std: CARGO_HOME="/workspace/cargo-home" RUSTUP_HOME="/workspace/rustup-home" "/workspace/cargo-home/bin/cargo" "+1.69.0" "fetch" "--manifest-path" "Cargo.toml", kill_on_drop: false }`
[INFO] [stderr] warning: profiles for the non root package will be ignored, specify profiles at the workspace root:
[INFO] [stderr] package:   /workspace/builds/worker-4-tc1/source/contracts/marketplace/Cargo.toml
[INFO] [stderr] workspace: /workspace/builds/worker-4-tc1/source/Cargo.toml
[INFO] [stderr]  Downloading crates ...
[INFO] [stderr]   Downloaded serde-json-wasm v0.2.1
[INFO] [stderr]   Downloaded backtrace v0.3.54
[INFO] [stderr]   Downloaded snafu-derive v0.6.9
[INFO] [stderr]   Downloaded cosmwasm-schema v0.11.2
[INFO] [stderr]   Downloaded snafu v0.6.9
[INFO] [stderr]   Downloaded cosmwasm-std v0.11.2
[INFO] [stderr]   Downloaded cw721 v0.3.2
[INFO] [stderr]   Downloaded cw0 v0.3.2
[INFO] [stderr]   Downloaded cw2 v0.3.2
[INFO] [stderr]   Downloaded cw20 v0.3.2
[INFO] [stderr]   Downloaded cw-storage-plus v0.3.2
[INFO] running `Command { std: "docker" "create" "-v" "/var/lib/crater-agent-workspace/builds/worker-4-tc1/target:/opt/rustwide/target:rw,Z" "-v" "/var/lib/crater-agent-workspace/builds/worker-4-tc1/source:/opt/rustwide/workdir:ro,Z" "-v" "/var/lib/crater-agent-workspace/cargo-home:/opt/rustwide/cargo-home:ro,Z" "-v" "/var/lib/crater-agent-workspace/rustup-home:/opt/rustwide/rustup-home:ro,Z" "-e" "SOURCE_DIR=/opt/rustwide/workdir" "-e" "CARGO_TARGET_DIR=/opt/rustwide/target" "-e" "CARGO_HOME=/opt/rustwide/cargo-home" "-e" "RUSTUP_HOME=/opt/rustwide/rustup-home" "-w" "/opt/rustwide/workdir" "-m" "1610612736" "--user" "0:0" "--network" "none" "ghcr.io/rust-lang/crates-build-env/linux@sha256:5ff2268d62e97bff2cde7d5815dd6ed5b47097566f13b8d0ca110b04b60e07ed" "/opt/rustwide/cargo-home/bin/cargo" "+1.69.0" "metadata" "--no-deps" "--format-version=1", kill_on_drop: false }`
[INFO] [stdout] 54c49a81cb62123420a0234d1e6d6be63564103b5b4915bfbe3e5679b9cd20a9
[INFO] running `Command { std: "docker" "start" "-a" "54c49a81cb62123420a0234d1e6d6be63564103b5b4915bfbe3e5679b9cd20a9", kill_on_drop: false }`
[INFO] running `Command { std: "docker" "inspect" "54c49a81cb62123420a0234d1e6d6be63564103b5b4915bfbe3e5679b9cd20a9", kill_on_drop: false }`
[INFO] running `Command { std: "docker" "rm" "-f" "54c49a81cb62123420a0234d1e6d6be63564103b5b4915bfbe3e5679b9cd20a9", kill_on_drop: false }`
[INFO] [stdout] 54c49a81cb62123420a0234d1e6d6be63564103b5b4915bfbe3e5679b9cd20a9
[INFO] running `Command { std: "docker" "create" "-v" "/var/lib/crater-agent-workspace/builds/worker-4-tc1/target:/opt/rustwide/target:rw,Z" "-v" "/var/lib/crater-agent-workspace/builds/worker-4-tc1/source:/opt/rustwide/workdir:ro,Z" "-v" "/var/lib/crater-agent-workspace/cargo-home:/opt/rustwide/cargo-home:ro,Z" "-v" "/var/lib/crater-agent-workspace/rustup-home:/opt/rustwide/rustup-home:ro,Z" "-e" "SOURCE_DIR=/opt/rustwide/workdir" "-e" "CARGO_TARGET_DIR=/opt/rustwide/target" "-e" "CARGO_INCREMENTAL=0" "-e" "RUST_BACKTRACE=full" "-e" "RUSTFLAGS=--cap-lints=warn" "-e" "RUSTDOCFLAGS=--cap-lints=warn" "-e" "CARGO_HOME=/opt/rustwide/cargo-home" "-e" "RUSTUP_HOME=/opt/rustwide/rustup-home" "-w" "/opt/rustwide/workdir" "-m" "1610612736" "--user" "0:0" "--network" "none" "ghcr.io/rust-lang/crates-build-env/linux@sha256:5ff2268d62e97bff2cde7d5815dd6ed5b47097566f13b8d0ca110b04b60e07ed" "/opt/rustwide/cargo-home/bin/cargo" "+1.69.0" "build" "--frozen" "--message-format=json", kill_on_drop: false }`
[INFO] [stdout] e147188c07098704a237bb56557cf6a8674e1814fa27a5b077cae65d7b65406b
[INFO] running `Command { std: "docker" "start" "-a" "e147188c07098704a237bb56557cf6a8674e1814fa27a5b077cae65d7b65406b", kill_on_drop: false }`
[INFO] [stderr] warning: profiles for the non root package will be ignored, specify profiles at the workspace root:
[INFO] [stderr] package:   /opt/rustwide/workdir/contracts/marketplace/Cargo.toml
[INFO] [stderr] workspace: /opt/rustwide/workdir/Cargo.toml
[INFO] [stderr]     Blocking waiting for file lock on package cache
[INFO] [stderr]    Compiling proc-macro2 v1.0.24
[INFO] [stderr]    Compiling unicode-xid v0.2.1
[INFO] [stderr]    Compiling syn v1.0.48
[INFO] [stderr]    Compiling serde_derive v1.0.117
[INFO] [stderr]    Compiling serde v1.0.117
[INFO] [stderr]    Compiling ryu v1.0.5
[INFO] [stderr]    Compiling serde_json v1.0.59
[INFO] [stderr]    Compiling doc-comment v0.3.3
[INFO] [stderr]    Compiling schemars v0.7.6
[INFO] [stderr]    Compiling itoa v0.4.6
[INFO] [stderr]    Compiling base64 v0.11.0
[INFO] [stderr]    Compiling quote v1.0.7
[INFO] [stderr]    Compiling serde_derive_internals v0.25.0
[INFO] [stderr]    Compiling snafu-derive v0.6.9
[INFO] [stderr]    Compiling schemars_derive v0.7.6
[INFO] [stderr]    Compiling thiserror-impl v1.0.21
[INFO] [stderr]    Compiling thiserror v1.0.21
[INFO] [stderr]    Compiling snafu v0.6.9
[INFO] [stderr]    Compiling serde-json-wasm v0.2.1
[INFO] [stderr]    Compiling cosmwasm-std v0.11.2
[INFO] [stderr]    Compiling cw0 v0.3.2
[INFO] [stderr]    Compiling cw0 v0.3.2 (/opt/rustwide/workdir/packages/cw0)
[INFO] [stderr]    Compiling cw-storage-plus v0.3.2
[INFO] [stderr]    Compiling cw-storage-plus v0.3.2 (/opt/rustwide/workdir/packages/storage-plus)
[INFO] [stderr]    Compiling cw1 v0.3.2 (/opt/rustwide/workdir/packages/cw1)
[INFO] [stderr]    Compiling cw4 v0.3.2 (/opt/rustwide/workdir/packages/cw4)
[INFO] [stderr]    Compiling cw2 v0.3.2 (/opt/rustwide/workdir/packages/cw2)
[INFO] [stderr]    Compiling cw721 v0.3.2
[INFO] [stderr]    Compiling cw20 v0.3.2
[INFO] [stderr]    Compiling cw721 v0.3.2 (/opt/rustwide/workdir/packages/cw721)
[INFO] [stderr]    Compiling cw3 v0.3.2 (/opt/rustwide/workdir/packages/cw3)
[INFO] [stderr]    Compiling cw20 v0.3.2 (/opt/rustwide/workdir/packages/cw20)
[INFO] [stderr]    Compiling cw2 v0.3.2
[INFO] [stderr]    Compiling marketplace v0.1.0 (/opt/rustwide/workdir/contracts/marketplace)
[INFO] [stderr]    Compiling cosmons v0.0.0 (/opt/rustwide/workdir/contracts/cosmons)
[INFO] [stderr]     Finished dev [unoptimized + debuginfo] target(s) in 28.61s
[INFO] running `Command { std: "docker" "inspect" "e147188c07098704a237bb56557cf6a8674e1814fa27a5b077cae65d7b65406b", kill_on_drop: false }`
[INFO] running `Command { std: "docker" "rm" "-f" "e147188c07098704a237bb56557cf6a8674e1814fa27a5b077cae65d7b65406b", kill_on_drop: false }`
[INFO] [stdout] e147188c07098704a237bb56557cf6a8674e1814fa27a5b077cae65d7b65406b
[INFO] running `Command { std: "docker" "create" "-v" "/var/lib/crater-agent-workspace/builds/worker-4-tc1/target:/opt/rustwide/target:rw,Z" "-v" "/var/lib/crater-agent-workspace/builds/worker-4-tc1/source:/opt/rustwide/workdir:ro,Z" "-v" "/var/lib/crater-agent-workspace/cargo-home:/opt/rustwide/cargo-home:ro,Z" "-v" "/var/lib/crater-agent-workspace/rustup-home:/opt/rustwide/rustup-home:ro,Z" "-e" "SOURCE_DIR=/opt/rustwide/workdir" "-e" "CARGO_TARGET_DIR=/opt/rustwide/target" "-e" "CARGO_INCREMENTAL=0" "-e" "RUST_BACKTRACE=full" "-e" "RUSTFLAGS=--cap-lints=warn" "-e" "RUSTDOCFLAGS=--cap-lints=warn" "-e" "CARGO_HOME=/opt/rustwide/cargo-home" "-e" "RUSTUP_HOME=/opt/rustwide/rustup-home" "-w" "/opt/rustwide/workdir" "-m" "1610612736" "--user" "0:0" "--network" "none" "ghcr.io/rust-lang/crates-build-env/linux@sha256:5ff2268d62e97bff2cde7d5815dd6ed5b47097566f13b8d0ca110b04b60e07ed" "/opt/rustwide/cargo-home/bin/cargo" "+1.69.0" "test" "--frozen" "--no-run" "--message-format=json", kill_on_drop: false }`
[INFO] [stdout] 3197da031f4a98cce2a9697f8c6f7f77286092863828fa75bb469d80be4e6a0f
[INFO] running `Command { std: "docker" "start" "-a" "3197da031f4a98cce2a9697f8c6f7f77286092863828fa75bb469d80be4e6a0f", kill_on_drop: false }`
[INFO] [stderr] warning: profiles for the non root package will be ignored, specify profiles at the workspace root:
[INFO] [stderr] package:   /opt/rustwide/workdir/contracts/marketplace/Cargo.toml
[INFO] [stderr] workspace: /opt/rustwide/workdir/Cargo.toml
[INFO] [stderr] warning: output filename collision.
[INFO] [stderr] The example target `schema` in package `cw1 v0.3.2 (/opt/rustwide/workdir/packages/cw1)` has the same output filename as the example target `schema` in package `cosmons v0.0.0 (/opt/rustwide/workdir/contracts/cosmons)`.
[INFO] [stderr] Colliding filename is: /opt/rustwide/target/debug/examples/schema
[INFO] [stderr] The targets should have unique names.
[INFO] [stderr] Consider changing their names to be unique or compiling them separately.
[INFO] [stderr] This may become a hard error in the future; see <https://github.com/rust-lang/cargo/issues/6313>.
[INFO] [stderr] warning: output filename collision.
[INFO] [stderr] The example target `schema` in package `cw1 v0.3.2 (/opt/rustwide/workdir/packages/cw1)` has the same output filename as the example target `schema` in package `cosmons v0.0.0 (/opt/rustwide/workdir/contracts/cosmons)`.
[INFO] [stderr] Colliding filename is: /opt/rustwide/target/debug/examples/schema.dwp
[INFO] [stderr] The targets should have unique names.
[INFO] [stderr] Consider changing their names to be unique or compiling them separately.
[INFO] [stderr] This may become a hard error in the future; see <https://github.com/rust-lang/cargo/issues/6313>.
[INFO] [stderr] warning: output filename collision.
[INFO] [stderr] The example target `schema` in package `cw20 v0.3.2 (/opt/rustwide/workdir/packages/cw20)` has the same output filename as the example target `schema` in package `cw1 v0.3.2 (/opt/rustwide/workdir/packages/cw1)`.
[INFO] [stderr] Colliding filename is: /opt/rustwide/target/debug/examples/schema
[INFO] [stderr] The targets should have unique names.
[INFO] [stderr] Consider changing their names to be unique or compiling them separately.
[INFO] [stderr] This may become a hard error in the future; see <https://github.com/rust-lang/cargo/issues/6313>.
[INFO] [stderr] warning: output filename collision.
[INFO] [stderr] The example target `schema` in package `cw20 v0.3.2 (/opt/rustwide/workdir/packages/cw20)` has the same output filename as the example target `schema` in package `cw1 v0.3.2 (/opt/rustwide/workdir/packages/cw1)`.
[INFO] [stderr] Colliding filename is: /opt/rustwide/target/debug/examples/schema.dwp
[INFO] [stderr] The targets should have unique names.
[INFO] [stderr] Consider changing their names to be unique or compiling them separately.
[INFO] [stderr] This may become a hard error in the future; see <https://github.com/rust-lang/cargo/issues/6313>.
[INFO] [stderr] warning: output filename collision.
[INFO] [stderr] The example target `schema` in package `cw3 v0.3.2 (/opt/rustwide/workdir/packages/cw3)` has the same output filename as the example target `schema` in package `cw20 v0.3.2 (/opt/rustwide/workdir/packages/cw20)`.
[INFO] [stderr] Colliding filename is: /opt/rustwide/target/debug/examples/schema
[INFO] [stderr] The targets should have unique names.
[INFO] [stderr] Consider changing their names to be unique or compiling them separately.
[INFO] [stderr] This may become a hard error in the future; see <https://github.com/rust-lang/cargo/issues/6313>.
[INFO] [stderr] warning: output filename collision.
[INFO] [stderr] The example target `schema` in package `cw3 v0.3.2 (/opt/rustwide/workdir/packages/cw3)` has the same output filename as the example target `schema` in package `cw20 v0.3.2 (/opt/rustwide/workdir/packages/cw20)`.
[INFO] [stderr] Colliding filename is: /opt/rustwide/target/debug/examples/schema.dwp
[INFO] [stderr] The targets should have unique names.
[INFO] [stderr] Consider changing their names to be unique or compiling them separately.
[INFO] [stderr] This may become a hard error in the future; see <https://github.com/rust-lang/cargo/issues/6313>.
[INFO] [stderr] warning: output filename collision.
[INFO] [stderr] The example target `schema` in package `cw4 v0.3.2 (/opt/rustwide/workdir/packages/cw4)` has the same output filename as the example target `schema` in package `cw3 v0.3.2 (/opt/rustwide/workdir/packages/cw3)`.
[INFO] [stderr] Colliding filename is: /opt/rustwide/target/debug/examples/schema
[INFO] [stderr] The targets should have unique names.
[INFO] [stderr] Consider changing their names to be unique or compiling them separately.
[INFO] [stderr] This may become a hard error in the future; see <https://github.com/rust-lang/cargo/issues/6313>.
[INFO] [stderr] warning: output filename collision.
[INFO] [stderr] The example target `schema` in package `cw4 v0.3.2 (/opt/rustwide/workdir/packages/cw4)` has the same output filename as the example target `schema` in package `cw3 v0.3.2 (/opt/rustwide/workdir/packages/cw3)`.
[INFO] [stderr] Colliding filename is: /opt/rustwide/target/debug/examples/schema.dwp
[INFO] [stderr] The targets should have unique names.
[INFO] [stderr] Consider changing their names to be unique or compiling them separately.
[INFO] [stderr] This may become a hard error in the future; see <https://github.com/rust-lang/cargo/issues/6313>.
[INFO] [stderr] warning: output filename collision.
[INFO] [stderr] The example target `schema` in package `cw721 v0.3.2 (/opt/rustwide/workdir/packages/cw721)` has the same output filename as the example target `schema` in package `cw4 v0.3.2 (/opt/rustwide/workdir/packages/cw4)`.
[INFO] [stderr] Colliding filename is: /opt/rustwide/target/debug/examples/schema
[INFO] [stderr] The targets should have unique names.
[INFO] [stderr] Consider changing their names to be unique or compiling them separately.
[INFO] [stderr] This may become a hard error in the future; see <https://github.com/rust-lang/cargo/issues/6313>.
[INFO] [stderr] warning: output filename collision.
[INFO] [stderr] The example target `schema` in package `cw721 v0.3.2 (/opt/rustwide/workdir/packages/cw721)` has the same output filename as the example target `schema` in package `cw4 v0.3.2 (/opt/rustwide/workdir/packages/cw4)`.
[INFO] [stderr] Colliding filename is: /opt/rustwide/target/debug/examples/schema.dwp
[INFO] [stderr] The targets should have unique names.
[INFO] [stderr] Consider changing their names to be unique or compiling them separately.
[INFO] [stderr] This may become a hard error in the future; see <https://github.com/rust-lang/cargo/issues/6313>.
[INFO] [stderr] warning: output filename collision.
[INFO] [stderr] The example target `schema` in package `marketplace v0.1.0 (/opt/rustwide/workdir/contracts/marketplace)` has the same output filename as the example target `schema` in package `cw721 v0.3.2 (/opt/rustwide/workdir/packages/cw721)`.
[INFO] [stderr] Colliding filename is: /opt/rustwide/target/debug/examples/schema
[INFO] [stderr] The targets should have unique names.
[INFO] [stderr] Consider changing their names to be unique or compiling them separately.
[INFO] [stderr] This may become a hard error in the future; see <https://github.com/rust-lang/cargo/issues/6313>.
[INFO] [stderr] warning: output filename collision.
[INFO] [stderr] The example target `schema` in package `marketplace v0.1.0 (/opt/rustwide/workdir/contracts/marketplace)` has the same output filename as the example target `schema` in package `cw721 v0.3.2 (/opt/rustwide/workdir/packages/cw721)`.
[INFO] [stderr] Colliding filename is: /opt/rustwide/target/debug/examples/schema.dwp
[INFO] [stderr] The targets should have unique names.
[INFO] [stderr] Consider changing their names to be unique or compiling them separately.
[INFO] [stderr] This may become a hard error in the future; see <https://github.com/rust-lang/cargo/issues/6313>.
[INFO] [stderr]    Compiling cosmwasm-schema v0.11.2
[INFO] [stderr]    Compiling cw0 v0.3.2 (/opt/rustwide/workdir/packages/cw0)
[INFO] [stderr]    Compiling cw-storage-plus v0.3.2 (/opt/rustwide/workdir/packages/storage-plus)
[INFO] [stderr]    Compiling cw2 v0.3.2 (/opt/rustwide/workdir/packages/cw2)
[INFO] [stdout] error[E0283]: type annotations needed
[INFO] [stdout]    --> packages/storage-plus/src/map.rs:326:13
[INFO] [stdout]     |
[INFO] [stdout] 325 |         ALLOWANCE.update(&mut store, (b"owner", b"spender"), |v| {
[INFO] [stdout]     |                   ------ type must be known at this point
[INFO] [stdout] 326 |             Ok(v.unwrap_or_default() + 222)
[INFO] [stdout]     |             ^^ cannot infer type of the type parameter `E` declared on the enum `Result`
[INFO] [stdout]     |
[INFO] [stdout]     = note: cannot satisfy `_: From<cosmwasm_std::StdError>`
[INFO] [stdout] note: required by a bound in `map::Map::<'a, K, T>::update`
[INFO] [stdout]    --> packages/storage-plus/src/map.rs:71:12
[INFO] [stdout]     |
[INFO] [stdout] 68  |     pub fn update<A, E, S>(&self, store: &mut S, k: K, action: A) -> Result<T, E>
[INFO] [stdout]     |            ------ required by a bound in this associated function
[INFO] [stdout] ...
[INFO] [stdout] 71  |         E: From<StdError>,
[INFO] [stdout]     |            ^^^^^^^^^^^^^^ required by this bound in `Map::<'a, K, T>::update`
[INFO] [stdout] help: consider specifying the generic arguments
[INFO] [stdout]     |
[INFO] [stdout] 326 |             Ok::<u64, E>(v.unwrap_or_default() + 222)
[INFO] [stdout]     |               ++++++++++
[INFO] [stdout] 
[INFO] [stdout] 
[INFO] [stdout] error[E0283]: type annotations needed
[INFO] [stdout]    --> packages/storage-plus/src/map.rs:326:13
[INFO] [stdout]     |
[INFO] [stdout] 326 |             Ok(v.unwrap_or_default() + 222)
[INFO] [stdout]     |             ^^ cannot infer type of the type parameter `E` declared on the enum `Result`
[INFO] [stdout] 327 |         })?;
[INFO] [stdout]     |           - type must be known at this point
[INFO] [stdout]     |
[INFO] [stdout]     = note: multiple `impl`s satisfying `cosmwasm_std::StdError: From<_>` found in the following crates: `core`, `cosmwasm_std`:
[INFO] [stdout]             - impl From<FromUtf8Error> for cosmwasm_std::StdError;
[INFO] [stdout]             - impl From<Utf8Error> for cosmwasm_std::StdError;
[INFO] [stdout]             - impl<T> From<!> for T;
[INFO] [stdout]             - impl<T> From<T> for T;
[INFO] [stdout]     = note: required for `Result<(), cosmwasm_std::StdError>` to implement `FromResidual<Result<Infallible, _>>`
[INFO] [stdout] help: consider specifying the generic arguments
[INFO] [stdout]     |
[INFO] [stdout] 326 |             Ok::<u64, E>(v.unwrap_or_default() + 222)
[INFO] [stdout]     |               ++++++++++
[INFO] [stdout] 
[INFO] [stdout] 
[INFO] [stdout] error[E0283]: type annotations needed
[INFO] [stdout]    --> packages/storage-plus/src/map.rs:360:38
[INFO] [stdout]     |
[INFO] [stdout] 360 |         allow.update(&mut store, |x| Ok(x.unwrap_or_default() * 2))?;
[INFO] [stdout]     |               ------                 ^^ cannot infer type of the type parameter `E` declared on the enum `Result`
[INFO] [stdout]     |               |
[INFO] [stdout]     |               type must be known at this point
[INFO] [stdout]     |
[INFO] [stdout]     = note: cannot satisfy `_: From<cosmwasm_std::StdError>`
[INFO] [stdout] note: required by a bound in `path::Path::<T>::update`
[INFO] [stdout]    --> packages/storage-plus/src/path.rs:75:12
[INFO] [stdout]     |
[INFO] [stdout] 72  |     pub fn update<A, E, S>(&self, store: &mut S, action: A) -> Result<T, E>
[INFO] [stdout]     |            ------ required by a bound in this associated function
[INFO] [stdout] ...
[INFO] [stdout] 75  |         E: From<StdError>,
[INFO] [stdout]     |            ^^^^^^^^^^^^^^ required by this bound in `Path::<T>::update`
[INFO] [stdout] help: consider specifying the generic arguments
[INFO] [stdout]     |
[INFO] [stdout] 360 |         allow.update(&mut store, |x| Ok::<u64, E>(x.unwrap_or_default() * 2))?;
[INFO] [stdout]     |                                        ++++++++++
[INFO] [stdout] 
[INFO] [stdout] 
[INFO] [stdout] error[E0283]: type annotations needed
[INFO] [stdout]    --> packages/storage-plus/src/map.rs:360:38
[INFO] [stdout]     |
[INFO] [stdout] 360 |         allow.update(&mut store, |x| Ok(x.unwrap_or_default() * 2))?;
[INFO] [stdout]     |                                      ^^                            - type must be known at this point
[INFO] [stdout]     |                                      |
[INFO] [stdout]     |                                      cannot infer type of the type parameter `E` declared on the enum `Result`
[INFO] [stdout]     |
[INFO] [stdout]     = note: multiple `impl`s satisfying `cosmwasm_std::StdError: From<_>` found in the following crates: `core`, `cosmwasm_std`:
[INFO] [stdout]             - impl From<FromUtf8Error> for cosmwasm_std::StdError;
[INFO] [stdout]             - impl From<Utf8Error> for cosmwasm_std::StdError;
[INFO] [stdout]             - impl<T> From<!> for T;
[INFO] [stdout]             - impl<T> From<T> for T;
[INFO] [stdout]     = note: required for `Result<(), cosmwasm_std::StdError>` to implement `FromResidual<Result<Infallible, _>>`
[INFO] [stdout] help: consider specifying the generic arguments
[INFO] [stdout]     |
[INFO] [stdout] 360 |         allow.update(&mut store, |x| Ok::<u64, E>(x.unwrap_or_default() * 2))?;
[INFO] [stdout]     |                                        ++++++++++
[INFO] [stdout] 
[INFO] [stdout] 
[INFO] [stdout] error: aborting due to 4 previous errors
[INFO] [stdout] 
[INFO] [stdout] 
[INFO] [stdout] For more information about this error, try `rustc --explain E0283`.
[INFO] [stdout] 
[INFO] [stderr] error: could not compile `cw-storage-plus` due to 5 previous errors
[INFO] [stderr] warning: build failed, waiting for other jobs to finish...
[INFO] running `Command { std: "docker" "inspect" "3197da031f4a98cce2a9697f8c6f7f77286092863828fa75bb469d80be4e6a0f", kill_on_drop: false }`
[INFO] running `Command { std: "docker" "rm" "-f" "3197da031f4a98cce2a9697f8c6f7f77286092863828fa75bb469d80be4e6a0f", kill_on_drop: false }`
[INFO] [stdout] 3197da031f4a98cce2a9697f8c6f7f77286092863828fa75bb469d80be4e6a0f
