[INFO] cloning repository https://github.com/Ben-Lichtman/deeprox
[INFO] running `Command { std: "git" "-c" "credential.helper=" "-c" "credential.helper=/workspace/cargo-home/bin/git-credential-null" "clone" "--bare" "https://github.com/Ben-Lichtman/deeprox" "/workspace/cache/git-repos/https%3A%2F%2Fgithub.com%2FBen-Lichtman%2Fdeeprox", kill_on_drop: false }`
[INFO] [stderr] Cloning into bare repository '/workspace/cache/git-repos/https%3A%2F%2Fgithub.com%2FBen-Lichtman%2Fdeeprox'...
[INFO] running `Command { std: "git" "rev-parse" "HEAD", kill_on_drop: false }`
[INFO] [stdout] adf6692329ebd1f0d955010ebd13128ed4e0836c
[INFO] testing Ben-Lichtman/deeprox against 1.69.0 for beta-1.70-1
[INFO] running `Command { std: "git" "clone" "/workspace/cache/git-repos/https%3A%2F%2Fgithub.com%2FBen-Lichtman%2Fdeeprox" "/workspace/builds/worker-7-tc1/source", kill_on_drop: false }`
[INFO] [stderr] Cloning into '/workspace/builds/worker-7-tc1/source'...
[INFO] [stderr] done.
[INFO] validating manifest of git repo https://github.com/Ben-Lichtman/deeprox on toolchain 1.69.0
[INFO] running `Command { std: CARGO_HOME="/workspace/cargo-home" RUSTUP_HOME="/workspace/rustup-home" "/workspace/cargo-home/bin/cargo" "+1.69.0" "metadata" "--manifest-path" "Cargo.toml" "--no-deps", kill_on_drop: false }`
[INFO] started tweaking git repo https://github.com/Ben-Lichtman/deeprox
[INFO] finished tweaking git repo https://github.com/Ben-Lichtman/deeprox
[INFO] tweaked toml for git repo https://github.com/Ben-Lichtman/deeprox written to /workspace/builds/worker-7-tc1/source/Cargo.toml
[INFO] running `Command { std: CARGO_HOME="/workspace/cargo-home" RUSTUP_HOME="/workspace/rustup-home" __CARGO_TEST_CHANNEL_OVERRIDE_DO_NOT_USE_THIS="nightly" "/workspace/cargo-home/bin/cargo" "+1.69.0" "generate-lockfile" "--manifest-path" "Cargo.toml" "-Zno-index-update", kill_on_drop: false }`
[INFO] running `Command { std: CARGO_HOME="/workspace/cargo-home" RUSTUP_HOME="/workspace/rustup-home" "/workspace/cargo-home/bin/cargo" "+1.69.0" "fetch" "--manifest-path" "Cargo.toml", kill_on_drop: false }`
[INFO] [stderr]  Downloading crates ...
[INFO] [stderr]   Downloaded async-tls v0.7.0
[INFO] [stderr]   Downloaded webpki-roots v0.19.0
[INFO] [stderr]   Downloaded lol_html v0.2.0
[INFO] running `Command { std: "docker" "create" "-v" "/var/lib/crater-agent-workspace/builds/worker-7-tc1/target:/opt/rustwide/target:rw,Z" "-v" "/var/lib/crater-agent-workspace/builds/worker-7-tc1/source:/opt/rustwide/workdir:ro,Z" "-v" "/var/lib/crater-agent-workspace/cargo-home:/opt/rustwide/cargo-home:ro,Z" "-v" "/var/lib/crater-agent-workspace/rustup-home:/opt/rustwide/rustup-home:ro,Z" "-e" "SOURCE_DIR=/opt/rustwide/workdir" "-e" "CARGO_TARGET_DIR=/opt/rustwide/target" "-e" "CARGO_HOME=/opt/rustwide/cargo-home" "-e" "RUSTUP_HOME=/opt/rustwide/rustup-home" "-w" "/opt/rustwide/workdir" "-m" "1610612736" "--user" "0:0" "--network" "none" "ghcr.io/rust-lang/crates-build-env/linux@sha256:5ff2268d62e97bff2cde7d5815dd6ed5b47097566f13b8d0ca110b04b60e07ed" "/opt/rustwide/cargo-home/bin/cargo" "+1.69.0" "metadata" "--no-deps" "--format-version=1", kill_on_drop: false }`
[INFO] [stdout] 7325199acab7e2c4a7f5dba5ba4866d3445d2a212d14a0dae83382e25c5f18f7
[INFO] running `Command { std: "docker" "start" "-a" "7325199acab7e2c4a7f5dba5ba4866d3445d2a212d14a0dae83382e25c5f18f7", kill_on_drop: false }`
[INFO] running `Command { std: "docker" "inspect" "7325199acab7e2c4a7f5dba5ba4866d3445d2a212d14a0dae83382e25c5f18f7", kill_on_drop: false }`
[INFO] running `Command { std: "docker" "rm" "-f" "7325199acab7e2c4a7f5dba5ba4866d3445d2a212d14a0dae83382e25c5f18f7", kill_on_drop: false }`
[INFO] [stdout] 7325199acab7e2c4a7f5dba5ba4866d3445d2a212d14a0dae83382e25c5f18f7
[INFO] running `Command { std: "docker" "create" "-v" "/var/lib/crater-agent-workspace/builds/worker-7-tc1/target:/opt/rustwide/target:rw,Z" "-v" "/var/lib/crater-agent-workspace/builds/worker-7-tc1/source:/opt/rustwide/workdir:ro,Z" "-v" "/var/lib/crater-agent-workspace/cargo-home:/opt/rustwide/cargo-home:ro,Z" "-v" "/var/lib/crater-agent-workspace/rustup-home:/opt/rustwide/rustup-home:ro,Z" "-e" "SOURCE_DIR=/opt/rustwide/workdir" "-e" "CARGO_TARGET_DIR=/opt/rustwide/target" "-e" "CARGO_INCREMENTAL=0" "-e" "RUST_BACKTRACE=full" "-e" "RUSTFLAGS=--cap-lints=warn" "-e" "RUSTDOCFLAGS=--cap-lints=warn" "-e" "CARGO_HOME=/opt/rustwide/cargo-home" "-e" "RUSTUP_HOME=/opt/rustwide/rustup-home" "-w" "/opt/rustwide/workdir" "-m" "1610612736" "--user" "0:0" "--network" "none" "ghcr.io/rust-lang/crates-build-env/linux@sha256:5ff2268d62e97bff2cde7d5815dd6ed5b47097566f13b8d0ca110b04b60e07ed" "/opt/rustwide/cargo-home/bin/cargo" "+1.69.0" "build" "--frozen" "--message-format=json", kill_on_drop: false }`
[INFO] [stdout] 9d0e2170714f7b581fb459e0fc9ab47705a727019810500fc95f07b93d3a97d3
[INFO] running `Command { std: "docker" "start" "-a" "9d0e2170714f7b581fb459e0fc9ab47705a727019810500fc95f07b93d3a97d3", kill_on_drop: false }`
[INFO] [stderr]    Compiling version_check v0.9.4
[INFO] [stderr]    Compiling proc-macro2 v1.0.56
[INFO] [stderr]    Compiling quote v1.0.26
[INFO] [stderr]    Compiling unicode-ident v1.0.8
[INFO] [stderr]    Compiling libc v0.2.142
[INFO] [stderr]    Compiling autocfg v1.1.0
[INFO] [stderr]    Compiling syn v1.0.109
[INFO] [stderr]    Compiling cfg-if v1.0.0
[INFO] [stderr]    Compiling typenum v1.16.0
[INFO] [stderr]    Compiling rand_core v0.4.2
[INFO] [stderr]    Compiling autocfg v0.1.8
[INFO] [stderr]    Compiling generic-array v0.14.7
[INFO] [stderr]    Compiling futures-core v0.3.28
[INFO] [stderr]    Compiling value-bag v1.0.0-alpha.9
[INFO] [stderr]    Compiling memchr v2.5.0
[INFO] [stderr]    Compiling log v0.4.17
[INFO] [stderr]    Compiling rand_core v0.3.1
[INFO] [stderr]    Compiling cc v1.0.79
[INFO] [stderr]    Compiling futures-io v0.3.28
[INFO] [stderr]    Compiling slab v0.4.8
[INFO] [stderr]    Compiling pin-project-lite v0.2.9
[INFO] [stderr]    Compiling rand_pcg v0.1.2
[INFO] [stderr]    Compiling syn v2.0.15
[INFO] [stderr]    Compiling rand_chacha v0.1.1
[INFO] [stderr]    Compiling bitflags v1.3.2
[INFO] [stderr]    Compiling once_cell v1.17.1
[INFO] [stderr]    Compiling crossbeam-utils v0.8.15
[INFO] [stderr]    Compiling event-listener v2.5.3
[INFO] [stderr]    Compiling rand v0.6.5
[INFO] [stderr]    Compiling subtle v2.4.1
[INFO] [stderr]    Compiling siphasher v0.2.3
[INFO] [stderr]    Compiling phf_shared v0.7.24
[INFO] [stderr]    Compiling rand_os v0.1.3
[INFO] [stderr]    Compiling rand_hc v0.1.0
[INFO] [stderr]    Compiling rand_xorshift v0.1.1
[INFO] [stderr]    Compiling rand_isaac v0.1.1
[INFO] [stderr]    Compiling rand_jitter v0.1.4
[INFO] [stderr]    Compiling serde_derive v1.0.160
[INFO] [stderr]    Compiling opaque-debug v0.3.0
[INFO] [stderr]    Compiling concurrent-queue v2.2.0
[INFO] [stderr]    Compiling standback v0.2.17
[INFO] [stderr]    Compiling waker-fn v1.1.0
[INFO] [stderr]    Compiling parking v2.1.0
[INFO] [stderr]    Compiling serde v1.0.160
[INFO] [stderr]    Compiling proc-macro-hack v0.5.20+deprecated
[INFO] [stderr]    Compiling io-lifetimes v1.0.10
[INFO] [stderr]    Compiling fastrand v1.9.0
[INFO] [stderr]    Compiling futures-lite v1.13.0
[INFO] [stderr]    Compiling phf_generator v0.7.24
[INFO] [stderr]    Compiling ring v0.16.20
[INFO] [stderr]    Compiling cipher v0.2.5
[INFO] [stderr]    Compiling async-lock v2.7.0
[INFO] [stderr]    Compiling polling v2.8.0
[INFO] [stderr]    Compiling getrandom v0.1.16
[INFO] [stderr]    Compiling pin-utils v0.1.0
[INFO] [stderr]    Compiling ppv-lite86 v0.2.17
[INFO] [stderr]    Compiling percent-encoding v2.2.0
[INFO] [stderr]    Compiling rustix v0.37.18
[INFO] [stderr]    Compiling phf_codegen v0.7.24
[INFO] [stderr]    Compiling universal-hash v0.4.1
[INFO] [stderr]    Compiling getrandom v0.2.9
[INFO] [stderr]    Compiling digest v0.9.0
[INFO] [stderr]    Compiling async-io v1.13.0
[INFO] [stderr]    Compiling futures-task v0.3.28
[INFO] [stderr]    Compiling const_fn v0.4.9
[INFO] [stderr]    Compiling linux-raw-sys v0.3.6
[INFO] [stderr]    Compiling untrusted v0.7.1
[INFO] [stderr]    Compiling async-task v4.4.0
[INFO] [stderr]    Compiling tinyvec_macros v0.1.1
[INFO] [stderr]    Compiling thiserror v1.0.40
[INFO] [stderr]    Compiling cpuid-bool v0.2.0
[INFO] [stderr]    Compiling spin v0.5.2
[INFO] [stderr]    Compiling futures-channel v0.3.28
[INFO] [stderr]    Compiling polyval v0.4.5
[INFO] [stderr]    Compiling tinyvec v1.6.0
[INFO] [stderr]    Compiling rand_core v0.6.4
[INFO] [stderr]    Compiling aes-soft v0.6.4
[INFO] [stderr]    Compiling async-channel v1.8.0
[INFO] [stderr]    Compiling crypto-mac v0.10.1
[INFO] [stderr]    Compiling socket2 v0.4.9
[INFO] [stderr]    Compiling proc-macro-error-attr v1.0.4
[INFO] [stderr]    Compiling time v0.2.27
[INFO] [stderr]    Compiling futures-sink v0.3.28
[INFO] [stderr]    Compiling futures-util v0.3.28
[INFO] [stderr]    Compiling pkg-config v0.3.26
[INFO] [stderr]    Compiling atomic-waker v1.1.1
[INFO] [stderr]    Compiling thiserror-impl v1.0.40
[INFO] [stderr]    Compiling futures-macro v0.3.28
[INFO] [stderr]    Compiling unicode-normalization v0.1.22
[INFO] [stderr]    Compiling openssl-sys v0.9.87
[INFO] [stderr]    Compiling hmac v0.10.1
[INFO] [stderr]    Compiling aes v0.6.0
[INFO] [stderr]    Compiling rand_core v0.5.1
[INFO] [stderr]    Compiling ctor v0.1.26
[INFO] [stderr]    Compiling time-macros-impl v0.1.2
[INFO] [stderr]    Compiling cssparser v0.25.9
[INFO] [stderr]    Compiling rand_chacha v0.3.1
[INFO] [stderr]    Compiling ghash v0.3.1
[INFO] [stderr]    Compiling async-executor v1.5.1
[INFO] [stderr]    Compiling time-macros v0.1.1
[INFO] [stderr]    Compiling form_urlencoded v1.1.0
[INFO] [stderr]    Compiling ctr v0.6.0
[INFO] [stderr]    Compiling block-buffer v0.9.0
[INFO] [stderr]    Compiling aead v0.3.2
[INFO] [stderr]    Compiling proc-macro-error v1.0.4
[INFO] [stderr]    Compiling cookie v0.14.4
[INFO] [stderr]    Compiling procedural-masquerade v0.1.7
[INFO] [stderr]    Compiling ryu v1.0.13
[INFO] [stderr]    Compiling serde_json v1.0.96
[INFO] [stderr]    Compiling dtoa v0.4.8
[INFO] [stderr]    Compiling itoa v1.0.6
[INFO] [stderr]    Compiling blocking v1.3.1
[INFO] [stderr]    Compiling unicode-bidi v0.3.13
[INFO] [stderr]    Compiling anyhow v1.0.71
[INFO] [stderr]    Compiling cpufeatures v0.2.7
[INFO] [stderr]    Compiling sha2 v0.9.9
[INFO] [stderr]    Compiling idna v0.3.0
[INFO] [stderr]    Compiling dtoa-short v0.3.3
[INFO] [stderr]    Compiling cssparser-macros v0.3.6
[INFO] [stderr]    Compiling async-global-executor v2.3.1
[INFO] [stderr]    Compiling kv-log-macro v1.0.7
[INFO] [stderr]    Compiling aes-gcm v0.8.0
[INFO] [stderr]    Compiling smallvec v0.6.14
[INFO] [stderr]    Compiling rand v0.8.5
[INFO] [stderr]    Compiling rand_chacha v0.2.2
[INFO] [stderr]    Compiling async-attributes v1.1.2
[INFO] [stderr]    Compiling hkdf v0.10.0
[INFO] [stderr]    Compiling webpki v0.21.4
[INFO] [stderr]    Compiling selectors v0.21.0
[INFO] [stderr]    Compiling phf v0.7.24
[INFO] [stderr]    Compiling matches v0.1.10
[INFO] [stderr]    Compiling unicode-segmentation v1.10.1
[INFO] [stderr]    Compiling stable_deref_trait v1.2.0
[INFO] [stderr]    Compiling httparse v1.8.0
[INFO] [stderr]    Compiling http-types v2.12.0
[INFO] [stderr]    Compiling nodrop v0.1.14
[INFO] [stderr]    Compiling base64 v0.13.1
[INFO] [stderr]    Compiling unicode-width v0.1.10
[INFO] [stderr]    Compiling byteorder v1.4.3
[INFO] [stderr]    Compiling itoa v0.4.8
[INFO] [stderr]    Compiling textwrap v0.11.0
[INFO] [stderr]    Compiling heck v0.3.3
[INFO] [stderr]    Compiling servo_arc v0.1.1
[INFO] [stderr]    Compiling fxhash v0.2.1
[INFO] [stderr]    Compiling async-std v1.12.0
[INFO] [stderr]    Compiling rand v0.7.3
[INFO] [stderr]    Compiling pin-project-internal v1.0.12
[INFO] [stderr]    Compiling sct v0.6.1
[INFO] [stderr]    Compiling atty v0.2.14
[INFO] [stderr]    Compiling simple-mutex v1.1.5
[INFO] [stderr]    Compiling thin-slice v0.1.1
[INFO] [stderr]    Compiling openssl v0.10.52
[INFO] [stderr]    Compiling vec_map v0.8.2
[INFO] [stderr]    Compiling precomputed-hash v0.1.1
[INFO] [stderr]    Compiling serde_qs v0.8.5
[INFO] [stderr]    Compiling url v2.3.1
[INFO] [stderr]    Compiling serde_urlencoded v0.7.1
[INFO] [stderr]    Compiling futures-executor v0.3.28
[INFO] [stderr]    Compiling infer v0.2.3
[INFO] [stderr]    Compiling ansi_term v0.12.1
[INFO] [stderr]    Compiling base64 v0.11.0
[INFO] [stderr]    Compiling strsim v0.8.0
[INFO] [stderr]    Compiling rustls v0.17.0
[INFO] [stderr]    Compiling clap v2.34.0
[INFO] [stderr]    Compiling futures v0.3.28
[INFO] [stderr]    Compiling pin-project v1.0.12
[INFO] [stderr]    Compiling async-dup v1.2.2
[INFO] [stderr]    Compiling structopt-derive v0.4.18
[INFO] [stderr]    Compiling webpki-roots v0.19.0
[INFO] [stderr]    Compiling openssl-macros v0.1.1
[INFO] [stderr]    Compiling encoding_rs v0.8.32
[INFO] [stderr]    Compiling lazycell v1.3.0
[INFO] [stderr]    Compiling async-tls v0.7.0
[INFO] [stderr]    Compiling async-h1 v2.3.3
[INFO] [stderr]    Compiling structopt v0.3.26
[INFO] [stderr]    Compiling base64 v0.12.3
[INFO] [stderr]    Compiling lol_html v0.2.0
[INFO] [stderr]    Compiling deeprox v0.1.1 (/opt/rustwide/workdir)
[INFO] [stdout] error[E0308]: mismatched types
[INFO] [stdout]   --> src/http.rs:90:2
[INFO] [stdout]    |
[INFO] [stdout] 90 | /     server::decode(client_stream)
[INFO] [stdout] 91 | |         .await
[INFO] [stdout] 92 | |         .map_err(|_| Error::HttpTypeErr)
[INFO] [stdout]    | |________________________________________^ expected `Result<Option<Request>, Error>`, found `Result<Option<(Request, ...)>, ...>`
[INFO] [stdout]    |
[INFO] [stdout]    = note: expected enum `Result<Option<http_types::Request>, _>`
[INFO] [stdout]               found enum `Result<Option<(http_types::Request, async_h1::server::body_reader::BodyReader<impl Read + Write + Clone + Send + Sync + Unpin + 'static>)>, _>`
[INFO] [stdout] help: use `?` to coerce and return an appropriate `Err`, and wrap the resulting value in `Ok` so the expression remains of type `Result`
[INFO] [stdout]    |
[INFO] [stdout] 90 ~     Ok(server::decode(client_stream)
[INFO] [stdout] 91 |         .await
[INFO] [stdout] 92 ~         .map_err(|_| Error::HttpTypeErr)?)
[INFO] [stdout]    |
[INFO] [stdout] 
[INFO] [stdout] 
[INFO] [stdout] error[E0599]: no function or associated item named `encode` found for struct `async_h1::client::Encoder` in the current scope
[INFO] [stdout]    --> src/http.rs:113:41
[INFO] [stdout]     |
[INFO] [stdout] 113 |     let request_encoded = client::Encoder::encode(request)
[INFO] [stdout]     |                                            ^^^^^^ function or associated item not found in `Encoder`
[INFO] [stdout] 
[INFO] [stdout] 
[INFO] [stdout] error[E0308]: mismatched types
[INFO] [stdout]    --> src/http.rs:116:24
[INFO] [stdout]     |
[INFO] [stdout] 107 |     server_stream: impl Read + Write + Clone + Send + Sync + Unpin + 'static,
[INFO] [stdout]     |                    --------------------------------------------------------- this type parameter
[INFO] [stdout] ...
[INFO] [stdout] 116 |     copy(request_encoded, server_stream.clone()).await?;
[INFO] [stdout]     |     ----                  ^^^^^^^^^^^^^^^^^^^^^
[INFO] [stdout]     |     |                     |
[INFO] [stdout]     |     |                     expected `&mut _`, found type parameter `impl Read + Write + Clone + Send + Sync + Unpin + 'static`
[INFO] [stdout]     |     |                     help: consider mutably borrowing here: `&mut server_stream`
[INFO] [stdout]     |     arguments to this function are incorrect
[INFO] [stdout]     |
[INFO] [stdout]     = note: expected mutable reference `&mut _`
[INFO] [stdout]                   found type parameter `impl Read + Write + Clone + Send + Sync + Unpin + 'static`
[INFO] [stdout] note: function defined here
[INFO] [stdout]    --> /opt/rustwide/cargo-home/registry/src/github.com-1ecc6299db9ec823/async-std-1.12.0/src/io/copy.rs:48:14
[INFO] [stdout]     |
[INFO] [stdout] 48  | pub async fn copy<R, W>(reader: &mut R, writer: &mut W) -> io::Result<u64>
[INFO] [stdout]     |              ^^^^
[INFO] [stdout] 
[INFO] [stdout] 
[INFO] [stdout] error[E0308]: arguments to this function are incorrect
[INFO] [stdout]    --> src/http.rs:122:2
[INFO] [stdout]     |
[INFO] [stdout] 106 |     client_stream: impl Read + Write + Clone + Send + Sync + Unpin + 'static,
[INFO] [stdout]     |                    --------------------------------------------------------- this type parameter
[INFO] [stdout] ...
[INFO] [stdout] 122 |     copy(response_encoded, client_stream).await?;
[INFO] [stdout]     |     ^^^^
[INFO] [stdout]     |
[INFO] [stdout] note: expected `&mut _`, found `Encoder`
[INFO] [stdout]    --> src/http.rs:122:7
[INFO] [stdout]     |
[INFO] [stdout] 122 |     copy(response_encoded, client_stream).await?;
[INFO] [stdout]     |          ^^^^^^^^^^^^^^^^
[INFO] [stdout]     = note: expected mutable reference `&mut _`
[INFO] [stdout]                           found struct `async_h1::server::Encoder`
[INFO] [stdout] note: expected `&mut _`, found type parameter `impl Read + Write + Clone + Send + Sync + Unpin + 'static`
[INFO] [stdout]    --> src/http.rs:122:25
[INFO] [stdout]     |
[INFO] [stdout] 122 |     copy(response_encoded, client_stream).await?;
[INFO] [stdout]     |                            ^^^^^^^^^^^^^
[INFO] [stdout]     = note: expected mutable reference `&mut _`
[INFO] [stdout]                   found type parameter `impl Read + Write + Clone + Send + Sync + Unpin + 'static`
[INFO] [stdout] note: function defined here
[INFO] [stdout]    --> /opt/rustwide/cargo-home/registry/src/github.com-1ecc6299db9ec823/async-std-1.12.0/src/io/copy.rs:48:14
[INFO] [stdout]     |
[INFO] [stdout] 48  | pub async fn copy<R, W>(reader: &mut R, writer: &mut W) -> io::Result<u64>
[INFO] [stdout]     |              ^^^^
[INFO] [stdout] help: consider mutably borrowing here
[INFO] [stdout]     |
[INFO] [stdout] 122 |     copy(&mut response_encoded, client_stream).await?;
[INFO] [stdout]     |          ~~~~~~~~~~~~~~~~~~~~~
[INFO] [stdout] help: consider mutably borrowing here
[INFO] [stdout]     |
[INFO] [stdout] 122 |     copy(response_encoded, &mut client_stream).await?;
[INFO] [stdout]     |                            ~~~~~~~~~~~~~~~~~~
[INFO] [stdout] 
[INFO] [stdout] 
[INFO] [stdout] error[E0308]: arguments to this function are incorrect
[INFO] [stdout]    --> src/http.rs:153:2
[INFO] [stdout]     |
[INFO] [stdout] 147 |     client_stream: impl Read + Write + Clone + Send + Sync + Unpin + 'static,
[INFO] [stdout]     |                    --------------------------------------------------------- this type parameter
[INFO] [stdout] ...
[INFO] [stdout] 153 |     copy(response_encoded, client_stream.clone()).await?;
[INFO] [stdout]     |     ^^^^
[INFO] [stdout]     |
[INFO] [stdout] note: expected `&mut _`, found `Encoder`
[INFO] [stdout]    --> src/http.rs:153:7
[INFO] [stdout]     |
[INFO] [stdout] 153 |     copy(response_encoded, client_stream.clone()).await?;
[INFO] [stdout]     |          ^^^^^^^^^^^^^^^^
[INFO] [stdout]     = note: expected mutable reference `&mut _`
[INFO] [stdout]                           found struct `async_h1::server::Encoder`
[INFO] [stdout] note: expected `&mut _`, found type parameter `impl Read + Write + Clone + Send + Sync + Unpin + 'static`
[INFO] [stdout]    --> src/http.rs:153:25
[INFO] [stdout]     |
[INFO] [stdout] 153 |     copy(response_encoded, client_stream.clone()).await?;
[INFO] [stdout]     |                            ^^^^^^^^^^^^^^^^^^^^^
[INFO] [stdout]     = note: expected mutable reference `&mut _`
[INFO] [stdout]                   found type parameter `impl Read + Write + Clone + Send + Sync + Unpin + 'static`
[INFO] [stdout] note: function defined here
[INFO] [stdout]    --> /opt/rustwide/cargo-home/registry/src/github.com-1ecc6299db9ec823/async-std-1.12.0/src/io/copy.rs:48:14
[INFO] [stdout]     |
[INFO] [stdout] 48  | pub async fn copy<R, W>(reader: &mut R, writer: &mut W) -> io::Result<u64>
[INFO] [stdout]     |              ^^^^
[INFO] [stdout] help: consider mutably borrowing here
[INFO] [stdout]     |
[INFO] [stdout] 153 |     copy(&mut response_encoded, client_stream.clone()).await?;
[INFO] [stdout]     |          ~~~~~~~~~~~~~~~~~~~~~
[INFO] [stdout] help: consider mutably borrowing here
[INFO] [stdout]     |
[INFO] [stdout] 153 |     copy(response_encoded, &mut client_stream).await?;
[INFO] [stdout]     |                            ~~~~~~~~~~~~~~~~~~
[INFO] [stdout] 
[INFO] [stdout] 
[INFO] [stdout] warning: use of deprecated method `openssl::pkcs12::Pkcs12Builder::build`: Use Self::{name, pkey, cert, build2} instead.
[INFO] [stdout]    --> src/crypto_helpers.rs:139:33
[INFO] [stdout]     |
[INFO] [stdout] 139 |     let pkcs12 = Pkcs12::builder().build(password, name, key, cert)?;
[INFO] [stdout]     |                                    ^^^^^
[INFO] [stdout]     |
[INFO] [stdout]     = note: `#[warn(deprecated)]` on by default
[INFO] [stdout] 
[INFO] [stdout] 
[INFO] [stdout] warning: unused import: `prelude`
[INFO] [stdout]  --> src/http.rs:4:2
[INFO] [stdout]   |
[INFO] [stdout] 4 |     prelude::*,
[INFO] [stdout]   |     ^^^^^^^
[INFO] [stdout]   |
[INFO] [stdout]   = note: `#[warn(unused_imports)]` on by default
[INFO] [stdout] 
[INFO] [stdout] 
[INFO] [stdout] error: aborting due to 5 previous errors; 2 warnings emitted
[INFO] [stdout] 
[INFO] [stdout] 
[INFO] [stdout] Some errors have detailed explanations: E0308, E0599.
[INFO] [stdout] 
[INFO] [stdout] For more information about an error, try `rustc --explain E0308`.
[INFO] [stdout] 
[INFO] [stderr] error: could not compile `deeprox` due to 6 previous errors; 2 warnings emitted
[INFO] [stderr] warning: build failed, waiting for other jobs to finish...
[INFO] running `Command { std: "docker" "inspect" "9d0e2170714f7b581fb459e0fc9ab47705a727019810500fc95f07b93d3a97d3", kill_on_drop: false }`
[INFO] running `Command { std: "docker" "rm" "-f" "9d0e2170714f7b581fb459e0fc9ab47705a727019810500fc95f07b93d3a97d3", kill_on_drop: false }`
[INFO] [stdout] 9d0e2170714f7b581fb459e0fc9ab47705a727019810500fc95f07b93d3a97d3
