[INFO] cloning repository https://github.com/AstronautSleuth/otherside_analysis
[INFO] running `Command { std: "git" "-c" "credential.helper=" "-c" "credential.helper=/workspace/cargo-home/bin/git-credential-null" "clone" "--bare" "https://github.com/AstronautSleuth/otherside_analysis" "/workspace/cache/git-repos/https%3A%2F%2Fgithub.com%2FAstronautSleuth%2Fotherside_analysis", kill_on_drop: false }`
[INFO] [stderr] Cloning into bare repository '/workspace/cache/git-repos/https%3A%2F%2Fgithub.com%2FAstronautSleuth%2Fotherside_analysis'...
[INFO] running `Command { std: "git" "rev-parse" "HEAD", kill_on_drop: false }`
[INFO] [stdout] 9d7e1702c9245c7a6cca9238c51ee4713c1c3303
[INFO] testing AstronautSleuth/otherside_analysis against beta-2023-04-20 for beta-1.70-1
[INFO] running `Command { std: "git" "clone" "/workspace/cache/git-repos/https%3A%2F%2Fgithub.com%2FAstronautSleuth%2Fotherside_analysis" "/workspace/builds/worker-5-tc2/source", kill_on_drop: false }`
[INFO] [stderr] Cloning into '/workspace/builds/worker-5-tc2/source'...
[INFO] [stderr] done.
[INFO] validating manifest of git repo https://github.com/AstronautSleuth/otherside_analysis on toolchain beta-2023-04-20
[INFO] running `Command { std: CARGO_HOME="/workspace/cargo-home" RUSTUP_HOME="/workspace/rustup-home" "/workspace/cargo-home/bin/cargo" "+beta-2023-04-20" "metadata" "--manifest-path" "Cargo.toml" "--no-deps", kill_on_drop: false }`
[INFO] started tweaking git repo https://github.com/AstronautSleuth/otherside_analysis
[INFO] finished tweaking git repo https://github.com/AstronautSleuth/otherside_analysis
[INFO] tweaked toml for git repo https://github.com/AstronautSleuth/otherside_analysis written to /workspace/builds/worker-5-tc2/source/Cargo.toml
[INFO] crate git repo https://github.com/AstronautSleuth/otherside_analysis already has a lockfile, it will not be regenerated
[INFO] running `Command { std: CARGO_HOME="/workspace/cargo-home" RUSTUP_HOME="/workspace/rustup-home" "/workspace/cargo-home/bin/cargo" "+beta-2023-04-20" "fetch" "--manifest-path" "Cargo.toml", kill_on_drop: false }`
[INFO] [stderr]     Updating crates.io index
[INFO] [stderr]  Downloading crates ...
[INFO] [stderr]   Downloaded ff v0.11.1
[INFO] [stderr]   Downloaded parity-scale-codec v3.1.2
[INFO] [stderr]   Downloaded clap v3.1.15
[INFO] [stderr]   Downloaded pbkdf2 v0.10.1
[INFO] [stderr]   Downloaded k256 v0.10.4
[INFO] [stderr]   Downloaded bitvec v1.0.0
[INFO] [stderr]   Downloaded dotenv_codegen v0.15.0
[INFO] [stderr]   Downloaded dotenv_codegen_implementation v0.15.0
[INFO] [stderr]   Downloaded hashers v1.0.1
[INFO] [stderr]   Downloaded solang-parser v0.1.12
[INFO] [stderr]   Downloaded indenter v0.1.3
[INFO] [stderr]   Downloaded eyre v0.3.10
[INFO] [stderr]   Downloaded parity-scale-codec-derive v3.1.2
[INFO] [stderr]   Downloaded ethabi v17.0.0
[INFO] [stderr]   Downloaded path-slash v0.1.4
[INFO] [stderr]   Downloaded dialoguer v0.8.0
[INFO] running `Command { std: "docker" "create" "-v" "/var/lib/crater-agent-workspace/builds/worker-5-tc2/target:/opt/rustwide/target:rw,Z" "-v" "/var/lib/crater-agent-workspace/builds/worker-5-tc2/source:/opt/rustwide/workdir:ro,Z" "-v" "/var/lib/crater-agent-workspace/cargo-home:/opt/rustwide/cargo-home:ro,Z" "-v" "/var/lib/crater-agent-workspace/rustup-home:/opt/rustwide/rustup-home:ro,Z" "-e" "SOURCE_DIR=/opt/rustwide/workdir" "-e" "CARGO_TARGET_DIR=/opt/rustwide/target" "-e" "CARGO_HOME=/opt/rustwide/cargo-home" "-e" "RUSTUP_HOME=/opt/rustwide/rustup-home" "-w" "/opt/rustwide/workdir" "-m" "1610612736" "--user" "0:0" "--network" "none" "ghcr.io/rust-lang/crates-build-env/linux@sha256:5ff2268d62e97bff2cde7d5815dd6ed5b47097566f13b8d0ca110b04b60e07ed" "/opt/rustwide/cargo-home/bin/cargo" "+beta-2023-04-20" "metadata" "--no-deps" "--format-version=1", kill_on_drop: false }`
[INFO] [stdout] 3c094614904ecf6d6454d8f908e13682f861102fa10a169a040a4b2f19095db2
[INFO] running `Command { std: "docker" "start" "-a" "3c094614904ecf6d6454d8f908e13682f861102fa10a169a040a4b2f19095db2", kill_on_drop: false }`
[INFO] running `Command { std: "docker" "inspect" "3c094614904ecf6d6454d8f908e13682f861102fa10a169a040a4b2f19095db2", kill_on_drop: false }`
[INFO] running `Command { std: "docker" "rm" "-f" "3c094614904ecf6d6454d8f908e13682f861102fa10a169a040a4b2f19095db2", kill_on_drop: false }`
[INFO] [stdout] 3c094614904ecf6d6454d8f908e13682f861102fa10a169a040a4b2f19095db2
[INFO] running `Command { std: "docker" "create" "-v" "/var/lib/crater-agent-workspace/builds/worker-5-tc2/target:/opt/rustwide/target:rw,Z" "-v" "/var/lib/crater-agent-workspace/builds/worker-5-tc2/source:/opt/rustwide/workdir:ro,Z" "-v" "/var/lib/crater-agent-workspace/cargo-home:/opt/rustwide/cargo-home:ro,Z" "-v" "/var/lib/crater-agent-workspace/rustup-home:/opt/rustwide/rustup-home:ro,Z" "-e" "SOURCE_DIR=/opt/rustwide/workdir" "-e" "CARGO_TARGET_DIR=/opt/rustwide/target" "-e" "CARGO_INCREMENTAL=0" "-e" "RUST_BACKTRACE=full" "-e" "RUSTFLAGS=--cap-lints=warn" "-e" "RUSTDOCFLAGS=--cap-lints=warn" "-e" "CARGO_HOME=/opt/rustwide/cargo-home" "-e" "RUSTUP_HOME=/opt/rustwide/rustup-home" "-w" "/opt/rustwide/workdir" "-m" "1610612736" "--user" "0:0" "--network" "none" "ghcr.io/rust-lang/crates-build-env/linux@sha256:5ff2268d62e97bff2cde7d5815dd6ed5b47097566f13b8d0ca110b04b60e07ed" "/opt/rustwide/cargo-home/bin/cargo" "+beta-2023-04-20" "build" "--frozen" "--message-format=json", kill_on_drop: false }`
[INFO] [stdout] 10b30272eb3bd5c297bde8e151368b757b27e7d08e02346787154b1a31accd56
[INFO] running `Command { std: "docker" "start" "-a" "10b30272eb3bd5c297bde8e151368b757b27e7d08e02346787154b1a31accd56", kill_on_drop: false }`
[INFO] [stderr]     Blocking waiting for file lock on package cache
[INFO] [stderr]    Compiling libc v0.2.125
[INFO] [stderr]    Compiling unicode-xid v0.2.3
[INFO] [stderr]    Compiling proc-macro2 v1.0.37
[INFO] [stderr]    Compiling syn v1.0.92
[INFO] [stderr]    Compiling serde_derive v1.0.137
[INFO] [stderr]    Compiling serde v1.0.137
[INFO] [stderr]    Compiling once_cell v1.10.0
[INFO] [stderr]    Compiling memchr v2.5.0
[INFO] [stderr]    Compiling log v0.4.17
[INFO] [stderr]    Compiling pin-project-lite v0.2.9
[INFO] [stderr]    Compiling indexmap v1.8.1
[INFO] [stderr]    Compiling byteorder v1.4.3
[INFO] [stderr]    Compiling regex-syntax v0.6.25
[INFO] [stderr]    Compiling cpufeatures v0.2.2
[INFO] [stderr]    Compiling lock_api v0.4.7
[INFO] [stderr]    Compiling radium v0.7.0
[INFO] [stderr]    Compiling parking_lot_core v0.9.3
[INFO] [stderr]    Compiling smallvec v1.8.0
[INFO] [stderr]    Compiling aho-corasick v0.7.18
[INFO] [stderr]    Compiling quote v1.0.18
[INFO] [stderr]    Compiling getrandom v0.2.6
[INFO] [stderr]    Compiling num_cpus v1.13.1
[INFO] [stderr]    Compiling rand_core v0.6.3
[INFO] [stderr]    Compiling mio v0.8.2
[INFO] [stderr]    Compiling rand_chacha v0.3.1
[INFO] [stderr]    Compiling socket2 v0.4.4
[INFO] [stderr]    Compiling wyz v0.5.0
[INFO] [stderr]    Compiling ring v0.16.20
[INFO] [stderr]    Compiling ff v0.11.1
[INFO] [stderr]    Compiling tracing-core v0.1.26
[INFO] [stderr]    Compiling funty v2.0.0
[INFO] [stderr]    Compiling group v0.11.0
[INFO] [stderr]    Compiling parking_lot v0.12.0
[INFO] [stderr]    Compiling regex v1.5.5
[INFO] [stderr]    Compiling slab v0.4.6
[INFO] [stderr]    Compiling zeroize v1.5.5
[INFO] [stderr]    Compiling byte-slice-cast v1.2.1
[INFO] [stderr]    Compiling rand v0.8.5
[INFO] [stderr]    Compiling httparse v1.7.1
[INFO] [stderr]    Compiling bitvec v1.0.0
[INFO] [stderr]    Compiling webpki v0.22.0
[INFO] [stderr]    Compiling rustls v0.20.4
[INFO] [stderr]    Compiling sct v0.7.0
[INFO] [stderr]    Compiling ahash v0.7.6
[INFO] [stderr]    Compiling futures-channel v0.3.21
[INFO] [stderr]    Compiling serde_json v1.0.81
[INFO] [stderr]    Compiling semver v1.0.9
[INFO] [stderr]    Compiling tinyvec v1.6.0
[INFO] [stderr]    Compiling hashbrown v0.11.2
[INFO] [stderr]    Compiling want v0.3.0
[INFO] [stderr]    Compiling unicode-normalization v0.1.19
[INFO] [stderr]    Compiling tiny-keccak v2.0.2
[INFO] [stderr]    Compiling pkcs8 v0.8.0
[INFO] [stderr]    Compiling crypto-bigint v0.3.2
[INFO] [stderr]    Compiling signal-hook-registry v1.4.0
[INFO] [stderr]    Compiling sha2 v0.9.9
[INFO] [stderr]    Compiling unicode-bidi v0.3.8
[INFO] [stderr]    Compiling idna v0.2.3
[INFO] [stderr]    Compiling sec1 v0.2.1
[INFO] [stderr]    Compiling futures-util v0.3.21
[INFO] [stderr]    Compiling elliptic-curve v0.11.12
[INFO] [stderr]    Compiling rfc6979 v0.1.0
[INFO] [stderr]    Compiling url v2.2.2
[INFO] [stderr]    Compiling fixed-hash v0.7.0
[INFO] [stderr]    Compiling signature v1.4.0
[INFO] [stderr]    Compiling siphasher v0.3.10
[INFO] [stderr]    Compiling encoding_rs v0.8.31
[INFO] [stderr]    Compiling ecdsa v0.13.4
[INFO] [stderr]    Compiling uint v0.9.3
[INFO] [stderr]    Compiling webpki-roots v0.22.3
[INFO] [stderr]    Compiling phf_shared v0.10.0
[INFO] [stderr]    Compiling k256 v0.10.4
[INFO] [stderr]    Compiling rustls-pemfile v0.3.0
[INFO] [stderr]    Compiling digest v0.9.0
[INFO] [stderr]    Compiling ipnet v2.5.0
[INFO] [stderr]    Compiling base64ct v1.0.1
[INFO] [stderr]    Compiling proc-macro-error-attr v1.0.4
[INFO] [stderr]    Compiling thiserror-impl v1.0.31
[INFO] [stderr]    Compiling tracing-attributes v0.1.21
[INFO] [stderr]    Compiling impl-trait-for-tuples v0.2.2
[INFO] [stderr]    Compiling tokio-macros v1.7.0
[INFO] [stderr]    Compiling futures-macro v0.3.21
[INFO] [stderr]    Compiling rlp-derive v0.1.0
[INFO] [stderr]    Compiling spki v0.5.4
[INFO] [stderr]    Compiling thiserror v1.0.31
[INFO] [stderr]    Compiling atty v0.2.14
[INFO] [stderr]    Compiling dirs-sys-next v0.1.2
[INFO] [stderr]    Compiling tracing v0.1.34
[INFO] [stderr]    Compiling crossbeam-utils v0.8.8
[INFO] [stderr]    Compiling dirs-next v2.0.0
[INFO] [stderr]    Compiling proc-macro-error v1.0.4
[INFO] [stderr]    Compiling num-traits v0.2.15
[INFO] [stderr]    Compiling hex v0.4.3
[INFO] [stderr]    Compiling term v0.7.0
[INFO] [stderr]    Compiling hmac v0.11.0
[INFO] [stderr]    Compiling itertools v0.10.3
[INFO] [stderr]    Compiling terminal_size v0.1.17
[INFO] [stderr]    Compiling crossbeam-epoch v0.9.8
[INFO] [stderr]    Compiling num-integer v0.1.45
[INFO] [stderr]    Compiling string_cache v0.8.4
[INFO] [stderr]    Compiling petgraph v0.5.1
[INFO] [stderr]    Compiling ascii-canvas v3.0.0
[INFO] [stderr]    Compiling block-buffer v0.7.3
[INFO] [stderr]    Compiling lalrpop-util v0.19.7
[INFO] [stderr]    Compiling ena v0.14.0
[INFO] [stderr]    Compiling digest v0.10.3
[INFO] [stderr]    Compiling rayon-core v1.9.2
[INFO] [stderr]    Compiling eyre v0.6.8
[INFO] [stderr]    Compiling lalrpop v0.19.7
[INFO] [stderr]    Compiling sha3 v0.10.1
[INFO] [stderr]    Compiling sha2 v0.8.2
[INFO] [stderr]    Compiling sha3 v0.9.1
[INFO] [stderr]    Compiling phf_generator v0.10.0
[INFO] [stderr]    Compiling heck v0.4.0
[INFO] [stderr]    Compiling bitflags v1.3.2
[INFO] [stderr]    Compiling fastrand v1.7.0
[INFO] [stderr]    Compiling os_str_bytes v6.0.0
[INFO] [stderr]    Compiling async-trait v0.1.53
[INFO] [stderr]    Compiling anyhow v1.0.57
[INFO] [stderr]    Compiling remove_dir_all v0.5.3
[INFO] [stderr]    Compiling unicode-width v0.1.9
[INFO] [stderr]    Compiling tempfile v3.3.0
[INFO] [stderr]    Compiling clap_lex v0.2.0
[INFO] [stderr]    Compiling console v0.14.1
[INFO] [stderr]    Compiling clap_derive v3.1.7
[INFO] [stderr]    Compiling num-bigint v0.4.3
[INFO] [stderr]    Compiling phf_macros v0.10.0
[INFO] [stderr]    Compiling base58check v0.1.0
[INFO] [stderr]    Compiling bytes v1.1.0
[INFO] [stderr]    Compiling toml v0.5.9
[INFO] [stderr]    Compiling impl-serde v0.3.2
[INFO] [stderr]    Compiling rlp v0.5.1
[INFO] [stderr]    Compiling http v0.2.7
[INFO] [stderr]    Compiling impl-rlp v0.3.0
[INFO] [stderr]    Compiling proc-macro-crate v1.1.3
[INFO] [stderr]    Compiling tokio v1.18.1
[INFO] [stderr]    Compiling camino v1.0.7
[INFO] [stderr]    Compiling http-body v0.4.4
[INFO] [stderr]    Compiling cargo-platform v0.1.2
[INFO] [stderr]    Compiling ethbloom v0.12.1
[INFO] [stderr]    Compiling parity-scale-codec-derive v3.1.2
[INFO] [stderr]    Compiling serde_urlencoded v0.7.1
[INFO] [stderr]    Compiling cargo_metadata v0.14.2
[INFO] [stderr]    Compiling crossbeam-deque v0.8.1
[INFO] [stderr]    Compiling console v0.15.0
[INFO] [stderr]    Compiling crossbeam-channel v0.5.4
[INFO] [stderr]    Compiling pin-project-internal v1.0.10
[INFO] [stderr]    Compiling Inflector v0.11.4
[INFO] [stderr]    Compiling parity-scale-codec v3.1.2
[INFO] [stderr]    Compiling sha-1 v0.10.0
[INFO] [stderr]    Compiling sha2 v0.10.2
[INFO] [stderr]    Compiling password-hash v0.3.2
[INFO] [stderr]    Compiling impl-codec v0.6.0
[INFO] [stderr]    Compiling primitive-types v0.11.1
[INFO] [stderr]    Compiling tokio-util v0.7.1
[INFO] [stderr]    Compiling tokio-rustls v0.23.4
[INFO] [stderr]    Compiling rayon v1.5.2
[INFO] [stderr]    Compiling utf-8 v0.7.6
[INFO] [stderr]    Compiling h2 v0.3.13
[INFO] [stderr]    Compiling ethereum-types v0.13.1
[INFO] [stderr]    Compiling termcolor v1.1.3
[INFO] [stderr]    Compiling ethabi v17.0.0
[INFO] [stderr]    Compiling ethers-core v0.6.0 (https://github.com/gakonst/ethers-rs#a6568307)
[INFO] [stderr]    Compiling hyper v0.14.18
[INFO] [stderr]    Compiling number_prefix v0.4.0
[INFO] [stderr]    Compiling strsim v0.10.0
[INFO] [stderr]    Compiling textwrap v0.15.0
[INFO] [stderr]    Compiling coins-core v0.2.2
[INFO] [stderr]    Compiling indicatif v0.16.2
[INFO] [stderr]    Compiling clap v3.1.15
[INFO] [stderr]    Compiling tungstenite v0.17.2
[INFO] [stderr]    Compiling hyper-rustls v0.23.0
[INFO] [stderr]    Compiling reqwest v0.11.10
[INFO] [stderr]    Compiling pin-project v1.0.10
[INFO] [stderr]    Compiling pbkdf2 v0.10.1
[INFO] [stderr]    Compiling phf v0.10.1
[INFO] [stderr]    Compiling num-rational v0.4.0
[INFO] [stderr]    Compiling solang-parser v0.1.12
[INFO] [stderr]    Compiling bincode v1.3.3
[INFO] [stderr]    Compiling dialoguer v0.8.0
[INFO] [stderr]    Compiling password-hash v0.2.3
[INFO] [stderr]    Compiling fs2 v0.4.3
[INFO] [stderr]    Compiling fxhash v0.2.1
[INFO] [stderr]    Compiling coins-bip32 v0.6.0
[INFO] [stderr]    Compiling svm-rs v0.2.9 (https://github.com/roynalnaruto/svm-rs#1eb7f4e2)
[INFO] [stderr]    Compiling hashers v1.0.1
[INFO] [stderr]    Compiling pbkdf2 v0.8.0
[INFO] [stderr]    Compiling scrypt v0.8.1
[INFO] [stderr]    Compiling ethers-contract-abigen v0.6.0 (https://github.com/gakonst/ethers-rs#a6568307)
[INFO] [stderr]    Compiling tracing-futures v0.2.5
[INFO] [stderr]    Compiling tokio-tungstenite v0.17.1
[INFO] [stderr]    Compiling uuid v0.8.2
[INFO] [stderr]    Compiling aes v0.7.5
[INFO] [stderr]    Compiling auto_impl v0.5.0
[INFO] [stderr]    Compiling colored v2.0.0
[INFO] [stderr]    Compiling vcpkg v0.2.15
[INFO] [stderr]    Compiling pkg-config v0.3.25
[INFO] [stderr]    Compiling path-slash v0.1.4
[INFO] [stderr]    Compiling eth-keystore v0.4.1
[INFO] [stderr]    Compiling ethers-providers v0.6.0 (https://github.com/gakonst/ethers-rs#a6568307)
[INFO] [stderr]    Compiling coins-bip39 v0.6.0
[INFO] [stderr]    Compiling libsqlite3-sys v0.24.2
[INFO] [stderr]    Compiling serde-aux v3.0.1
[INFO] [stderr]    Compiling ethers-signers v0.6.0 (https://github.com/gakonst/ethers-rs#a6568307)
[INFO] [stderr]    Compiling instant v0.1.12
[INFO] [stderr]    Compiling dotenv v0.15.0
[INFO] [stderr]    Compiling eyre v0.3.10
[INFO] [stderr]    Compiling ethers-addressbook v0.1.0 (https://github.com/gakonst/ethers-rs#a6568307)
[INFO] [stderr]    Compiling hashlink v0.7.0
[INFO] [stderr]    Compiling dotenv_codegen_implementation v0.15.0
[INFO] [stderr]    Compiling indenter v0.1.3
[INFO] [stderr]    Compiling ethers-contract-derive v0.6.0 (https://github.com/gakonst/ethers-rs#a6568307)
[INFO] [stderr]    Compiling fallible-streaming-iterator v0.1.9
[INFO] [stderr]    Compiling fallible-iterator v0.2.0
[INFO] [stderr]    Compiling dotenv_codegen v0.15.0
[INFO] [stderr]    Compiling rusqlite v0.27.0
[INFO] [stderr]    Compiling ethers-contract v0.6.0 (https://github.com/gakonst/ethers-rs#a6568307)
[INFO] [stderr]    Compiling ethers-solc v0.3.0 (https://github.com/gakonst/ethers-rs#a6568307)
[INFO] [stderr]    Compiling ethers-etherscan v0.2.0 (https://github.com/gakonst/ethers-rs#a6568307)
[INFO] [stderr]    Compiling ethers-middleware v0.6.0 (https://github.com/gakonst/ethers-rs#a6568307)
[INFO] [stdout] error[E0433]: failed to resolve: use of undeclared crate or module `ethers`
[INFO] [stdout]    --> /opt/rustwide/cargo-home/git/checkouts/ethers-rs-c3a7c0a0ae0fe6be/a656830/ethers-middleware/src/transformer/ds_proxy/factory.rs:114:52
[INFO] [stdout]     |
[INFO] [stdout] 114 |     #[derive(Clone, Debug, Default, Eq, PartialEq, EthEvent)]
[INFO] [stdout]     |                                                    ^^^^^^^^ use of undeclared crate or module `ethers`
[INFO] [stdout]     |
[INFO] [stdout]     = note: this error originates in the derive macro `EthEvent` (in Nightly builds, run with -Z macro-backtrace for more info)
[INFO] [stdout] 
[INFO] [stdout] 
[INFO] [stdout] error[E0433]: failed to resolve: use of undeclared crate or module `ethers`
[INFO] [stdout]    --> /opt/rustwide/cargo-home/git/checkouts/ethers-rs-c3a7c0a0ae0fe6be/a656830/ethers-middleware/src/transformer/ds_proxy/factory.rs:114:52
[INFO] [stdout]     |
[INFO] [stdout] 114 |     #[derive(Clone, Debug, Default, Eq, PartialEq, EthEvent)]
[INFO] [stdout]     |                                                    ^^^^^^^^ use of undeclared crate or module `ethers`
[INFO] [stdout]     |
[INFO] [stdout]     = note: this error originates in the derive macro `EthEvent` (in Nightly builds, run with -Z macro-backtrace for more info)
[INFO] [stdout] help: consider importing this enum
[INFO] [stdout]     |
[INFO] [stdout] 35  +     use ethers_core::abi::ParamType;
[INFO] [stdout]     |
[INFO] [stdout] help: if you import `ParamType`, refer to it directly
[INFO] [stdout]     |
[INFO] [stdout] 114 |     #[derive(Clone, Debug, Default, Eq, PartialEq, EthEvent)]
[INFO] [stdout]     |
[INFO] [stdout] 
[INFO] [stdout] 
[INFO] [stdout] error[E0433]: failed to resolve: use of undeclared crate or module `ethers`
[INFO] [stdout]    --> /opt/rustwide/cargo-home/git/checkouts/ethers-rs-c3a7c0a0ae0fe6be/a656830/ethers-middleware/src/transformer/ds_proxy/factory.rs:114:52
[INFO] [stdout]     |
[INFO] [stdout] 114 |     #[derive(Clone, Debug, Default, Eq, PartialEq, EthEvent)]
[INFO] [stdout]     |                                                    ^^^^^^^^ use of undeclared crate or module `ethers`
[INFO] [stdout]     |
[INFO] [stdout]     = note: this error originates in the derive macro `EthEvent` (in Nightly builds, run with -Z macro-backtrace for more info)
[INFO] [stdout] help: consider importing this trait
[INFO] [stdout]     |
[INFO] [stdout] 35  +     use ethers_core::abi::Tokenizable;
[INFO] [stdout]     |
[INFO] [stdout] 
[INFO] [stdout] 
[INFO] [stdout] error[E0433]: failed to resolve: use of undeclared crate or module `ethers`
[INFO] [stdout]    --> /opt/rustwide/cargo-home/git/checkouts/ethers-rs-c3a7c0a0ae0fe6be/a656830/ethers-middleware/src/transformer/ds_proxy/factory.rs:114:52
[INFO] [stdout]     |
[INFO] [stdout] 114 |     #[derive(Clone, Debug, Default, Eq, PartialEq, EthEvent)]
[INFO] [stdout]     |                                                    ^^^^^^^^ use of undeclared crate or module `ethers`
[INFO] [stdout]     |
[INFO] [stdout]     = note: this error originates in the derive macro `EthEvent` (in Nightly builds, run with -Z macro-backtrace for more info)
[INFO] [stdout] help: consider importing this enum
[INFO] [stdout]     |
[INFO] [stdout] 35  +     use ethers_core::abi::Token;
[INFO] [stdout]     |
[INFO] [stdout] help: if you import `Token`, refer to it directly
[INFO] [stdout]     |
[INFO] [stdout] 114 |     #[derive(Clone, Debug, Default, Eq, PartialEq, EthEvent)]
[INFO] [stdout]     |
[INFO] [stdout] 
[INFO] [stdout] 
[INFO] [stdout] error[E0433]: failed to resolve: use of undeclared crate or module `ethers`
[INFO] [stdout]    --> /opt/rustwide/cargo-home/git/checkouts/ethers-rs-c3a7c0a0ae0fe6be/a656830/ethers-middleware/src/transformer/ds_proxy/factory.rs:114:52
[INFO] [stdout]     |
[INFO] [stdout] 114 |     #[derive(Clone, Debug, Default, Eq, PartialEq, EthEvent)]
[INFO] [stdout]     |                                                    ^^^^^^^^ use of undeclared crate or module `ethers`
[INFO] [stdout]     |
[INFO] [stdout]     = note: this error originates in the derive macro `EthEvent` (in Nightly builds, run with -Z macro-backtrace for more info)
[INFO] [stdout] help: consider importing this trait
[INFO] [stdout]     |
[INFO] [stdout] 35  +     use ethers_core::abi::Tokenizable;
[INFO] [stdout]     |
[INFO] [stdout] help: if you import `Tokenizable`, refer to it directly
[INFO] [stdout]     |
[INFO] [stdout] 114 |     #[derive(Clone, Debug, Default, Eq, PartialEq, EthEvent)]
[INFO] [stdout]     |
[INFO] [stdout] 
[INFO] [stdout] 
[INFO] [stdout] error: aborting due to 5 previous errors
[INFO] [stdout] 
[INFO] [stdout] 
[INFO] [stdout] For more information about this error, try `rustc --explain E0433`.
[INFO] [stdout] 
[INFO] [stderr] error: could not compile `ethers-middleware` (lib) due to 6 previous errors
[INFO] running `Command { std: "docker" "inspect" "10b30272eb3bd5c297bde8e151368b757b27e7d08e02346787154b1a31accd56", kill_on_drop: false }`
[INFO] running `Command { std: "docker" "rm" "-f" "10b30272eb3bd5c297bde8e151368b757b27e7d08e02346787154b1a31accd56", kill_on_drop: false }`
[INFO] [stdout] 10b30272eb3bd5c297bde8e151368b757b27e7d08e02346787154b1a31accd56
