[INFO] cloning repository https://github.com/AnestLarry/AccountManagerWithActix
[INFO] running `Command { std: "git" "-c" "credential.helper=" "-c" "credential.helper=/workspace/cargo-home/bin/git-credential-null" "clone" "--bare" "https://github.com/AnestLarry/AccountManagerWithActix" "/workspace/cache/git-repos/https%3A%2F%2Fgithub.com%2FAnestLarry%2FAccountManagerWithActix", kill_on_drop: false }`
[INFO] [stderr] Cloning into bare repository '/workspace/cache/git-repos/https%3A%2F%2Fgithub.com%2FAnestLarry%2FAccountManagerWithActix'...
[INFO] running `Command { std: "git" "rev-parse" "HEAD", kill_on_drop: false }`
[INFO] [stdout] b9cd1922f6d53a04cb079e962e7aabad5d454bfe
[INFO] testing AnestLarry/AccountManagerWithActix against 1.69.0 for beta-1.70-1
[INFO] running `Command { std: "git" "clone" "/workspace/cache/git-repos/https%3A%2F%2Fgithub.com%2FAnestLarry%2FAccountManagerWithActix" "/workspace/builds/worker-1-tc1/source", kill_on_drop: false }`
[INFO] [stderr] Cloning into '/workspace/builds/worker-1-tc1/source'...
[INFO] [stderr] done.
[INFO] validating manifest of git repo https://github.com/AnestLarry/AccountManagerWithActix on toolchain 1.69.0
[INFO] running `Command { std: CARGO_HOME="/workspace/cargo-home" RUSTUP_HOME="/workspace/rustup-home" "/workspace/cargo-home/bin/cargo" "+1.69.0" "metadata" "--manifest-path" "Cargo.toml" "--no-deps", kill_on_drop: false }`
[INFO] started tweaking git repo https://github.com/AnestLarry/AccountManagerWithActix
[INFO] finished tweaking git repo https://github.com/AnestLarry/AccountManagerWithActix
[INFO] tweaked toml for git repo https://github.com/AnestLarry/AccountManagerWithActix written to /workspace/builds/worker-1-tc1/source/Cargo.toml
[INFO] crate git repo https://github.com/AnestLarry/AccountManagerWithActix already has a lockfile, it will not be regenerated
[INFO] running `Command { std: CARGO_HOME="/workspace/cargo-home" RUSTUP_HOME="/workspace/rustup-home" "/workspace/cargo-home/bin/cargo" "+1.69.0" "fetch" "--manifest-path" "Cargo.toml", kill_on_drop: false }`
[INFO] [stderr]     Updating crates.io index
[INFO] [stderr]  Downloading crates ...
[INFO] [stderr]   Downloaded time v0.2.25
[INFO] [stderr]   Downloaded standback v0.2.15
[INFO] [stderr]   Downloaded tracing v0.1.23
[INFO] [stderr]   Downloaded rusqlite v0.24.2
[INFO] [stderr]   Downloaded libc v0.2.84
[INFO] running `Command { std: "docker" "create" "-v" "/var/lib/crater-agent-workspace/builds/worker-1-tc1/target:/opt/rustwide/target:rw,Z" "-v" "/var/lib/crater-agent-workspace/builds/worker-1-tc1/source:/opt/rustwide/workdir:ro,Z" "-v" "/var/lib/crater-agent-workspace/cargo-home:/opt/rustwide/cargo-home:ro,Z" "-v" "/var/lib/crater-agent-workspace/rustup-home:/opt/rustwide/rustup-home:ro,Z" "-e" "SOURCE_DIR=/opt/rustwide/workdir" "-e" "CARGO_TARGET_DIR=/opt/rustwide/target" "-e" "CARGO_HOME=/opt/rustwide/cargo-home" "-e" "RUSTUP_HOME=/opt/rustwide/rustup-home" "-w" "/opt/rustwide/workdir" "-m" "1610612736" "--user" "0:0" "--network" "none" "ghcr.io/rust-lang/crates-build-env/linux@sha256:5ff2268d62e97bff2cde7d5815dd6ed5b47097566f13b8d0ca110b04b60e07ed" "/opt/rustwide/cargo-home/bin/cargo" "+1.69.0" "metadata" "--no-deps" "--format-version=1", kill_on_drop: false }`
[INFO] [stdout] 4629fc9bf45e1ccc0d3f24bea489bd5adfc45624036256d0a1a05d4cfdb2380b
[INFO] running `Command { std: "docker" "start" "-a" "4629fc9bf45e1ccc0d3f24bea489bd5adfc45624036256d0a1a05d4cfdb2380b", kill_on_drop: false }`
[INFO] running `Command { std: "docker" "inspect" "4629fc9bf45e1ccc0d3f24bea489bd5adfc45624036256d0a1a05d4cfdb2380b", kill_on_drop: false }`
[INFO] running `Command { std: "docker" "rm" "-f" "4629fc9bf45e1ccc0d3f24bea489bd5adfc45624036256d0a1a05d4cfdb2380b", kill_on_drop: false }`
[INFO] [stdout] 4629fc9bf45e1ccc0d3f24bea489bd5adfc45624036256d0a1a05d4cfdb2380b
[INFO] running `Command { std: "docker" "create" "-v" "/var/lib/crater-agent-workspace/builds/worker-1-tc1/target:/opt/rustwide/target:rw,Z" "-v" "/var/lib/crater-agent-workspace/builds/worker-1-tc1/source:/opt/rustwide/workdir:ro,Z" "-v" "/var/lib/crater-agent-workspace/cargo-home:/opt/rustwide/cargo-home:ro,Z" "-v" "/var/lib/crater-agent-workspace/rustup-home:/opt/rustwide/rustup-home:ro,Z" "-e" "SOURCE_DIR=/opt/rustwide/workdir" "-e" "CARGO_TARGET_DIR=/opt/rustwide/target" "-e" "CARGO_INCREMENTAL=0" "-e" "RUST_BACKTRACE=full" "-e" "RUSTFLAGS=--cap-lints=warn" "-e" "RUSTDOCFLAGS=--cap-lints=warn" "-e" "CARGO_HOME=/opt/rustwide/cargo-home" "-e" "RUSTUP_HOME=/opt/rustwide/rustup-home" "-w" "/opt/rustwide/workdir" "-m" "1610612736" "--user" "0:0" "--network" "none" "ghcr.io/rust-lang/crates-build-env/linux@sha256:5ff2268d62e97bff2cde7d5815dd6ed5b47097566f13b8d0ca110b04b60e07ed" "/opt/rustwide/cargo-home/bin/cargo" "+1.69.0" "build" "--frozen" "--message-format=json", kill_on_drop: false }`
[INFO] [stdout] d062434b3f0028a83ea2b53eb548f0931e1d80ac3d5afa934f4061ba88454c08
[INFO] running `Command { std: "docker" "start" "-a" "d062434b3f0028a83ea2b53eb548f0931e1d80ac3d5afa934f4061ba88454c08", kill_on_drop: false }`
[INFO] [stderr]     Blocking waiting for file lock on package cache
[INFO] [stderr]    Compiling libc v0.2.84
[INFO] [stderr]    Compiling proc-macro2 v1.0.24
[INFO] [stderr]    Compiling unicode-xid v0.2.1
[INFO] [stderr]    Compiling syn v1.0.67
[INFO] [stderr]    Compiling cfg-if v1.0.0
[INFO] [stderr]    Compiling once_cell v1.5.2
[INFO] [stderr]    Compiling memchr v2.3.4
[INFO] [stderr]    Compiling log v0.4.14
[INFO] [stderr]    Compiling autocfg v1.0.1
[INFO] [stderr]    Compiling proc-macro-hack v0.5.19
[INFO] [stderr]    Compiling slab v0.4.2
[INFO] [stderr]    Compiling futures-core v0.3.12
[INFO] [stderr]    Compiling version_check v0.9.2
[INFO] [stderr]    Compiling lazy_static v1.4.0
[INFO] [stderr]    Compiling futures-sink v0.3.12
[INFO] [stderr]    Compiling cfg-if v0.1.10
[INFO] [stderr]    Compiling proc-macro-nested v0.1.7
[INFO] [stderr]    Compiling cc v1.0.66
[INFO] [stderr]    Compiling pin-project-lite v0.2.4
[INFO] [stderr]    Compiling futures-channel v0.3.12
[INFO] [stderr]    Compiling pin-project-lite v0.1.11
[INFO] [stderr]    Compiling bytes v0.5.6
[INFO] [stderr]    Compiling futures-task v0.3.12
[INFO] [stderr]    Compiling smallvec v1.6.1
[INFO] [stderr]    Compiling pin-project-internal v0.4.27
[INFO] [stderr]    Compiling futures-io v0.3.12
[INFO] [stderr]    Compiling pin-utils v0.1.0
[INFO] [stderr]    Compiling instant v0.1.9
[INFO] [stderr]    Compiling bitflags v1.2.1
[INFO] [stderr]    Compiling scopeguard v1.1.0
[INFO] [stderr]    Compiling untrusted v0.7.1
[INFO] [stderr]    Compiling spin v0.5.2
[INFO] [stderr]    Compiling matches v0.1.8
[INFO] [stderr]    Compiling getrandom v0.1.16
[INFO] [stderr]    Compiling miniz_oxide v0.4.3
[INFO] [stderr]    Compiling lock_api v0.4.2
[INFO] [stderr]    Compiling ppv-lite86 v0.2.10
[INFO] [stderr]    Compiling tinyvec_macros v0.1.0
[INFO] [stderr]    Compiling percent-encoding v2.1.0
[INFO] [stderr]    Compiling standback v0.2.15
[INFO] [stderr]    Compiling tinyvec v1.1.1
[INFO] [stderr]    Compiling adler v0.2.3
[INFO] [stderr]    Compiling typenum v1.12.0
[INFO] [stderr]    Compiling itoa v0.4.7
[INFO] [stderr]    Compiling serde_derive v1.0.123
[INFO] [stderr]    Compiling copyless v0.1.5
[INFO] [stderr]    Compiling form_urlencoded v1.0.0
[INFO] [stderr]    Compiling unicode-bidi v0.3.4
[INFO] [stderr]    Compiling generic-array v0.14.4
[INFO] [stderr]    Compiling unicode-segmentation v1.7.1
[INFO] [stderr]    Compiling ahash v0.4.7
[INFO] [stderr]    Compiling gimli v0.23.0
[INFO] [stderr]    Compiling iovec v0.1.4
[INFO] [stderr]    Compiling net2 v0.2.37
[INFO] [stderr]    Compiling quote v1.0.8
[INFO] [stderr]    Compiling signal-hook-registry v1.3.0
[INFO] [stderr]    Compiling num_cpus v1.13.0
[INFO] [stderr]    Compiling parking_lot_core v0.8.2
[INFO] [stderr]    Compiling ring v0.16.20
[INFO] [stderr]    Compiling mio v0.6.23
[INFO] [stderr]    Compiling threadpool v1.8.1
[INFO] [stderr]    Compiling parking_lot v0.11.1
[INFO] [stderr]    Compiling unicode-normalization v0.1.17
[INFO] [stderr]    Compiling rand_core v0.5.1
[INFO] [stderr]    Compiling either v1.6.1
[INFO] [stderr]    Compiling bytes v1.0.1
[INFO] [stderr]    Compiling serde v1.0.123
[INFO] [stderr]    Compiling rand_chacha v0.2.2
[INFO] [stderr]    Compiling heck v0.3.2
[INFO] [stderr]    Compiling hashbrown v0.9.1
[INFO] [stderr]    Compiling fnv v1.0.7
[INFO] [stderr]    Compiling match_cfg v0.1.0
[INFO] [stderr]    Compiling rustc-demangle v0.1.18
[INFO] [stderr]    Compiling ryu v1.0.5
[INFO] [stderr]    Compiling object v0.23.0
[INFO] [stderr]    Compiling base64 v0.12.3
[INFO] [stderr]    Compiling mio-uds v0.6.8
[INFO] [stderr]    Compiling idna v0.2.1
[INFO] [stderr]    Compiling tokio v0.2.25
[INFO] [stderr]    Compiling const_fn v0.4.5
[INFO] [stderr]    Compiling http v0.2.3
[INFO] [stderr]    Compiling hostname v0.3.1
[INFO] [stderr]    Compiling rand v0.7.3
[INFO] [stderr]    Compiling brotli-sys v0.3.2
[INFO] [stderr]    Compiling time v0.2.25
[INFO] [stderr]    Compiling indexmap v1.6.1
[INFO] [stderr]    Compiling tracing-core v0.1.17
[INFO] [stderr]    Compiling linked-hash-map v0.5.4
[INFO] [stderr]    Compiling crc32fast v1.2.1
[INFO] [stderr]    Compiling url v2.2.0
[INFO] [stderr]    Compiling quick-error v1.2.3
[INFO] [stderr]    Compiling resolv-conf v0.7.0
[INFO] [stderr]    Compiling lru-cache v0.1.2
[INFO] [stderr]    Compiling aho-corasick v0.7.15
[INFO] [stderr]    Compiling cookie v0.14.3
[INFO] [stderr]    Compiling addr2line v0.14.1
[INFO] [stderr]    Compiling tracing v0.1.23
[INFO] [stderr]    Compiling thread_local v1.1.3
[INFO] [stderr]    Compiling regex-syntax v0.6.22
[INFO] [stderr]    Compiling serde_json v1.0.62
[INFO] [stderr]    Compiling httparse v1.3.5
[INFO] [stderr]    Compiling encoding_rs v0.8.28
[INFO] [stderr]    Compiling getrandom v0.2.2
[INFO] [stderr]    Compiling block-buffer v0.9.0
[INFO] [stderr]    Compiling digest v0.9.0
[INFO] [stderr]    Compiling num-traits v0.2.14
[INFO] [stderr]    Compiling opaque-debug v0.3.0
[INFO] [stderr]    Compiling cpuid-bool v0.1.2
[INFO] [stderr]    Compiling byteorder v1.4.2
[INFO] [stderr]    Compiling pkg-config v0.3.19
[INFO] [stderr]    Compiling sha-1 v0.9.3
[INFO] [stderr]    Compiling flate2 v1.0.20
[INFO] [stderr]    Compiling backtrace v0.3.56
[INFO] [stderr]    Compiling fxhash v0.2.1
[INFO] [stderr]    Compiling socket2 v0.3.19
[INFO] [stderr]    Compiling num-integer v0.1.44
[INFO] [stderr]    Compiling base64 v0.13.0
[INFO] [stderr]    Compiling mime v0.3.16
[INFO] [stderr]    Compiling webpki v0.21.4
[INFO] [stderr]    Compiling sct v0.6.1
[INFO] [stderr]    Compiling tokio-util v0.3.1
[INFO] [stderr]    Compiling libsqlite3-sys v0.20.1
[INFO] [stderr]    Compiling rustls v0.18.1
[INFO] [stderr]    Compiling webpki-roots v0.20.0
[INFO] [stderr]    Compiling language-tags v0.2.2
[INFO] [stderr]    Compiling rand_core v0.6.1
[INFO] [stderr]    Compiling bytestring v1.0.0
[INFO] [stderr]    Compiling regex v1.4.3
[INFO] [stderr]    Compiling rand_chacha v0.3.0
[INFO] [stderr]    Compiling hashlink v0.6.0
[INFO] [stderr]    Compiling time v0.1.43
[INFO] [stderr]    Compiling fallible-iterator v0.2.0
[INFO] [stderr]    Compiling fallible-streaming-iterator v0.1.9
[INFO] [stderr]    Compiling rand v0.8.3
[INFO] [stderr]    Compiling rusqlite v0.24.2
[INFO] [stderr]    Compiling chrono v0.4.19
[INFO] [stderr]    Compiling tokio-rustls v0.14.1
[INFO] [stderr]    Compiling futures-macro v0.3.12
[INFO] [stderr]    Compiling derive_more v0.99.11
[INFO] [stderr]    Compiling actix-macros v0.1.3
[INFO] [stderr]    Compiling thiserror-impl v1.0.23
[INFO] [stderr]    Compiling async-trait v0.1.42
[INFO] [stderr]    Compiling time-macros-impl v0.1.1
[INFO] [stderr]    Compiling enum-as-inner v0.3.3
[INFO] [stderr]    Compiling pin-project-internal v1.0.5
[INFO] [stderr]    Compiling actix-web-codegen v0.4.0
[INFO] [stderr]    Compiling brotli2 v0.3.2
[INFO] [stderr]    Compiling futures-util v0.3.12
[INFO] [stderr]    Compiling time-macros v0.1.1
[INFO] [stderr]    Compiling thiserror v1.0.23
[INFO] [stderr]    Compiling pin-project v0.4.27
[INFO] [stderr]    Compiling pin-project v1.0.5
[INFO] [stderr]    Compiling actix-codec v0.3.0
[INFO] [stderr]    Compiling tracing-futures v0.2.4
[INFO] [stderr]    Compiling actix-threadpool v0.3.3
[INFO] [stderr]    Compiling actix-service v1.0.6
[INFO] [stderr]    Compiling actix-rt v1.1.1
[INFO] [stderr]    Compiling futures v0.3.12
[INFO] [stderr]    Compiling h2 v0.2.7
[INFO] [stderr]    Compiling trust-dns-proto v0.19.6
[INFO] [stderr]    Compiling actix-utils v2.0.0
[INFO] [stderr]    Compiling actix-tls v2.0.0
[INFO] [stderr]    Compiling actix-server v1.0.4
[INFO] [stderr]    Compiling trust-dns-resolver v0.19.6
[INFO] [stderr]    Compiling actix-testing v1.0.1
[INFO] [stderr]    Compiling serde_urlencoded v0.7.0
[INFO] [stderr]    Compiling actix-router v0.2.7
[INFO] [stderr]    Compiling actix-connect v2.0.0
[INFO] [stderr]    Compiling actix-http v2.2.0
[INFO] [stderr]    Compiling awc v2.0.3
[INFO] [stderr]    Compiling actix-web v3.3.2
[INFO] [stderr]    Compiling AccountManagerWithActix v5.0.0 (/opt/rustwide/workdir)
[INFO] [stdout] warning: crate `AccountManagerWithActix` should have a snake case name
[INFO] [stdout]   |
[INFO] [stdout]   = help: convert the identifier to snake case: `account_manager_with_actix`
[INFO] [stdout]   = note: `#[warn(non_snake_case)]` on by default
[INFO] [stdout] 
[INFO] [stdout] 
[INFO] [stdout] warning: 1 warning emitted
[INFO] [stdout] 
[INFO] [stdout] 
[INFO] [stderr]     Finished dev [unoptimized + debuginfo] target(s) in 35.67s
[INFO] running `Command { std: "docker" "inspect" "d062434b3f0028a83ea2b53eb548f0931e1d80ac3d5afa934f4061ba88454c08", kill_on_drop: false }`
[INFO] running `Command { std: "docker" "rm" "-f" "d062434b3f0028a83ea2b53eb548f0931e1d80ac3d5afa934f4061ba88454c08", kill_on_drop: false }`
[INFO] [stdout] d062434b3f0028a83ea2b53eb548f0931e1d80ac3d5afa934f4061ba88454c08
[INFO] running `Command { std: "docker" "create" "-v" "/var/lib/crater-agent-workspace/builds/worker-1-tc1/target:/opt/rustwide/target:rw,Z" "-v" "/var/lib/crater-agent-workspace/builds/worker-1-tc1/source:/opt/rustwide/workdir:ro,Z" "-v" "/var/lib/crater-agent-workspace/cargo-home:/opt/rustwide/cargo-home:ro,Z" "-v" "/var/lib/crater-agent-workspace/rustup-home:/opt/rustwide/rustup-home:ro,Z" "-e" "SOURCE_DIR=/opt/rustwide/workdir" "-e" "CARGO_TARGET_DIR=/opt/rustwide/target" "-e" "CARGO_INCREMENTAL=0" "-e" "RUST_BACKTRACE=full" "-e" "RUSTFLAGS=--cap-lints=warn" "-e" "RUSTDOCFLAGS=--cap-lints=warn" "-e" "CARGO_HOME=/opt/rustwide/cargo-home" "-e" "RUSTUP_HOME=/opt/rustwide/rustup-home" "-w" "/opt/rustwide/workdir" "-m" "1610612736" "--user" "0:0" "--network" "none" "ghcr.io/rust-lang/crates-build-env/linux@sha256:5ff2268d62e97bff2cde7d5815dd6ed5b47097566f13b8d0ca110b04b60e07ed" "/opt/rustwide/cargo-home/bin/cargo" "+1.69.0" "test" "--frozen" "--no-run" "--message-format=json", kill_on_drop: false }`
[INFO] [stdout] 7586cd6c2a2a46259f3daf7ea6a83843de232ba7f8d76884ea7f5493ccfd6ba9
[INFO] running `Command { std: "docker" "start" "-a" "7586cd6c2a2a46259f3daf7ea6a83843de232ba7f8d76884ea7f5493ccfd6ba9", kill_on_drop: false }`
[INFO] [stderr]    Compiling AccountManagerWithActix v5.0.0 (/opt/rustwide/workdir)
[INFO] [stdout] error[E0277]: the `?` operator can only be used in a function that returns `Result` or `Option` (or another type that implements `FromResidual`)
[INFO] [stdout]    --> src/sql_operator/mod.rs:127:36
[INFO] [stdout]     |
[INFO] [stdout] 117 |     fn SQLOperator__add_item() {
[INFO] [stdout]     |     -------------------------- this function should return `Result` or `Option` to accept `?`
[INFO] [stdout] ...
[INFO] [stdout] 127 |         assert_eq!(sql.add_item(&d)?, 1);
[INFO] [stdout]     |                                    ^ cannot use the `?` operator in a function that returns `()`
[INFO] [stdout]     |
[INFO] [stdout]     = help: the trait `FromResidual<std::result::Result<Infallible, (rusqlite::Error, [std::string::String; 5])>>` is not implemented for `()`
[INFO] [stdout] 
[INFO] [stdout] 
[INFO] [stdout] error[E0277]: the `?` operator can only be used in a function that returns `Result` or `Option` (or another type that implements `FromResidual`)
[INFO] [stdout]    --> src/sql_operator/mod.rs:132:75
[INFO] [stdout]     |
[INFO] [stdout] 130 |     fn SQLOperator__search_item() {
[INFO] [stdout]     |     ----------------------------- this function should return `Result` or `Option` to accept `?`
[INFO] [stdout] 131 |         let sql: SQLOperator = SQLOperator::new();
[INFO] [stdout] 132 |         let address = sql.search_item("Address".into(), "test.com".into())?
[INFO] [stdout]     |                                                                           ^ cannot use the `?` operator in a function that returns `()`
[INFO] [stdout]     |
[INFO] [stdout]     = help: the trait `FromResidual<std::result::Result<Infallible, rusqlite::Error>>` is not implemented for `()`
[INFO] [stdout] 
[INFO] [stdout] 
[INFO] [stdout] error[E0277]: the `?` operator can only be used in a function that returns `Result` or `Option` (or another type that implements `FromResidual`)
[INFO] [stdout]    --> src/sql_operator/mod.rs:133:19
[INFO] [stdout]     |
[INFO] [stdout] 130 |     fn SQLOperator__search_item() {
[INFO] [stdout]     |     ----------------------------- this function should return `Result` or `Option` to accept `?`
[INFO] [stdout] ...
[INFO] [stdout] 133 |             .pop()?.address;
[INFO] [stdout]     |                   ^ cannot use the `?` operator in a function that returns `()`
[INFO] [stdout]     |
[INFO] [stdout]     = help: the trait `FromResidual<std::option::Option<Infallible>>` is not implemented for `()`
[INFO] [stdout] 
[INFO] [stdout] 
[INFO] [stdout] error[E0277]: the `?` operator can only be used in a function that returns `Result` or `Option` (or another type that implements `FromResidual`)
[INFO] [stdout]    --> src/sql_operator/mod.rs:134:71
[INFO] [stdout]     |
[INFO] [stdout] 130 |     fn SQLOperator__search_item() {
[INFO] [stdout]     |     ----------------------------- this function should return `Result` or `Option` to accept `?`
[INFO] [stdout] ...
[INFO] [stdout] 134 |         let account = sql.search_item("Account".into(), "test".into())?
[INFO] [stdout]     |                                                                       ^ cannot use the `?` operator in a function that returns `()`
[INFO] [stdout]     |
[INFO] [stdout]     = help: the trait `FromResidual<std::result::Result<Infallible, rusqlite::Error>>` is not implemented for `()`
[INFO] [stdout] 
[INFO] [stdout] 
[INFO] [stdout] error[E0277]: the `?` operator can only be used in a function that returns `Result` or `Option` (or another type that implements `FromResidual`)
[INFO] [stdout]    --> src/sql_operator/mod.rs:135:19
[INFO] [stdout]     |
[INFO] [stdout] 130 |     fn SQLOperator__search_item() {
[INFO] [stdout]     |     ----------------------------- this function should return `Result` or `Option` to accept `?`
[INFO] [stdout] ...
[INFO] [stdout] 135 |             .pop()?.account;
[INFO] [stdout]     |                   ^ cannot use the `?` operator in a function that returns `()`
[INFO] [stdout]     |
[INFO] [stdout]     = help: the trait `FromResidual<std::option::Option<Infallible>>` is not implemented for `()`
[INFO] [stdout] 
[INFO] [stdout] 
[INFO] [stdout] error[E0277]: the `?` operator can only be used in a function that returns `Result` or `Option` (or another type that implements `FromResidual`)
[INFO] [stdout]    --> src/sql_operator/mod.rs:136:71
[INFO] [stdout]     |
[INFO] [stdout] 130 |     fn SQLOperator__search_item() {
[INFO] [stdout]     |     ----------------------------- this function should return `Result` or `Option` to accept `?`
[INFO] [stdout] ...
[INFO] [stdout] 136 |         let password = sql.search_item("Password".into(), "pd".into())?
[INFO] [stdout]     |                                                                       ^ cannot use the `?` operator in a function that returns `()`
[INFO] [stdout]     |
[INFO] [stdout]     = help: the trait `FromResidual<std::result::Result<Infallible, rusqlite::Error>>` is not implemented for `()`
[INFO] [stdout] 
[INFO] [stdout] 
[INFO] [stdout] error[E0277]: the `?` operator can only be used in a function that returns `Result` or `Option` (or another type that implements `FromResidual`)
[INFO] [stdout]    --> src/sql_operator/mod.rs:137:19
[INFO] [stdout]     |
[INFO] [stdout] 130 |     fn SQLOperator__search_item() {
[INFO] [stdout]     |     ----------------------------- this function should return `Result` or `Option` to accept `?`
[INFO] [stdout] ...
[INFO] [stdout] 137 |             .pop()?.password;
[INFO] [stdout]     |                   ^ cannot use the `?` operator in a function that returns `()`
[INFO] [stdout]     |
[INFO] [stdout]     = help: the trait `FromResidual<std::option::Option<Infallible>>` is not implemented for `()`
[INFO] [stdout] 
[INFO] [stdout] 
[INFO] [stdout] error[E0277]: the `?` operator can only be used in a function that returns `Result` or `Option` (or another type that implements `FromResidual`)
[INFO] [stdout]    --> src/sql_operator/mod.rs:138:68
[INFO] [stdout]     |
[INFO] [stdout] 130 |     fn SQLOperator__search_item() {
[INFO] [stdout]     |     ----------------------------- this function should return `Result` or `Option` to accept `?`
[INFO] [stdout] ...
[INFO] [stdout] 138 |         let text = sql.search_item("Text".into(), "forTest".into())?
[INFO] [stdout]     |                                                                    ^ cannot use the `?` operator in a function that returns `()`
[INFO] [stdout]     |
[INFO] [stdout]     = help: the trait `FromResidual<std::result::Result<Infallible, rusqlite::Error>>` is not implemented for `()`
[INFO] [stdout] 
[INFO] [stdout] 
[INFO] [stdout] error[E0277]: the `?` operator can only be used in a function that returns `Result` or `Option` (or another type that implements `FromResidual`)
[INFO] [stdout]    --> src/sql_operator/mod.rs:139:19
[INFO] [stdout]     |
[INFO] [stdout] 130 |     fn SQLOperator__search_item() {
[INFO] [stdout]     |     ----------------------------- this function should return `Result` or `Option` to accept `?`
[INFO] [stdout] ...
[INFO] [stdout] 139 |             .pop()?.text;
[INFO] [stdout]     |                   ^ cannot use the `?` operator in a function that returns `()`
[INFO] [stdout]     |
[INFO] [stdout]     = help: the trait `FromResidual<std::option::Option<Infallible>>` is not implemented for `()`
[INFO] [stdout] 
[INFO] [stdout] 
[INFO] [stdout] error[E0277]: the `?` operator can only be used in a function that returns `Result` or `Option` (or another type that implements `FromResidual`)
[INFO] [stdout]    --> src/sql_operator/mod.rs:148:72
[INFO] [stdout]     |
[INFO] [stdout] 146 |     fn SQLOperator__update_item() {
[INFO] [stdout]     |     ----------------------------- this function should return `Result` or `Option` to accept `?`
[INFO] [stdout] 147 |         let sql: SQLOperator = SQLOperator::new();
[INFO] [stdout] 148 |         let data = sql.search_item("Address".into(), "test.com".into())?
[INFO] [stdout]     |                                                                        ^ cannot use the `?` operator in a function that returns `()`
[INFO] [stdout]     |
[INFO] [stdout]     = help: the trait `FromResidual<std::result::Result<Infallible, rusqlite::Error>>` is not implemented for `()`
[INFO] [stdout] 
[INFO] [stdout] 
[INFO] [stdout] error[E0277]: the `?` operator can only be used in a function that returns `Result` or `Option` (or another type that implements `FromResidual`)
[INFO] [stdout]    --> src/sql_operator/mod.rs:149:19
[INFO] [stdout]     |
[INFO] [stdout] 146 |     fn SQLOperator__update_item() {
[INFO] [stdout]     |     ----------------------------- this function should return `Result` or `Option` to accept `?`
[INFO] [stdout] ...
[INFO] [stdout] 149 |             .pop()?;
[INFO] [stdout]     |                   ^ cannot use the `?` operator in a function that returns `()`
[INFO] [stdout]     |
[INFO] [stdout]     = help: the trait `FromResidual<std::option::Option<Infallible>>` is not implemented for `()`
[INFO] [stdout] 
[INFO] [stdout] 
[INFO] [stdout] error[E0277]: the `?` operator can only be used in a function that returns `Result` or `Option` (or another type that implements `FromResidual`)
[INFO] [stdout]    --> src/sql_operator/mod.rs:150:54
[INFO] [stdout]     |
[INFO] [stdout] 146 |     fn SQLOperator__update_item() {
[INFO] [stdout]     |     ----------------------------- this function should return `Result` or `Option` to accept `?`
[INFO] [stdout] ...
[INFO] [stdout] 150 |         let r = sql.update_item(data.text, data.date)?;
[INFO] [stdout]     |                                                      ^ cannot use the `?` operator in a function that returns `()`
[INFO] [stdout]     |
[INFO] [stdout]     = help: the trait `FromResidual<std::result::Result<Infallible, rusqlite::Error>>` is not implemented for `()`
[INFO] [stdout] 
[INFO] [stdout] 
[INFO] [stdout] error[E0277]: the `?` operator can only be used in a function that returns `Result` or `Option` (or another type that implements `FromResidual`)
[INFO] [stdout]    --> src/sql_operator/mod.rs:156:72
[INFO] [stdout]     |
[INFO] [stdout] 154 |     fn SQLOperator__remove_item() {
[INFO] [stdout]     |     ----------------------------- this function should return `Result` or `Option` to accept `?`
[INFO] [stdout] 155 |         let sql: SQLOperator = SQLOperator::new();
[INFO] [stdout] 156 |         let data = sql.search_item("Address".into(), "test.com".into())?
[INFO] [stdout]     |                                                                        ^ cannot use the `?` operator in a function that returns `()`
[INFO] [stdout]     |
[INFO] [stdout]     = help: the trait `FromResidual<std::result::Result<Infallible, rusqlite::Error>>` is not implemented for `()`
[INFO] [stdout] 
[INFO] [stdout] 
[INFO] [stdout] error[E0277]: the `?` operator can only be used in a function that returns `Result` or `Option` (or another type that implements `FromResidual`)
[INFO] [stdout]    --> src/sql_operator/mod.rs:157:19
[INFO] [stdout]     |
[INFO] [stdout] 154 |     fn SQLOperator__remove_item() {
[INFO] [stdout]     |     ----------------------------- this function should return `Result` or `Option` to accept `?`
[INFO] [stdout] ...
[INFO] [stdout] 157 |             .pop()?;
[INFO] [stdout]     |                   ^ cannot use the `?` operator in a function that returns `()`
[INFO] [stdout]     |
[INFO] [stdout]     = help: the trait `FromResidual<std::option::Option<Infallible>>` is not implemented for `()`
[INFO] [stdout] 
[INFO] [stdout] 
[INFO] [stdout] error[E0277]: the `?` operator can only be used in a function that returns `Result` or `Option` (or another type that implements `FromResidual`)
[INFO] [stdout]    --> src/sql_operator/mod.rs:158:43
[INFO] [stdout]     |
[INFO] [stdout] 154 |     fn SQLOperator__remove_item() {
[INFO] [stdout]     |     ----------------------------- this function should return `Result` or `Option` to accept `?`
[INFO] [stdout] ...
[INFO] [stdout] 158 |         let r = sql.remove_item(data.date)?;
[INFO] [stdout]     |                                           ^ cannot use the `?` operator in a function that returns `()`
[INFO] [stdout]     |
[INFO] [stdout]     = help: the trait `FromResidual<std::result::Result<Infallible, rusqlite::Error>>` is not implemented for `()`
[INFO] [stdout] 
[INFO] [stdout] 
[INFO] [stdout] error: aborting due to 15 previous errors
[INFO] [stdout] 
[INFO] [stdout] 
[INFO] [stdout] For more information about this error, try `rustc --explain E0277`.
[INFO] [stdout] 
[INFO] [stderr] error: could not compile `AccountManagerWithActix` due to 16 previous errors
[INFO] running `Command { std: "docker" "inspect" "7586cd6c2a2a46259f3daf7ea6a83843de232ba7f8d76884ea7f5493ccfd6ba9", kill_on_drop: false }`
[INFO] running `Command { std: "docker" "rm" "-f" "7586cd6c2a2a46259f3daf7ea6a83843de232ba7f8d76884ea7f5493ccfd6ba9", kill_on_drop: false }`
[INFO] [stdout] 7586cd6c2a2a46259f3daf7ea6a83843de232ba7f8d76884ea7f5493ccfd6ba9
