[INFO] cloning repository https://github.com/Ameobea/rust-musl-memory-leak
[INFO] running `Command { std: "git" "-c" "credential.helper=" "-c" "credential.helper=/workspace/cargo-home/bin/git-credential-null" "clone" "--bare" "https://github.com/Ameobea/rust-musl-memory-leak" "/workspace/cache/git-repos/https%3A%2F%2Fgithub.com%2FAmeobea%2Frust-musl-memory-leak", kill_on_drop: false }`
[INFO] [stderr] Cloning into bare repository '/workspace/cache/git-repos/https%3A%2F%2Fgithub.com%2FAmeobea%2Frust-musl-memory-leak'...
[INFO] running `Command { std: "git" "rev-parse" "HEAD", kill_on_drop: false }`
[INFO] [stdout] 9e56c243a1d2c35ff1c4e041f14b0e0131bd18d3
[INFO] testing Ameobea/rust-musl-memory-leak against beta-2023-04-20 for beta-1.70-1
[INFO] running `Command { std: "git" "clone" "/workspace/cache/git-repos/https%3A%2F%2Fgithub.com%2FAmeobea%2Frust-musl-memory-leak" "/workspace/builds/worker-4-tc2/source", kill_on_drop: false }`
[INFO] [stderr] Cloning into '/workspace/builds/worker-4-tc2/source'...
[INFO] [stderr] done.
[INFO] validating manifest of git repo https://github.com/Ameobea/rust-musl-memory-leak on toolchain beta-2023-04-20
[INFO] running `Command { std: CARGO_HOME="/workspace/cargo-home" RUSTUP_HOME="/workspace/rustup-home" "/workspace/cargo-home/bin/cargo" "+beta-2023-04-20" "metadata" "--manifest-path" "Cargo.toml" "--no-deps", kill_on_drop: false }`
[INFO] started tweaking git repo https://github.com/Ameobea/rust-musl-memory-leak
[INFO] finished tweaking git repo https://github.com/Ameobea/rust-musl-memory-leak
[INFO] tweaked toml for git repo https://github.com/Ameobea/rust-musl-memory-leak written to /workspace/builds/worker-4-tc2/source/Cargo.toml
[INFO] crate git repo https://github.com/Ameobea/rust-musl-memory-leak already has a lockfile, it will not be regenerated
[INFO] running `Command { std: CARGO_HOME="/workspace/cargo-home" RUSTUP_HOME="/workspace/rustup-home" "/workspace/cargo-home/bin/cargo" "+beta-2023-04-20" "fetch" "--manifest-path" "Cargo.toml", kill_on_drop: false }`
[INFO] [stderr]     Updating crates.io index
[INFO] [stderr]  Downloading crates ...
[INFO] [stderr]   Downloaded matches v0.1.6
[INFO] [stderr]   Downloaded url v1.7.0
[INFO] [stderr]   Downloaded version_check v0.1.3
[INFO] [stderr]   Downloaded dtoa v0.4.2
[INFO] [stderr]   Downloaded itoa v0.4.1
[INFO] [stderr]   Downloaded num-traits v0.2.2
[INFO] [stderr]   Downloaded untrusted v0.5.1
[INFO] [stderr]   Downloaded nodrop v0.1.12
[INFO] [stderr]   Downloaded cfg-if v0.1.2
[INFO] [stderr]   Downloaded serde v1.0.37
[INFO] [stderr]   Downloaded rocket_codegen v0.3.7
[INFO] [stderr]   Downloaded gcc v0.3.54
[INFO] [stderr]   Downloaded rayon-core v1.4.0
[INFO] [stderr]   Downloaded rand v0.4.2
[INFO] [stderr]   Downloaded serde_json v1.0.13
[INFO] [stderr]   Downloaded hyper v0.10.13
[INFO] [stderr]   Downloaded rayon v0.7.1
[INFO] [stderr]   Downloaded byteorder v1.2.2
[INFO] [stderr]   Downloaded toml v0.4.6
[INFO] [stderr]   Downloaded arrayvec v0.4.7
[INFO] [stderr]   Downloaded bitflags v1.0.1
[INFO] [stderr]   Downloaded cookie v0.9.2
[INFO] [stderr]   Downloaded httparse v1.2.4
[INFO] [stderr]   Downloaded termion v1.5.1
[INFO] [stderr]   Downloaded isatty v0.1.6
[INFO] [stderr]   Downloaded unicode-normalization v0.1.5
[INFO] [stderr]   Downloaded idna v0.1.4
[INFO] [stderr]   Downloaded libc v0.2.40
[INFO] [stderr]   Downloaded state v0.4.0
[INFO] [stderr]   Downloaded time v0.1.39
[INFO] [stderr]   Downloaded lazy_static v1.0.0
[INFO] [stderr]   Downloaded log v0.4.1
[INFO] [stderr]   Downloaded num_cpus v1.8.0
[INFO] [stderr]   Downloaded ordermap v0.2.13
[INFO] [stderr]   Downloaded pear v0.0.14
[INFO] [stderr]   Downloaded smallvec v0.4.4
[INFO] [stderr]   Downloaded redox_syscall v0.1.37
[INFO] [stderr]   Downloaded winapi v0.3.4
[INFO] [stderr]   Downloaded rocket_contrib v0.3.7
[INFO] [stderr]   Downloaded ring v0.11.0
[INFO] [stderr]   Downloaded pear_codegen v0.0.14
[INFO] [stderr]   Downloaded rocket v0.3.7
[INFO] running `Command { std: "docker" "create" "-v" "/var/lib/crater-agent-workspace/builds/worker-4-tc2/target:/opt/rustwide/target:rw,Z" "-v" "/var/lib/crater-agent-workspace/builds/worker-4-tc2/source:/opt/rustwide/workdir:ro,Z" "-v" "/var/lib/crater-agent-workspace/cargo-home:/opt/rustwide/cargo-home:ro,Z" "-v" "/var/lib/crater-agent-workspace/rustup-home:/opt/rustwide/rustup-home:ro,Z" "-e" "SOURCE_DIR=/opt/rustwide/workdir" "-e" "CARGO_TARGET_DIR=/opt/rustwide/target" "-e" "CARGO_HOME=/opt/rustwide/cargo-home" "-e" "RUSTUP_HOME=/opt/rustwide/rustup-home" "-w" "/opt/rustwide/workdir" "-m" "1610612736" "--user" "0:0" "--network" "none" "ghcr.io/rust-lang/crates-build-env/linux@sha256:5ff2268d62e97bff2cde7d5815dd6ed5b47097566f13b8d0ca110b04b60e07ed" "/opt/rustwide/cargo-home/bin/cargo" "+beta-2023-04-20" "metadata" "--no-deps" "--format-version=1", kill_on_drop: false }`
[INFO] [stdout] 8763b8d13178750f6fa704d4c987d3218958f4318332731285db13ecfd58394f
[INFO] running `Command { std: "docker" "start" "-a" "8763b8d13178750f6fa704d4c987d3218958f4318332731285db13ecfd58394f", kill_on_drop: false }`
[INFO] running `Command { std: "docker" "inspect" "8763b8d13178750f6fa704d4c987d3218958f4318332731285db13ecfd58394f", kill_on_drop: false }`
[INFO] running `Command { std: "docker" "rm" "-f" "8763b8d13178750f6fa704d4c987d3218958f4318332731285db13ecfd58394f", kill_on_drop: false }`
[INFO] [stdout] 8763b8d13178750f6fa704d4c987d3218958f4318332731285db13ecfd58394f
[INFO] running `Command { std: "docker" "create" "-v" "/var/lib/crater-agent-workspace/builds/worker-4-tc2/target:/opt/rustwide/target:rw,Z" "-v" "/var/lib/crater-agent-workspace/builds/worker-4-tc2/source:/opt/rustwide/workdir:ro,Z" "-v" "/var/lib/crater-agent-workspace/cargo-home:/opt/rustwide/cargo-home:ro,Z" "-v" "/var/lib/crater-agent-workspace/rustup-home:/opt/rustwide/rustup-home:ro,Z" "-e" "SOURCE_DIR=/opt/rustwide/workdir" "-e" "CARGO_TARGET_DIR=/opt/rustwide/target" "-e" "CARGO_INCREMENTAL=0" "-e" "RUST_BACKTRACE=full" "-e" "RUSTFLAGS=--cap-lints=warn" "-e" "RUSTDOCFLAGS=--cap-lints=warn" "-e" "CARGO_HOME=/opt/rustwide/cargo-home" "-e" "RUSTUP_HOME=/opt/rustwide/rustup-home" "-w" "/opt/rustwide/workdir" "-m" "1610612736" "--user" "0:0" "--network" "none" "ghcr.io/rust-lang/crates-build-env/linux@sha256:5ff2268d62e97bff2cde7d5815dd6ed5b47097566f13b8d0ca110b04b60e07ed" "/opt/rustwide/cargo-home/bin/cargo" "+beta-2023-04-20" "build" "--frozen" "--message-format=json", kill_on_drop: false }`
[INFO] [stdout] 286ac9d1aacea960dd9b03471bc7b635075011fdcd58aea518c71af2e57377b2
[INFO] running `Command { std: "docker" "start" "-a" "286ac9d1aacea960dd9b03471bc7b635075011fdcd58aea518c71af2e57377b2", kill_on_drop: false }`
[INFO] [stderr]    Compiling cfg-if v0.1.2
[INFO] [stderr]    Compiling libc v0.2.40
[INFO] [stderr]    Compiling version_check v0.1.3
[INFO] [stderr]    Compiling nodrop v0.1.12
[INFO] [stderr]    Compiling lazy_static v1.0.0
[INFO] [stderr]    Compiling scopeguard v0.3.3
[INFO] [stderr]    Compiling memoffset v0.2.1
[INFO] [stderr]    Compiling rayon-core v1.4.0
[INFO] [stderr]    Compiling yansi v0.4.0
[INFO] [stderr]    Compiling matches v0.1.6
[INFO] [stderr]    Compiling gcc v0.3.54
[INFO] [stderr]    Compiling unicode-normalization v0.1.5
[INFO] [stderr]    Compiling safemem v0.2.0
[INFO] [stderr]    Compiling percent-encoding v1.0.1
[INFO] [stderr]    Compiling byteorder v1.2.2
[INFO] [stderr]    Compiling untrusted v0.5.1
[INFO] [stderr]    Compiling crossbeam-utils v0.2.2
[INFO] [stderr]    Compiling log v0.4.1
[INFO] [stderr]    Compiling arrayvec v0.4.7
[INFO] [stderr]    Compiling unicode-bidi v0.3.4
[INFO] [stderr]    Compiling serde v1.0.37
[INFO] [stderr]    Compiling lazy_static v0.2.11
[INFO] [stderr]    Compiling traitobject v0.1.0
[INFO] [stderr]    Compiling log v0.3.9
[INFO] [stderr]    Compiling language-tags v0.2.2
[INFO] [stderr]    Compiling httparse v1.2.4
[INFO] [stderr]    Compiling typeable v0.1.2
[INFO] [stderr]    Compiling num_cpus v1.8.0
[INFO] [stderr]    Compiling rand v0.4.2
[INFO] [stderr]    Compiling crossbeam-epoch v0.3.1
[INFO] [stderr]    Compiling base64 v0.6.0
[INFO] [stderr]    Compiling time v0.1.39
[INFO] [stderr]    Compiling idna v0.1.4
[INFO] [stderr]    Compiling unicase v1.4.2
[INFO] [stderr]    Compiling mime v0.2.6
[INFO] [stderr]    Compiling pear_codegen v0.0.14
[INFO] [stderr]    Compiling rocket v0.3.7
[INFO] [stderr]    Compiling isatty v0.1.6
[INFO] [stderr]    Compiling memchr v1.0.2
[INFO] [stderr]    Compiling pear v0.0.14
[INFO] [stderr]    Compiling ordermap v0.2.13
[INFO] [stderr]    Compiling crossbeam-deque v0.2.0
[INFO] [stderr]    Compiling state v0.4.0
[INFO] [stderr]    Compiling smallvec v0.4.4
[INFO] [stderr]    Compiling url v1.7.0
[INFO] [stderr]    Compiling rocket_codegen v0.3.7
[INFO] [stderr]    Compiling num-traits v0.2.2
[INFO] [stderr]    Compiling itoa v0.4.1
[INFO] [stderr]    Compiling dtoa v0.4.2
[INFO] [stderr] error: failed to run custom build command for `pear_codegen v0.0.14`
[INFO] [stderr] note: To improve backtraces for build dependencies, set the CARGO_PROFILE_DEV_BUILD_OVERRIDE_DEBUG=true environment variable to enable debug information generation.
[INFO] [stderr] 
[INFO] [stderr] Caused by:
[INFO] [stderr]   process didn't exit successfully: `/opt/rustwide/target/debug/build/pear_codegen-4e96acc7ac2c9b0b/build-script-build` (exit status: 101)
[INFO] [stderr]   --- stderr
[INFO] [stderr]   [1;31mError:[0m [37mPear requires a nightly or dev version of Rust.[0m
[INFO] [stderr]   [37mInstalled version is:[0m [33m1.70.0-beta.1 (2023-04-19)[0m. [37mMinimum required:[0m [33m1.27.0-nightly (2018-04-03)[0m.
[INFO] [stderr]   thread 'main' panicked at 'Aborting compilation due to incompatible compiler.', /opt/rustwide/cargo-home/registry/src/index.crates.io-6f17d22bba15001f/pear_codegen-0.0.14/build.rs:31:13
[INFO] [stderr]   stack backtrace:
[INFO] [stderr]      0:     0x564a28f4e2ca - std::backtrace_rs::backtrace::libunwind::trace::h2f05d0192276a8f6
[INFO] [stderr]                                  at /rustc/1b7dd2252b99671ce5d1cb9664c5f8636329436d/library/std/src/../../backtrace/src/backtrace/libunwind.rs:93:5
[INFO] [stderr]      1:     0x564a28f4e2ca - std::backtrace_rs::backtrace::trace_unsynchronized::hedc23dff7a1af150
[INFO] [stderr]                                  at /rustc/1b7dd2252b99671ce5d1cb9664c5f8636329436d/library/std/src/../../backtrace/src/backtrace/mod.rs:66:5
[INFO] [stderr]      2:     0x564a28f4e2ca - std::sys_common::backtrace::_print_fmt::h17541ef7592f3ce2
[INFO] [stderr]                                  at /rustc/1b7dd2252b99671ce5d1cb9664c5f8636329436d/library/std/src/sys_common/backtrace.rs:65:5
[INFO] [stderr]      3:     0x564a28f4e2ca - <std::sys_common::backtrace::_print::DisplayBacktrace as core::fmt::Display>::fmt::h20f75df5ab0c0792
[INFO] [stderr]                                  at /rustc/1b7dd2252b99671ce5d1cb9664c5f8636329436d/library/std/src/sys_common/backtrace.rs:44:22
[INFO] [stderr]      4:     0x564a28f6becf - core::fmt::write::h78109e6f466b3af6
[INFO] [stderr]                                  at /rustc/1b7dd2252b99671ce5d1cb9664c5f8636329436d/library/core/src/fmt/mod.rs:1254:17
[INFO] [stderr]      5:     0x564a28f4bbd5 - std::io::Write::write_fmt::hc59e1b02dd273c8a
[INFO] [stderr]                                  at /rustc/1b7dd2252b99671ce5d1cb9664c5f8636329436d/library/std/src/io/mod.rs:1698:15
[INFO] [stderr]      6:     0x564a28f4e095 - std::sys_common::backtrace::_print::h8dac57a9f8fbf9a5
[INFO] [stderr]                                  at /rustc/1b7dd2252b99671ce5d1cb9664c5f8636329436d/library/std/src/sys_common/backtrace.rs:47:5
[INFO] [stderr]      7:     0x564a28f4e095 - std::sys_common::backtrace::print::hf9ecbf41d1aa712f
[INFO] [stderr]                                  at /rustc/1b7dd2252b99671ce5d1cb9664c5f8636329436d/library/std/src/sys_common/backtrace.rs:34:9
[INFO] [stderr]      8:     0x564a28f4f61e - std::panicking::default_hook::{{closure}}::h04c07acfc84ca028
[INFO] [stderr]                                  at /rustc/1b7dd2252b99671ce5d1cb9664c5f8636329436d/library/std/src/panicking.rs:269:22
[INFO] [stderr]      9:     0x564a28f4f3c5 - std::panicking::default_hook::h01f6bb23e1eceb2c
[INFO] [stderr]                                  at /rustc/1b7dd2252b99671ce5d1cb9664c5f8636329436d/library/std/src/panicking.rs:288:9
[INFO] [stderr]     10:     0x564a28f4fb7e - std::panicking::rust_panic_with_hook::h2bb3722bbaf2f6df
[INFO] [stderr]                                  at /rustc/1b7dd2252b99671ce5d1cb9664c5f8636329436d/library/std/src/panicking.rs:691:13
[INFO] [stderr]     11:     0x564a28f20fe6 - std::panicking::begin_panic::{{closure}}::h998259d8d049350a
[INFO] [stderr]     12:     0x564a28f20ec6 - std::sys_common::backtrace::__rust_end_short_backtrace::h0f57e3208b11b3e0
[INFO] [stderr]     13:     0x564a28f20f37 - std::panicking::begin_panic::h84401e9eafa5f9bc
[INFO] [stderr]     14:     0x564a28f20306 - build_script_build::main::h695d4439924dff4e
[INFO] [stderr]     15:     0x564a28f21ae3 - core::ops::function::FnOnce::call_once::hb66d43c2802606bf
[INFO] [stderr]     16:     0x564a28f20ed6 - std::sys_common::backtrace::__rust_begin_short_backtrace::h065598496a695380
[INFO] [stderr]     17:     0x564a28f219b9 - std::rt::lang_start::{{closure}}::h6c268189a00457cf
[INFO] [stderr]     18:     0x564a28f48dee - core::ops::function::impls::<impl core::ops::function::FnOnce<A> for &F>::call_once::h2eb19b8ce4148df4
[INFO] [stderr]                                  at /rustc/1b7dd2252b99671ce5d1cb9664c5f8636329436d/library/core/src/ops/function.rs:287:13
[INFO] [stderr]     19:     0x564a28f48dee - std::panicking::try::do_call::h2e900feff5d504c5
[INFO] [stderr]                                  at /rustc/1b7dd2252b99671ce5d1cb9664c5f8636329436d/library/std/src/panicking.rs:485:40
[INFO] [stderr]     20:     0x564a28f48dee - std::panicking::try::h8854836cb85aa9f2
[INFO] [stderr]                                  at /rustc/1b7dd2252b99671ce5d1cb9664c5f8636329436d/library/std/src/panicking.rs:449:19
[INFO] [stderr]     21:     0x564a28f48dee - std::panic::catch_unwind::h706025dd4c48f64b
[INFO] [stderr]                                  at /rustc/1b7dd2252b99671ce5d1cb9664c5f8636329436d/library/std/src/panic.rs:140:14
[INFO] [stderr]     22:     0x564a28f48dee - std::rt::lang_start_internal::{{closure}}::h7be5b97f4a07a91a
[INFO] [stderr]                                  at /rustc/1b7dd2252b99671ce5d1cb9664c5f8636329436d/library/std/src/rt.rs:148:48
[INFO] [stderr]     23:     0x564a28f48dee - std::panicking::try::do_call::h59847e9d0a176965
[INFO] [stderr]                                  at /rustc/1b7dd2252b99671ce5d1cb9664c5f8636329436d/library/std/src/panicking.rs:485:40
[INFO] [stderr]     24:     0x564a28f48dee - std::panicking::try::h399a918ba8522823
[INFO] [stderr]                                  at /rustc/1b7dd2252b99671ce5d1cb9664c5f8636329436d/library/std/src/panicking.rs:449:19
[INFO] [stderr]     25:     0x564a28f48dee - std::panic::catch_unwind::hca7ca6c55b2a2e26
[INFO] [stderr]                                  at /rustc/1b7dd2252b99671ce5d1cb9664c5f8636329436d/library/std/src/panic.rs:140:14
[INFO] [stderr]     26:     0x564a28f48dee - std::rt::lang_start_internal::h2c807a81560459eb
[INFO] [stderr]                                  at /rustc/1b7dd2252b99671ce5d1cb9664c5f8636329436d/library/std/src/rt.rs:148:20
[INFO] [stderr]     27:     0x564a28f21997 - std::rt::lang_start::h39d706fcb0f2bba1
[INFO] [stderr]     28:     0x564a28f20ce5 - main
[INFO] [stderr]     29:     0x7fcc22f54d90 - <unknown>
[INFO] [stderr]     30:     0x7fcc22f54e40 - __libc_start_main
[INFO] [stderr]     31:     0x564a28f1f8b5 - _start
[INFO] [stderr]     32:                0x0 - <unknown>
[INFO] [stderr] warning: build failed, waiting for other jobs to finish...
[INFO] [stderr] error: failed to run custom build command for `rocket v0.3.7`
[INFO] [stderr] note: To improve backtraces for build dependencies, set the CARGO_PROFILE_DEV_BUILD_OVERRIDE_DEBUG=true environment variable to enable debug information generation.
[INFO] [stderr] 
[INFO] [stderr] Caused by:
[INFO] [stderr]   process didn't exit successfully: `/opt/rustwide/target/debug/build/rocket-12503fa7d26a86eb/build-script-build` (exit status: 101)
[INFO] [stderr]   --- stderr
[INFO] [stderr]   [1;31mError:[0m [37mRocket requires a nightly or dev version of Rust.[0m
[INFO] [stderr]   [37mInstalled version is:[0m [33m1.70.0-beta.1 (2023-04-19)[0m. [37mMinimum required:[0m [33m1.27.0-nightly (2018-04-03)[0m.
[INFO] [stderr]   [34mSee the getting started guide ([0m[37mhttps://rocket.rs/guide/getting-started/[0m[34m) for more information.[0m
[INFO] [stderr]   thread 'main' panicked at 'Aborting compilation due to incompatible compiler.', /opt/rustwide/cargo-home/registry/src/index.crates.io-6f17d22bba15001f/rocket-0.3.7/build.rs:38:13
[INFO] [stderr]   stack backtrace:
[INFO] [stderr]      0:     0x5563a77dc47a - std::backtrace_rs::backtrace::libunwind::trace::h2f05d0192276a8f6
[INFO] [stderr]                                  at /rustc/1b7dd2252b99671ce5d1cb9664c5f8636329436d/library/std/src/../../backtrace/src/backtrace/libunwind.rs:93:5
[INFO] [stderr]      1:     0x5563a77dc47a - std::backtrace_rs::backtrace::trace_unsynchronized::hedc23dff7a1af150
[INFO] [stderr]                                  at /rustc/1b7dd2252b99671ce5d1cb9664c5f8636329436d/library/std/src/../../backtrace/src/backtrace/mod.rs:66:5
[INFO] [stderr]      2:     0x5563a77dc47a - std::sys_common::backtrace::_print_fmt::h17541ef7592f3ce2
[INFO] [stderr]                                  at /rustc/1b7dd2252b99671ce5d1cb9664c5f8636329436d/library/std/src/sys_common/backtrace.rs:65:5
[INFO] [stderr]      3:     0x5563a77dc47a - <std::sys_common::backtrace::_print::DisplayBacktrace as core::fmt::Display>::fmt::h20f75df5ab0c0792
[INFO] [stderr]                                  at /rustc/1b7dd2252b99671ce5d1cb9664c5f8636329436d/library/std/src/sys_common/backtrace.rs:44:22
[INFO] [stderr]      4:     0x5563a77fa07f - core::fmt::write::h78109e6f466b3af6
[INFO] [stderr]                                  at /rustc/1b7dd2252b99671ce5d1cb9664c5f8636329436d/library/core/src/fmt/mod.rs:1254:17
[INFO] [stderr]      5:     0x5563a77d9d85 - std::io::Write::write_fmt::hc59e1b02dd273c8a
[INFO] [stderr]                                  at /rustc/1b7dd2252b99671ce5d1cb9664c5f8636329436d/library/std/src/io/mod.rs:1698:15
[INFO] [stderr]      6:     0x5563a77dc245 - std::sys_common::backtrace::_print::h8dac57a9f8fbf9a5
[INFO] [stderr]                                  at /rustc/1b7dd2252b99671ce5d1cb9664c5f8636329436d/library/std/src/sys_common/backtrace.rs:47:5
[INFO] [stderr]      7:     0x5563a77dc245 - std::sys_common::backtrace::print::hf9ecbf41d1aa712f
[INFO] [stderr]                                  at /rustc/1b7dd2252b99671ce5d1cb9664c5f8636329436d/library/std/src/sys_common/backtrace.rs:34:9
[INFO] [stderr]      8:     0x5563a77dd7ce - std::panicking::default_hook::{{closure}}::h04c07acfc84ca028
[INFO] [stderr]                                  at /rustc/1b7dd2252b99671ce5d1cb9664c5f8636329436d/library/std/src/panicking.rs:269:22
[INFO] [stderr]      9:     0x5563a77dd575 - std::panicking::default_hook::h01f6bb23e1eceb2c
[INFO] [stderr]                                  at /rustc/1b7dd2252b99671ce5d1cb9664c5f8636329436d/library/std/src/panicking.rs:288:9
[INFO] [stderr]     10:     0x5563a77ddd2e - std::panicking::rust_panic_with_hook::h2bb3722bbaf2f6df
[INFO] [stderr]                                  at /rustc/1b7dd2252b99671ce5d1cb9664c5f8636329436d/library/std/src/panicking.rs:691:13
[INFO] [stderr]     11:     0x5563a77af196 - std::panicking::begin_panic::{{closure}}::h7e6c0ad428d89770
[INFO] [stderr]     12:     0x5563a77af036 - std::sys_common::backtrace::__rust_end_short_backtrace::h17f5680c2513905e
[INFO] [stderr]     13:     0x5563a77af0e7 - std::panicking::begin_panic::h62d40999a2ac4205
[INFO] [stderr]     14:     0x5563a77ae4bd - build_script_build::main::h3665ff31d01126a7
[INFO] [stderr]     15:     0x5563a77afc93 - core::ops::function::FnOnce::call_once::hacbaa080d4552ed7
[INFO] [stderr]     16:     0x5563a77af046 - std::sys_common::backtrace::__rust_begin_short_backtrace::h71504cca7901e495
[INFO] [stderr]     17:     0x5563a77afb69 - std::rt::lang_start::{{closure}}::hd42f65605502c849
[INFO] [stderr]     18:     0x5563a77d6f9e - core::ops::function::impls::<impl core::ops::function::FnOnce<A> for &F>::call_once::h2eb19b8ce4148df4
[INFO] [stderr]                                  at /rustc/1b7dd2252b99671ce5d1cb9664c5f8636329436d/library/core/src/ops/function.rs:287:13
[INFO] [stderr]     19:     0x5563a77d6f9e - std::panicking::try::do_call::h2e900feff5d504c5
[INFO] [stderr]                                  at /rustc/1b7dd2252b99671ce5d1cb9664c5f8636329436d/library/std/src/panicking.rs:485:40
[INFO] [stderr]     20:     0x5563a77d6f9e - std::panicking::try::h8854836cb85aa9f2
[INFO] [stderr]                                  at /rustc/1b7dd2252b99671ce5d1cb9664c5f8636329436d/library/std/src/panicking.rs:449:19
[INFO] [stderr]     21:     0x5563a77d6f9e - std::panic::catch_unwind::h706025dd4c48f64b
[INFO] [stderr]                                  at /rustc/1b7dd2252b99671ce5d1cb9664c5f8636329436d/library/std/src/panic.rs:140:14
[INFO] [stderr]     22:     0x5563a77d6f9e - std::rt::lang_start_internal::{{closure}}::h7be5b97f4a07a91a
[INFO] [stderr]                                  at /rustc/1b7dd2252b99671ce5d1cb9664c5f8636329436d/library/std/src/rt.rs:148:48
[INFO] [stderr]     23:     0x5563a77d6f9e - std::panicking::try::do_call::h59847e9d0a176965
[INFO] [stderr]                                  at /rustc/1b7dd2252b99671ce5d1cb9664c5f8636329436d/library/std/src/panicking.rs:485:40
[INFO] [stderr]     24:     0x5563a77d6f9e - std::panicking::try::h399a918ba8522823
[INFO] [stderr]                                  at /rustc/1b7dd2252b99671ce5d1cb9664c5f8636329436d/library/std/src/panicking.rs:449:19
[INFO] [stderr]     25:     0x5563a77d6f9e - std::panic::catch_unwind::hca7ca6c55b2a2e26
[INFO] [stderr]                                  at /rustc/1b7dd2252b99671ce5d1cb9664c5f8636329436d/library/std/src/panic.rs:140:14
[INFO] [stderr]     26:     0x5563a77d6f9e - std::rt::lang_start_internal::h2c807a81560459eb
[INFO] [stderr]                                  at /rustc/1b7dd2252b99671ce5d1cb9664c5f8636329436d/library/std/src/rt.rs:148:20
[INFO] [stderr]     27:     0x5563a77afb47 - std::rt::lang_start::h9b38da060127311f
[INFO] [stderr]     28:     0x5563a77aee95 - main
[INFO] [stderr]     29:     0x7f5ca6b8dd90 - <unknown>
[INFO] [stderr]     30:     0x7f5ca6b8de40 - __libc_start_main
[INFO] [stderr]     31:     0x5563a77ad8b5 - _start
[INFO] [stderr]     32:                0x0 - <unknown>
[INFO] [stdout] error[E0713]: borrow may still be in use when destructor runs
[INFO] [stdout]    --> /opt/rustwide/cargo-home/registry/src/index.crates.io-6f17d22bba15001f/url-1.7.0/src/form_urlencoded.rs:261:40
[INFO] [stdout]     |
[INFO] [stdout] 259 | impl<'a> Target for ::UrlQuery<'a> {
[INFO] [stdout]     |      -- lifetime `'a` defined here
[INFO] [stdout] 260 |     fn as_mut_string(&mut self) -> &mut String { &mut self.url.serialization }
[INFO] [stdout] 261 |     fn finish(self) -> &'a mut ::Url { self.url }
[INFO] [stdout]     |                                        ^^^^^^^^ - here, drop of `self` needs exclusive access to `*self.url`, because the type `UrlQuery<'_>` implements the `Drop` trait
[INFO] [stdout]     |                                        |
[INFO] [stdout]     |                                        returning this value requires that `*self.url` is borrowed for `'a`
[INFO] [stdout] 
[INFO] [stdout] 
[INFO] [stdout] error: aborting due to previous error
[INFO] [stdout] 
[INFO] [stdout] 
[INFO] [stdout] For more information about this error, try `rustc --explain E0713`.
[INFO] [stdout] 
[INFO] [stderr] error: could not compile `url` (lib) due to 2 previous errors
[INFO] running `Command { std: "docker" "inspect" "286ac9d1aacea960dd9b03471bc7b635075011fdcd58aea518c71af2e57377b2", kill_on_drop: false }`
[INFO] running `Command { std: "docker" "rm" "-f" "286ac9d1aacea960dd9b03471bc7b635075011fdcd58aea518c71af2e57377b2", kill_on_drop: false }`
[INFO] [stdout] 286ac9d1aacea960dd9b03471bc7b635075011fdcd58aea518c71af2e57377b2
