[INFO] cloning repository https://github.com/Allotize/allot-db
[INFO] running `Command { std: "git" "-c" "credential.helper=" "-c" "credential.helper=/workspace/cargo-home/bin/git-credential-null" "clone" "--bare" "https://github.com/Allotize/allot-db" "/workspace/cache/git-repos/https%3A%2F%2Fgithub.com%2FAllotize%2Fallot-db", kill_on_drop: false }`
[INFO] [stderr] Cloning into bare repository '/workspace/cache/git-repos/https%3A%2F%2Fgithub.com%2FAllotize%2Fallot-db'...
[INFO] running `Command { std: "git" "rev-parse" "HEAD", kill_on_drop: false }`
[INFO] [stdout] 1390adf969d65401549662277a95ca731db8ab5b
[INFO] testing Allotize/allot-db against 1.69.0 for beta-1.70-1
[INFO] running `Command { std: "git" "clone" "/workspace/cache/git-repos/https%3A%2F%2Fgithub.com%2FAllotize%2Fallot-db" "/workspace/builds/worker-4-tc1/source", kill_on_drop: false }`
[INFO] [stderr] Cloning into '/workspace/builds/worker-4-tc1/source'...
[INFO] [stderr] done.
[INFO] validating manifest of git repo https://github.com/Allotize/allot-db on toolchain 1.69.0
[INFO] running `Command { std: CARGO_HOME="/workspace/cargo-home" RUSTUP_HOME="/workspace/rustup-home" "/workspace/cargo-home/bin/cargo" "+1.69.0" "metadata" "--manifest-path" "Cargo.toml" "--no-deps", kill_on_drop: false }`
[INFO] started tweaking git repo https://github.com/Allotize/allot-db
[INFO] finished tweaking git repo https://github.com/Allotize/allot-db
[INFO] tweaked toml for git repo https://github.com/Allotize/allot-db written to /workspace/builds/worker-4-tc1/source/Cargo.toml
[INFO] crate git repo https://github.com/Allotize/allot-db already has a lockfile, it will not be regenerated
[INFO] running `Command { std: CARGO_HOME="/workspace/cargo-home" RUSTUP_HOME="/workspace/rustup-home" "/workspace/cargo-home/bin/cargo" "+1.69.0" "fetch" "--manifest-path" "Cargo.toml", kill_on_drop: false }`
[INFO] [stderr]  Downloading crates ...
[INFO] [stderr]   Downloaded wasm-bindgen-backend v0.2.64
[INFO] [stderr]   Downloaded wasm-bindgen-shared v0.2.64
[INFO] [stderr]   Downloaded wasm-bindgen-macro-support v0.2.64
[INFO] [stderr]   Downloaded wasm-bindgen v0.2.64
[INFO] [stderr]   Downloaded wasm-bindgen-futures v0.4.14
[INFO] [stderr]   Downloaded js-sys v0.3.41
[INFO] [stderr]   Downloaded web-sys v0.3.41
[INFO] [stderr]   Downloaded wasm-bindgen-macro v0.2.64
[INFO] [stderr]   Downloaded wasm-bindgen-test v0.3.14
[INFO] [stderr]   Downloaded wasm-bindgen-test-macro v0.3.14
[INFO] running `Command { std: "docker" "create" "-v" "/var/lib/crater-agent-workspace/builds/worker-4-tc1/target:/opt/rustwide/target:rw,Z" "-v" "/var/lib/crater-agent-workspace/builds/worker-4-tc1/source:/opt/rustwide/workdir:ro,Z" "-v" "/var/lib/crater-agent-workspace/cargo-home:/opt/rustwide/cargo-home:ro,Z" "-v" "/var/lib/crater-agent-workspace/rustup-home:/opt/rustwide/rustup-home:ro,Z" "-e" "SOURCE_DIR=/opt/rustwide/workdir" "-e" "CARGO_TARGET_DIR=/opt/rustwide/target" "-e" "CARGO_HOME=/opt/rustwide/cargo-home" "-e" "RUSTUP_HOME=/opt/rustwide/rustup-home" "-w" "/opt/rustwide/workdir" "-m" "1610612736" "--user" "0:0" "--network" "none" "ghcr.io/rust-lang/crates-build-env/linux@sha256:5ff2268d62e97bff2cde7d5815dd6ed5b47097566f13b8d0ca110b04b60e07ed" "/opt/rustwide/cargo-home/bin/cargo" "+1.69.0" "metadata" "--no-deps" "--format-version=1", kill_on_drop: false }`
[INFO] [stdout] 1e6225d9e84f6c66bba60a7d45596e64c294de58aea18352a7c067171c153893
[INFO] running `Command { std: "docker" "start" "-a" "1e6225d9e84f6c66bba60a7d45596e64c294de58aea18352a7c067171c153893", kill_on_drop: false }`
[INFO] running `Command { std: "docker" "inspect" "1e6225d9e84f6c66bba60a7d45596e64c294de58aea18352a7c067171c153893", kill_on_drop: false }`
[INFO] running `Command { std: "docker" "rm" "-f" "1e6225d9e84f6c66bba60a7d45596e64c294de58aea18352a7c067171c153893", kill_on_drop: false }`
[INFO] [stdout] 1e6225d9e84f6c66bba60a7d45596e64c294de58aea18352a7c067171c153893
[INFO] running `Command { std: "docker" "create" "-v" "/var/lib/crater-agent-workspace/builds/worker-4-tc1/target:/opt/rustwide/target:rw,Z" "-v" "/var/lib/crater-agent-workspace/builds/worker-4-tc1/source:/opt/rustwide/workdir:ro,Z" "-v" "/var/lib/crater-agent-workspace/cargo-home:/opt/rustwide/cargo-home:ro,Z" "-v" "/var/lib/crater-agent-workspace/rustup-home:/opt/rustwide/rustup-home:ro,Z" "-e" "SOURCE_DIR=/opt/rustwide/workdir" "-e" "CARGO_TARGET_DIR=/opt/rustwide/target" "-e" "CARGO_INCREMENTAL=0" "-e" "RUST_BACKTRACE=full" "-e" "RUSTFLAGS=--cap-lints=warn" "-e" "RUSTDOCFLAGS=--cap-lints=warn" "-e" "CARGO_HOME=/opt/rustwide/cargo-home" "-e" "RUSTUP_HOME=/opt/rustwide/rustup-home" "-w" "/opt/rustwide/workdir" "-m" "1610612736" "--user" "0:0" "--network" "none" "ghcr.io/rust-lang/crates-build-env/linux@sha256:5ff2268d62e97bff2cde7d5815dd6ed5b47097566f13b8d0ca110b04b60e07ed" "/opt/rustwide/cargo-home/bin/cargo" "+1.69.0" "build" "--frozen" "--message-format=json", kill_on_drop: false }`
[INFO] [stdout] da581c320e56dc98b013e414a2eb216e6f0e11ac0e36c25a5f740c0a94025de6
[INFO] running `Command { std: "docker" "start" "-a" "da581c320e56dc98b013e414a2eb216e6f0e11ac0e36c25a5f740c0a94025de6", kill_on_drop: false }`
[INFO] [stderr]    Compiling proc-macro2 v1.0.18
[INFO] [stderr]    Compiling unicode-xid v0.2.1
[INFO] [stderr]    Compiling syn v1.0.33
[INFO] [stderr]    Compiling cfg-if v0.1.10
[INFO] [stderr]    Compiling log v0.4.8
[INFO] [stderr]    Compiling wasm-bindgen-shared v0.2.64
[INFO] [stderr]    Compiling serde v1.0.114
[INFO] [stderr]    Compiling lazy_static v1.4.0
[INFO] [stderr]    Compiling ryu v1.0.5
[INFO] [stderr]    Compiling bumpalo v3.4.0
[INFO] [stderr]    Compiling serde_json v1.0.56
[INFO] [stderr]    Compiling wasm-bindgen v0.2.64
[INFO] [stderr]    Compiling itoa v0.4.6
[INFO] [stderr]    Compiling libc v0.2.72
[INFO] [stderr]    Compiling adler v0.2.3
[INFO] [stderr]    Compiling failure_derive v0.1.8
[INFO] [stderr]    Compiling gimli v0.22.0
[INFO] [stderr]    Compiling object v0.20.0
[INFO] [stderr]    Compiling miniz_oxide v0.4.0
[INFO] [stderr]    Compiling serde_derive v1.0.114
[INFO] [stderr]    Compiling quote v1.0.7
[INFO] [stderr]    Compiling rustc-demangle v0.1.16
[INFO] [stderr]    Compiling addr2line v0.13.0
[INFO] [stderr]    Compiling backtrace v0.3.50
[INFO] [stderr]    Compiling wasm-bindgen-backend v0.2.64
[INFO] [stderr]    Compiling synstructure v0.12.4
[INFO] [stderr]    Compiling wasm-bindgen-macro-support v0.2.64
[INFO] [stderr]    Compiling failure v0.1.8
[INFO] [stderr]    Compiling wasm-bindgen-macro v0.2.64
[INFO] [stderr]    Compiling js-sys v0.3.41
[INFO] [stderr]    Compiling console_error_panic_hook v0.1.6
[INFO] [stderr]    Compiling wasm-bindgen-futures v0.4.14
[INFO] [stderr]    Compiling web-sys v0.3.41
[INFO] [stderr]    Compiling allot_db v0.0.1 (/opt/rustwide/workdir)
[INFO] [stderr]     Finished dev [unoptimized + debuginfo] target(s) in 19.61s
[INFO] running `Command { std: "docker" "inspect" "da581c320e56dc98b013e414a2eb216e6f0e11ac0e36c25a5f740c0a94025de6", kill_on_drop: false }`
[INFO] running `Command { std: "docker" "rm" "-f" "da581c320e56dc98b013e414a2eb216e6f0e11ac0e36c25a5f740c0a94025de6", kill_on_drop: false }`
[INFO] [stdout] da581c320e56dc98b013e414a2eb216e6f0e11ac0e36c25a5f740c0a94025de6
[INFO] running `Command { std: "docker" "create" "-v" "/var/lib/crater-agent-workspace/builds/worker-4-tc1/target:/opt/rustwide/target:rw,Z" "-v" "/var/lib/crater-agent-workspace/builds/worker-4-tc1/source:/opt/rustwide/workdir:ro,Z" "-v" "/var/lib/crater-agent-workspace/cargo-home:/opt/rustwide/cargo-home:ro,Z" "-v" "/var/lib/crater-agent-workspace/rustup-home:/opt/rustwide/rustup-home:ro,Z" "-e" "SOURCE_DIR=/opt/rustwide/workdir" "-e" "CARGO_TARGET_DIR=/opt/rustwide/target" "-e" "CARGO_INCREMENTAL=0" "-e" "RUST_BACKTRACE=full" "-e" "RUSTFLAGS=--cap-lints=warn" "-e" "RUSTDOCFLAGS=--cap-lints=warn" "-e" "CARGO_HOME=/opt/rustwide/cargo-home" "-e" "RUSTUP_HOME=/opt/rustwide/rustup-home" "-w" "/opt/rustwide/workdir" "-m" "1610612736" "--user" "0:0" "--network" "none" "ghcr.io/rust-lang/crates-build-env/linux@sha256:5ff2268d62e97bff2cde7d5815dd6ed5b47097566f13b8d0ca110b04b60e07ed" "/opt/rustwide/cargo-home/bin/cargo" "+1.69.0" "test" "--frozen" "--no-run" "--message-format=json", kill_on_drop: false }`
[INFO] [stdout] 18f25ec40ddd6e35426604c35bf18b9a98084730b83ffc3071d159e562038375
[INFO] running `Command { std: "docker" "start" "-a" "18f25ec40ddd6e35426604c35bf18b9a98084730b83ffc3071d159e562038375", kill_on_drop: false }`
[INFO] [stderr]    Compiling getrandom v0.1.14
[INFO] [stderr]    Compiling wasm-bindgen-test-macro v0.3.14
[INFO] [stderr]    Compiling scoped-tls v1.0.0
[INFO] [stderr]    Compiling wasm-bindgen-test v0.3.14
[INFO] [stderr]    Compiling allot_db v0.0.1 (/opt/rustwide/workdir)
[INFO] [stdout] error[E0432]: unresolved import `allotdb`
[INFO] [stdout]  --> tests/store.rs:8:5
[INFO] [stdout]   |
[INFO] [stdout] 8 | use allotdb::IdbFolder;
[INFO] [stdout]   |     ^^^^^^^ use of undeclared crate or module `allotdb`
[INFO] [stdout]   |
[INFO] [stdout] help: there is a crate or module with a similar name
[INFO] [stdout]   |
[INFO] [stdout] 8 | use allot_db::IdbFolder;
[INFO] [stdout]   |     ~~~~~~~~
[INFO] [stdout] 
[INFO] [stdout] 
[INFO] [stdout] error[E0432]: unresolved import `allotdb`
[INFO] [stdout]  --> tests/store.rs:9:5
[INFO] [stdout]   |
[INFO] [stdout] 9 | use allotdb::KvStore;
[INFO] [stdout]   |     ^^^^^^^ use of undeclared crate or module `allotdb`
[INFO] [stdout]   |
[INFO] [stdout] help: there is a crate or module with a similar name
[INFO] [stdout]   |
[INFO] [stdout] 9 | use allot_db::KvStore;
[INFO] [stdout]   |     ~~~~~~~~
[INFO] [stdout] 
[INFO] [stdout] 
[INFO] [stdout] error[E0554]: `#![feature]` may not be used on the stable release channel
[INFO] [stdout]  --> tests/store.rs:3:1
[INFO] [stdout]   |
[INFO] [stdout] 3 | #![feature(async_closure)]
[INFO] [stdout]   | ^^^^^^^^^^^^^^^^^^^^^^^^^^
[INFO] [stdout] 
[INFO] [stdout] 
[INFO] [stdout] error: aborting due to 3 previous errors
[INFO] [stdout] 
[INFO] [stdout] 
[INFO] [stdout] Some errors have detailed explanations: E0432, E0554.
[INFO] [stdout] 
[INFO] [stdout] For more information about an error, try `rustc --explain E0432`.
[INFO] [stdout] 
[INFO] [stderr] error: could not compile `allot_db` due to 4 previous errors
[INFO] [stderr] warning: build failed, waiting for other jobs to finish...
[INFO] running `Command { std: "docker" "inspect" "18f25ec40ddd6e35426604c35bf18b9a98084730b83ffc3071d159e562038375", kill_on_drop: false }`
[INFO] running `Command { std: "docker" "rm" "-f" "18f25ec40ddd6e35426604c35bf18b9a98084730b83ffc3071d159e562038375", kill_on_drop: false }`
[INFO] [stdout] 18f25ec40ddd6e35426604c35bf18b9a98084730b83ffc3071d159e562038375
