[INFO] cloning repository https://github.com/Alexander89/rust-tello
[INFO] running `Command { std: "git" "-c" "credential.helper=" "-c" "credential.helper=/workspace/cargo-home/bin/git-credential-null" "clone" "--bare" "https://github.com/Alexander89/rust-tello" "/workspace/cache/git-repos/https%3A%2F%2Fgithub.com%2FAlexander89%2Frust-tello", kill_on_drop: false }`
[INFO] [stderr] Cloning into bare repository '/workspace/cache/git-repos/https%3A%2F%2Fgithub.com%2FAlexander89%2Frust-tello'...
[INFO] running `Command { std: "git" "rev-parse" "HEAD", kill_on_drop: false }`
[INFO] [stdout] 93509c63be4008f57b7c8fb77e38efa52f465723
[INFO] testing Alexander89/rust-tello against beta-2023-04-20 for beta-1.70-1
[INFO] running `Command { std: "git" "clone" "/workspace/cache/git-repos/https%3A%2F%2Fgithub.com%2FAlexander89%2Frust-tello" "/workspace/builds/worker-5-tc2/source", kill_on_drop: false }`
[INFO] [stderr] Cloning into '/workspace/builds/worker-5-tc2/source'...
[INFO] [stderr] done.
[INFO] validating manifest of git repo https://github.com/Alexander89/rust-tello on toolchain beta-2023-04-20
[INFO] running `Command { std: CARGO_HOME="/workspace/cargo-home" RUSTUP_HOME="/workspace/rustup-home" "/workspace/cargo-home/bin/cargo" "+beta-2023-04-20" "metadata" "--manifest-path" "Cargo.toml" "--no-deps", kill_on_drop: false }`
[INFO] started tweaking git repo https://github.com/Alexander89/rust-tello
[INFO] removed 0 missing examples
[INFO] finished tweaking git repo https://github.com/Alexander89/rust-tello
[INFO] tweaked toml for git repo https://github.com/Alexander89/rust-tello written to /workspace/builds/worker-5-tc2/source/Cargo.toml
[INFO] crate git repo https://github.com/Alexander89/rust-tello already has a lockfile, it will not be regenerated
[INFO] running `Command { std: CARGO_HOME="/workspace/cargo-home" RUSTUP_HOME="/workspace/rustup-home" "/workspace/cargo-home/bin/cargo" "+beta-2023-04-20" "fetch" "--manifest-path" "Cargo.toml", kill_on_drop: false }`
[INFO] [stderr] warning: only one of `license` or `license-file` is necessary
[INFO] [stderr] `license` should be used if the package license can be expressed with a standard SPDX expression.
[INFO] [stderr] `license-file` should be used if the package uses a non-standard license.
[INFO] [stderr] See https://doc.rust-lang.org/cargo/reference/manifest.html#the-license-and-license-file-fields for more information.
[INFO] [stderr]  Downloading crates ...
[INFO] [stderr]   Downloaded gilrs-core v0.2.6
[INFO] [stderr]   Downloaded io-kit-sys v0.1.0
[INFO] [stderr]   Downloaded wasm-bindgen-shared v0.2.64
[INFO] [stderr]   Downloaded wasm-bindgen-macro-support v0.2.64
[INFO] [stderr]   Downloaded wasm-bindgen-macro v0.2.64
[INFO] [stderr]   Downloaded wasm-bindgen-backend v0.2.64
[INFO] [stderr]   Downloaded wasm-bindgen v0.2.64
[INFO] [stderr]   Downloaded gilrs v0.7.4
[INFO] [stderr]   Downloaded tokio v1.11.0
[INFO] running `Command { std: "docker" "create" "-v" "/var/lib/crater-agent-workspace/builds/worker-5-tc2/target:/opt/rustwide/target:rw,Z" "-v" "/var/lib/crater-agent-workspace/builds/worker-5-tc2/source:/opt/rustwide/workdir:ro,Z" "-v" "/var/lib/crater-agent-workspace/cargo-home:/opt/rustwide/cargo-home:ro,Z" "-v" "/var/lib/crater-agent-workspace/rustup-home:/opt/rustwide/rustup-home:ro,Z" "-e" "SOURCE_DIR=/opt/rustwide/workdir" "-e" "CARGO_TARGET_DIR=/opt/rustwide/target" "-e" "CARGO_HOME=/opt/rustwide/cargo-home" "-e" "RUSTUP_HOME=/opt/rustwide/rustup-home" "-w" "/opt/rustwide/workdir" "-m" "1610612736" "--user" "0:0" "--network" "none" "ghcr.io/rust-lang/crates-build-env/linux@sha256:5ff2268d62e97bff2cde7d5815dd6ed5b47097566f13b8d0ca110b04b60e07ed" "/opt/rustwide/cargo-home/bin/cargo" "+beta-2023-04-20" "metadata" "--no-deps" "--format-version=1", kill_on_drop: false }`
[INFO] [stdout] 5350c321c3974c2f2ef40d5134a99985ed4701195a670e532f69d1341f35ba20
[INFO] running `Command { std: "docker" "start" "-a" "5350c321c3974c2f2ef40d5134a99985ed4701195a670e532f69d1341f35ba20", kill_on_drop: false }`
[INFO] running `Command { std: "docker" "inspect" "5350c321c3974c2f2ef40d5134a99985ed4701195a670e532f69d1341f35ba20", kill_on_drop: false }`
[INFO] running `Command { std: "docker" "rm" "-f" "5350c321c3974c2f2ef40d5134a99985ed4701195a670e532f69d1341f35ba20", kill_on_drop: false }`
[INFO] [stdout] 5350c321c3974c2f2ef40d5134a99985ed4701195a670e532f69d1341f35ba20
[INFO] running `Command { std: "docker" "create" "-v" "/var/lib/crater-agent-workspace/builds/worker-5-tc2/target:/opt/rustwide/target:rw,Z" "-v" "/var/lib/crater-agent-workspace/builds/worker-5-tc2/source:/opt/rustwide/workdir:ro,Z" "-v" "/var/lib/crater-agent-workspace/cargo-home:/opt/rustwide/cargo-home:ro,Z" "-v" "/var/lib/crater-agent-workspace/rustup-home:/opt/rustwide/rustup-home:ro,Z" "-e" "SOURCE_DIR=/opt/rustwide/workdir" "-e" "CARGO_TARGET_DIR=/opt/rustwide/target" "-e" "CARGO_INCREMENTAL=0" "-e" "RUST_BACKTRACE=full" "-e" "RUSTFLAGS=--cap-lints=warn" "-e" "RUSTDOCFLAGS=--cap-lints=warn" "-e" "CARGO_HOME=/opt/rustwide/cargo-home" "-e" "RUSTUP_HOME=/opt/rustwide/rustup-home" "-w" "/opt/rustwide/workdir" "-m" "1610612736" "--user" "0:0" "--network" "none" "ghcr.io/rust-lang/crates-build-env/linux@sha256:5ff2268d62e97bff2cde7d5815dd6ed5b47097566f13b8d0ca110b04b60e07ed" "/opt/rustwide/cargo-home/bin/cargo" "+beta-2023-04-20" "build" "--frozen" "--message-format=json", kill_on_drop: false }`
[INFO] [stdout] 496c954a8fa6da22e62cb08dc62d8a85bc7b5343ebb4fc2aabfca6b5f0596b60
[INFO] running `Command { std: "docker" "start" "-a" "496c954a8fa6da22e62cb08dc62d8a85bc7b5343ebb4fc2aabfca6b5f0596b60", kill_on_drop: false }`
[INFO] [stderr] warning: only one of `license` or `license-file` is necessary
[INFO] [stderr] `license` should be used if the package license can be expressed with a standard SPDX expression.
[INFO] [stderr] `license-file` should be used if the package uses a non-standard license.
[INFO] [stderr] See https://doc.rust-lang.org/cargo/reference/manifest.html#the-license-and-license-file-fields for more information.
[INFO] [stderr]    Compiling libc v0.2.99
[INFO] [stderr]    Compiling log v0.4.8
[INFO] [stderr]    Compiling syn v1.0.74
[INFO] [stderr]    Compiling futures-core v0.3.16
[INFO] [stderr]    Compiling pin-project-lite v0.2.7
[INFO] [stderr]    Compiling bytes v1.1.0
[INFO] [stderr]    Compiling futures-sink v0.3.16
[INFO] [stderr]    Compiling byteorder v1.4.3
[INFO] [stderr]    Compiling num-traits v0.2.10
[INFO] [stderr]    Compiling tokio v1.11.0
[INFO] [stderr]    Compiling num-integer v0.1.41
[INFO] [stderr]    Compiling proc-macro2 v1.0.28
[INFO] [stderr]    Compiling quote v1.0.7
[INFO] [stderr]    Compiling num_cpus v1.13.0
[INFO] [stderr]    Compiling mio v0.7.13
[INFO] [stderr]    Compiling time v0.1.44
[INFO] [stderr]    Compiling chrono v0.4.19
[INFO] [stderr]    Compiling tokio-macros v1.3.0
[INFO] [stderr]    Compiling tokio-util v0.6.8
[INFO] [stderr]    Compiling tokio-stream v0.1.7
[INFO] [stderr]    Compiling tello v0.6.3 (/opt/rustwide/workdir)
[INFO] [stdout] warning: field `level` is never read
[INFO] [stdout]    --> src/lib.rs:160:9
[INFO] [stdout]     |
[INFO] [stdout] 156 | struct VideoSettings {
[INFO] [stdout]     |        ------------- field in this struct
[INFO] [stdout] ...
[INFO] [stdout] 160 |     pub level: u8,
[INFO] [stdout]     |         ^^^^^
[INFO] [stdout]     |
[INFO] [stdout]     = note: `VideoSettings` has derived impls for the traits `Clone` and `Debug`, but these are intentionally ignored during dead code analysis
[INFO] [stdout]     = note: `#[warn(dead_code)]` on by default
[INFO] [stdout] 
[INFO] [stdout] 
[INFO] [stdout] warning: fields `strength` and `disturb` are never read
[INFO] [stdout]    --> src/drone_state.rs:152:5
[INFO] [stdout]     |
[INFO] [stdout] 151 | pub struct WifiInfo {
[INFO] [stdout]     |            -------- fields in this struct
[INFO] [stdout] 152 |     strength: u8,
[INFO] [stdout]     |     ^^^^^^^^
[INFO] [stdout] 153 |     disturb: u8,
[INFO] [stdout]     |     ^^^^^^^
[INFO] [stdout]     |
[INFO] [stdout]     = note: `WifiInfo` has derived impls for the traits `Clone` and `Debug`, but these are intentionally ignored during dead code analysis
[INFO] [stdout] 
[INFO] [stdout] 
[INFO] [stdout] warning: field `good` is never read
[INFO] [stdout]    --> src/drone_state.rs:169:5
[INFO] [stdout]     |
[INFO] [stdout] 168 | pub struct LightInfo {
[INFO] [stdout]     |            --------- field in this struct
[INFO] [stdout] 169 |     good: bool,
[INFO] [stdout]     |     ^^^^
[INFO] [stdout]     |
[INFO] [stdout]     = note: `LightInfo` has derived impls for the traits `Clone` and `Debug`, but these are intentionally ignored during dead code analysis
[INFO] [stdout] 
[INFO] [stdout] 
[INFO] [stdout] warning: 3 warnings emitted
[INFO] [stdout] 
[INFO] [stdout] 
[INFO] [stderr]     Finished dev [unoptimized + debuginfo] target(s) in 6.24s
[INFO] running `Command { std: "docker" "inspect" "496c954a8fa6da22e62cb08dc62d8a85bc7b5343ebb4fc2aabfca6b5f0596b60", kill_on_drop: false }`
[INFO] running `Command { std: "docker" "rm" "-f" "496c954a8fa6da22e62cb08dc62d8a85bc7b5343ebb4fc2aabfca6b5f0596b60", kill_on_drop: false }`
[INFO] [stdout] 496c954a8fa6da22e62cb08dc62d8a85bc7b5343ebb4fc2aabfca6b5f0596b60
[INFO] running `Command { std: "docker" "create" "-v" "/var/lib/crater-agent-workspace/builds/worker-5-tc2/target:/opt/rustwide/target:rw,Z" "-v" "/var/lib/crater-agent-workspace/builds/worker-5-tc2/source:/opt/rustwide/workdir:ro,Z" "-v" "/var/lib/crater-agent-workspace/cargo-home:/opt/rustwide/cargo-home:ro,Z" "-v" "/var/lib/crater-agent-workspace/rustup-home:/opt/rustwide/rustup-home:ro,Z" "-e" "SOURCE_DIR=/opt/rustwide/workdir" "-e" "CARGO_TARGET_DIR=/opt/rustwide/target" "-e" "CARGO_INCREMENTAL=0" "-e" "RUST_BACKTRACE=full" "-e" "RUSTFLAGS=--cap-lints=warn" "-e" "RUSTDOCFLAGS=--cap-lints=warn" "-e" "CARGO_HOME=/opt/rustwide/cargo-home" "-e" "RUSTUP_HOME=/opt/rustwide/rustup-home" "-w" "/opt/rustwide/workdir" "-m" "1610612736" "--user" "0:0" "--network" "none" "ghcr.io/rust-lang/crates-build-env/linux@sha256:5ff2268d62e97bff2cde7d5815dd6ed5b47097566f13b8d0ca110b04b60e07ed" "/opt/rustwide/cargo-home/bin/cargo" "+beta-2023-04-20" "test" "--frozen" "--no-run" "--message-format=json", kill_on_drop: false }`
[INFO] [stdout] 08ad671ae4fcac1ae283bcecbd9ff49ee3786142b5f0cef4a70433937bf20500
[INFO] running `Command { std: "docker" "start" "-a" "08ad671ae4fcac1ae283bcecbd9ff49ee3786142b5f0cef4a70433937bf20500", kill_on_drop: false }`
[INFO] [stderr] warning: only one of `license` or `license-file` is necessary
[INFO] [stderr] `license` should be used if the package license can be expressed with a standard SPDX expression.
[INFO] [stderr] `license-file` should be used if the package uses a non-standard license.
[INFO] [stderr] See https://doc.rust-lang.org/cargo/reference/manifest.html#the-license-and-license-file-fields for more information.
[INFO] [stderr]    Compiling proc-macro-hack v0.5.19
[INFO] [stderr]    Compiling pkg-config v0.3.17
[INFO] [stderr]    Compiling version-compare v0.0.10
[INFO] [stderr]    Compiling futures-macro v0.3.16
[INFO] [stderr]    Compiling futures-task v0.3.16
[INFO] [stderr]    Compiling proc-macro-nested v0.1.7
[INFO] [stderr]    Compiling futures-channel v0.3.16
[INFO] [stderr]    Compiling futures-util v0.3.16
[INFO] [stderr]    Compiling nix v0.15.0
[INFO] [stderr]    Compiling futures-io v0.3.16
[INFO] [stderr]    Compiling slab v0.4.4
[INFO] [stderr]    Compiling void v1.0.2
[INFO] [stderr]    Compiling pin-utils v0.1.0
[INFO] [stderr]    Compiling uuid v0.8.1
[INFO] [stderr]    Compiling sdl2 v0.34.5
[INFO] [stdout] warning: field `level` is never read
[INFO] [stdout]    --> src/lib.rs:160:9
[INFO] [stdout]     |
[INFO] [stdout] 156 | struct VideoSettings {
[INFO] [stdout]     |        ------------- field in this struct
[INFO] [stdout] ...
[INFO] [stdout] 160 |     pub level: u8,
[INFO] [stdout]     |         ^^^^^
[INFO] [stdout]     |
[INFO] [stdout]     = note: `VideoSettings` has derived impls for the traits `Clone` and `Debug`, but these are intentionally ignored during dead code analysis
[INFO] [stdout]     = note: `#[warn(dead_code)]` on by default
[INFO] [stdout] 
[INFO] [stdout] 
[INFO] [stdout] warning: fields `strength` and `disturb` are never read
[INFO] [stdout]    --> src/drone_state.rs:152:5
[INFO] [stdout]     |
[INFO] [stdout] 151 | pub struct WifiInfo {
[INFO] [stdout]     |            -------- fields in this struct
[INFO] [stdout] 152 |     strength: u8,
[INFO] [stdout]     |     ^^^^^^^^
[INFO] [stdout] 153 |     disturb: u8,
[INFO] [stdout]     |     ^^^^^^^
[INFO] [stdout]     |
[INFO] [stdout]     = note: `WifiInfo` has derived impls for the traits `Clone` and `Debug`, but these are intentionally ignored during dead code analysis
[INFO] [stdout] 
[INFO] [stdout] 
[INFO] [stdout] warning: field `good` is never read
[INFO] [stdout]    --> src/drone_state.rs:169:5
[INFO] [stdout]     |
[INFO] [stdout] 168 | pub struct LightInfo {
[INFO] [stdout]     |            --------- field in this struct
[INFO] [stdout] 169 |     good: bool,
[INFO] [stdout]     |     ^^^^
[INFO] [stdout]     |
[INFO] [stdout]     = note: `LightInfo` has derived impls for the traits `Clone` and `Debug`, but these are intentionally ignored during dead code analysis
[INFO] [stdout] 
[INFO] [stdout] 
[INFO] [stdout] warning: 3 warnings emitted
[INFO] [stdout] 
[INFO] [stdout] 
[INFO] [stderr]    Compiling sdl2-sys v0.34.5
[INFO] [stderr]    Compiling libudev-sys v0.1.4
[INFO] [stderr]    Compiling gilrs-core v0.2.6
[INFO] [stderr]    Compiling gilrs v0.7.4
[INFO] [stderr]    Compiling futures-executor v0.3.16
[INFO] [stderr]    Compiling futures v0.3.16
[INFO] [stderr]    Compiling tello v0.6.3 (/opt/rustwide/workdir)
[INFO] [stdout] error[E0599]: no method named `try_recv` found for struct `tokio::sync::watch::Receiver` in the current scope
[INFO] [stdout]   --> examples/command_mode_keyboard/main.rs:46:25
[INFO] [stdout]    |
[INFO] [stdout] 46 |             match state.try_recv() {
[INFO] [stdout]    |                         ^^^^^^^^ method not found in `Receiver<Option<CommandModeState>>`
[INFO] [stdout] 
[INFO] [stdout] 
[INFO] [stdout] error[E0599]: no method named `recv_timeout` found for struct `tokio::sync::watch::Receiver` in the current scope
[INFO] [stdout]   --> examples/command_mode/main.rs:11:21
[INFO] [stdout]    |
[INFO] [stdout] 11 |         match state.recv_timeout(Duration::from_secs(5)) {
[INFO] [stdout]    |                     ^^^^^^^^^^^^ method not found in `Receiver<Option<CommandModeState>>`
[INFO] [stdout] 
[INFO] [stdout] 
[INFO] [stdout] error: aborting due to previous error
[INFO] [stdout] 
[INFO] [stdout] 
[INFO] [stdout] For more information about this error, try `rustc --explain E0599`.
[INFO] [stdout] 
[INFO] [stdout] error: aborting due to previous error
[INFO] [stdout] 
[INFO] [stdout] 
[INFO] [stdout] For more information about this error, try `rustc --explain E0599`.
[INFO] [stdout] 
[INFO] [stderr] error: could not compile `tello` (example "command_mode_keyboard") due to 2 previous errors
[INFO] [stderr] warning: build failed, waiting for other jobs to finish...
[INFO] [stderr] error: could not compile `tello` (example "command_mode") due to 2 previous errors
[INFO] [stdout] warning: field `level` is never read
[INFO] [stdout]    --> src/lib.rs:160:9
[INFO] [stdout]     |
[INFO] [stdout] 156 | struct VideoSettings {
[INFO] [stdout]     |        ------------- field in this struct
[INFO] [stdout] ...
[INFO] [stdout] 160 |     pub level: u8,
[INFO] [stdout]     |         ^^^^^
[INFO] [stdout]     |
[INFO] [stdout]     = note: `VideoSettings` has derived impls for the traits `Clone` and `Debug`, but these are intentionally ignored during dead code analysis
[INFO] [stdout]     = note: `#[warn(dead_code)]` on by default
[INFO] [stdout] 
[INFO] [stdout] 
[INFO] [stdout] warning: fields `strength` and `disturb` are never read
[INFO] [stdout]    --> src/drone_state.rs:152:5
[INFO] [stdout]     |
[INFO] [stdout] 151 | pub struct WifiInfo {
[INFO] [stdout]     |            -------- fields in this struct
[INFO] [stdout] 152 |     strength: u8,
[INFO] [stdout]     |     ^^^^^^^^
[INFO] [stdout] 153 |     disturb: u8,
[INFO] [stdout]     |     ^^^^^^^
[INFO] [stdout]     |
[INFO] [stdout]     = note: `WifiInfo` has derived impls for the traits `Clone` and `Debug`, but these are intentionally ignored during dead code analysis
[INFO] [stdout] 
[INFO] [stdout] 
[INFO] [stdout] warning: field `good` is never read
[INFO] [stdout]    --> src/drone_state.rs:169:5
[INFO] [stdout]     |
[INFO] [stdout] 168 | pub struct LightInfo {
[INFO] [stdout]     |            --------- field in this struct
[INFO] [stdout] 169 |     good: bool,
[INFO] [stdout]     |     ^^^^
[INFO] [stdout]     |
[INFO] [stdout]     = note: `LightInfo` has derived impls for the traits `Clone` and `Debug`, but these are intentionally ignored during dead code analysis
[INFO] [stdout] 
[INFO] [stdout] 
[INFO] [stdout] error: linking with `cc` failed: exit status: 1
[INFO] [stdout]   |
[INFO] [stdout]   = note: LC_ALL="C" PATH="/opt/rustwide/rustup-home/toolchains/beta-2023-04-20-x86_64-unknown-linux-gnu/lib/rustlib/x86_64-unknown-linux-gnu/bin:/opt/rustwide/cargo-home/bin:/usr/local/sbin:/usr/local/bin:/usr/sbin:/usr/bin:/sbin:/bin" VSLANG="1033" "cc" "-m64" "/tmp/rustcLtKCHy/symbols.o" "/opt/rustwide/target/debug/examples/fly-059e520d1be2ab2e.fly.53ab5f25-cgu.0.rcgu.o" "/opt/rustwide/target/debug/examples/fly-059e520d1be2ab2e.fly.53ab5f25-cgu.1.rcgu.o" "/opt/rustwide/target/debug/examples/fly-059e520d1be2ab2e.fly.53ab5f25-cgu.10.rcgu.o" "/opt/rustwide/target/debug/examples/fly-059e520d1be2ab2e.fly.53ab5f25-cgu.11.rcgu.o" "/opt/rustwide/target/debug/examples/fly-059e520d1be2ab2e.fly.53ab5f25-cgu.12.rcgu.o" "/opt/rustwide/target/debug/examples/fly-059e520d1be2ab2e.fly.53ab5f25-cgu.13.rcgu.o" "/opt/rustwide/target/debug/examples/fly-059e520d1be2ab2e.fly.53ab5f25-cgu.14.rcgu.o" "/opt/rustwide/target/debug/examples/fly-059e520d1be2ab2e.fly.53ab5f25-cgu.15.rcgu.o" "/opt/rustwide/target/debug/examples/fly-059e520d1be2ab2e.fly.53ab5f25-cgu.2.rcgu.o" "/opt/rustwide/target/debug/examples/fly-059e520d1be2ab2e.fly.53ab5f25-cgu.3.rcgu.o" "/opt/rustwide/target/debug/examples/fly-059e520d1be2ab2e.fly.53ab5f25-cgu.4.rcgu.o" "/opt/rustwide/target/debug/examples/fly-059e520d1be2ab2e.fly.53ab5f25-cgu.5.rcgu.o" "/opt/rustwide/target/debug/examples/fly-059e520d1be2ab2e.fly.53ab5f25-cgu.6.rcgu.o" "/opt/rustwide/target/debug/examples/fly-059e520d1be2ab2e.fly.53ab5f25-cgu.7.rcgu.o" "/opt/rustwide/target/debug/examples/fly-059e520d1be2ab2e.fly.53ab5f25-cgu.8.rcgu.o" "/opt/rustwide/target/debug/examples/fly-059e520d1be2ab2e.fly.53ab5f25-cgu.9.rcgu.o" "/opt/rustwide/target/debug/examples/fly-059e520d1be2ab2e.2xpqjgfxiownm93t.rcgu.o" "-Wl,--as-needed" "-L" "/opt/rustwide/target/debug/deps" "-L" "/usr/lib/x86_64-linux-gnu" "-L" "/opt/rustwide/rustup-home/toolchains/beta-2023-04-20-x86_64-unknown-linux-gnu/lib/rustlib/x86_64-unknown-linux-gnu/lib" "-Wl,-Bstatic" "/opt/rustwide/target/debug/deps/libtello-c7e9fce96fe692bb.rlib" "/opt/rustwide/target/debug/deps/libtokio-47cefde07134cbab.rlib" "/opt/rustwide/target/debug/deps/libnum_cpus-79bb37d972963eaa.rlib" "/opt/rustwide/target/debug/deps/libpin_project_lite-cd107537ca905c26.rlib" "/opt/rustwide/target/debug/deps/libmio-232219e1583ebe2f.rlib" "/opt/rustwide/target/debug/deps/liblog-40db1ddbb0cb14b7.rlib" "/opt/rustwide/target/debug/deps/libcfg_if-b22544e46cbb7baa.rlib" "/opt/rustwide/target/debug/deps/libchrono-c7315b95853a3591.rlib" "/opt/rustwide/target/debug/deps/libnum_integer-6ac0440155c1789e.rlib" "/opt/rustwide/target/debug/deps/libnum_traits-0156b1a9a244fcba.rlib" "/opt/rustwide/target/debug/deps/libtime-9b1d1c7c1608d64b.rlib" "/opt/rustwide/target/debug/deps/libbyteorder-614d7e4e7f7903e2.rlib" "/opt/rustwide/target/debug/deps/libsdl2-05ad97e043b27f02.rlib" "/opt/rustwide/target/debug/deps/libsdl2_sys-77d8ee127f761b59.rlib" "/opt/rustwide/target/debug/deps/libbitflags-9667ec3d8c9ff014.rlib" "/opt/rustwide/target/debug/deps/liblazy_static-86422d76b8bd90ed.rlib" "/opt/rustwide/target/debug/deps/liblibc-e670eab8d07d182a.rlib" "/opt/rustwide/rustup-home/toolchains/beta-2023-04-20-x86_64-unknown-linux-gnu/lib/rustlib/x86_64-unknown-linux-gnu/lib/libstd-0e29cc23c5e02021.rlib" "/opt/rustwide/rustup-home/toolchains/beta-2023-04-20-x86_64-unknown-linux-gnu/lib/rustlib/x86_64-unknown-linux-gnu/lib/libpanic_unwind-d903621768a861d9.rlib" "/opt/rustwide/rustup-home/toolchains/beta-2023-04-20-x86_64-unknown-linux-gnu/lib/rustlib/x86_64-unknown-linux-gnu/lib/libobject-6d0225e655f31c13.rlib" "/opt/rustwide/rustup-home/toolchains/beta-2023-04-20-x86_64-unknown-linux-gnu/lib/rustlib/x86_64-unknown-linux-gnu/lib/libmemchr-9dbaf4eac7eaa079.rlib" "/opt/rustwide/rustup-home/toolchains/beta-2023-04-20-x86_64-unknown-linux-gnu/lib/rustlib/x86_64-unknown-linux-gnu/lib/libaddr2line-27f05b3d42a66dd0.rlib" "/opt/rustwide/rustup-home/toolchains/beta-2023-04-20-x86_64-unknown-linux-gnu/lib/rustlib/x86_64-unknown-linux-gnu/lib/libgimli-4d73f1030321c9a2.rlib" "/opt/rustwide/rustup-home/toolchains/beta-2023-04-20-x86_64-unknown-linux-gnu/lib/rustlib/x86_64-unknown-linux-gnu/lib/librustc_demangle-2846c9e58abd0acb.rlib" "/opt/rustwide/rustup-home/toolchains/beta-2023-04-20-x86_64-unknown-linux-gnu/lib/rustlib/x86_64-unknown-linux-gnu/lib/libstd_detect-a53d0f50415947be.rlib" "/opt/rustwide/rustup-home/toolchains/beta-2023-04-20-x86_64-unknown-linux-gnu/lib/rustlib/x86_64-unknown-linux-gnu/lib/libhashbrown-d48e4b6abc25b9dc.rlib" "/opt/rustwide/rustup-home/toolchains/beta-2023-04-20-x86_64-unknown-linux-gnu/lib/rustlib/x86_64-unknown-linux-gnu/lib/libminiz_oxide-2991859439ef1207.rlib" "/opt/rustwide/rustup-home/toolchains/beta-2023-04-20-x86_64-unknown-linux-gnu/lib/rustlib/x86_64-unknown-linux-gnu/lib/libadler-8a687517e4221bae.rlib" "/opt/rustwide/rustup-home/toolchains/beta-2023-04-20-x86_64-unknown-linux-gnu/lib/rustlib/x86_64-unknown-linux-gnu/lib/librustc_std_workspace_alloc-e07b554f6a67f5b3.rlib" "/opt/rustwide/rustup-home/toolchains/beta-2023-04-20-x86_64-unknown-linux-gnu/lib/rustlib/x86_64-unknown-linux-gnu/lib/libunwind-b68238b7c3c619dd.rlib" "/opt/rustwide/rustup-home/toolchains/beta-2023-04-20-x86_64-unknown-linux-gnu/lib/rustlib/x86_64-unknown-linux-gnu/lib/libcfg_if-d5e213e896c017e4.rlib" "/opt/rustwide/rustup-home/toolchains/beta-2023-04-20-x86_64-unknown-linux-gnu/lib/rustlib/x86_64-unknown-linux-gnu/lib/liblibc-0211a3b2e61d8689.rlib" "/opt/rustwide/rustup-home/toolchains/beta-2023-04-20-x86_64-unknown-linux-gnu/lib/rustlib/x86_64-unknown-linux-gnu/lib/liballoc-b371f055239ba51f.rlib" "/opt/rustwide/rustup-home/toolchains/beta-2023-04-20-x86_64-unknown-linux-gnu/lib/rustlib/x86_64-unknown-linux-gnu/lib/librustc_std_workspace_core-e60518d2760eb01e.rlib" "/opt/rustwide/rustup-home/toolchains/beta-2023-04-20-x86_64-unknown-linux-gnu/lib/rustlib/x86_64-unknown-linux-gnu/lib/libcore-1ad943f92a4b1081.rlib" "/opt/rustwide/rustup-home/toolchains/beta-2023-04-20-x86_64-unknown-linux-gnu/lib/rustlib/x86_64-unknown-linux-gnu/lib/libcompiler_builtins-f0d6e4d0fc1e80b4.rlib" "-Wl,-Bdynamic" "-lSDL2" "-lSDL2_ttf" "-lgcc_s" "-lutil" "-lrt" "-lpthread" "-lm" "-ldl" "-lc" "-Wl,--eh-frame-hdr" "-Wl,-z,noexecstack" "-L" "/opt/rustwide/rustup-home/toolchains/beta-2023-04-20-x86_64-unknown-linux-gnu/lib/rustlib/x86_64-unknown-linux-gnu/lib" "-o" "/opt/rustwide/target/debug/examples/fly-059e520d1be2ab2e" "-Wl,--gc-sections" "-pie" "-Wl,-z,relro,-z,now" "-nodefaultlibs"
[INFO] [stdout]   = note: /usr/bin/ld: cannot find -lSDL2_ttf: No such file or directory
[INFO] [stdout]           collect2: error: ld returned 1 exit status
[INFO] [stdout]           
[INFO] [stdout] 
[INFO] [stdout] 
[INFO] [stdout] error: aborting due to previous error
[INFO] [stdout] 
[INFO] [stdout] 
[INFO] [stderr] error: could not compile `tello` (example "fly") due to 2 previous errors
[INFO] [stdout] error: linking with `cc` failed: exit status: 1
[INFO] [stdout]   |
[INFO] [stdout]   = note: LC_ALL="C" PATH="/opt/rustwide/rustup-home/toolchains/beta-2023-04-20-x86_64-unknown-linux-gnu/lib/rustlib/x86_64-unknown-linux-gnu/bin:/opt/rustwide/cargo-home/bin:/usr/local/sbin:/usr/local/bin:/usr/sbin:/usr/bin:/sbin:/bin" VSLANG="1033" "cc" "-m64" "/tmp/rustcViOOlh/symbols.o" "/opt/rustwide/target/debug/examples/fly_gamepad-aca706fb131628b0.fly_gamepad.9e36bb0d-cgu.0.rcgu.o" "/opt/rustwide/target/debug/examples/fly_gamepad-aca706fb131628b0.fly_gamepad.9e36bb0d-cgu.1.rcgu.o" "/opt/rustwide/target/debug/examples/fly_gamepad-aca706fb131628b0.fly_gamepad.9e36bb0d-cgu.10.rcgu.o" "/opt/rustwide/target/debug/examples/fly_gamepad-aca706fb131628b0.fly_gamepad.9e36bb0d-cgu.11.rcgu.o" "/opt/rustwide/target/debug/examples/fly_gamepad-aca706fb131628b0.fly_gamepad.9e36bb0d-cgu.12.rcgu.o" "/opt/rustwide/target/debug/examples/fly_gamepad-aca706fb131628b0.fly_gamepad.9e36bb0d-cgu.13.rcgu.o" "/opt/rustwide/target/debug/examples/fly_gamepad-aca706fb131628b0.fly_gamepad.9e36bb0d-cgu.14.rcgu.o" "/opt/rustwide/target/debug/examples/fly_gamepad-aca706fb131628b0.fly_gamepad.9e36bb0d-cgu.15.rcgu.o" "/opt/rustwide/target/debug/examples/fly_gamepad-aca706fb131628b0.fly_gamepad.9e36bb0d-cgu.2.rcgu.o" "/opt/rustwide/target/debug/examples/fly_gamepad-aca706fb131628b0.fly_gamepad.9e36bb0d-cgu.3.rcgu.o" "/opt/rustwide/target/debug/examples/fly_gamepad-aca706fb131628b0.fly_gamepad.9e36bb0d-cgu.4.rcgu.o" "/opt/rustwide/target/debug/examples/fly_gamepad-aca706fb131628b0.fly_gamepad.9e36bb0d-cgu.5.rcgu.o" "/opt/rustwide/target/debug/examples/fly_gamepad-aca706fb131628b0.fly_gamepad.9e36bb0d-cgu.6.rcgu.o" "/opt/rustwide/target/debug/examples/fly_gamepad-aca706fb131628b0.fly_gamepad.9e36bb0d-cgu.7.rcgu.o" "/opt/rustwide/target/debug/examples/fly_gamepad-aca706fb131628b0.fly_gamepad.9e36bb0d-cgu.8.rcgu.o" "/opt/rustwide/target/debug/examples/fly_gamepad-aca706fb131628b0.fly_gamepad.9e36bb0d-cgu.9.rcgu.o" "/opt/rustwide/target/debug/examples/fly_gamepad-aca706fb131628b0.2lbcf58xs4xs3uc7.rcgu.o" "-Wl,--as-needed" "-L" "/opt/rustwide/target/debug/deps" "-L" "/usr/lib/x86_64-linux-gnu" "-L" "/opt/rustwide/rustup-home/toolchains/beta-2023-04-20-x86_64-unknown-linux-gnu/lib/rustlib/x86_64-unknown-linux-gnu/lib" "-Wl,-Bstatic" "/opt/rustwide/target/debug/deps/libtello-c7e9fce96fe692bb.rlib" "/opt/rustwide/target/debug/deps/libtokio-47cefde07134cbab.rlib" "/opt/rustwide/target/debug/deps/libnum_cpus-79bb37d972963eaa.rlib" "/opt/rustwide/target/debug/deps/libpin_project_lite-cd107537ca905c26.rlib" "/opt/rustwide/target/debug/deps/libmio-232219e1583ebe2f.rlib" "/opt/rustwide/target/debug/deps/libchrono-c7315b95853a3591.rlib" "/opt/rustwide/target/debug/deps/libnum_integer-6ac0440155c1789e.rlib" "/opt/rustwide/target/debug/deps/libnum_traits-0156b1a9a244fcba.rlib" "/opt/rustwide/target/debug/deps/libtime-9b1d1c7c1608d64b.rlib" "/opt/rustwide/target/debug/deps/libbyteorder-614d7e4e7f7903e2.rlib" "/opt/rustwide/target/debug/deps/libgilrs-abf8e83c18ce0941.rlib" "/opt/rustwide/target/debug/deps/libgilrs_core-cda794d637999375.rlib" "/opt/rustwide/target/debug/deps/liblog-40db1ddbb0cb14b7.rlib" "/opt/rustwide/target/debug/deps/libuuid-aabe0715891c4440.rlib" "/opt/rustwide/target/debug/deps/libvec_map-18b27ee44a5c9049.rlib" "/opt/rustwide/target/debug/deps/libnix-48fda25ac9202efd.rlib" "/opt/rustwide/target/debug/deps/libvoid-fc8910124e59282b.rlib" "/opt/rustwide/target/debug/deps/libcfg_if-b22544e46cbb7baa.rlib" "/opt/rustwide/target/debug/deps/liblibudev_sys-bf0d3eff10f6d174.rlib" "/opt/rustwide/target/debug/deps/libfnv-bb690c336855f248.rlib" "/opt/rustwide/target/debug/deps/libsdl2-05ad97e043b27f02.rlib" "/opt/rustwide/target/debug/deps/libsdl2_sys-77d8ee127f761b59.rlib" "/opt/rustwide/target/debug/deps/libbitflags-9667ec3d8c9ff014.rlib" "/opt/rustwide/target/debug/deps/liblazy_static-86422d76b8bd90ed.rlib" "/opt/rustwide/target/debug/deps/liblibc-e670eab8d07d182a.rlib" "/opt/rustwide/rustup-home/toolchains/beta-2023-04-20-x86_64-unknown-linux-gnu/lib/rustlib/x86_64-unknown-linux-gnu/lib/libstd-0e29cc23c5e02021.rlib" "/opt/rustwide/rustup-home/toolchains/beta-2023-04-20-x86_64-unknown-linux-gnu/lib/rustlib/x86_64-unknown-linux-gnu/lib/libpanic_unwind-d903621768a861d9.rlib" "/opt/rustwide/rustup-home/toolchains/beta-2023-04-20-x86_64-unknown-linux-gnu/lib/rustlib/x86_64-unknown-linux-gnu/lib/libobject-6d0225e655f31c13.rlib" "/opt/rustwide/rustup-home/toolchains/beta-2023-04-20-x86_64-unknown-linux-gnu/lib/rustlib/x86_64-unknown-linux-gnu/lib/libmemchr-9dbaf4eac7eaa079.rlib" "/opt/rustwide/rustup-home/toolchains/beta-2023-04-20-x86_64-unknown-linux-gnu/lib/rustlib/x86_64-unknown-linux-gnu/lib/libaddr2line-27f05b3d42a66dd0.rlib" "/opt/rustwide/rustup-home/toolchains/beta-2023-04-20-x86_64-unknown-linux-gnu/lib/rustlib/x86_64-unknown-linux-gnu/lib/libgimli-4d73f1030321c9a2.rlib" "/opt/rustwide/rustup-home/toolchains/beta-2023-04-20-x86_64-unknown-linux-gnu/lib/rustlib/x86_64-unknown-linux-gnu/lib/librustc_demangle-2846c9e58abd0acb.rlib" "/opt/rustwide/rustup-home/toolchains/beta-2023-04-20-x86_64-unknown-linux-gnu/lib/rustlib/x86_64-unknown-linux-gnu/lib/libstd_detect-a53d0f50415947be.rlib" "/opt/rustwide/rustup-home/toolchains/beta-2023-04-20-x86_64-unknown-linux-gnu/lib/rustlib/x86_64-unknown-linux-gnu/lib/libhashbrown-d48e4b6abc25b9dc.rlib" "/opt/rustwide/rustup-home/toolchains/beta-2023-04-20-x86_64-unknown-linux-gnu/lib/rustlib/x86_64-unknown-linux-gnu/lib/libminiz_oxide-2991859439ef1207.rlib" "/opt/rustwide/rustup-home/toolchains/beta-2023-04-20-x86_64-unknown-linux-gnu/lib/rustlib/x86_64-unknown-linux-gnu/lib/libadler-8a687517e4221bae.rlib" "/opt/rustwide/rustup-home/toolchains/beta-2023-04-20-x86_64-unknown-linux-gnu/lib/rustlib/x86_64-unknown-linux-gnu/lib/librustc_std_workspace_alloc-e07b554f6a67f5b3.rlib" "/opt/rustwide/rustup-home/toolchains/beta-2023-04-20-x86_64-unknown-linux-gnu/lib/rustlib/x86_64-unknown-linux-gnu/lib/libunwind-b68238b7c3c619dd.rlib" "/opt/rustwide/rustup-home/toolchains/beta-2023-04-20-x86_64-unknown-linux-gnu/lib/rustlib/x86_64-unknown-linux-gnu/lib/libcfg_if-d5e213e896c017e4.rlib" "/opt/rustwide/rustup-home/toolchains/beta-2023-04-20-x86_64-unknown-linux-gnu/lib/rustlib/x86_64-unknown-linux-gnu/lib/liblibc-0211a3b2e61d8689.rlib" "/opt/rustwide/rustup-home/toolchains/beta-2023-04-20-x86_64-unknown-linux-gnu/lib/rustlib/x86_64-unknown-linux-gnu/lib/liballoc-b371f055239ba51f.rlib" "/opt/rustwide/rustup-home/toolchains/beta-2023-04-20-x86_64-unknown-linux-gnu/lib/rustlib/x86_64-unknown-linux-gnu/lib/librustc_std_workspace_core-e60518d2760eb01e.rlib" "/opt/rustwide/rustup-home/toolchains/beta-2023-04-20-x86_64-unknown-linux-gnu/lib/rustlib/x86_64-unknown-linux-gnu/lib/libcore-1ad943f92a4b1081.rlib" "/opt/rustwide/rustup-home/toolchains/beta-2023-04-20-x86_64-unknown-linux-gnu/lib/rustlib/x86_64-unknown-linux-gnu/lib/libcompiler_builtins-f0d6e4d0fc1e80b4.rlib" "-Wl,-Bdynamic" "-ludev" "-lSDL2" "-lSDL2_ttf" "-lgcc_s" "-lutil" "-lrt" "-lpthread" "-lm" "-ldl" "-lc" "-Wl,--eh-frame-hdr" "-Wl,-z,noexecstack" "-L" "/opt/rustwide/rustup-home/toolchains/beta-2023-04-20-x86_64-unknown-linux-gnu/lib/rustlib/x86_64-unknown-linux-gnu/lib" "-o" "/opt/rustwide/target/debug/examples/fly_gamepad-aca706fb131628b0" "-Wl,--gc-sections" "-pie" "-Wl,-z,relro,-z,now" "-nodefaultlibs"
[INFO] [stdout]   = note: /usr/bin/ld: cannot find -lSDL2_ttf: No such file or directory
[INFO] [stdout]           collect2: error: ld returned 1 exit status
[INFO] [stdout]           
[INFO] [stdout] 
[INFO] [stdout] 
[INFO] [stdout] error: aborting due to previous error
[INFO] [stdout] 
[INFO] [stdout] 
[INFO] [stderr] error: could not compile `tello` (example "fly_gamepad") due to 2 previous errors
[INFO] [stdout] warning: 3 warnings emitted
[INFO] [stdout] 
[INFO] [stdout] 
[INFO] running `Command { std: "docker" "inspect" "08ad671ae4fcac1ae283bcecbd9ff49ee3786142b5f0cef4a70433937bf20500", kill_on_drop: false }`
[INFO] running `Command { std: "docker" "rm" "-f" "08ad671ae4fcac1ae283bcecbd9ff49ee3786142b5f0cef4a70433937bf20500", kill_on_drop: false }`
[INFO] [stdout] 08ad671ae4fcac1ae283bcecbd9ff49ee3786142b5f0cef4a70433937bf20500
