[INFO] cloning repository https://github.com/Actyx/acto
[INFO] running `Command { std: "git" "-c" "credential.helper=" "-c" "credential.helper=/workspace/cargo-home/bin/git-credential-null" "clone" "--bare" "https://github.com/Actyx/acto" "/workspace/cache/git-repos/https%3A%2F%2Fgithub.com%2FActyx%2Facto", kill_on_drop: false }`
[INFO] [stderr] Cloning into bare repository '/workspace/cache/git-repos/https%3A%2F%2Fgithub.com%2FActyx%2Facto'...
[INFO] running `Command { std: "git" "rev-parse" "HEAD", kill_on_drop: false }`
[INFO] [stdout] 6d0d315f8fc3b09859b0fd86dead103f2fbefbd6
[INFO] testing Actyx/acto against 1.69.0 for beta-1.70-1
[INFO] running `Command { std: "git" "clone" "/workspace/cache/git-repos/https%3A%2F%2Fgithub.com%2FActyx%2Facto" "/workspace/builds/worker-0-tc1/source", kill_on_drop: false }`
[INFO] [stderr] Cloning into '/workspace/builds/worker-0-tc1/source'...
[INFO] [stderr] done.
[INFO] validating manifest of git repo https://github.com/Actyx/acto on toolchain 1.69.0
[INFO] running `Command { std: CARGO_HOME="/workspace/cargo-home" RUSTUP_HOME="/workspace/rustup-home" "/workspace/cargo-home/bin/cargo" "+1.69.0" "metadata" "--manifest-path" "Cargo.toml" "--no-deps", kill_on_drop: false }`
[INFO] started tweaking git repo https://github.com/Actyx/acto
[INFO] finished tweaking git repo https://github.com/Actyx/acto
[INFO] tweaked toml for git repo https://github.com/Actyx/acto written to /workspace/builds/worker-0-tc1/source/Cargo.toml
[INFO] crate git repo https://github.com/Actyx/acto already has a lockfile, it will not be regenerated
[INFO] running `Command { std: CARGO_HOME="/workspace/cargo-home" RUSTUP_HOME="/workspace/rustup-home" "/workspace/cargo-home/bin/cargo" "+1.69.0" "fetch" "--manifest-path" "Cargo.toml", kill_on_drop: false }`
[INFO] running `Command { std: "docker" "create" "-v" "/var/lib/crater-agent-workspace/builds/worker-0-tc1/target:/opt/rustwide/target:rw,Z" "-v" "/var/lib/crater-agent-workspace/builds/worker-0-tc1/source:/opt/rustwide/workdir:ro,Z" "-v" "/var/lib/crater-agent-workspace/cargo-home:/opt/rustwide/cargo-home:ro,Z" "-v" "/var/lib/crater-agent-workspace/rustup-home:/opt/rustwide/rustup-home:ro,Z" "-e" "SOURCE_DIR=/opt/rustwide/workdir" "-e" "CARGO_TARGET_DIR=/opt/rustwide/target" "-e" "CARGO_HOME=/opt/rustwide/cargo-home" "-e" "RUSTUP_HOME=/opt/rustwide/rustup-home" "-w" "/opt/rustwide/workdir" "-m" "1610612736" "--user" "0:0" "--network" "none" "ghcr.io/rust-lang/crates-build-env/linux@sha256:5ff2268d62e97bff2cde7d5815dd6ed5b47097566f13b8d0ca110b04b60e07ed" "/opt/rustwide/cargo-home/bin/cargo" "+1.69.0" "metadata" "--no-deps" "--format-version=1", kill_on_drop: false }`
[INFO] [stdout] 8b88dd0932c0fe706d84840602bdbb3549b23adc986c12981f18a2c17b147868
[INFO] running `Command { std: "docker" "start" "-a" "8b88dd0932c0fe706d84840602bdbb3549b23adc986c12981f18a2c17b147868", kill_on_drop: false }`
[INFO] running `Command { std: "docker" "inspect" "8b88dd0932c0fe706d84840602bdbb3549b23adc986c12981f18a2c17b147868", kill_on_drop: false }`
[INFO] running `Command { std: "docker" "rm" "-f" "8b88dd0932c0fe706d84840602bdbb3549b23adc986c12981f18a2c17b147868", kill_on_drop: false }`
[INFO] [stdout] 8b88dd0932c0fe706d84840602bdbb3549b23adc986c12981f18a2c17b147868
[INFO] running `Command { std: "docker" "create" "-v" "/var/lib/crater-agent-workspace/builds/worker-0-tc1/target:/opt/rustwide/target:rw,Z" "-v" "/var/lib/crater-agent-workspace/builds/worker-0-tc1/source:/opt/rustwide/workdir:ro,Z" "-v" "/var/lib/crater-agent-workspace/cargo-home:/opt/rustwide/cargo-home:ro,Z" "-v" "/var/lib/crater-agent-workspace/rustup-home:/opt/rustwide/rustup-home:ro,Z" "-e" "SOURCE_DIR=/opt/rustwide/workdir" "-e" "CARGO_TARGET_DIR=/opt/rustwide/target" "-e" "CARGO_INCREMENTAL=0" "-e" "RUST_BACKTRACE=full" "-e" "RUSTFLAGS=--cap-lints=warn" "-e" "RUSTDOCFLAGS=--cap-lints=warn" "-e" "CARGO_HOME=/opt/rustwide/cargo-home" "-e" "RUSTUP_HOME=/opt/rustwide/rustup-home" "-w" "/opt/rustwide/workdir" "-m" "1610612736" "--user" "0:0" "--network" "none" "ghcr.io/rust-lang/crates-build-env/linux@sha256:5ff2268d62e97bff2cde7d5815dd6ed5b47097566f13b8d0ca110b04b60e07ed" "/opt/rustwide/cargo-home/bin/cargo" "+1.69.0" "build" "--frozen" "--message-format=json", kill_on_drop: false }`
[INFO] [stdout] e264dddde3421d90dc52ed846dd3c79f752154f2327f1157cefa643820630794
[INFO] running `Command { std: "docker" "start" "-a" "e264dddde3421d90dc52ed846dd3c79f752154f2327f1157cefa643820630794", kill_on_drop: false }`
[INFO] [stderr]    Compiling semver v1.0.14
[INFO] [stderr]    Compiling libc v0.2.137
[INFO] [stderr]    Compiling autocfg v1.1.0
[INFO] [stderr]    Compiling parking_lot_core v0.9.4
[INFO] [stderr]    Compiling scopeguard v1.1.0
[INFO] [stderr]    Compiling smallvec v1.10.0
[INFO] [stderr]    Compiling tracing-core v0.1.30
[INFO] [stderr]    Compiling pin-project-lite v0.2.9
[INFO] [stderr]    Compiling smol_str v0.1.23
[INFO] [stderr]    Compiling lock_api v0.4.9
[INFO] [stderr]    Compiling tracing v0.1.37
[INFO] [stderr]    Compiling rustc_version v0.4.0
[INFO] [stderr]    Compiling acto v0.2.9 (/opt/rustwide/workdir)
[INFO] [stderr]    Compiling parking_lot v0.12.1
[INFO] [stderr]     Finished dev [unoptimized + debuginfo] target(s) in 1.45s
[INFO] running `Command { std: "docker" "inspect" "e264dddde3421d90dc52ed846dd3c79f752154f2327f1157cefa643820630794", kill_on_drop: false }`
[INFO] running `Command { std: "docker" "rm" "-f" "e264dddde3421d90dc52ed846dd3c79f752154f2327f1157cefa643820630794", kill_on_drop: false }`
[INFO] [stdout] e264dddde3421d90dc52ed846dd3c79f752154f2327f1157cefa643820630794
[INFO] running `Command { std: "docker" "create" "-v" "/var/lib/crater-agent-workspace/builds/worker-0-tc1/target:/opt/rustwide/target:rw,Z" "-v" "/var/lib/crater-agent-workspace/builds/worker-0-tc1/source:/opt/rustwide/workdir:ro,Z" "-v" "/var/lib/crater-agent-workspace/cargo-home:/opt/rustwide/cargo-home:ro,Z" "-v" "/var/lib/crater-agent-workspace/rustup-home:/opt/rustwide/rustup-home:ro,Z" "-e" "SOURCE_DIR=/opt/rustwide/workdir" "-e" "CARGO_TARGET_DIR=/opt/rustwide/target" "-e" "CARGO_INCREMENTAL=0" "-e" "RUST_BACKTRACE=full" "-e" "RUSTFLAGS=--cap-lints=warn" "-e" "RUSTDOCFLAGS=--cap-lints=warn" "-e" "CARGO_HOME=/opt/rustwide/cargo-home" "-e" "RUSTUP_HOME=/opt/rustwide/rustup-home" "-w" "/opt/rustwide/workdir" "-m" "1610612736" "--user" "0:0" "--network" "none" "ghcr.io/rust-lang/crates-build-env/linux@sha256:5ff2268d62e97bff2cde7d5815dd6ed5b47097566f13b8d0ca110b04b60e07ed" "/opt/rustwide/cargo-home/bin/cargo" "+1.69.0" "test" "--frozen" "--no-run" "--message-format=json", kill_on_drop: false }`
[INFO] [stdout] 2fd6dcd45a04346b00b46cefaec4b54982dca3b2d6eb809406226d94d13675cf
[INFO] running `Command { std: "docker" "start" "-a" "2fd6dcd45a04346b00b46cefaec4b54982dca3b2d6eb809406226d94d13675cf", kill_on_drop: false }`
[INFO] [stderr]     Blocking waiting for file lock on package cache
[INFO] [stderr]    Compiling once_cell v1.16.0
[INFO] [stderr]    Compiling regex-syntax v0.6.28
[INFO] [stderr]    Compiling log v0.4.17
[INFO] [stderr]    Compiling tokio v1.21.2
[INFO] [stderr]    Compiling overload v0.1.1
[INFO] [stderr]    Compiling sharded-slab v0.1.4
[INFO] [stderr]    Compiling num_cpus v1.14.0
[INFO] [stderr]    Compiling nu-ansi-term v0.46.0
[INFO] [stderr]    Compiling tracing-core v0.1.30
[INFO] [stderr]    Compiling thread_local v1.1.4
[INFO] [stderr]    Compiling tracing v0.1.37
[INFO] [stderr]    Compiling tracing-log v0.1.3
[INFO] [stderr]    Compiling acto v0.2.9 (/opt/rustwide/workdir)
[INFO] [stderr]    Compiling regex-automata v0.1.10
[INFO] [stderr]    Compiling regex v1.7.0
[INFO] [stderr]    Compiling matchers v0.1.0
[INFO] [stderr]    Compiling tracing-subscriber v0.3.16
[INFO] [stdout] error[E0432]: unresolved import `acto::AcTokio`
[INFO] [stdout]  --> examples/tokio.rs:1:18
[INFO] [stdout]   |
[INFO] [stdout] 1 | use acto::{join, AcTokio, ActoCell, ActoInput, ActoRuntime, SupervisionRef};
[INFO] [stdout]   |                  ^^^^^^^ no `AcTokio` in the root
[INFO] [stdout] 
[INFO] [stdout] 
[INFO] [stdout] error[E0432]: unresolved import `crate::tokio`
[INFO] [stdout]  --> src/tests.rs:1:19
[INFO] [stdout]   |
[INFO] [stdout] 1 | use crate::{join, tokio::AcTokio, ActoCell, ActoHandle, ActoInput, ActoRuntime, SupervisionRef};
[INFO] [stdout]   |                   ^^^^^ could not find `tokio` in the crate root
[INFO] [stdout] 
[INFO] [stdout] 
[INFO] [stdout] error[E0603]: module `sync` is private
[INFO] [stdout]    --> src/tests.rs:3:12
[INFO] [stdout]     |
[INFO] [stdout] 3   | use tokio::sync::oneshot;
[INFO] [stdout]     |            ^^^^ private module
[INFO] [stdout]     |
[INFO] [stdout] note: the module `sync` is defined here
[INFO] [stdout]    --> /opt/rustwide/cargo-home/registry/src/github.com-1ecc6299db9ec823/tokio-1.21.2/src/lib.rs:522:5
[INFO] [stdout]     |
[INFO] [stdout] 522 |     mod sync;
[INFO] [stdout]     |     ^^^^^^^^
[INFO] [stdout] 
[INFO] [stdout] 
[INFO] [stdout] error: aborting due to previous error
[INFO] [stdout] 
[INFO] [stdout] 
[INFO] [stdout] For more information about this error, try `rustc --explain E0432`.
[INFO] [stdout] 
[INFO] [stderr] error: could not compile `acto` due to 2 previous errors
[INFO] [stderr] warning: build failed, waiting for other jobs to finish...
[INFO] [stdout] warning: unused import: `ActoHandle`
[INFO] [stdout]  --> src/tests.rs:1:45
[INFO] [stdout]   |
[INFO] [stdout] 1 | use crate::{join, tokio::AcTokio, ActoCell, ActoHandle, ActoInput, ActoRuntime, SupervisionRef};
[INFO] [stdout]   |                                             ^^^^^^^^^^
[INFO] [stdout]   |
[INFO] [stdout]   = note: `#[warn(unused_imports)]` on by default
[INFO] [stdout] 
[INFO] [stdout] 
[INFO] [stdout] warning: unused import: `ActoRuntime`
[INFO] [stdout]  --> src/tests.rs:1:68
[INFO] [stdout]   |
[INFO] [stdout] 1 | use crate::{join, tokio::AcTokio, ActoCell, ActoHandle, ActoInput, ActoRuntime, SupervisionRef};
[INFO] [stdout]   |                                                                    ^^^^^^^^^^^
[INFO] [stdout] 
[INFO] [stdout] 
[INFO] [stdout] error: aborting due to 2 previous errors; 2 warnings emitted
[INFO] [stdout] 
[INFO] [stdout] 
[INFO] [stdout] Some errors have detailed explanations: E0432, E0603.
[INFO] [stdout] 
[INFO] [stdout] For more information about an error, try `rustc --explain E0432`.
[INFO] [stdout] 
[INFO] [stderr] error: could not compile `acto` due to 3 previous errors; 2 warnings emitted
[INFO] running `Command { std: "docker" "inspect" "2fd6dcd45a04346b00b46cefaec4b54982dca3b2d6eb809406226d94d13675cf", kill_on_drop: false }`
[INFO] running `Command { std: "docker" "rm" "-f" "2fd6dcd45a04346b00b46cefaec4b54982dca3b2d6eb809406226d94d13675cf", kill_on_drop: false }`
[INFO] [stdout] 2fd6dcd45a04346b00b46cefaec4b54982dca3b2d6eb809406226d94d13675cf
