[INFO] cloning repository https://github.com/Abacaxi-Nelson/saas
[INFO] running `Command { std: "git" "-c" "credential.helper=" "-c" "credential.helper=/workspace/cargo-home/bin/git-credential-null" "clone" "--bare" "https://github.com/Abacaxi-Nelson/saas" "/workspace/cache/git-repos/https%3A%2F%2Fgithub.com%2FAbacaxi-Nelson%2Fsaas", kill_on_drop: false }`
[INFO] [stderr] Cloning into bare repository '/workspace/cache/git-repos/https%3A%2F%2Fgithub.com%2FAbacaxi-Nelson%2Fsaas'...
[INFO] running `Command { std: "git" "rev-parse" "HEAD", kill_on_drop: false }`
[INFO] [stdout] 2080ac0925b76a84ff635fd6aa054b97278a4a02
[INFO] testing Abacaxi-Nelson/saas against 1.69.0 for beta-1.70-1
[INFO] running `Command { std: "git" "clone" "/workspace/cache/git-repos/https%3A%2F%2Fgithub.com%2FAbacaxi-Nelson%2Fsaas" "/workspace/builds/worker-6-tc1/source", kill_on_drop: false }`
[INFO] [stderr] Cloning into '/workspace/builds/worker-6-tc1/source'...
[INFO] [stderr] done.
[INFO] validating manifest of git repo https://github.com/Abacaxi-Nelson/saas on toolchain 1.69.0
[INFO] running `Command { std: CARGO_HOME="/workspace/cargo-home" RUSTUP_HOME="/workspace/rustup-home" "/workspace/cargo-home/bin/cargo" "+1.69.0" "metadata" "--manifest-path" "Cargo.toml" "--no-deps", kill_on_drop: false }`
[INFO] started tweaking git repo https://github.com/Abacaxi-Nelson/saas
[INFO] finished tweaking git repo https://github.com/Abacaxi-Nelson/saas
[INFO] tweaked toml for git repo https://github.com/Abacaxi-Nelson/saas written to /workspace/builds/worker-6-tc1/source/Cargo.toml
[INFO] crate git repo https://github.com/Abacaxi-Nelson/saas already has a lockfile, it will not be regenerated
[INFO] running `Command { std: CARGO_HOME="/workspace/cargo-home" RUSTUP_HOME="/workspace/rustup-home" "/workspace/cargo-home/bin/cargo" "+1.69.0" "fetch" "--manifest-path" "Cargo.toml", kill_on_drop: false }`
[INFO] [stderr]  Downloading crates ...
[INFO] [stderr]   Downloaded filetime v0.2.12
[INFO] [stderr]   Downloaded syn v1.0.40
[INFO] running `Command { std: "docker" "create" "-v" "/var/lib/crater-agent-workspace/builds/worker-6-tc1/target:/opt/rustwide/target:rw,Z" "-v" "/var/lib/crater-agent-workspace/builds/worker-6-tc1/source:/opt/rustwide/workdir:ro,Z" "-v" "/var/lib/crater-agent-workspace/cargo-home:/opt/rustwide/cargo-home:ro,Z" "-v" "/var/lib/crater-agent-workspace/rustup-home:/opt/rustwide/rustup-home:ro,Z" "-e" "SOURCE_DIR=/opt/rustwide/workdir" "-e" "CARGO_TARGET_DIR=/opt/rustwide/target" "-e" "CARGO_HOME=/opt/rustwide/cargo-home" "-e" "RUSTUP_HOME=/opt/rustwide/rustup-home" "-w" "/opt/rustwide/workdir" "-m" "1610612736" "--user" "0:0" "--network" "none" "ghcr.io/rust-lang/crates-build-env/linux@sha256:5ff2268d62e97bff2cde7d5815dd6ed5b47097566f13b8d0ca110b04b60e07ed" "/opt/rustwide/cargo-home/bin/cargo" "+1.69.0" "metadata" "--no-deps" "--format-version=1", kill_on_drop: false }`
[INFO] [stdout] e854ae6e7f43570755fa0ef1f19a4a69489d290c90988b3597f9cebbd508f1d9
[INFO] running `Command { std: "docker" "start" "-a" "e854ae6e7f43570755fa0ef1f19a4a69489d290c90988b3597f9cebbd508f1d9", kill_on_drop: false }`
[INFO] running `Command { std: "docker" "inspect" "e854ae6e7f43570755fa0ef1f19a4a69489d290c90988b3597f9cebbd508f1d9", kill_on_drop: false }`
[INFO] running `Command { std: "docker" "rm" "-f" "e854ae6e7f43570755fa0ef1f19a4a69489d290c90988b3597f9cebbd508f1d9", kill_on_drop: false }`
[INFO] [stdout] e854ae6e7f43570755fa0ef1f19a4a69489d290c90988b3597f9cebbd508f1d9
[INFO] running `Command { std: "docker" "create" "-v" "/var/lib/crater-agent-workspace/builds/worker-6-tc1/target:/opt/rustwide/target:rw,Z" "-v" "/var/lib/crater-agent-workspace/builds/worker-6-tc1/source:/opt/rustwide/workdir:ro,Z" "-v" "/var/lib/crater-agent-workspace/cargo-home:/opt/rustwide/cargo-home:ro,Z" "-v" "/var/lib/crater-agent-workspace/rustup-home:/opt/rustwide/rustup-home:ro,Z" "-e" "SOURCE_DIR=/opt/rustwide/workdir" "-e" "CARGO_TARGET_DIR=/opt/rustwide/target" "-e" "CARGO_INCREMENTAL=0" "-e" "RUST_BACKTRACE=full" "-e" "RUSTFLAGS=--cap-lints=warn" "-e" "RUSTDOCFLAGS=--cap-lints=warn" "-e" "CARGO_HOME=/opt/rustwide/cargo-home" "-e" "RUSTUP_HOME=/opt/rustwide/rustup-home" "-w" "/opt/rustwide/workdir" "-m" "1610612736" "--user" "0:0" "--network" "none" "ghcr.io/rust-lang/crates-build-env/linux@sha256:5ff2268d62e97bff2cde7d5815dd6ed5b47097566f13b8d0ca110b04b60e07ed" "/opt/rustwide/cargo-home/bin/cargo" "+1.69.0" "build" "--frozen" "--message-format=json", kill_on_drop: false }`
[INFO] [stdout] a9dc8e431b8269ec86cedad16d9adeea43ab31125c7b86c34558922909a55d98
[INFO] running `Command { std: "docker" "start" "-a" "a9dc8e431b8269ec86cedad16d9adeea43ab31125c7b86c34558922909a55d98", kill_on_drop: false }`
[INFO] [stderr]     Blocking waiting for file lock on package cache
[INFO] [stderr]    Compiling libc v0.2.76
[INFO] [stderr]    Compiling smallvec v1.4.2
[INFO] [stderr]    Compiling proc-macro2 v1.0.20
[INFO] [stderr]    Compiling tinyvec v0.3.4
[INFO] [stderr]    Compiling ppv-lite86 v0.2.9
[INFO] [stderr]    Compiling indexmap v1.6.0
[INFO] [stderr]    Compiling pear_codegen v0.1.4
[INFO] [stderr]    Compiling syn v1.0.40
[INFO] [stderr]    Compiling serde v1.0.115
[INFO] [stderr]    Compiling percent-encoding v1.0.1
[INFO] [stderr]    Compiling devise_core v0.2.0
[INFO] [stderr]    Compiling sha2 v0.8.2
[INFO] [stderr]    Compiling aes-gcm v0.5.0
[INFO] [stderr]    Compiling hkdf v0.8.0
[INFO] [stderr]    Compiling base64 v0.9.3
[INFO] [stderr]    Compiling mime v0.2.6
[INFO] [stdout] error[E0557]: feature has been removed
[INFO] [stdout]  --> /opt/rustwide/cargo-home/registry/src/github.com-1ecc6299db9ec823/devise_core-0.2.0/src/lib.rs:2:12
[INFO] [stdout]   |
[INFO] [stdout] 2 | #![feature(crate_visibility_modifier)]
[INFO] [stdout]   |            ^^^^^^^^^^^^^^^^^^^^^^^^^ feature has been removed
[INFO] [stdout]   |
[INFO] [stdout]   = note: removed in favor of `pub(crate)`
[INFO] [stdout] 
[INFO] [stdout] 
[INFO] [stdout] error: expected one of `!` or `::`, found keyword `enum`
[INFO] [stdout]   --> /opt/rustwide/cargo-home/registry/src/github.com-1ecc6299db9ec823/devise_core-0.2.0/src/field.rs:52:7
[INFO] [stdout]    |
[INFO] [stdout] 52 | crate enum FieldKind<'p> {
[INFO] [stdout]    |       ^^^^ expected one of `!` or `::`
[INFO] [stdout] 
[INFO] [stdout] 
[INFO] [stdout] error: expected identifier, found keyword `crate`
[INFO] [stdout]   --> /opt/rustwide/cargo-home/registry/src/github.com-1ecc6299db9ec823/devise_core-0.2.0/src/generator.rs:69:5
[INFO] [stdout]    |
[INFO] [stdout] 65 | pub struct DeriveGenerator {
[INFO] [stdout]    |            --------------- while parsing this struct
[INFO] [stdout] ...
[INFO] [stdout] 69 |     crate generic_support: GenericSupport,
[INFO] [stdout]    |     ^^^^^ expected identifier, found keyword
[INFO] [stdout] 
[INFO] [stdout] 
[INFO] [stdout] error: expected one of `!` or `::`, found keyword `fn`
[INFO] [stdout]    --> /opt/rustwide/cargo-home/registry/src/github.com-1ecc6299db9ec823/devise_core-0.2.0/src/generator.rs:28:15
[INFO] [stdout]     |
[INFO] [stdout] 28  |           crate fn push_default_mappers(&mut self) {
[INFO] [stdout]     |                 ^^ expected one of `!` or `::`
[INFO] [stdout] ...
[INFO] [stdout] 193 | /     mappers! {
[INFO] [stdout] 194 | |         (map_struct, try_map_struct, struct_mapper): Struct, struct_mappers,
[INFO] [stdout] 195 | |         (map_enum, try_map_enum, enum_mapper): Enum, enum_mappers,
[INFO] [stdout] 196 | |         (map_variant, try_map_variant, variant_mapper): Variant, variant_mappers,
[INFO] [stdout] 197 | |         (map_fields, try_map_fields, fields_mapper): Fields, fields_mappers,
[INFO] [stdout] 198 | |         (map_field, try_map_field, field_mapper): Field, field_mappers
[INFO] [stdout] 199 | |     }
[INFO] [stdout]     | |_____- in this macro invocation
[INFO] [stdout]     |
[INFO] [stdout]     = note: this error originates in the macro `mappers` (in Nightly builds, run with -Z macro-backtrace for more info)
[INFO] [stdout] 
[INFO] [stdout] 
[INFO] [stdout] error[E0432]: unresolved imports `field::Field`, `field::Fields`
[INFO] [stdout]  --> /opt/rustwide/cargo-home/registry/src/github.com-1ecc6299db9ec823/devise_core-0.2.0/src/generator.rs:8:13
[INFO] [stdout]   |
[INFO] [stdout] 8 | use field::{Field, Fields};
[INFO] [stdout]   |             ^^^^^  ^^^^^^ no `Fields` in `field`
[INFO] [stdout]   |             |
[INFO] [stdout]   |             no `Field` in `field`
[INFO] [stdout]   |
[INFO] [stdout]   = help: consider importing one of these items instead:
[INFO] [stdout]           syn::Expr::Field
[INFO] [stdout]           syn::Field
[INFO] [stdout]   = help: consider importing this enum instead:
[INFO] [stdout]           syn::Fields
[INFO] [stdout] 
[INFO] [stdout] 
[INFO] [stdout] error[E0432]: unresolved imports `field::Field`, `field::FieldParent`, `field::Fields`
[INFO] [stdout]  --> /opt/rustwide/cargo-home/registry/src/github.com-1ecc6299db9ec823/devise_core-0.2.0/src/derived.rs:5:13
[INFO] [stdout]   |
[INFO] [stdout] 5 | use field::{Field, FieldParent, Fields};
[INFO] [stdout]   |             ^^^^^  ^^^^^^^^^^^  ^^^^^^ no `Fields` in `field`
[INFO] [stdout]   |             |      |
[INFO] [stdout]   |             |      no `FieldParent` in `field`
[INFO] [stdout]   |             no `Field` in `field`
[INFO] [stdout]   |
[INFO] [stdout]   = help: consider importing one of these items instead:
[INFO] [stdout]           syn::Expr::Field
[INFO] [stdout]           syn::Field
[INFO] [stdout]   = help: consider importing this enum instead:
[INFO] [stdout]           syn::Fields
[INFO] [stdout] 
[INFO] [stdout] 
[INFO] [stdout] error[E0554]: `#![feature]` may not be used on the stable release channel
[INFO] [stdout]  --> /opt/rustwide/cargo-home/registry/src/github.com-1ecc6299db9ec823/devise_core-0.2.0/src/lib.rs:1:12
[INFO] [stdout]   |
[INFO] [stdout] 1 | #![feature(proc_macro_diagnostic, proc_macro_span)]
[INFO] [stdout]   |            ^^^^^^^^^^^^^^^^^^^^^
[INFO] [stdout] 
[INFO] [stdout] 
[INFO] [stdout] error[E0554]: `#![feature]` may not be used on the stable release channel
[INFO] [stdout]  --> /opt/rustwide/cargo-home/registry/src/github.com-1ecc6299db9ec823/devise_core-0.2.0/src/lib.rs:1:35
[INFO] [stdout]   |
[INFO] [stdout] 1 | #![feature(proc_macro_diagnostic, proc_macro_span)]
[INFO] [stdout]   |                                   ^^^^^^^^^^^^^^^
[INFO] [stdout] 
[INFO] [stdout] 
[INFO] [stdout] error[E0554]: `#![feature]` may not be used on the stable release channel
[INFO] [stdout]  --> /opt/rustwide/cargo-home/registry/src/github.com-1ecc6299db9ec823/devise_core-0.2.0/src/lib.rs:3:12
[INFO] [stdout]   |
[INFO] [stdout] 3 | #![feature(concat_idents)]
[INFO] [stdout]   |            ^^^^^^^^^^^^^
[INFO] [stdout] 
[INFO] [stdout] 
[INFO] [stderr] error: failed to run custom build command for `pear_codegen v0.1.4`
[INFO] [stderr] note: To improve backtraces for build dependencies, set the CARGO_PROFILE_DEV_BUILD_OVERRIDE_DEBUG=true environment variable to enable debug information generation.
[INFO] [stderr] 
[INFO] [stderr] Caused by:
[INFO] [stderr]   process didn't exit successfully: `/opt/rustwide/target/debug/build/pear_codegen-cc9ccbfdafa9b8f0/build-script-build` (exit status: 101)
[INFO] [stderr]   --- stderr
[INFO] [stderr]   [1;31mError:[0m [1mPear requires a 'dev' or 'nightly' version of rustc.[0m
[INFO] [stderr]   Installed version: [33m1.69.0 (2023-04-16)[0m
[INFO] [stderr]   Minimum required:  [33m1.31.0-nightly (2018-10-05)[0m
[INFO] [stderr]   thread 'main' panicked at 'Aborting compilation due to incompatible compiler.', /opt/rustwide/cargo-home/registry/src/github.com-1ecc6299db9ec823/pear_codegen-0.1.4/build.rs:24:13
[INFO] [stderr]   stack backtrace:
[INFO] [stderr]      0:     0x561ecdf9a74a - std::backtrace_rs::backtrace::libunwind::trace::ha9053a9a07ca49cb
[INFO] [stderr]                                  at /rustc/84c898d65adf2f39a5a98507f1fe0ce10a2b8dbc/library/std/src/../../backtrace/src/backtrace/libunwind.rs:93:5
[INFO] [stderr]      1:     0x561ecdf9a74a - std::backtrace_rs::backtrace::trace_unsynchronized::h9c2852a457ad564e
[INFO] [stderr]                                  at /rustc/84c898d65adf2f39a5a98507f1fe0ce10a2b8dbc/library/std/src/../../backtrace/src/backtrace/mod.rs:66:5
[INFO] [stderr]      2:     0x561ecdf9a74a - std::sys_common::backtrace::_print_fmt::h457936fbfaa0070f
[INFO] [stderr]                                  at /rustc/84c898d65adf2f39a5a98507f1fe0ce10a2b8dbc/library/std/src/sys_common/backtrace.rs:65:5
[INFO] [stderr]      3:     0x561ecdf9a74a - <std::sys_common::backtrace::_print::DisplayBacktrace as core::fmt::Display>::fmt::h5779d7bf7f70cb0c
[INFO] [stderr]                                  at /rustc/84c898d65adf2f39a5a98507f1fe0ce10a2b8dbc/library/std/src/sys_common/backtrace.rs:44:22
[INFO] [stderr]      4:     0x561ecdfb7d3e - core::fmt::write::h5a4baaff1bcd3eb5
[INFO] [stderr]                                  at /rustc/84c898d65adf2f39a5a98507f1fe0ce10a2b8dbc/library/core/src/fmt/mod.rs:1232:17
[INFO] [stderr]      5:     0x561ecdf98375 - std::io::Write::write_fmt::h4bc1f301cb9e9cce
[INFO] [stderr]                                  at /rustc/84c898d65adf2f39a5a98507f1fe0ce10a2b8dbc/library/std/src/io/mod.rs:1684:15
[INFO] [stderr]      6:     0x561ecdf9a515 - std::sys_common::backtrace::_print::h5fcdc36060f177e8
[INFO] [stderr]                                  at /rustc/84c898d65adf2f39a5a98507f1fe0ce10a2b8dbc/library/std/src/sys_common/backtrace.rs:47:5
[INFO] [stderr]      7:     0x561ecdf9a515 - std::sys_common::backtrace::print::h54ca9458b876c8bf
[INFO] [stderr]                                  at /rustc/84c898d65adf2f39a5a98507f1fe0ce10a2b8dbc/library/std/src/sys_common/backtrace.rs:34:9
[INFO] [stderr]      8:     0x561ecdf9bb6f - std::panicking::default_hook::{{closure}}::hbe471161c7664ed6
[INFO] [stderr]                                  at /rustc/84c898d65adf2f39a5a98507f1fe0ce10a2b8dbc/library/std/src/panicking.rs:271:22
[INFO] [stderr]      9:     0x561ecdf9b8ab - std::panicking::default_hook::ha3500da57aa4ac4f
[INFO] [stderr]                                  at /rustc/84c898d65adf2f39a5a98507f1fe0ce10a2b8dbc/library/std/src/panicking.rs:290:9
[INFO] [stderr]     10:     0x561ecdf9c118 - std::panicking::rust_panic_with_hook::h50c09d000dc561d2
[INFO] [stderr]                                  at /rustc/84c898d65adf2f39a5a98507f1fe0ce10a2b8dbc/library/std/src/panicking.rs:692:13
[INFO] [stderr]     11:     0x561ecdf68d96 - std::panicking::begin_panic::{{closure}}::hc1899505dea017f6
[INFO] [stderr]     12:     0x561ecdf68a49 - std::sys_common::backtrace::__rust_end_short_backtrace::heed9f51883a6163c
[INFO] [stderr]     13:     0x561ecdf68cef - std::panicking::begin_panic::h7c33a652df30019c
[INFO] [stderr]     14:     0x561ecdf6b361 - build_script_build::main::hdf2814db9758813b
[INFO] [stderr]     15:     0x561ecdf6bb83 - core::ops::function::FnOnce::call_once::hf0f47e263d39e588
[INFO] [stderr]     16:     0x561ecdf68a59 - std::sys_common::backtrace::__rust_begin_short_backtrace::ha4f0c8b52f196ce7
[INFO] [stderr]     17:     0x561ecdf6bae9 - std::rt::lang_start::{{closure}}::h38834b80fd019685
[INFO] [stderr]     18:     0x561ecdf9524c - core::ops::function::impls::<impl core::ops::function::FnOnce<A> for &F>::call_once::hd6efcd3bec896f2c
[INFO] [stderr]                                  at /rustc/84c898d65adf2f39a5a98507f1fe0ce10a2b8dbc/library/core/src/ops/function.rs:287:13
[INFO] [stderr]     19:     0x561ecdf9524c - std::panicking::try::do_call::hce04e543bb1f4cbb
[INFO] [stderr]                                  at /rustc/84c898d65adf2f39a5a98507f1fe0ce10a2b8dbc/library/std/src/panicking.rs:487:40
[INFO] [stderr]     20:     0x561ecdf9524c - std::panicking::try::h3342dd4e1f680968
[INFO] [stderr]                                  at /rustc/84c898d65adf2f39a5a98507f1fe0ce10a2b8dbc/library/std/src/panicking.rs:451:19
[INFO] [stderr]     21:     0x561ecdf9524c - std::panic::catch_unwind::h148ce1e59ac0cee7
[INFO] [stderr]                                  at /rustc/84c898d65adf2f39a5a98507f1fe0ce10a2b8dbc/library/std/src/panic.rs:140:14
[INFO] [stderr]     22:     0x561ecdf9524c - std::rt::lang_start_internal::{{closure}}::h25f9dda2057a67fe
[INFO] [stderr]                                  at /rustc/84c898d65adf2f39a5a98507f1fe0ce10a2b8dbc/library/std/src/rt.rs:148:48
[INFO] [stderr]     23:     0x561ecdf9524c - std::panicking::try::do_call::h7caaaeaf9401650b
[INFO] [stderr]                                  at /rustc/84c898d65adf2f39a5a98507f1fe0ce10a2b8dbc/library/std/src/panicking.rs:487:40
[INFO] [stderr]     24:     0x561ecdf9524c - std::panicking::try::he7d15285746cbbc2
[INFO] [stderr]                                  at /rustc/84c898d65adf2f39a5a98507f1fe0ce10a2b8dbc/library/std/src/panicking.rs:451:19
[INFO] [stderr]     25:     0x561ecdf9524c - std::panic::catch_unwind::h89fb4f50c0301fe0
[INFO] [stderr]                                  at /rustc/84c898d65adf2f39a5a98507f1fe0ce10a2b8dbc/library/std/src/panic.rs:140:14
[INFO] [stderr]     26:     0x561ecdf9524c - std::rt::lang_start_internal::h078acd489417d3c1
[INFO] [stderr]                                  at /rustc/84c898d65adf2f39a5a98507f1fe0ce10a2b8dbc/library/std/src/rt.rs:148:20
[INFO] [stderr]     27:     0x561ecdf6bac7 - std::rt::lang_start::hda560c07cd3198ee
[INFO] [stderr]     28:     0x561ecdf6b805 - main
[INFO] [stderr]     29:     0x7fc01c5e7d90 - <unknown>
[INFO] [stderr]     30:     0x7fc01c5e7e40 - __libc_start_main
[INFO] [stderr]     31:     0x561ecdf67875 - _start
[INFO] [stderr]     32:                0x0 - <unknown>
[INFO] [stderr] warning: build failed, waiting for other jobs to finish...
[INFO] [stdout] error[E0599]: no method named `variant_mapper` found for reference `&DeriveGenerator` in the current scope
[INFO] [stdout]   --> /opt/rustwide/cargo-home/registry/src/github.com-1ecc6299db9ec823/devise_core-0.2.0/src/generator.rs:90:22
[INFO] [stdout]    |
[INFO] [stdout] 90 |         .map(|v| gen.variant_mapper()(gen, v))
[INFO] [stdout]    |                      ^^^^^^^^^^^^^^ method not found in `&DeriveGenerator`
[INFO] [stdout] 
[INFO] [stdout] 
[INFO] [stdout] error[E0599]: no method named `variant_mapper` found for reference `&DeriveGenerator` in the current scope
[INFO] [stdout]    --> /opt/rustwide/cargo-home/registry/src/github.com-1ecc6299db9ec823/devise_core-0.2.0/src/generator.rs:106:22
[INFO] [stdout]     |
[INFO] [stdout] 106 |         .map(|v| gen.variant_mapper()(gen, v))
[INFO] [stdout]     |                      ^^^^^^^^^^^^^^ method not found in `&DeriveGenerator`
[INFO] [stdout] 
[INFO] [stdout] 
[INFO] [stdout] error[E0599]: no method named `fields_mapper` found for reference `&DeriveGenerator` in the current scope
[INFO] [stdout]    --> /opt/rustwide/cargo-home/registry/src/github.com-1ecc6299db9ec823/devise_core-0.2.0/src/generator.rs:113:9
[INFO] [stdout]     |
[INFO] [stdout] 113 |     gen.fields_mapper()(gen, data.fields())
[INFO] [stdout]     |         ^^^^^^^^^^^^^ method not found in `&DeriveGenerator`
[INFO] [stdout] 
[INFO] [stdout] 
[INFO] [stdout] error[E0599]: no method named `fields_mapper` found for reference `&DeriveGenerator` in the current scope
[INFO] [stdout]    --> /opt/rustwide/cargo-home/registry/src/github.com-1ecc6299db9ec823/devise_core-0.2.0/src/generator.rs:117:9
[INFO] [stdout]     |
[INFO] [stdout] 117 |     gen.fields_mapper()(gen, data.fields())
[INFO] [stdout]     |         ^^^^^^^^^^^^^ method not found in `&DeriveGenerator`
[INFO] [stdout] 
[INFO] [stdout] 
[INFO] [stdout] error[E0599]: no method named `field_mapper` found for reference `&DeriveGenerator` in the current scope
[INFO] [stdout]    --> /opt/rustwide/cargo-home/registry/src/github.com-1ecc6299db9ec823/devise_core-0.2.0/src/generator.rs:126:24
[INFO] [stdout]     |
[INFO] [stdout] 126 |         .map(|field| g.field_mapper()(g, field))
[INFO] [stdout]     |                        ^^^^^^^^^^^^ method not found in `&DeriveGenerator`
[INFO] [stdout] 
[INFO] [stdout] 
[INFO] [stdout] error[E0615]: attempted to take value of method `generic_support` on type `&mut DeriveGenerator`
[INFO] [stdout]    --> /opt/rustwide/cargo-home/registry/src/github.com-1ecc6299db9ec823/devise_core-0.2.0/src/generator.rs:159:14
[INFO] [stdout]     |
[INFO] [stdout] 159 |         self.generic_support = support;
[INFO] [stdout]     |              ^^^^^^^^^^^^^^^ method, not a field
[INFO] [stdout]     |
[INFO] [stdout]     = help: methods are immutable and cannot be assigned to
[INFO] [stdout] 
[INFO] [stdout] 
[INFO] [stdout] error[E0615]: attempted to take value of method `data_support` on type `&mut DeriveGenerator`
[INFO] [stdout]    --> /opt/rustwide/cargo-home/registry/src/github.com-1ecc6299db9ec823/devise_core-0.2.0/src/generator.rs:164:14
[INFO] [stdout]     |
[INFO] [stdout] 164 |         self.data_support = support;
[INFO] [stdout]     |              ^^^^^^^^^^^^ method, not a field
[INFO] [stdout]     |
[INFO] [stdout]     = help: methods are immutable and cannot be assigned to
[INFO] [stdout] 
[INFO] [stdout] 
[INFO] [stdout] error[E0609]: no field `type_generic_mapper` on type `&mut DeriveGenerator`
[INFO] [stdout]    --> /opt/rustwide/cargo-home/registry/src/github.com-1ecc6299db9ec823/devise_core-0.2.0/src/generator.rs:171:14
[INFO] [stdout]     |
[INFO] [stdout] 171 |         self.type_generic_mapper = Some(Box::new(f));
[INFO] [stdout]     |              ^^^^^^^^^^^^^^^^^^^ unknown field
[INFO] [stdout]     |
[INFO] [stdout]     = note: available fields are: `input`, `trait_impl`, `trait_path`
[INFO] [stdout] 
[INFO] [stdout] 
[INFO] [stdout] error[E0609]: no field `generic_replacements` on type `&mut DeriveGenerator`
[INFO] [stdout]    --> /opt/rustwide/cargo-home/registry/src/github.com-1ecc6299db9ec823/devise_core-0.2.0/src/generator.rs:176:14
[INFO] [stdout]     |
[INFO] [stdout] 176 |         self.generic_replacements.push((trait_gen, impl_gen));
[INFO] [stdout]     |              ^^^^^^^^^^^^^^^^^^^^ unknown field
[INFO] [stdout]     |
[INFO] [stdout]     = note: available fields are: `input`, `trait_impl`, `trait_path`
[INFO] [stdout] 
[INFO] [stdout] 
[INFO] [stdout] error[E0609]: no field `enum_validator` on type `&mut DeriveGenerator`
[INFO] [stdout]    --> /opt/rustwide/cargo-home/registry/src/github.com-1ecc6299db9ec823/devise_core-0.2.0/src/generator.rs:180:37
[INFO] [stdout]     |
[INFO] [stdout] 180 |     validator!(validate_enum: Enum, enum_validator);
[INFO] [stdout]     |                                     ^^^^^^^^^^^^^^ unknown field
[INFO] [stdout]     |
[INFO] [stdout]     = note: available fields are: `input`, `trait_impl`, `trait_path`
[INFO] [stdout] 
[INFO] [stdout] 
[INFO] [stdout] error[E0609]: no field `struct_validator` on type `&mut DeriveGenerator`
[INFO] [stdout]    --> /opt/rustwide/cargo-home/registry/src/github.com-1ecc6299db9ec823/devise_core-0.2.0/src/generator.rs:181:41
[INFO] [stdout]     |
[INFO] [stdout] 181 |     validator!(validate_struct: Struct, struct_validator);
[INFO] [stdout]     |                                         ^^^^^^^^^^^^^^^^ unknown field
[INFO] [stdout]     |
[INFO] [stdout]     = note: available fields are: `input`, `trait_impl`, `trait_path`
[INFO] [stdout] 
[INFO] [stdout] 
[INFO] [stdout] error[E0609]: no field `generics_validator` on type `&mut DeriveGenerator`
[INFO] [stdout]    --> /opt/rustwide/cargo-home/registry/src/github.com-1ecc6299db9ec823/devise_core-0.2.0/src/generator.rs:182:51
[INFO] [stdout]     |
[INFO] [stdout] 182 |     validator!(validate_generics: &syn::Generics, generics_validator);
[INFO] [stdout]     |                                                   ^^^^^^^^^^^^^^^^^^ unknown field
[INFO] [stdout]     |
[INFO] [stdout]     = note: available fields are: `input`, `trait_impl`, `trait_path`
[INFO] [stdout] 
[INFO] [stdout] 
[INFO] [stdout] error[E0609]: no field `fields_validator` on type `&mut DeriveGenerator`
[INFO] [stdout]    --> /opt/rustwide/cargo-home/registry/src/github.com-1ecc6299db9ec823/devise_core-0.2.0/src/generator.rs:183:41
[INFO] [stdout]     |
[INFO] [stdout] 183 |     validator!(validate_fields: Fields, fields_validator);
[INFO] [stdout]     |                                         ^^^^^^^^^^^^^^^^ unknown field
[INFO] [stdout]     |
[INFO] [stdout]     = note: available fields are: `input`, `trait_impl`, `trait_path`
[INFO] [stdout] 
[INFO] [stdout] 
[INFO] [stdout] error[E0609]: no field `functions` on type `&mut DeriveGenerator`
[INFO] [stdout]    --> /opt/rustwide/cargo-home/registry/src/github.com-1ecc6299db9ec823/devise_core-0.2.0/src/generator.rs:188:14
[INFO] [stdout]     |
[INFO] [stdout] 188 |         self.functions.push(Box::new(f));
[INFO] [stdout]     |              ^^^^^^^^^ unknown field
[INFO] [stdout]     |
[INFO] [stdout]     = note: available fields are: `input`, `trait_impl`, `trait_path`
[INFO] [stdout] 
[INFO] [stdout] 
[INFO] [stdout] error[E0599]: no method named `push_default_mappers` found for mutable reference `&mut DeriveGenerator` in the current scope
[INFO] [stdout]    --> /opt/rustwide/cargo-home/registry/src/github.com-1ecc6299db9ec823/devise_core-0.2.0/src/generator.rs:189:14
[INFO] [stdout]     |
[INFO] [stdout] 189 |         self.push_default_mappers();
[INFO] [stdout]     |              ^^^^^^^^^^^^^^^^^^^^ method not found in `&mut DeriveGenerator`
[INFO] [stdout] 
[INFO] [stdout] 
[INFO] [stdout] error[E0615]: attempted to take value of method `data_support` on type `&mut DeriveGenerator`
[INFO] [stdout]    --> /opt/rustwide/cargo-home/registry/src/github.com-1ecc6299db9ec823/devise_core-0.2.0/src/generator.rs:206:56
[INFO] [stdout]     |
[INFO] [stdout] 206 |         let (span, support) = (self.input.span(), self.data_support);
[INFO] [stdout]     |                                                        ^^^^^^^^^^^^ method, not a field
[INFO] [stdout]     |
[INFO] [stdout] help: use parentheses to call the method
[INFO] [stdout]     |
[INFO] [stdout] 206 |         let (span, support) = (self.input.span(), self.data_support(_));
[INFO] [stdout]     |                                                                    +++
[INFO] [stdout] 
[INFO] [stdout] 
[INFO] [stdout] error[E0615]: attempted to take value of method `generic_support` on type `&mut DeriveGenerator`
[INFO] [stdout]    --> /opt/rustwide/cargo-home/registry/src/github.com-1ecc6299db9ec823/devise_core-0.2.0/src/generator.rs:231:57
[INFO] [stdout]     |
[INFO] [stdout] 231 |             let (span, support) = (generic.span(), self.generic_support);
[INFO] [stdout]     |                                                         ^^^^^^^^^^^^^^^ method, not a field
[INFO] [stdout]     |
[INFO] [stdout] help: use parentheses to call the method
[INFO] [stdout]     |
[INFO] [stdout] 231 |             let (span, support) = (generic.span(), self.generic_support(_));
[INFO] [stdout]     |                                                                        +++
[INFO] [stdout] 
[INFO] [stdout] 
[INFO] [stdout] error[E0609]: no field `generics_validator` on type `&mut DeriveGenerator`
[INFO] [stdout]    --> /opt/rustwide/cargo-home/registry/src/github.com-1ecc6299db9ec823/devise_core-0.2.0/src/generator.rs:247:15
[INFO] [stdout]     |
[INFO] [stdout] 247 |         (self.generics_validator)(self, &self.input.generics)?;
[INFO] [stdout]     |               ^^^^^^^^^^^^^^^^^^ unknown field
[INFO] [stdout]     |
[INFO] [stdout]     = note: available fields are: `input`, `trait_impl`, `trait_path`
[INFO] [stdout] 
[INFO] [stdout] 
[INFO] [stdout] error[E0609]: no field `struct_validator` on type `&mut DeriveGenerator`
[INFO] [stdout]    --> /opt/rustwide/cargo-home/registry/src/github.com-1ecc6299db9ec823/devise_core-0.2.0/src/generator.rs:251:23
[INFO] [stdout]     |
[INFO] [stdout] 251 |                 (self.struct_validator)(self, derived)?;
[INFO] [stdout]     |                       ^^^^^^^^^^^^^^^^ unknown field
[INFO] [stdout]     |
[INFO] [stdout]     = note: available fields are: `input`, `trait_impl`, `trait_path`
[INFO] [stdout] 
[INFO] [stdout] 
[INFO] [stdout] error[E0609]: no field `fields_validator` on type `&mut DeriveGenerator`
[INFO] [stdout]    --> /opt/rustwide/cargo-home/registry/src/github.com-1ecc6299db9ec823/devise_core-0.2.0/src/generator.rs:252:23
[INFO] [stdout]     |
[INFO] [stdout] 252 |                 (self.fields_validator)(self, derived.fields())?;
[INFO] [stdout]     |                       ^^^^^^^^^^^^^^^^ unknown field
[INFO] [stdout]     |
[INFO] [stdout]     = note: available fields are: `input`, `trait_impl`, `trait_path`
[INFO] [stdout] 
[INFO] [stdout] 
[INFO] [stdout] error[E0609]: no field `enum_validator` on type `&mut DeriveGenerator`
[INFO] [stdout]    --> /opt/rustwide/cargo-home/registry/src/github.com-1ecc6299db9ec823/devise_core-0.2.0/src/generator.rs:256:23
[INFO] [stdout]     |
[INFO] [stdout] 256 |                 (self.enum_validator)(self, derived)?;
[INFO] [stdout]     |                       ^^^^^^^^^^^^^^ unknown field
[INFO] [stdout]     |
[INFO] [stdout]     = note: available fields are: `input`, `trait_impl`, `trait_path`
[INFO] [stdout] 
[INFO] [stdout] 
[INFO] [stdout] error[E0609]: no field `fields_validator` on type `&mut DeriveGenerator`
[INFO] [stdout]    --> /opt/rustwide/cargo-home/registry/src/github.com-1ecc6299db9ec823/devise_core-0.2.0/src/generator.rs:258:27
[INFO] [stdout]     |
[INFO] [stdout] 258 |                     (self.fields_validator)(self, variant.fields())?;
[INFO] [stdout]     |                           ^^^^^^^^^^^^^^^^ unknown field
[INFO] [stdout]     |
[INFO] [stdout]     = note: available fields are: `input`, `trait_impl`, `trait_path`
[INFO] [stdout] 
[INFO] [stdout] 
[INFO] [stdout] error[E0609]: no field `functions` on type `&mut DeriveGenerator`
[INFO] [stdout]    --> /opt/rustwide/cargo-home/registry/src/github.com-1ecc6299db9ec823/devise_core-0.2.0/src/generator.rs:267:26
[INFO] [stdout]     |
[INFO] [stdout] 267 |         for i in 0..self.functions.len() {
[INFO] [stdout]     |                          ^^^^^^^^^ unknown field
[INFO] [stdout]     |
[INFO] [stdout]     = note: available fields are: `input`, `trait_impl`, `trait_path`
[INFO] [stdout] 
[INFO] [stdout] 
[INFO] [stdout] error[E0609]: no field `functions` on type `&mut DeriveGenerator`
[INFO] [stdout]    --> /opt/rustwide/cargo-home/registry/src/github.com-1ecc6299db9ec823/devise_core-0.2.0/src/generator.rs:268:34
[INFO] [stdout]     |
[INFO] [stdout] 268 |             let function = &self.functions[i];
[INFO] [stdout]     |                                  ^^^^^^^^^ unknown field
[INFO] [stdout]     |
[INFO] [stdout]     = note: available fields are: `input`, `trait_impl`, `trait_path`
[INFO] [stdout] 
[INFO] [stdout] 
[INFO] [stdout] error[E0609]: no field `struct_mappers` on type `&mut DeriveGenerator`
[INFO] [stdout]    --> /opt/rustwide/cargo-home/registry/src/github.com-1ecc6299db9ec823/devise_core-0.2.0/src/generator.rs:272:26
[INFO] [stdout]     |
[INFO] [stdout] 272 |                     self.struct_mappers[i](self, derived)?
[INFO] [stdout]     |                          ^^^^^^^^^^^^^^ unknown field
[INFO] [stdout]     |
[INFO] [stdout]     = note: available fields are: `input`, `trait_impl`, `trait_path`
[INFO] [stdout] 
[INFO] [stdout] 
[INFO] [stdout] error[E0609]: no field `enum_mappers` on type `&mut DeriveGenerator`
[INFO] [stdout]    --> /opt/rustwide/cargo-home/registry/src/github.com-1ecc6299db9ec823/devise_core-0.2.0/src/generator.rs:276:26
[INFO] [stdout]     |
[INFO] [stdout] 276 |                     self.enum_mappers[i](self, derived)?
[INFO] [stdout]     |                          ^^^^^^^^^^^^ unknown field
[INFO] [stdout]     |
[INFO] [stdout]     = note: available fields are: `input`, `trait_impl`, `trait_path`
[INFO] [stdout] 
[INFO] [stdout] 
[INFO] [stdout] error[E0609]: no field `type_generic_mapper` on type `&mut DeriveGenerator`
[INFO] [stdout]    --> /opt/rustwide/cargo-home/registry/src/github.com-1ecc6299db9ec823/devise_core-0.2.0/src/generator.rs:288:45
[INFO] [stdout]     |
[INFO] [stdout] 288 |         if let Some(ref type_mapper) = self.type_generic_mapper {
[INFO] [stdout]     |                                             ^^^^^^^^^^^^^^^^^^^ unknown field
[INFO] [stdout]     |
[INFO] [stdout]     = note: available fields are: `input`, `trait_impl`, `trait_path`
[INFO] [stdout] 
[INFO] [stdout] 
[INFO] [stdout] error[E0609]: no field `generic_replacements` on type `&mut DeriveGenerator`
[INFO] [stdout]    --> /opt/rustwide/cargo-home/registry/src/github.com-1ecc6299db9ec823/devise_core-0.2.0/src/generator.rs:302:36
[INFO] [stdout]     |
[INFO] [stdout] 302 |             let replacement = self.generic_replacements.iter()
[INFO] [stdout]     |                                    ^^^^^^^^^^^^^^^^^^^^ unknown field
[INFO] [stdout]     |
[INFO] [stdout]     = note: available fields are: `input`, `trait_impl`, `trait_path`
[INFO] [stdout] 
[INFO] [stdout] 
[INFO] [stdout] error: aborting due to 37 previous errors
[INFO] [stdout] 
[INFO] [stdout] 
[INFO] [stdout] Some errors have detailed explanations: E0432, E0554, E0557, E0599, E0609, E0615.
[INFO] [stdout] 
[INFO] [stdout] For more information about an error, try `rustc --explain E0432`.
[INFO] [stdout] 
[INFO] [stderr] error: could not compile `devise_core` due to 38 previous errors
[INFO] running `Command { std: "docker" "inspect" "a9dc8e431b8269ec86cedad16d9adeea43ab31125c7b86c34558922909a55d98", kill_on_drop: false }`
[INFO] running `Command { std: "docker" "rm" "-f" "a9dc8e431b8269ec86cedad16d9adeea43ab31125c7b86c34558922909a55d98", kill_on_drop: false }`
[INFO] [stdout] a9dc8e431b8269ec86cedad16d9adeea43ab31125c7b86c34558922909a55d98
