[INFO] cloning repository https://github.com/Aaron1011/mandelbrot-rs
[INFO] running `Command { std: "git" "-c" "credential.helper=" "-c" "credential.helper=/workspace/cargo-home/bin/git-credential-null" "clone" "--bare" "https://github.com/Aaron1011/mandelbrot-rs" "/workspace/cache/git-repos/https%3A%2F%2Fgithub.com%2FAaron1011%2Fmandelbrot-rs", kill_on_drop: false }`
[INFO] [stderr] Cloning into bare repository '/workspace/cache/git-repos/https%3A%2F%2Fgithub.com%2FAaron1011%2Fmandelbrot-rs'...
[INFO] running `Command { std: "git" "rev-parse" "HEAD", kill_on_drop: false }`
[INFO] [stdout] 1102da0a5dde3ab049a4640f09204d4a8bd2a4f9
[INFO] testing Aaron1011/mandelbrot-rs against 1.69.0 for beta-1.70-1
[INFO] running `Command { std: "git" "clone" "/workspace/cache/git-repos/https%3A%2F%2Fgithub.com%2FAaron1011%2Fmandelbrot-rs" "/workspace/builds/worker-2-tc1/source", kill_on_drop: false }`
[INFO] [stderr] Cloning into '/workspace/builds/worker-2-tc1/source'...
[INFO] [stderr] done.
[INFO] validating manifest of git repo https://github.com/Aaron1011/mandelbrot-rs on toolchain 1.69.0
[INFO] running `Command { std: CARGO_HOME="/workspace/cargo-home" RUSTUP_HOME="/workspace/rustup-home" "/workspace/cargo-home/bin/cargo" "+1.69.0" "metadata" "--manifest-path" "Cargo.toml" "--no-deps", kill_on_drop: false }`
[INFO] started tweaking git repo https://github.com/Aaron1011/mandelbrot-rs
[INFO] finished tweaking git repo https://github.com/Aaron1011/mandelbrot-rs
[INFO] tweaked toml for git repo https://github.com/Aaron1011/mandelbrot-rs written to /workspace/builds/worker-2-tc1/source/Cargo.toml
[INFO] crate git repo https://github.com/Aaron1011/mandelbrot-rs already has a lockfile, it will not be regenerated
[INFO] running `Command { std: CARGO_HOME="/workspace/cargo-home" RUSTUP_HOME="/workspace/rustup-home" "/workspace/cargo-home/bin/cargo" "+1.69.0" "fetch" "--manifest-path" "Cargo.toml", kill_on_drop: false }`
[INFO] [stderr]  Downloading crates ...
[INFO] [stderr]   Downloaded color_quant v1.0.0
[INFO] [stderr]   Downloaded num-traits v0.1.39
[INFO] [stderr]   Downloaded num-integer v0.1.34
[INFO] [stderr]   Downloaded scoped_threadpool v0.1.7
[INFO] [stderr]   Downloaded adler32 v1.0.0
[INFO] [stderr]   Downloaded png v0.8.0
[INFO] [stderr]   Downloaded either v1.1.0
[INFO] [stderr]   Downloaded num-iter v0.1.33
[INFO] [stderr]   Downloaded coco v0.1.1
[INFO] [stderr]   Downloaded inflate v0.2.0
[INFO] [stderr]   Downloaded num_cpus v1.6.2
[INFO] [stderr]   Downloaded rayon-core v1.2.1
[INFO] [stderr]   Downloaded num-bigint v0.1.39
[INFO] [stderr]   Downloaded jpeg-decoder v0.1.13
[INFO] [stderr]   Downloaded libc v0.2.24
[INFO] [stderr]   Downloaded lazy_static v0.2.8
[INFO] [stderr]   Downloaded rand v0.3.15
[INFO] [stderr]   Downloaded num v0.1.39
[INFO] [stderr]   Downloaded num-rational v0.1.38
[INFO] [stderr]   Downloaded num-complex v0.1.38
[INFO] [stderr]   Downloaded image v0.14.0
[INFO] [stderr]   Downloaded byteorder v1.0.0
[INFO] [stderr]   Downloaded scopeguard v0.3.2
[INFO] [stderr]   Downloaded deflate v0.7.11
[INFO] [stderr]   Downloaded futures v0.1.14
[INFO] [stderr]   Downloaded rayon v0.8.1
[INFO] running `Command { std: "docker" "create" "-v" "/var/lib/crater-agent-workspace/builds/worker-2-tc1/target:/opt/rustwide/target:rw,Z" "-v" "/var/lib/crater-agent-workspace/builds/worker-2-tc1/source:/opt/rustwide/workdir:ro,Z" "-v" "/var/lib/crater-agent-workspace/cargo-home:/opt/rustwide/cargo-home:ro,Z" "-v" "/var/lib/crater-agent-workspace/rustup-home:/opt/rustwide/rustup-home:ro,Z" "-e" "SOURCE_DIR=/opt/rustwide/workdir" "-e" "CARGO_TARGET_DIR=/opt/rustwide/target" "-e" "CARGO_HOME=/opt/rustwide/cargo-home" "-e" "RUSTUP_HOME=/opt/rustwide/rustup-home" "-w" "/opt/rustwide/workdir" "-m" "1610612736" "--user" "0:0" "--network" "none" "ghcr.io/rust-lang/crates-build-env/linux@sha256:5ff2268d62e97bff2cde7d5815dd6ed5b47097566f13b8d0ca110b04b60e07ed" "/opt/rustwide/cargo-home/bin/cargo" "+1.69.0" "metadata" "--no-deps" "--format-version=1", kill_on_drop: false }`
[INFO] [stdout] 093f9a9f7bf3ce419ddd9aa344be6ae29cdc6174fa220a0b36e3211b2a12c5d1
[INFO] running `Command { std: "docker" "start" "-a" "093f9a9f7bf3ce419ddd9aa344be6ae29cdc6174fa220a0b36e3211b2a12c5d1", kill_on_drop: false }`
[INFO] running `Command { std: "docker" "inspect" "093f9a9f7bf3ce419ddd9aa344be6ae29cdc6174fa220a0b36e3211b2a12c5d1", kill_on_drop: false }`
[INFO] running `Command { std: "docker" "rm" "-f" "093f9a9f7bf3ce419ddd9aa344be6ae29cdc6174fa220a0b36e3211b2a12c5d1", kill_on_drop: false }`
[INFO] [stdout] 093f9a9f7bf3ce419ddd9aa344be6ae29cdc6174fa220a0b36e3211b2a12c5d1
[INFO] running `Command { std: "docker" "create" "-v" "/var/lib/crater-agent-workspace/builds/worker-2-tc1/target:/opt/rustwide/target:rw,Z" "-v" "/var/lib/crater-agent-workspace/builds/worker-2-tc1/source:/opt/rustwide/workdir:ro,Z" "-v" "/var/lib/crater-agent-workspace/cargo-home:/opt/rustwide/cargo-home:ro,Z" "-v" "/var/lib/crater-agent-workspace/rustup-home:/opt/rustwide/rustup-home:ro,Z" "-e" "SOURCE_DIR=/opt/rustwide/workdir" "-e" "CARGO_TARGET_DIR=/opt/rustwide/target" "-e" "CARGO_INCREMENTAL=0" "-e" "RUST_BACKTRACE=full" "-e" "RUSTFLAGS=--cap-lints=warn" "-e" "RUSTDOCFLAGS=--cap-lints=warn" "-e" "CARGO_HOME=/opt/rustwide/cargo-home" "-e" "RUSTUP_HOME=/opt/rustwide/rustup-home" "-w" "/opt/rustwide/workdir" "-m" "1610612736" "--user" "0:0" "--network" "none" "ghcr.io/rust-lang/crates-build-env/linux@sha256:5ff2268d62e97bff2cde7d5815dd6ed5b47097566f13b8d0ca110b04b60e07ed" "/opt/rustwide/cargo-home/bin/cargo" "+1.69.0" "build" "--frozen" "--message-format=json", kill_on_drop: false }`
[INFO] [stdout] a06102f34617250c0f4c837b6d9fb44930c019b18ecf03729c19d1b5257d039b
[INFO] running `Command { std: "docker" "start" "-a" "a06102f34617250c0f4c837b6d9fb44930c019b18ecf03729c19d1b5257d039b", kill_on_drop: false }`
[INFO] [stderr]    Compiling num-traits v0.1.39
[INFO] [stderr]    Compiling libc v0.2.24
[INFO] [stderr]    Compiling either v1.1.0
[INFO] [stderr]    Compiling rustc-serialize v0.3.24
[INFO] [stderr]    Compiling scopeguard v0.3.2
[INFO] [stderr]    Compiling rayon-core v1.2.1
[INFO] [stderr]    Compiling lazy_static v0.2.8
[INFO] [stderr]    Compiling futures v0.1.14
[INFO] [stderr]    Compiling byteorder v1.0.0
[INFO] [stderr]    Compiling adler32 v1.0.0
[INFO] [stderr]    Compiling inflate v0.2.0
[INFO] [stderr]    Compiling lzw v0.10.0
[INFO] [stderr]    Compiling color_quant v1.0.0
[INFO] [stderr]    Compiling bitflags v0.9.1
[INFO] [stderr]    Compiling scoped_threadpool v0.1.7
[INFO] [stderr]    Compiling coco v0.1.1
[INFO] [stderr]    Compiling deflate v0.7.11
[INFO] [stderr]    Compiling rand v0.3.15
[INFO] [stderr]    Compiling num_cpus v1.6.2
[INFO] [stderr]    Compiling gif v0.9.2
[INFO] [stderr]    Compiling num-integer v0.1.34
[INFO] [stderr]    Compiling enum_primitive v0.1.1
[INFO] [stderr]    Compiling num-iter v0.1.33
[INFO] [stderr]    Compiling png v0.8.0
[INFO] [stderr]    Compiling rayon v0.8.1
[INFO] [stderr]    Compiling num-bigint v0.1.39
[INFO] [stderr]    Compiling num-complex v0.1.38
[INFO] [stderr]    Compiling num-rational v0.1.38
[INFO] [stderr]    Compiling jpeg-decoder v0.1.13
[INFO] [stderr]    Compiling num v0.1.39
[INFO] [stderr]    Compiling image v0.14.0
[INFO] [stderr]    Compiling mandelbrot-rs v0.1.0 (/opt/rustwide/workdir)
[INFO] [stderr]     Finished dev [unoptimized + debuginfo] target(s) in 9.77s
[INFO] [stderr] warning: the following packages contain code that will be rejected by a future version of Rust: rustc-serialize v0.3.24
[INFO] [stderr] note: to see what the problems were, use the option `--future-incompat-report`, or run `cargo report future-incompatibilities --id 1`
[INFO] running `Command { std: "docker" "inspect" "a06102f34617250c0f4c837b6d9fb44930c019b18ecf03729c19d1b5257d039b", kill_on_drop: false }`
[INFO] running `Command { std: "docker" "rm" "-f" "a06102f34617250c0f4c837b6d9fb44930c019b18ecf03729c19d1b5257d039b", kill_on_drop: false }`
[INFO] [stdout] a06102f34617250c0f4c837b6d9fb44930c019b18ecf03729c19d1b5257d039b
[INFO] running `Command { std: "docker" "create" "-v" "/var/lib/crater-agent-workspace/builds/worker-2-tc1/target:/opt/rustwide/target:rw,Z" "-v" "/var/lib/crater-agent-workspace/builds/worker-2-tc1/source:/opt/rustwide/workdir:ro,Z" "-v" "/var/lib/crater-agent-workspace/cargo-home:/opt/rustwide/cargo-home:ro,Z" "-v" "/var/lib/crater-agent-workspace/rustup-home:/opt/rustwide/rustup-home:ro,Z" "-e" "SOURCE_DIR=/opt/rustwide/workdir" "-e" "CARGO_TARGET_DIR=/opt/rustwide/target" "-e" "CARGO_INCREMENTAL=0" "-e" "RUST_BACKTRACE=full" "-e" "RUSTFLAGS=--cap-lints=warn" "-e" "RUSTDOCFLAGS=--cap-lints=warn" "-e" "CARGO_HOME=/opt/rustwide/cargo-home" "-e" "RUSTUP_HOME=/opt/rustwide/rustup-home" "-w" "/opt/rustwide/workdir" "-m" "1610612736" "--user" "0:0" "--network" "none" "ghcr.io/rust-lang/crates-build-env/linux@sha256:5ff2268d62e97bff2cde7d5815dd6ed5b47097566f13b8d0ca110b04b60e07ed" "/opt/rustwide/cargo-home/bin/cargo" "+1.69.0" "test" "--frozen" "--no-run" "--message-format=json", kill_on_drop: false }`
[INFO] [stdout] 0f579394f66ac0152294d44e35a49654df7659539fb4c8845c26d9ccb370935f
[INFO] running `Command { std: "docker" "start" "-a" "0f579394f66ac0152294d44e35a49654df7659539fb4c8845c26d9ccb370935f", kill_on_drop: false }`
[INFO] [stderr]    Compiling mandelbrot-rs v0.1.0 (/opt/rustwide/workdir)
[INFO] [stdout] error[E0061]: this function takes 2 arguments but 3 arguments were supplied
[INFO] [stdout]   --> src/main.rs:58:20
[INFO] [stdout]    |
[INFO] [stdout] 58 |         assert_eq!(scale(100f64, 200f64, &bounds), (MIN, MAX));
[INFO] [stdout]    |                    ^^^^^       --------
[INFO] [stdout]    |                                | |
[INFO] [stdout]    |                                | unexpected argument of type `f64`
[INFO] [stdout]    |                                help: remove the extra argument
[INFO] [stdout]    |
[INFO] [stdout] note: function defined here
[INFO] [stdout]   --> src/main.rs:42:4
[INFO] [stdout]    |
[INFO] [stdout] 42 | fn scale(val: f64, bounds: &Bounds) -> f64 {
[INFO] [stdout]    |    ^^^^^ --------  ---------------
[INFO] [stdout] 
[INFO] [stdout] 
[INFO] [stdout] error[E0308]: mismatched types
[INFO] [stdout]   --> src/main.rs:58:9
[INFO] [stdout]    |
[INFO] [stdout] 58 |         assert_eq!(scale(100f64, 200f64, &bounds), (MIN, MAX));
[INFO] [stdout]    |         ^^^^^^^^^^^^^^^^^^^^^^^^^^^^^^^^^^^^^^^^^^^^^^^^^^^^^^
[INFO] [stdout]    |         |
[INFO] [stdout]    |         expected `f64`, found `(f64, f64)`
[INFO] [stdout]    |         expected because this is `f64`
[INFO] [stdout]    |
[INFO] [stdout]    = note: expected type `f64`
[INFO] [stdout]              found tuple `(f64, f64)`
[INFO] [stdout]    = note: this error originates in the macro `assert_eq` (in Nightly builds, run with -Z macro-backtrace for more info)
[INFO] [stdout] 
[INFO] [stdout] 
[INFO] [stdout] error[E0061]: this function takes 2 arguments but 3 arguments were supplied
[INFO] [stdout]   --> src/main.rs:59:20
[INFO] [stdout]    |
[INFO] [stdout] 59 |         assert_eq!(scale(150f64, 150f64, &bounds), ((MIN+MAX)/2f64, (MIN+MAX)/2f64))
[INFO] [stdout]    |                    ^^^^^       --------
[INFO] [stdout]    |                                | |
[INFO] [stdout]    |                                | unexpected argument of type `f64`
[INFO] [stdout]    |                                help: remove the extra argument
[INFO] [stdout]    |
[INFO] [stdout] note: function defined here
[INFO] [stdout]   --> src/main.rs:42:4
[INFO] [stdout]    |
[INFO] [stdout] 42 | fn scale(val: f64, bounds: &Bounds) -> f64 {
[INFO] [stdout]    |    ^^^^^ --------  ---------------
[INFO] [stdout] 
[INFO] [stdout] 
[INFO] [stdout] error[E0308]: mismatched types
[INFO] [stdout]   --> src/main.rs:59:9
[INFO] [stdout]    |
[INFO] [stdout] 59 |         assert_eq!(scale(150f64, 150f64, &bounds), ((MIN+MAX)/2f64, (MIN+MAX)/2f64))
[INFO] [stdout]    |         ^^^^^^^^^^^^^^^^^^^^^^^^^^^^^^^^^^^^^^^^^^^^^^^^^^^^^^^^^^^^^^^^^^^^^^^^^^^^
[INFO] [stdout]    |         |
[INFO] [stdout]    |         expected `f64`, found `(f64, f64)`
[INFO] [stdout]    |         expected because this is `f64`
[INFO] [stdout]    |
[INFO] [stdout]    = note: expected type `f64`
[INFO] [stdout]              found tuple `(f64, f64)`
[INFO] [stdout]    = note: this error originates in the macro `assert_eq` (in Nightly builds, run with -Z macro-backtrace for more info)
[INFO] [stdout] 
[INFO] [stdout] 
[INFO] [stdout] error: aborting due to 4 previous errors
[INFO] [stdout] 
[INFO] [stdout] 
[INFO] [stdout] Some errors have detailed explanations: E0061, E0308.
[INFO] [stdout] 
[INFO] [stdout] For more information about an error, try `rustc --explain E0061`.
[INFO] [stdout] 
[INFO] [stderr] error: could not compile `mandelbrot-rs` due to 5 previous errors
[INFO] running `Command { std: "docker" "inspect" "0f579394f66ac0152294d44e35a49654df7659539fb4c8845c26d9ccb370935f", kill_on_drop: false }`
[INFO] running `Command { std: "docker" "rm" "-f" "0f579394f66ac0152294d44e35a49654df7659539fb4c8845c26d9ccb370935f", kill_on_drop: false }`
[INFO] [stdout] 0f579394f66ac0152294d44e35a49654df7659539fb4c8845c26d9ccb370935f
